Report for IO-Async-0.30

Back
From: metabase:user:30ae4450-2aae-11df-837a-5e0a49663a4f
Subject: FAIL IO-Async-0.30 v5.10.1 
Date: 2010-09-27T16:05:36Z

This distribution has been tested as part of the CPAN Testers
project, supporting the Perl programming language.  See
http://wiki.cpantesters.org/ for more information or email
questions to cpan-testers-discuss@perl.org


--
Dear Paul Evans,

This is a computer-generated report for IO-Async-0.30
on perl 5.10.1, created by CPAN-Reporter-1.1711.

Thank you for uploading your work to CPAN.  However, there was a problem
testing your distribution.

If you think this report is invalid, please consult the CPAN Testers Wiki
for suggestions on how to avoid getting FAIL reports for missing library
or binary dependencies, unsupported operating systems, and so on:

http://wiki.cpantesters.org/wiki/CPANAuthorNotes

Sections of this report:

    * Tester comments
    * Program output
    * Prerequisites
    * Environment and other context

------------------------------
TESTER COMMENTS
------------------------------

Additional comments from tester:

none provided

------------------------------
PROGRAM OUTPUT
------------------------------

Output from 'C:\strawberry\perl\bin\perl.exe ./Build test':

t\00use.t .................... ok
t\01timequeue.t .............. ok
t\02loop-magic.t ............. ok
Could not socketpair -  at t\03loop-osabstract.t line 36.
# Looks like you planned 28 tests but ran 6.
# Looks like your test exited with 255 just after 6.
t\03loop-osabstract.t ........ 
Dubious, test returned 255 (wstat 65280, 0xff00)
Failed 22/28 subtests 
t\04notifier.t ............... ok
t\05notifier-child.t ......... ok

#   Failed test '$readready after pipe HUP'
#   at C:\strawberry\cpan\build\IO-Async-0.30-R5t6yG\blib\lib/IO/Async/LoopTests.pm line 235.
#          got: '0'
#     expected: '1'
# Looks like you failed 1 test of 14.
t\10loop-poll-io.t ........... 
Dubious, test returned 1 (wstat 256, 0x100)
Failed 1/14 subtests 

#   Failed test '$readready before pipe HUP'
#   at C:\strawberry\cpan\build\IO-Async-0.30-R5t6yG\blib\lib/IO/Async/LoopTests.pm line 228.
#          got: '1'
#     expected: '0'
# Looks like you failed 1 test of 14.
t\10loop-select-io.t ......... 
Dubious, test returned 1 (wstat 256, 0x100)
Failed 1/14 subtests 
t\11loop-poll-timer.t ........ ok
t\11loop-select-timer.t ...... ok
POSIX::sigemptyset not implemented on this architecture at C:\strawberry\cpan\build\IO-Async-0.30-R5t6yG\blib\lib/IO/Async/Internals/SignalProxy.pm line 47.
# Looks like you planned 13 tests but ran 1.
# Looks like your test exited with 10038 just after 1.
t\12loop-poll-signal.t ....... 
Dubious, test returned 54 (wstat 13824, 0x3600)
Failed 12/13 subtests 
POSIX::sigemptyset not implemented on this architecture at C:\strawberry\cpan\build\IO-Async-0.30-R5t6yG\blib\lib/IO/Async/Internals/SignalProxy.pm line 47.
# Looks like you planned 13 tests but ran 1.
# Looks like your test exited with 10038 just after 1.
t\12loop-select-signal.t ..... 
Dubious, test returned 54 (wstat 13824, 0x3600)
Failed 12/13 subtests 
t\13loop-poll-idle.t ......... ok
t\13loop-select-idle.t ....... ok
POSIX::sigemptyset not implemented on this architecture at C:\strawberry\cpan\build\IO-Async-0.30-R5t6yG\blib\lib/IO/Async/Internals/SignalProxy.pm line 47.
# Looks like you planned 8 tests but ran 1.
# Looks like your test exited with 10038 just after 1.
t\14loop-poll-child.t ........ 
Dubious, test returned 54 (wstat 13824, 0x3600)
Failed 7/8 subtests 
POSIX::sigemptyset not implemented on this architecture at C:\strawberry\cpan\build\IO-Async-0.30-R5t6yG\blib\lib/IO/Async/Internals/SignalProxy.pm line 47.
# Looks like you planned 8 tests but ran 1.
# Looks like your test exited with 10038 just after 1.
t\14loop-select-child.t ...... 
Dubious, test returned 54 (wstat 13824, 0x3600)
Failed 7/8 subtests 
t\15loop-poll-control.t ...... ok
t\15loop-select-control.t .... ok
t\18loop-poll-legacy.t ....... ok
t\18loop-select-legacy.t ..... ok
t\19test.t ................... ok
t\20handle.t ................. ok
Your vendor has not defined POSIX macro EWOULDBLOCK, used at C:\strawberry\cpan\build\IO-Async-0.30-R5t6yG\blib\lib/IO/Async/Stream.pm line 318
# Looks like you planned 82 tests but ran 15.
# Looks like your test exited with 255 just after 15.
t\21stream.t ................. 
Dubious, test returned 255 (wstat 65280, 0xff00)
Failed 67/82 subtests 
t\22timer-countdown.t ........ ok
t\22timer-periodic.t ......... ok
POSIX::sigemptyset not implemented on this architecture at C:\strawberry\cpan\build\IO-Async-0.30-R5t6yG\blib\lib/IO/Async/Internals/SignalProxy.pm line 47.
# Looks like you planned 22 tests but ran 3.
# Looks like your test exited with 10038 just after 3.
t\23signal.t ................. 
Dubious, test returned 54 (wstat 13824, 0x3600)
Failed 19/22 subtests 
t\24listener.t ............... ok
Your vendor has not defined POSIX macro EWOULDBLOCK, used at C:\strawberry\cpan\build\IO-Async-0.30-R5t6yG\blib\lib/IO/Async/Socket.pm line 292
# Looks like you planned 40 tests but ran 11.
# Looks like your test exited with 255 just after 11.
t\25socket.t ................. 
Dubious, test returned 255 (wstat 65280, 0xff00)
Failed 29/40 subtests 
POSIX::sigemptyset not implemented on this architecture at C:\strawberry\cpan\build\IO-Async-0.30-R5t6yG\blib\lib/IO/Async/Internals/SignalProxy.pm line 47.
# Looks like your test exited with 10038 before it could output anything.
t\30loop-detachchild.t ....... 
Dubious, test returned 5 (wstat 1280, 0x500)
Failed 6/6 subtests 
Your vendor has not defined Fcntl macro F_GETFL, used at C:\strawberry\cpan\build\IO-Async-0.30-R5t6yG\blib\lib/IO/Async/ChildManager.pm line 296.
# Looks like you planned 36 tests but ran 3.
# Looks like your test exited with 255 just after 3.
t\31loop-spawnchild.t ........ 
Dubious, test returned 255 (wstat 65280, 0xff00)
Failed 33/36 subtests 
Your vendor has not defined Fcntl macro F_GETFL, used at C:\strawberry\cpan\build\IO-Async-0.30-R5t6yG\blib\lib/IO/Async/ChildManager.pm line 296.
# Looks like you planned 112 tests but ran 2.
# Looks like your test exited with 255 just after 2.
t\32loop-spawnchild-setup.t .. 
Dubious, test returned 255 (wstat 65280, 0xff00)
Failed 110/112 subtests 
Your vendor has not defined Fcntl macro F_GETFL, used at C:\strawberry\cpan\build\IO-Async-0.30-R5t6yG\blib\lib/IO/Async/ChildManager.pm line 296.
# Looks like your test exited with 255 before it could output anything.
t\33loop-openchild.t ......... 
Dubious, test returned 255 (wstat 65280, 0xff00)
Failed 36/36 subtests 
Your vendor has not defined Fcntl macro F_GETFL, used at C:\strawberry\cpan\build\IO-Async-0.30-R5t6yG\blib\lib/IO/Async/ChildManager.pm line 296.
# Looks like your test exited with 255 before it could output anything.
t\34loop-runchild.t .......... 
Dubious, test returned 255 (wstat 65280, 0xff00)
Failed 36/36 subtests 
Your vendor has not defined Fcntl macro F_GETFL, used at C:\strawberry\cpan\build\IO-Async-0.30-R5t6yG\blib\lib/IO/Async/ChildManager.pm line 296.
# Looks like you planned 5 tests but ran 1.
# Looks like your test exited with 255 just after 1.
t\35loop-child-root.t ........ 
Dubious, test returned 255 (wstat 65280, 0xff00)
Failed 4/5 subtests 
t\40detachedcode-marshall.t .. ok
Your vendor has not defined Fcntl macro F_GETFL, used at C:\strawberry\cpan\build\IO-Async-0.30-R5t6yG\blib\lib/IO/Async/ChildManager.pm line 296.
# Looks like you planned 42 tests but ran 1.
# Looks like your test exited with 255 just after 1.
t\41detachedcode-call.t ...... 
Dubious, test returned 255 (wstat 65280, 0xff00)
Failed 41/42 subtests 
The getpwuid function is unimplemented at t\50loop-resolve.t line 21.
# Looks like your test exited with 255 before it could output anything.
t\50loop-resolve.t ........... 
Dubious, test returned 255 (wstat 65280, 0xff00)
Failed 6/6 subtests 
Your vendor has not defined POSIX macro EINPROGRESS, used at C:\strawberry\cpan\build\IO-Async-0.30-R5t6yG\blib\lib/IO/Async/Connector.pm line 163
# Looks like your test exited with 255 before it could output anything.
t\51loop-connect.t ........... 
Dubious, test returned 255 (wstat 65280, 0xff00)
Failed 12/12 subtests 
Your vendor has not defined Fcntl macro F_GETFL, used at C:\strawberry\cpan\build\IO-Async-0.30-R5t6yG\blib\lib/IO/Async/ChildManager.pm line 296.
# Looks like you planned 14 tests but ran 4.
# Looks like your test exited with 255 just after 4.
t\52loop-listen.t ............ 
Dubious, test returned 255 (wstat 65280, 0xff00)
Failed 10/14 subtests 
t\60protocol.t ............... ok
t\60sequencer-client.t ....... ok
t\60sequencer-server.t ....... ok
t\61protocol-stream.t ........ ok
t\99pod.t .................... ok

Test Summary Report
-------------------
t\03loop-osabstract.t      (Wstat: 65280 Tests: 6 Failed: 0)
  Non-zero exit status: 255
  Parse errors: Bad plan.  You planned 28 tests but ran 6.
t\10loop-poll-io.t         (Wstat: 256 Tests: 14 Failed: 1)
  Failed test:  11
  Non-zero exit status: 1
t\10loop-select-io.t       (Wstat: 256 Tests: 14 Failed: 1)
  Failed test:  10
  Non-zero exit status: 1
t\12loop-poll-signal.t     (Wstat: 13824 Tests: 1 Failed: 0)
  Non-zero exit status: 54
  Parse errors: Bad plan.  You planned 13 tests but ran 1.
t\12loop-select-signal.t   (Wstat: 13824 Tests: 1 Failed: 0)
  Non-zero exit status: 54
  Parse errors: Bad plan.  You planned 13 tests but ran 1.
t\14loop-poll-child.t      (Wstat: 13824 Tests: 1 Failed: 0)
  Non-zero exit status: 54
  Parse errors: Bad plan.  You planned 8 tests but ran 1.
t\14loop-select-child.t    (Wstat: 13824 Tests: 1 Failed: 0)
  Non-zero exit status: 54
  Parse errors: Bad plan.  You planned 8 tests but ran 1.
t\21stream.t               (Wstat: 65280 Tests: 15 Failed: 0)
  Non-zero exit status: 255
  Parse errors: Bad plan.  You planned 82 tests but ran 15.
t\23signal.t               (Wstat: 13824 Tests: 3 Failed: 0)
  Non-zero exit status: 54
  Parse errors: Bad plan.  You planned 22 tests but ran 3.
t\25socket.t               (Wstat: 65280 Tests: 11 Failed: 0)
  Non-zero exit status: 255
  Parse errors: Bad plan.  You planned 40 tests but ran 11.
t\30loop-detachchild.t     (Wstat: 1280 Tests: 0 Failed: 0)
  Non-zero exit status: 5
  Parse errors: Bad plan.  You planned 6 tests but ran 0.
t\31loop-spawnchild.t      (Wstat: 65280 Tests: 3 Failed: 0)
  Non-zero exit status: 255
  Parse errors: Bad plan.  You planned 36 tests but ran 3.
t\32loop-spawnchild-setup.t (Wstat: 65280 Tests: 2 Failed: 0)
  Non-zero exit status: 255
  Parse errors: Bad plan.  You planned 112 tests but ran 2.
t\33loop-openchild.t       (Wstat: 65280 Tests: 0 Failed: 0)
  Non-zero exit status: 255
  Parse errors: Bad plan.  You planned 36 tests but ran 0.
t\34loop-runchild.t        (Wstat: 65280 Tests: 0 Failed: 0)
  Non-zero exit status: 255
  Parse errors: Bad plan.  You planned 36 tests but ran 0.
t\35loop-child-root.t      (Wstat: 65280 Tests: 1 Failed: 0)
  Non-zero exit status: 255
  Parse errors: Bad plan.  You planned 5 tests but ran 1.
t\41detachedcode-call.t    (Wstat: 65280 Tests: 1 Failed: 0)
  Non-zero exit status: 255
  Parse errors: Bad plan.  You planned 42 tests but ran 1.
t\50loop-resolve.t         (Wstat: 65280 Tests: 0 Failed: 0)
  Non-zero exit status: 255
  Parse errors: Bad plan.  You planned 6 tests but ran 0.
t\51loop-connect.t         (Wstat: 65280 Tests: 0 Failed: 0)
  Non-zero exit status: 255
  Parse errors: Bad plan.  You planned 12 tests but ran 0.
t\52loop-listen.t          (Wstat: 65280 Tests: 4 Failed: 0)
  Non-zero exit status: 255
  Parse errors: Bad plan.  You planned 14 tests but ran 4.
Files=44, Tests=550, 97 wallclock secs ( 0.67 usr +  0.22 sys =  0.89 CPU)
Result: FAIL
Failed 20/44 test programs. 2/550 subtests failed.

------------------------------
PREREQUISITES
------------------------------

Prerequisite modules loaded:

requires:

    Module              Need Have   
    ------------------- ---- -------
    Async::MergePoint   0    0.03   
    Heap                0.80 0.80   
    IO::Poll            0    0.07   
    Socket::GetAddrInfo 0.18 0.18   
    Storable            0    2.21   
    Time::HiRes         0    1.9721 

build_requires:

    Module              Need Have   
    ------------------- ---- -------
    File::Temp          0    0.22   
    Test::Exception     0    0.29   
    Test::More          0    0.96   
    Test::Refcount      0    0.06   
    Test::Warn          0    0.21   

configure_requires:

    Module              Need Have   
    ------------------- ---- -------
    Module::Build       0.36 0.36_16


------------------------------
ENVIRONMENT AND OTHER CONTEXT
------------------------------

Environment variables:

    COMSPEC = C:\WINDOWS\system32\cmd.exe
    INCLUDE = G:\Prg\Microsoft Visual Studio\VC98\atl\include;G:\Prg\Microsoft Visual Studio\VC98\mfc\include;G:\Prg\Microsoft Visual Studio\VC98\include;c:\perl\ext\include\
    LIB = G:\Prg\Microsoft Visual Studio\VC98\mfc\lib;G:\Prg\Microsoft Visual Studio\VC98\lib;c:\perl\ext\lib\
    NUMBER_OF_PROCESSORS = 1
    PATH = C:\Program Files\Far;C:\PHP\;D:\Perl561\bin\;C:\Perl\site\bin;C:\Perl\bin;c:\program files\imagemagick-6.2.5-q16;C:\WINDOWS\system32;C:\WINDOWS;C:\WINDOWS\System32\Wbem;c:\util\;C:\vanilla-perl\perl\bin;C:\vanilla-perl\dmake\bin;C:\vanilla-perl\mingw\bin;C:\Program Files\Common Files\GTK\2.0\bin;C:\strawberry\c\bin\;C:\strawberry\perl\bin;D:\Prg\TortoiseGit\bin;C:\Program Files\TortoiseSVN\bin;D:\Program Files\Subversion\bin;d:\Program Files\Mercurial;d:\Prg\Git\cmd;C:\strawberry\c\bin;C:\strawberry512RC0\c\bin;C:\strawberry512RC0\perl\bin;C:\strawberry512RC0\perl\site\bin;C:\strawberry512RC\c\bin;C:\strawberry512RC\perl\site\bin;C:\strawberry512RC\perl\bin;E:\strawberry5121b\c\bin;E:\strawberry5121b\perl\site\bin;E:\strawberry5121b\perl\bin;G:\Prg\Microsoft Visual Studio\Common\Tools\WinNT;G:\Prg\Microsoft Visual Studio\Common\MSDev98\Bin;G:\Prg\Microsoft Visual Studio\Common\Tools;G:\Prg\Microsoft Visual Studio\VC98\bin;c:\php\;C:\Prg\svk\bin;;
    PERL5LIB = 
    PERL5OPT = 
    PERL5_CPANPLUS_IS_RUNNING = 1588
    PERL5_CPAN_IS_RUNNING = 1588
    PROCESSOR_IDENTIFIER = x86 Family 15 Model 2 Stepping 4, GenuineIntel
    TEMP = C:\DOCUME~1\Sasha\LOCALS~1\Temp
    TERM = dumb

Perl special variables (and OS-specific diagnostics, for MSWin32):

    $^X = C:\strawberry\perl\bin\perl.exe
    $UID/$EUID = 0 / 0
    $GID = 0
    $EGID = 0
    Win32::GetOSName = WinXP/.Net
    Win32::GetOSVersion = Service Pack 2, 5, 1, 2600, 2, 2, 0, 256, 1
    Win32::FsType = NTFS
    Win32::IsAdminUser = 1

Perl module toolchain versions installed:

    Module              Have   
    ------------------- -------
    CPAN                1.94_58
    Cwd                 3.31   
    ExtUtils::CBuilder  0.27   
    ExtUtils::Command   1.16   
    ExtUtils::Install   1.54   
    ExtUtils::MakeMaker 6.56   
    ExtUtils::Manifest  1.58   
    ExtUtils::ParseXS   2.2206 
    File::Spec          3.31   
    Module::Build       0.36_16
    Module::Signature   0.64   
    Test::Harness       3.21   
    Test::More          0.96   
    YAML                0.71   
    YAML::Syck          1.07   
    version             0.82   


--

Summary of my perl5 (revision 5 version 10 subversion 1) configuration:
   
  Platform:
    osname=MSWin32, osvers=5.1, archname=MSWin32-x86-multi-thread
    uname='Win32 strawberryperl 5.10.1.0 #1 30 i386'
    config_args='undef'
    hint=recommended, useposix=true, d_sigaction=undef
    useithreads=define, usemultiplicity=define
    useperlio=define, d_sfio=undef, uselargefiles=define, usesocks=undef
    use64bitint=undef, use64bitall=undef, uselongdouble=undef
    usemymalloc=n, bincompat5005=undef
  Compiler:
    cc='gcc', ccflags =' -s -O2 -DWIN32 -DHAVE_DES_FCRYPT  -DUSE_SITECUSTOMIZE -DPERL_IMPLICIT_CONTEXT -DPERL_IMPLICIT_SYS -fno-strict-aliasing -DPERL_MSVCRT_READFIX',
    optimize='-s -O2',
    cppflags='-DWIN32'
    ccversion='', gccversion='3.4.5', gccosandvers=''
    intsize=4, longsize=4, ptrsize=4, doublesize=8, byteorder=1234
    d_longlong=undef, longlongsize=8, d_longdbl=define, longdblsize=12
    ivtype='long', ivsize=4, nvtype='double', nvsize=8, Off_t='long long', lseeksize=8
    alignbytes=8, prototype=define
  Linker and Libraries:
    ld='g++', ldflags ='-s -L"C:\strawberry\perl\lib\CORE" -L"C:\strawberry\c\lib"'
    libpth=C:\strawberry\c\lib
    libs= -lmoldname -lkernel32 -luser32 -lgdi32 -lwinspool -lcomdlg32 -ladvapi32 -lshell32 -lole32 -loleaut32 -lnetapi32 -luuid -lws2_32 -lmpr -lwinmm -lversion -lodbc32 -lodbccp32
    perllibs= -lmoldname -lkernel32 -luser32 -lgdi32 -lwinspool -lcomdlg32 -ladvapi32 -lshell32 -lole32 -loleaut32 -lnetapi32 -luuid -lws2_32 -lmpr -lwinmm -lversion -lodbc32 -lodbccp32
    libc=, so=dll, useshrplib=true, libperl=libperl510.a
    gnulibc_version=''
  Dynamic Linking:
    dlsrc=dl_win32.xs, dlext=dll, d_dlsymun=undef, ccdlflags=' '
    cccdlflags=' ', lddlflags='-mdll -s -L"C:\strawberry\perl\lib\CORE" -L"C:\strawberry\c\lib"'


Characteristics of this binary (from libperl): 
  Compile-time options: MULTIPLICITY PERL_DONT_CREATE_GVSV
                        PERL_IMPLICIT_CONTEXT PERL_IMPLICIT_SYS
                        PERL_MALLOC_WRAP PL_OP_SLAB_ALLOC USE_ITHREADS
                        USE_LARGE_FILES USE_PERLIO USE_SITECUSTOMIZE
  Built under MSWin32
  Compiled at Oct 21 2009 13:54:15
  %ENV:
    PERL5_CPANPLUS_IS_RUNNING="1588"
    PERL5_CPAN_IS_RUNNING="1588"
  @INC:
    C:/strawberry/perl/lib
    C:/strawberry/perl/site/lib
    C:\strawberry\perl\vendor\lib
    .