Report for MooseX-NotRequired-0.11

Back
From: metabase:user:314402c4-2aae-11df-837a-5e0a49663a4f
Subject: FAIL MooseX-NotRequired-0.11 v5.19.11 GNU/Linux
Date: 2014-04-30T06:51:41Z

This distribution has been tested as part of the CPAN Testers
project, supporting the Perl programming language.  See
http://wiki.cpantesters.org/ for more information or email
questions to cpan-testers-discuss@perl.org


--
Dear Colin Newell,

This is a computer-generated report for MooseX-NotRequired-0.11
on perl 5.19.11, created by CPAN-Reporter-1.2011.

Thank you for uploading your work to CPAN.  However, there was a problem
testing your distribution.

If you think this report is invalid, please consult the CPAN Testers Wiki
for suggestions on how to avoid getting FAIL reports for missing library
or binary dependencies, unsupported operating systems, and so on:

http://wiki.cpantesters.org/wiki/CPANAuthorNotes

Sections of this report:

    * Tester comments
    * Program output
    * Prerequisites
    * Environment and other context

------------------------------
TESTER COMMENTS
------------------------------

Additional comments from tester:

none provided

------------------------------
PROGRAM OUTPUT
------------------------------

Output from '/usr/bin/make test':

PERL_DL_NONLAZY=1 /bbbike/ctps/51911linux/install/perl-5.19.11/bin/perl "-MExtUtils::Command::MM" "-MTest::Harness" "-e" "undef *Test::Harness::Switches; test_harness(0, 'inc', 'blib/lib', 'blib/arch')" t/00-load.t t/basic_test.t t/boilerplate.t t/manifest.t t/pod-coverage.t t/pod.t t/presentation.t
# Testing MooseX::NotRequired 0.11, Perl 5.019011, /bbbike/ctps/51911linux/install/perl-5.19.11/bin/perl
t/00-load.t ....... ok
t/basic_test.t .... ok
t/boilerplate.t ... ok
t/manifest.t ...... skipped: Author tests not required for installation
t/pod-coverage.t .. ok
t/pod.t ........... ok

#   Failed test 'Type constraints still work on original class'
#   at t/presentation.t line 65.
# expecting: Regexp ((?^i:does not pass the type constraint because))
# found: Moose::Exception::AttributeIsRequired (Attribute (customer) is required at /home/eserte/var/ctps/51911linux/install/perl-5.19.11/lib/site_perl/5.19.11/x86_64-linux/Moose/Exception.pm line 37
# 	Moose::Exception::_build_trace('Moose::Exception::AttributeIsRequired=HASH(0x2b43428)') called at reader Moose::Exception::trace (defined at /home/eserte/var/ctps/51911linux/install/perl-5.19.11/lib/site_perl/5.19.11/x86_64-linux/Moose/Exception.pm line 9) line 8
# 	Moose::Exception::trace('Moose::Exception::AttributeIsRequired=HASH(0x2b43428)') called at /home/eserte/var/ctps/51911linux/install/perl-5.19.11/lib/site_perl/5.19.11/x86_64-linux/Moose/Exception.pm line 49
# 	Moose::Exception::BUILD('Moose::Exception::AttributeIsRequired=HASH(0x2b43428)', 'HASH(0x2b350f8)') called at /home/eserte/var/ctps/51911linux/install/perl-5.19.11/lib/site_perl/5.19.11/x86_64-linux/Class/MOP/Method.pm line 128
# 	Class::MOP::Method::execute('Moose::Meta::Method=HASH(0x2acb028)', 'Moose::Exception::AttributeIsRequired=HASH(0x2b43428)', 'HASH(0x2b350f8)') called at /home/eserte/var/ctps/51911linux/install/perl-5.19.11/lib/site_perl/5.19.11/x86_64-linux/Moose/Object.pm line 56
# 	Moose::Object::BUILDALL('Moose::Exception::AttributeIsRequired=HASH(0x2b43428)', 'HASH(0x2b350f8)') called at /home/eserte/var/ctps/51911linux/install/perl-5.19.11/lib/site_perl/5.19.11/x86_64-linux/Moose/Meta/Class.pm line 282
# 	Moose::Meta::Class::new_object('Moose::Meta::Class=HASH(0x2a47590)', 'HASH(0x2b350f8)') called at /home/eserte/var/ctps/51911linux/install/perl-5.19.11/lib/site_perl/5.19.11/x86_64-linux/Moose/Object.pm line 27
# 	Moose::Object::new('Moose::Exception::AttributeIsRequired', 'attribute', 'Moose::Meta::Attribute=HASH(0x29ad530)', 'class_name', 'SalesOrder', 'params', 'HASH(0x2b439b0)') called at /home/eserte/var/ctps/51911linux/install/perl-5.19.11/lib/site_perl/5.19.11/x86_64-linux/Moose/Util.pm line 52
# 	Moose::Util::throw_exception('AttributeIsRequired', 'attribute', 'Moose::Meta::Attribute=HASH(0x29ad530)', 'class_name', 'SalesOrder', 'params', 'HASH(0x2b439b0)') called at /home/eserte/var/ctps/51911linux/install/perl-5.19.11/lib/site_perl/5.19.11/x86_64-linux/Moose/Meta/Attribute.pm line 494
# 	Moose::Meta::Attribute::initialize_instance_slot('Moose::Meta::Attribute=HASH(0x29ad530)', 'Moose::Meta::Instance=HASH(0x2a4fcf8)', 'SalesOrder=HASH(0x2b43b60)', 'HASH(0x2b439b0)') called at /home/eserte/var/ctps/51911linux/install/perl-5.19.11/lib/site_perl/5.19.11/x86_64-linux/Class/MOP/Class.pm line 529
# 	Class::MOP::Class::_construct_instance('Moose::Meta::Class=HASH(0x2463ec0)', 'HASH(0x2b439b0)') called at /home/eserte/var/ctps/51911linux/install/perl-5.19.11/lib/site_perl/5.19.11/x86_64-linux/Class/MOP/Class.pm line 499
# 	Class::MOP::Class::new_object('Moose::Meta::Class=HASH(0x2463ec0)', 'HASH(0x2b439b0)') called at /home/eserte/var/ctps/51911linux/install/perl-5.19.11/lib/site_perl/5.19.11/x86_64-linux/Moose/Meta/Class.pm line 278
# 	Moose::Meta::Class::new_object('Moose::Meta::Class=HASH(0x2463ec0)', 'HASH(0x2b439b0)') called at /home/eserte/var/ctps/51911linux/install/perl-5.19.11/lib/site_perl/5.19.11/x86_64-linux/Moose/Object.pm line 27
# 	Moose::Object::new('SalesOrder', 'HASH(0x2b35728)') called at t/presentation.t line 58
# 	main::__ANON__ at /home/eserte/var/ctps/51911linux/install/perl-5.19.11/lib/site_perl/5.19.11/Sub/Uplevel.pm line 87
# 	Sub::Uplevel::uplevel(3, 'CODE(0x25b12d8)') called at /home/eserte/var/ctps/51911linux/install/perl-5.19.11/lib/site_perl/5.19.11/Test/Exception.pm line 136
# 	eval {...} at /home/eserte/var/ctps/51911linux/install/perl-5.19.11/lib/site_perl/5.19.11/Test/Exception.pm line 136
# 	Test::Exception::_try_as_caller('CODE(0x25b12d8)') called at /home/eserte/var/ctps/51911linux/install/perl-5.19.11/lib/site_perl/5.19.11/Test/Exception.pm line 217
# 	Test::Exception::throws_ok('CODE(0x25b12d8)', 'Regexp=REGEXP(0x24fd658)', 'Type constraints still work on original class') called at t/presentation.t line 65
# )
# Looks like you failed 1 test of 9.
t/presentation.t .. 
Dubious, test returned 1 (wstat 256, 0x100)
Failed 1/9 subtests 

Test Summary Report
-------------------
t/presentation.t (Wstat: 256 Tests: 9 Failed: 1)
  Failed test:  8
  Non-zero exit status: 1
Files=7, Tests=22,  2 wallclock secs ( 0.05 usr  0.04 sys +  1.19 cusr  0.16 csys =  1.44 CPU)
Result: FAIL
Failed 1/7 test programs. 1/22 subtests failed.
make: *** [test_dynamic] Error 1

------------------------------
PREREQUISITES
------------------------------

Prerequisite modules loaded:

requires:

    Module              Need  Have    
    ------------------- ----- --------
    Moose               0     2.1205  
    perl                5.006 5.019011
    Test::Most          0     0.33    

build_requires:

    Module              Need  Have    
    ------------------- ----- --------
    ExtUtils::MakeMaker 6.96  6.96    
    Test::Most          0     0.33    

configure_requires:

    Module              Need  Have    
    ------------------- ----- --------
    ExtUtils::MakeMaker 6.62  6.96    


------------------------------
ENVIRONMENT AND OTHER CONTEXT
------------------------------

Environment variables:

    DBIC_NO_WARN_BAD_PERL = 1
    LANG = C
    PATH = /usr/local/bin:/usr/bin:/bin:/usr/local/sbin:/usr/sbin:/sbin:/home/eserte/bin/linux-gnu:/home/eserte/bin/sh:/home/eserte/bin:/usr/games:/home/eserte/devel:/home/eserte/src/cpan-testers-parallelsmoker/utils/synced
    PERL5LIB = 
    PERL5OPT = 
    PERL5_CPANPLUS_IS_RUNNING = 22631
    PERL5_CPAN_IS_RUNNING = 22631
    PERL5_CPAN_IS_RUNNING_IN_RECURSION = 22604,22631
    PERLDOC = -MPod::Perldoc::ToTextOverstrike
    PERL_BATCH = yes
    PERL_CPAN_REPORTER_CONFIG = /var/tmp/cpansmoker-1001/mDFaDqd_fO_config.ini
    PERL_CPAN_REPORTER_DIR = /home/eserte/var/ctps/51911linux/config/perl-5.19.11/cpanreporter
    PERL_EXTUTILS_AUTOINSTALL = --defaultdeps
    PERL_HTML_DISPLAY_CLASS = HTML::Display::Mozilla
    PERL_PARALLEL_SMOKER = yes
    PERL_TEST_UNPATCHED = 1
    PERL_TEST_UNPATCHED = 1
    SHELL = /usr/bin/zsh
    TERM = xterm
    TMPDIR = /var/tmp/cpansmoker-1001

Perl special variables (and OS-specific diagnostics, for MSWin32):

    $^X = /bbbike/ctps/51911linux/install/perl-5.19.11/bin/perl
    $UID/$EUID = 1001 / 1001
    $GID = 1001 109 1001
    $EGID = 1001 109 1001

Perl module toolchain versions installed:

    Module              Have    
    ------------------- --------
    CPAN                2.05    
    CPAN::Meta          2.141170
    Cwd                 3.47    
    ExtUtils::CBuilder  0.280216
    ExtUtils::Command   1.18    
    ExtUtils::Install   1.67    
    ExtUtils::MakeMaker 6.96    
    ExtUtils::Manifest  1.63    
    ExtUtils::ParseXS   3.24    
    File::Spec          3.47    
    JSON                2.90    
    JSON::PP            2.27203 
    Module::Build       0.4205  
    Module::Signature   0.73    
    Parse::CPAN::Meta   1.4414  
    Test::Harness       3.30    
    Test::More          1.001003
    YAML                0.90    
    YAML::Syck          1.27    
    version             0.9908  


--

Summary of my perl5 (revision 5 version 19 subversion 11) configuration:
   
  Platform:
    osname=linux, osvers=2.6.32-5-xen-amd64, archname=x86_64-linux
    uname='linux eserte 2.6.32-5-xen-amd64 #1 smp mon sep 23 23:29:01 utc 2013 x86_64 gnulinux '
    config_args='-ds -e -Uversiononly -Dinstallusrbinperl=n -Dusedevel -Dprefix=/home/eserte/var/ctps/51911linux/install/perl-5.19.11'
    hint=recommended, useposix=true, d_sigaction=define
    useithreads=undef, usemultiplicity=undef
    use64bitint=define, use64bitall=define, uselongdouble=undef
    usemymalloc=n, bincompat5005=undef
  Compiler:
    cc='cc', ccflags ='-fwrapv -fno-strict-aliasing -pipe -fstack-protector -I/usr/local/include -D_LARGEFILE_SOURCE -D_FILE_OFFSET_BITS=64',
    optimize='-O2',
    cppflags='-fwrapv -fno-strict-aliasing -pipe -fstack-protector -I/usr/local/include'
    ccversion='', gccversion='4.4.5', gccosandvers=''
    intsize=4, longsize=8, ptrsize=8, doublesize=8, byteorder=12345678
    d_longlong=define, longlongsize=8, d_longdbl=define, longdblsize=16
    ivtype='long', ivsize=8, nvtype='double', nvsize=8, Off_t='off_t', lseeksize=8
    alignbytes=8, prototype=define
  Linker and Libraries:
    ld='cc', ldflags =' -fstack-protector -L/usr/local/lib'
    libpth=/usr/local/lib /usr/lib/gcc/x86_64-linux-gnu/4.4.5/include-fixed /usr/lib /lib/../lib /usr/lib/../lib /lib /lib64 /usr/lib64
    libs=-lnsl -ldb -ldl -lm -lcrypt -lutil -lc
    perllibs=-lnsl -ldl -lm -lcrypt -lutil -lc
    libc=libc-2.11.3.so, so=so, useshrplib=false, libperl=libperl.a
    gnulibc_version='2.11.3'
  Dynamic Linking:
    dlsrc=dl_dlopen.xs, dlext=so, d_dlsymun=undef, ccdlflags='-Wl,-E'
    cccdlflags='-fPIC', lddlflags='-shared -O2 -L/usr/local/lib -fstack-protector'


Characteristics of this binary (from libperl): 
  Compile-time options: HAS_TIMES PERLIO_LAYERS PERL_DONT_CREATE_GVSV
                        PERL_HASH_FUNC_ONE_AT_A_TIME_HARD PERL_MALLOC_WRAP
                        PERL_NEW_COPY_ON_WRITE PERL_PRESERVE_IVUV
                        PERL_USE_DEVEL USE_64_BIT_ALL USE_64_BIT_INT
                        USE_LARGE_FILES USE_LOCALE USE_LOCALE_COLLATE
                        USE_LOCALE_CTYPE USE_LOCALE_NUMERIC USE_PERLIO
                        USE_PERL_ATOF
  Built under linux
  Compiled at Apr 26 2014 15:05:12
  %ENV:
    PERL5LIB=""
    PERL5OPT=""
    PERL5_CPANPLUS_IS_RUNNING="22631"
    PERL5_CPAN_IS_RUNNING="22631"
    PERL5_CPAN_IS_RUNNING_IN_RECURSION="22604,22631"
    PERLDOC="-MPod::Perldoc::ToTextOverstrike"
    PERL_BATCH="yes"
    PERL_CPAN_REPORTER_CONFIG="/var/tmp/cpansmoker-1001/mDFaDqd_fO_config.ini"
    PERL_CPAN_REPORTER_DIR="/home/eserte/var/ctps/51911linux/config/perl-5.19.11/cpanreporter"
    PERL_EXTUTILS_AUTOINSTALL="--defaultdeps"
    PERL_HTML_DISPLAY_CLASS="HTML::Display::Mozilla"
    PERL_PARALLEL_SMOKER="yes"
    PERL_TEST_UNPATCHED="1"
  @INC:
    /home/eserte/var/ctps/51911linux/install/perl-5.19.11/lib/site_perl/5.19.11/x86_64-linux
    /home/eserte/var/ctps/51911linux/install/perl-5.19.11/lib/site_perl/5.19.11
    /home/eserte/var/ctps/51911linux/install/perl-5.19.11/lib/5.19.11/x86_64-linux
    /home/eserte/var/ctps/51911linux/install/perl-5.19.11/lib/5.19.11
    .