Report for libwww-perl-6.13

Back
From: metabase:user:cd035d39-6d5b-1014-ab3a-39c0c09612a1
Subject: FAIL libwww-perl-6.13 v5.20.1 
Date: 2015-02-17T00:25:41Z

This distribution has been tested as part of the CPAN Testers
project, supporting the Perl programming language.  See
http://wiki.cpantesters.org/ for more information or email
questions to cpan-testers-discuss@perl.org


--
Dear Karen Etheridge,

This is a computer-generated report for libwww-perl-6.13
on perl 5.20.1, created by CPAN-Reporter-1.2011.

Thank you for uploading your work to CPAN.  However, there was a problem
testing your distribution.

If you think this report is invalid, please consult the CPAN Testers Wiki
for suggestions on how to avoid getting FAIL reports for missing library
or binary dependencies, unsupported operating systems, and so on:

http://wiki.cpantesters.org/wiki/CPANAuthorNotes

Sections of this report:

    * Tester comments
    * Program output
    * Prerequisites
    * Environment and other context

------------------------------
TESTER COMMENTS
------------------------------

Additional comments from tester:

this report is from an automated smoke testing program
and was not reviewed by a human for accuracy

------------------------------
PROGRAM OUTPUT
------------------------------

Output from 'C:\strawberry\c\bin\dmake.EXE test':

"C:\Strawberry\perl\bin\perl.exe" "-MExtUtils::Command::MM" "-MTest::Harness" "-e" "undef *Test::Harness::Switches; test_harness(0, 'blib\lib', 'blib\arch')" t/base/*.t t/html/*.t t/robot/*.t t/local/*.t t/net/*.t
t/base/protocols.t ...... ok
t/base/proxy.t .......... ok
t/base/ua.t ............. ok
t/local/autoload-get.t .. ok
t/local/autoload.t ...... ok
t/local/get.t ........... ok

#   Failed test 'response code 404'
#   at t/local/http.t line 82.
#          got: '500'
#     expected: '404'

#   Failed test '404 message'
#   at t/local/http.t line 83.
#                   'Can't connect to alien:1198'
#     doesn't match '(?^i:not\s+found)'

#   Failed test at t/local/http.t line 85.

#   Failed test at t/local/http.t line 86.

#   Failed test at t/local/http.t line 113.

#   Failed test 'status code 200'
#   at t/local/http.t line 114.
#          got: '500'
#     expected: '200'

#   Failed test 'message OK'
#   at t/local/http.t line 115.
#          got: 'Can't connect to alien:1198'
#     expected: 'OK'

#   Failed test at t/local/http.t line 120.
#                   'Can't connect to alien:1198
# 
# Bad address at C:\cpan\build\libwww-perl-6.13-ZKmm3k\blib\lib/LWP/Protocol/http.pm line 47, <DAEMON> line 1.
# '
#     doesn't match '(?^m:^From:\s*gisle\@aas\.no\n)'

#   Failed test at t/local/http.t line 121.
#                   'Can't connect to alien:1198
# 
# Bad address at C:\cpan\build\libwww-perl-6.13-ZKmm3k\blib\lib/LWP/Protocol/http.pm line 47, <DAEMON> line 1.
# '
#     doesn't match '(?^m:^Host:)'

#   Failed test '3 items in accept'
#   at t/local/http.t line 122.
#          got: '0'
#     expected: '3'

#   Failed test at t/local/http.t line 123.
#                   'Can't connect to alien:1198
# 
# Bad address at C:\cpan\build\libwww-perl-6.13-ZKmm3k\blib\lib/LWP/Protocol/http.pm line 47, <DAEMON> line 1.
# '
#     doesn't match '(?^m:^Accept:\s*text/html)'

#   Failed test at t/local/http.t line 124.
#                   'Can't connect to alien:1198
# 
# Bad address at C:\cpan\build\libwww-perl-6.13-ZKmm3k\blib\lib/LWP/Protocol/http.pm line 47, <DAEMON> line 1.
# '
#     doesn't match '(?^m:^Accept:\s*text/plain)'

#   Failed test at t/local/http.t line 125.
#                   'Can't connect to alien:1198
# 
# Bad address at C:\cpan\build\libwww-perl-6.13-ZKmm3k\blib\lib/LWP/Protocol/http.pm line 47, <DAEMON> line 1.
# '
#     doesn't match '(?^m:^Accept:\s*image/\*)'

#   Failed test at t/local/http.t line 126.
#                   'Can't connect to alien:1198
# 
# Bad address at C:\cpan\build\libwww-perl-6.13-ZKmm3k\blib\lib/LWP/Protocol/http.pm line 47, <DAEMON> line 1.
# '
#     doesn't match '(?^m:^If-Modified-Since:\s*\w{3},\s+\d+)'

#   Failed test at t/local/http.t line 127.
#                   'Can't connect to alien:1198
# 
# Bad address at C:\cpan\build\libwww-perl-6.13-ZKmm3k\blib\lib/LWP/Protocol/http.pm line 47, <DAEMON> line 1.
# '
#     doesn't match '(?^m:^Long-Text:\s*This.*broken between)'

#   Failed test at t/local/http.t line 128.
#                   'Can't connect to alien:1198
# 
# Bad address at C:\cpan\build\libwww-perl-6.13-ZKmm3k\blib\lib/LWP/Protocol/http.pm line 47, <DAEMON> line 1.
# '
#     doesn't match '(?^m:^Foo-Bar:\s*1\n)'

#   Failed test at t/local/http.t line 129.
#                   'Can't connect to alien:1198
# 
# Bad address at C:\cpan\build\libwww-perl-6.13-ZKmm3k\blib\lib/LWP/Protocol/http.pm line 47, <DAEMON> line 1.
# '
#     doesn't match '(?^m:^X-Foo:\s*Bar\n)'

#   Failed test at t/local/http.t line 130.
#                   'Can't connect to alien:1198
# 
# Bad address at C:\cpan\build\libwww-perl-6.13-ZKmm3k\blib\lib/LWP/Protocol/http.pm line 47, <DAEMON> line 1.
# '
#     doesn't match '(?^m:^User-Agent:\s*Mozilla/0.01)'

#   Failed test 'response code 200'
#   at t/local/http.t line 140.
#          got: '500'
#     expected: '200'

#   Failed test 'response code 200'
#   at t/local/http.t line 161.
#          got: '500'
#     expected: '200'

#   Failed test 'response code 200'
#   at t/local/http.t line 183.
#          got: '500'
#     expected: '200'

#   Failed test at t/local/http.t line 213.

#   Failed test '147 content length'
#   at t/local/http.t line 215.
#          got: undef
#     expected: '147'

#   Failed test 'En prøve'
#   at t/local/http.t line 216.

#   Failed test 'response code 404'
#   at t/local/http.t line 223.
#          got: '500'
#     expected: '404'

#   Failed test 'response code 501'
#   at t/local/http.t line 229.
#          got: '500'
#     expected: '501'
HTTP Server terminated

#   Failed test at t/local/http.t line 244.
Can't call method "is_redirect" on an undefined value at t/local/http.t line 246, <DAEMON> line 1.
# Looks like you planned 63 tests but ran 36.
# Looks like you failed 27 tests of 36 run.
# Looks like your test exited with 9 just after 36.
t/local/http.t .......... 
Dubious, test returned 9 (wstat 2304, 0x900)
Failed 54/63 subtests 
t/local/protosub.t ...... ok
t/net/http-get.t ........ skipped: no net config file
t/net/http-post.t ....... skipped: no net config file
t/net/http-timeout.t .... skipped: no net config file
t/net/mirror.t .......... skipped: no net config file
t/net/moved.t ........... skipped: no net config file
t/net/proxy.t ........... skipped: no net config file
HTTP Server terminated
t/robot/ua-get.t ........ 
Failed 5/8 subtests 
HTTP Server terminated
t/robot/ua.t ............ 
Failed 5/7 subtests 

Test Summary Report
-------------------
t/local/http.t        (Wstat: 2304 Tests: 36 Failed: 27)
  Failed tests:  2-20, 22, 25, 27, 29-30, 33-35
  Non-zero exit status: 9
  Parse errors: Bad plan.  You planned 63 tests but ran 36.
t/robot/ua-get.t      (Wstat: 0 Tests: 8 Failed: 5)
  Failed tests:  1-3, 5, 7
t/robot/ua.t          (Wstat: 0 Tests: 7 Failed: 5)
  Failed tests:  1-3, 5, 7
Files=16, Tests=104, 49 wallclock secs ( 0.14 usr +  0.05 sys =  0.19 CPU)
Result: FAIL
Failed 3/16 test programs. 37/104 subtests failed.
dmake.EXE:  Error code 255, while making 'test_dynamic'

------------------------------
PREREQUISITES
------------------------------

Prerequisite modules loaded:

requires:

    Module                Need     Have    
    --------------------- -------- --------
    Digest::MD5           0        2.53    
    Encode                2.12     2.66    
    Encode::Locale        0        1.03    
    File::Listing         6        6.04    
    HTML::Entities        0        3.69    
    HTML::HeadParser      0        3.71    
    HTTP::Cookies         6        6.01    
    HTTP::Daemon          6        6.01    
    HTTP::Date            6        6.02    
    HTTP::Negotiate       6        6.01    
    HTTP::Request         6        6.00    
    HTTP::Request::Common 6        6.04    
    HTTP::Response        6        6.04    
    HTTP::Status          6        6.03    
    IO::Select            0        1.22    
    IO::Socket            0        1.37    
    LWP::MediaTypes       6        6.02    
    MIME::Base64          2.1      3.14    
    Net::FTP              2.58     2.79    
    Net::HTTP             6.07     6.07    
    perl                  5.008001 5.020001
    URI                   1.10     1.64    
    URI::Escape           0        3.31    
    WWW::RobotRules       6        6.02    

build_requires:

    Module                Need     Have    
    --------------------- -------- --------
    ExtUtils::MakeMaker   0        7.04    
    FindBin               0        1.51    
    Test                  0        1.26    
    Test::More            0        1.001006

configure_requires:

    Module                Need     Have    
    --------------------- -------- --------
    ExtUtils::MakeMaker   0        7.04    


------------------------------
ENVIRONMENT AND OTHER CONTEXT
------------------------------

Environment variables:

    AUTOMATED_TESTING = 1
    COMSPEC = C:\WINDOWS.0\system32\cmd.exe
    NONINTERACTIVE_TESTING = 1
    NUMBER_OF_PROCESSORS = 1
    PATH = C:\WINDOWS.0\system32;C:\strawberry\c\bin;C:\strawberry\perl\site\bin;C:\strawberry\perl\bin
    PERL5LIB = C:\cpan\build\Net-HTTP-6.07-0808Qh/blib/arch;C:\cpan\build\Net-HTTP-6.07-0808Qh/blib/lib
    PERL5OPT = 
    PERL5_CPANPLUS_IS_RUNNING = 2836
    PERL5_CPAN_IS_RUNNING = 2836
    PERL5_CPAN_IS_RUNNING_IN_RECURSION = 3720,2836
    PERL_CR_SMOKER_CURRENT = libwww-perl-6.13
    PERL_EXTUTILS_AUTOINSTALL = --defaultdeps
    PERL_MM_USE_DEFAULT = 1
    PROCESSOR_IDENTIFIER = x86 Family 6 Model 14 Stepping 8, GenuineIntel
    TEMP = C:\DOKUME~1\smoker\LOKALE~1\Temp
    TERM = dumb

Perl special variables (and OS-specific diagnostics, for MSWin32):

    $^X = C:\Strawberry\perl\bin\perl.exe
    $UID/$EUID = 0 / 0
    $GID = 0
    $EGID = 0
    Win32::GetOSName = WinXP/.Net
    Win32::GetOSVersion = Service Pack 3, 5, 1, 2600, 2, 3, 0, 256, 1
    Win32::FsType = NTFS
    Win32::IsAdminUser = 1

Perl module toolchain versions installed:

    Module              Have    
    ------------------- --------
    CPAN                2.05    
    CPAN::Meta          2.142060
    Cwd                 3.48    
    ExtUtils::CBuilder  0.280219
    ExtUtils::Command   1.18    
    ExtUtils::Install   1.68    
    ExtUtils::MakeMaker 7.04    
    ExtUtils::Manifest  1.66    
    ExtUtils::ParseXS   3.24    
    File::Spec          3.48    
    JSON                2.90    
    JSON::PP            2.27203 
    Module::Build       0.4210  
    Module::Signature   n/a     
    Parse::CPAN::Meta   1.4414  
    Test::Harness       3.34    
    Test::More          1.001006
    YAML                1.11    
    YAML::Syck          n/a     
    version             0.9909  


--

Summary of my perl5 (revision 5 version 20 subversion 1) configuration:
   
  Platform:
    osname=MSWin32, osvers=6.3, archname=MSWin32-x86-multi-thread-64int
    uname='Win32 strawberry-perl 5.20.1.1 #1 Mon Sep 15 18:25:23 2014 i386'
    config_args='undef'
    hint=recommended, useposix=true, d_sigaction=undef
    useithreads=define, usemultiplicity=define
    use64bitint=define, use64bitall=undef, uselongdouble=undef
    usemymalloc=n, bincompat5005=undef
  Compiler:
    cc='gcc', ccflags =' -s -O2 -DWIN32  -DPERL_TEXTMODE_SCRIPTS -DPERL_IMPLICIT_CONTEXT -DPERL_IMPLICIT_SYS -DUSE_PERLIO -fwrapv -fno-strict-aliasing -mms-bitfields',
    optimize='-s -O2',
    cppflags='-DWIN32'
    ccversion='', gccversion='4.8.3', gccosandvers=''
    intsize=4, longsize=4, ptrsize=4, doublesize=8, byteorder=12345678
    d_longlong=define, longlongsize=8, d_longdbl=define, longdblsize=12
    ivtype='long long', ivsize=8, nvtype='double', nvsize=8, Off_t='long long', lseeksize=8
    alignbytes=8, prototype=define
  Linker and Libraries:
    ld='g++', ldflags ='-s -L"C:\STRAWB~1\perl\lib\CORE" -L"C:\STRAWB~1\c\lib"'
    libpth=C:\STRAWB~1\c\lib C:\STRAWB~1\c\i686-w64-mingw32\lib C:\STRAWB~1\c\lib\gcc\i686-w64-mingw32\4.8.3
    libs=-lmoldname -lkernel32 -luser32 -lgdi32 -lwinspool -lcomdlg32 -ladvapi32 -lshell32 -lole32 -loleaut32 -lnetapi32 -luuid -lws2_32 -lmpr -lwinmm -lversion -lodbc32 -lodbccp32 -lcomctl32
    perllibs=-lmoldname -lkernel32 -luser32 -lgdi32 -lwinspool -lcomdlg32 -ladvapi32 -lshell32 -lole32 -loleaut32 -lnetapi32 -luuid -lws2_32 -lmpr -lwinmm -lversion -lodbc32 -lodbccp32 -lcomctl32
    libc=, so=dll, useshrplib=true, libperl=libperl520.a
    gnulibc_version=''
  Dynamic Linking:
    dlsrc=dl_win32.xs, dlext=xs.dll, d_dlsymun=undef, ccdlflags=' '
    cccdlflags=' ', lddlflags='-mdll -s -L"C:\STRAWB~1\perl\lib\CORE" -L"C:\STRAWB~1\c\lib"'


Characteristics of this binary (from libperl): 
  Compile-time options: HAS_TIMES HAVE_INTERP_INTERN MULTIPLICITY
                        PERLIO_LAYERS PERL_DONT_CREATE_GVSV
                        PERL_HASH_FUNC_ONE_AT_A_TIME_HARD
                        PERL_IMPLICIT_CONTEXT PERL_IMPLICIT_SYS
                        PERL_MALLOC_WRAP PERL_NEW_COPY_ON_WRITE
                        PERL_PRESERVE_IVUV USE_64_BIT_INT USE_ITHREADS
                        USE_LARGE_FILES USE_LOCALE USE_LOCALE_COLLATE
                        USE_LOCALE_CTYPE USE_LOCALE_NUMERIC USE_PERLIO
                        USE_PERL_ATOF
  Built under MSWin32
  Compiled at Sep 15 2014 18:29:20
  %ENV:
    PERL5LIB="C:\cpan\build\Net-HTTP-6.07-0808Qh/blib/arch;C:\cpan\build\Net-HTTP-6.07-0808Qh/blib/lib"
    PERL5_CPANPLUS_IS_RUNNING="2836"
    PERL5_CPAN_IS_RUNNING="2836"
    PERL5_CPAN_IS_RUNNING_IN_RECURSION="3720,2836"
    PERL_CR_SMOKER_CURRENT="libwww-perl-6.13"
    PERL_EXTUTILS_AUTOINSTALL="--defaultdeps"
    PERL_MM_USE_DEFAULT="1"
  @INC:
    C:\cpan\build\Net-HTTP-6.07-0808Qh/blib/arch
    C:\cpan\build\Net-HTTP-6.07-0808Qh/blib/lib
    C:/Strawberry/perl/site/lib
    C:/Strawberry/perl/vendor/lib
    C:/Strawberry/perl/lib
    .