Report for Devel-Cover-0.86

Back
From: metabase:user:30f4dfbe-2aae-11df-837a-5e0a49663a4f
Subject: FAIL Devel-Cover-0.86 v5.13.11 GNU/Linux
Date: 2012-04-28T08:12:20Z

This distribution has been tested as part of the CPAN Testers
project, supporting the Perl programming language.  See
http://wiki.cpantesters.org/ for more information or email
questions to cpan-testers-discuss@perl.org


--
Dear Paul Johnson,

This is a computer-generated report for Devel-Cover-0.86
on perl 5.13.11, created by CPAN-Reporter-1.2006.

Thank you for uploading your work to CPAN.  However, there was a problem
testing your distribution.

If you think this report is invalid, please consult the CPAN Testers Wiki
for suggestions on how to avoid getting FAIL reports for missing library
or binary dependencies, unsupported operating systems, and so on:

http://wiki.cpantesters.org/wiki/CPANAuthorNotes

Sections of this report:

    * Tester comments
    * Program output
    * Prerequisites
    * Environment and other context

------------------------------
TESTER COMMENTS
------------------------------

Additional comments from tester:

none provided

------------------------------
PROGRAM OUTPUT
------------------------------

Output from '/usr/bin/make test':

PERL_DL_NONLAZY=1 /home/njh/perl5/perlbrew/perls/perl-5.13.11/bin/perl5.13.11 "-MExtUtils::Command::MM" "-e" "test_harness(0, 'blib/lib', 'blib/arch')" t/*/*.t
t/e2e/aalias.t .............. ok
t/e2e/aalias1.t ............. ok
t/e2e/abranch_return_sub.t .. ok
t/e2e/acond_and.t ........... ok
# Test 472 got: "260          100      2      2   unless shift()\n" (/home/njh/.cpan/build/Devel-Cover-0.86-CfCsfi/blib/lib/Devel/Cover/Test.pm at line 317 fail #472)
#     Expected: "260          100      2      2   unless shift @_\n"
#  /home/njh/.cpan/build/Devel-Cover-0.86-CfCsfi/blib/lib/Devel/Cover/Test.pm line 317 is:             $self->{no_coverage} ? Test::ok 1 : Test::ok $t, $c;
# Test 473 got: "266          100      2      2   if shift()\n" (/home/njh/.cpan/build/Devel-Cover-0.86-CfCsfi/blib/lib/Devel/Cover/Test.pm at line 317 fail #473)
#     Expected: "266          100      2      2   if shift @_\n"
# Test 488 got: "285          100      2      2   shift() && return\n" (/home/njh/.cpan/build/Devel-Cover-0.86-CfCsfi/blib/lib/Devel/Cover/Test.pm at line 317 fail #488)
#     Expected: "285          100      2      2   shift @_ && return\n"
# Test 505 got: "279          100      2      2   shift() || return\n" (/home/njh/.cpan/build/Devel-Cover-0.86-CfCsfi/blib/lib/Devel/Cover/Test.pm at line 317 fail #505)
#     Expected: "279          100      2      2   shift @_ || return\n"
# Test 534 got: "273   ***      0      0      0      0      0   shift() xor return\n" (/home/njh/.cpan/build/Devel-Cover-0.86-CfCsfi/blib/lib/Devel/Cover/Test.pm at line 317 fail #534)
#     Expected: "273   ***      0      0      0      0      0   shift @_ xor return\n"
t/e2e/acond_branch.t ........ 
Failed 5/564 subtests 
t/e2e/acond_or.t ............ ok
t/e2e/acond_xor.t ........... ok
t/e2e/acop.t ................ ok
# Test 45 got: "\n" (/home/njh/.cpan/build/Devel-Cover-0.86-CfCsfi/blib/lib/Devel/Cover/Test.pm at line 317 fail #45)
#    Expected: "               1                        \n"
#  /home/njh/.cpan/build/Devel-Cover-0.86-CfCsfi/blib/lib/Devel/Cover/Test.pm line 317 is:             $self->{no_coverage} ? Test::ok 1 : Test::ok $t, $c;
# Test 47 got: "Conditions\n" (/home/njh/.cpan/build/Devel-Cover-0.86-CfCsfi/blib/lib/Devel/Cover/Test.pm at line 317 fail #47)
#    Expected: "\n"
# Test 48 got: "-\n" (/home/njh/.cpan/build/Devel-Cover-0.86-CfCsfi/blib/lib/Devel/Cover/Test.pm at line 317 fail #48)
#    Expected: "Conditions\n"
# Test 49 got: "\n" (/home/njh/.cpan/build/Devel-Cover-0.86-CfCsfi/blib/lib/Devel/Cover/Test.pm at line 317 fail #49)
#    Expected: "-\n"
# Test 50 got: "or 2 conditions\n" (/home/njh/.cpan/build/Devel-Cover-0.86-CfCsfi/blib/lib/Devel/Cover/Test.pm at line 317 fail #50)
#    Expected: "\n"
# Test 51 got: "\n" (/home/njh/.cpan/build/Devel-Cover-0.86-CfCsfi/blib/lib/Devel/Cover/Test.pm at line 317 fail #51)
#    Expected: "or 2 conditions\n"
# Test 52 got: "line  err      %      l     !l   expr\n" (/home/njh/.cpan/build/Devel-Cover-0.86-CfCsfi/blib/lib/Devel/Cover/Test.pm at line 317 fail #52)
#    Expected: "\n"
# Test 53 got: "- --- ------ ------ ------   ----\n" (/home/njh/.cpan/build/Devel-Cover-0.86-CfCsfi/blib/lib/Devel/Cover/Test.pm at line 317 fail #53)
#    Expected: "line  err      %      l     !l   expr\n"
# Test 54 got: "15           100      1      1   shift() || 11\n" (/home/njh/.cpan/build/Devel-Cover-0.86-CfCsfi/blib/lib/Devel/Cover/Test.pm at line 317 fail #54)
#    Expected: "- --- ------ ------ ------   ----\n"
# Test 55 got: "16           100      1      1   shift() || []\n" (/home/njh/.cpan/build/Devel-Cover-0.86-CfCsfi/blib/lib/Devel/Cover/Test.pm at line 317 fail #55)
#    Expected: "15           100      1      1   shift @_ || 11\n"
# Test 56 got: "17           100      1      1   shift() || {}\n" (/home/njh/.cpan/build/Devel-Cover-0.86-CfCsfi/blib/lib/Devel/Cover/Test.pm at line 317 fail #56)
#    Expected: "16           100      1      1   shift @_ || []\n"
# Test 57 got: "\n" (/home/njh/.cpan/build/Devel-Cover-0.86-CfCsfi/blib/lib/Devel/Cover/Test.pm at line 317 fail #57)
#    Expected: "17           100      1      1   shift @_ || {}\n"
# Test 59 got: "Covered Subroutines\n" (/home/njh/.cpan/build/Devel-Cover-0.86-CfCsfi/blib/lib/Devel/Cover/Test.pm at line 317 fail #59)
#    Expected: "\n"
# Test 60 got: "-\n" (/home/njh/.cpan/build/Devel-Cover-0.86-CfCsfi/blib/lib/Devel/Cover/Test.pm at line 317 fail #60)
#    Expected: "Covered Subroutines\n"
# Test 61 got: "\n" (/home/njh/.cpan/build/Devel-Cover-0.86-CfCsfi/blib/lib/Devel/Cover/Test.pm at line 317 fail #61)
#    Expected: "-\n"
# Test 62 got: "Subroutine Count Location              \n" (/home/njh/.cpan/build/Devel-Cover-0.86-CfCsfi/blib/lib/Devel/Cover/Test.pm at line 317 fail #62)
#    Expected: "\n"
# Test 63 got: "- ----- ----------------------\n" (/home/njh/.cpan/build/Devel-Cover-0.86-CfCsfi/blib/lib/Devel/Cover/Test.pm at line 317 fail #63)
#    Expected: "Subroutine Count Location              \n"
# Test 64 got: "BEGIN          1 tests/default_param:10\n" (/home/njh/.cpan/build/Devel-Cover-0.86-CfCsfi/blib/lib/Devel/Cover/Test.pm at line 317 fail #64)
#    Expected: "- ----- ----------------------\n"
# Test 65 got: "BEGIN          1 tests/default_param:11\n" (/home/njh/.cpan/build/Devel-Cover-0.86-CfCsfi/blib/lib/Devel/Cover/Test.pm at line 317 fail #65)
#    Expected: "BEGIN          1 tests/default_param:10\n"
# Test 66 got: "p              2 tests/default_param:15\n" (/home/njh/.cpan/build/Devel-Cover-0.86-CfCsfi/blib/lib/Devel/Cover/Test.pm at line 317 fail #66)
#    Expected: "BEGIN          1 tests/default_param:11\n"
# Test 67 got: "\n" (/home/njh/.cpan/build/Devel-Cover-0.86-CfCsfi/blib/lib/Devel/Cover/Test.pm at line 317 fail #67)
#    Expected: "p              2 tests/default_param:15\n"
t/e2e/adefault_param.t ...... 
Failed 22/69 subtests 
t/e2e/adeparse.t ............ ok
t/e2e/adestroy.t ............ ok
t/e2e/adynamic_subs.t ....... ok
t/e2e/aeval1.t .............. ok
t/e2e/aeval2.t .............. ok
t/e2e/aeval3.t .............. ok
t/e2e/aeval_nested.t ........ ok
t/e2e/aexec.t ............... ok
t/e2e/aexec_die.t ........... ok
t/e2e/afork.t ............... ok
t/e2e/aif.t ................. ok
t/e2e/ainc_sub.t ............ ok
t/e2e/amodule1.t ............ ok
t/e2e/amodule2.t ............ ok
t/e2e/amodule_ignore.t ...... ok
t/e2e/amodule_import.t ...... ok
t/e2e/amodule_relative.t .... ok
# Test 2 got: "Reading database from \n" (/home/njh/.cpan/build/Devel-Cover-0.86-CfCsfi/blib/lib/Devel/Cover/Test.pm at line 317 fail #2)
#   Expected: "DB.pmline 882.\n"
#  /home/njh/.cpan/build/Devel-Cover-0.86-CfCsfi/blib/lib/Devel/Cover/Test.pm line 317 is:             $self->{no_coverage} ? Test::ok 1 : Test::ok $t, $c;
# Test 3 got: "\n" (/home/njh/.cpan/build/Devel-Cover-0.86-CfCsfi/blib/lib/Devel/Cover/Test.pm at line 317 fail #3)
#   Expected: "Reading database from \n"
# Test 5 got: "- ------ ------ ------ ------ ------\n" (/home/njh/.cpan/build/Devel-Cover-0.86-CfCsfi/blib/lib/Devel/Cover/Test.pm at line 317 fail #5)
#   Expected: "\n"
# Test 6 got: "File                                         stmt   bran   cond    sub  total\n" (/home/njh/.cpan/build/Devel-Cover-0.86-CfCsfi/blib/lib/Devel/Cover/Test.pm at line 317 fail #6)
#   Expected: "- ------ ------ ------ ------ ------\n"
# Test 7 got: "- ------ ------ ------ ------ ------\n" (/home/njh/.cpan/build/Devel-Cover-0.86-CfCsfi/blib/lib/Devel/Cover/Test.pm at line 317 fail #7)
#   Expected: "File                                         stmt   bran   cond    sub  total\n"
# Test 8 got: "tests/moose_basic                           100.0    n/a    n/a  100.0  100.0\n" (/home/njh/.cpan/build/Devel-Cover-0.86-CfCsfi/blib/lib/Devel/Cover/Test.pm at line 317 fail #8)
#   Expected: "- ------ ------ ------ ------ ------\n"
# Test 9 got: "Total                                       100.0    n/a    n/a  100.0  100.0\n" (/home/njh/.cpan/build/Devel-Cover-0.86-CfCsfi/blib/lib/Devel/Cover/Test.pm at line 317 fail #9)
#   Expected: "tests/moose_basic                           100.0    n/a    n/a  100.0  100.0\n"
# Test 10 got: "- ------ ------ ------ ------ ------\n" (/home/njh/.cpan/build/Devel-Cover-0.86-CfCsfi/blib/lib/Devel/Cover/Test.pm at line 317 fail #10)
#    Expected: "Total                                       100.0    n/a    n/a  100.0  100.0\n"
# Test 11 got: "\n" (/home/njh/.cpan/build/Devel-Cover-0.86-CfCsfi/blib/lib/Devel/Cover/Test.pm at line 317 fail #11)
#    Expected: "- ------ ------ ------ ------ ------\n"
# Test 13 got: "Run: \n" (/home/njh/.cpan/build/Devel-Cover-0.86-CfCsfi/blib/lib/Devel/Cover/Test.pm at line 317 fail #13)
#    Expected: "\n"
# Test 14 got: "Perl version: \n" (/home/njh/.cpan/build/Devel-Cover-0.86-CfCsfi/blib/lib/Devel/Cover/Test.pm at line 317 fail #14)
#    Expected: "Run: \n"
# Test 15 got: "OS: \n" (/home/njh/.cpan/build/Devel-Cover-0.86-CfCsfi/blib/lib/Devel/Cover/Test.pm at line 317 fail #15)
#    Expected: "Perl version: \n"
# Test 16 got: "Start: \n" (/home/njh/.cpan/build/Devel-Cover-0.86-CfCsfi/blib/lib/Devel/Cover/Test.pm at line 317 fail #16)
#    Expected: "OS: \n"
# Test 17 got: "Finish: \n" (/home/njh/.cpan/build/Devel-Cover-0.86-CfCsfi/blib/lib/Devel/Cover/Test.pm at line 317 fail #17)
#    Expected: "Start: \n"
# Test 18 got: "\n" (/home/njh/.cpan/build/Devel-Cover-0.86-CfCsfi/blib/lib/Devel/Cover/Test.pm at line 317 fail #18)
#    Expected: "Finish: \n"
# Test 19 got: "tests/moose_basic\n" (/home/njh/.cpan/build/Devel-Cover-0.86-CfCsfi/blib/lib/Devel/Cover/Test.pm at line 317 fail #19)
#    Expected: "\n"
# Test 20 got: "\n" (/home/njh/.cpan/build/Devel-Cover-0.86-CfCsfi/blib/lib/Devel/Cover/Test.pm at line 317 fail #20)
#    Expected: "tests/moose_basic\n"
# Test 21 got: "line  err   stmt   bran   cond    sub   code\n" (/home/njh/.cpan/build/Devel-Cover-0.86-CfCsfi/blib/lib/Devel/Cover/Test.pm at line 317 fail #21)
#    Expected: "\n"
# Test 22 got: "1                                       #!/usr/bin/perl\n" (/home/njh/.cpan/build/Devel-Cover-0.86-CfCsfi/blib/lib/Devel/Cover/Test.pm at line 317 fail #22)
#    Expected: "line  err   stmt   bran   cond    sub   code\n"
# Test 23 got: "2                                       \n" (/home/njh/.cpan/build/Devel-Cover-0.86-CfCsfi/blib/lib/Devel/Cover/Test.pm at line 317 fail #23)
#    Expected: "1                                       #!/usr/bin/perl\n"
# Test 24 got: "3                                       # \n" (/home/njh/.cpan/build/Devel-Cover-0.86-CfCsfi/blib/lib/Devel/Cover/Test.pm at line 317 fail #24)
#    Expected: "2                                       \n"
# Test 25 got: "4                                       \n" (/home/njh/.cpan/build/Devel-Cover-0.86-CfCsfi/blib/lib/Devel/Cover/Test.pm at line 317 fail #25)
#    Expected: "3                                       # \n"
# Test 26 got: "5                                       # This software is free.  It is licensed under the same terms as Perl itself.\n" (/home/njh/.cpan/build/Devel-Cover-0.86-CfCsfi/blib/lib/Devel/Cover/Test.pm at line 317 fail #26)
#    Expected: "4                                       \n"
# Test 27 got: "6                                       \n" (/home/njh/.cpan/build/Devel-Cover-0.86-CfCsfi/blib/lib/Devel/Cover/Test.pm at line 317 fail #27)
#    Expected: "5                                       # This software is free.  It is licensed under the same terms as Perl itself.\n"
# Test 28 got: "7                                       # The latest version of this software should be available from my homepage:\n" (/home/njh/.cpan/build/Devel-Cover-0.86-CfCsfi/blib/lib/Devel/Cover/Test.pm at line 317 fail #28)
#    Expected: "6                                       \n"
# Test 29 got: "8                                       # http://www.pjcj.net\n" (/home/njh/.cpan/build/Devel-Cover-0.86-CfCsfi/blib/lib/Devel/Cover/Test.pm at line 317 fail #29)
#    Expected: "7                                       # The latest version of this software should be available from my homepage:\n"
# Test 30 got: "9                                       \n" (/home/njh/.cpan/build/Devel-Cover-0.86-CfCsfi/blib/lib/Devel/Cover/Test.pm at line 317 fail #30)
#    Expected: "8                                       # http://www.pjcj.net\n"
# Test 31 got: "10                                      # __COVER__ skip_test $] < 5.010 || !(eval \"use Moose; 23\")\n" (/home/njh/.cpan/build/Devel-Cover-0.86-CfCsfi/blib/lib/Devel/Cover/Test.pm at line 317 fail #31)
#    Expected: "9                                       \n"
# Test 32 got: "11                                      # __COVER__ skip_reason Moose not available or unreliable with Devel::Cover\n" (/home/njh/.cpan/build/Devel-Cover-0.86-CfCsfi/blib/lib/Devel/Cover/Test.pm at line 317 fail #32)
#    Expected: "10                                      # __COVER__ skip_test $] < 5.010 || !(eval \"use Moose; 23\")\n"
# Test 33 got: "12                                      \n" (/home/njh/.cpan/build/Devel-Cover-0.86-CfCsfi/blib/lib/Devel/Cover/Test.pm at line 317 fail #33)
#    Expected: "11                                      # __COVER__ skip_reason Moose not available or unreliable with Devel::Cover\n"
# Test 34 got: "13                                      package Foo;\n" (/home/njh/.cpan/build/Devel-Cover-0.86-CfCsfi/blib/lib/Devel/Cover/Test.pm at line 317 fail #34)
#    Expected: "12                                      \n"
# Test 35 got: "14             1                    1   use Moose;\n" (/home/njh/.cpan/build/Devel-Cover-0.86-CfCsfi/blib/lib/Devel/Cover/Test.pm at line 317 fail #35)
#    Expected: "13                                      package Foo;\n"
# Test 36 got: "               1                        \n" (/home/njh/.cpan/build/Devel-Cover-0.86-CfCsfi/blib/lib/Devel/Cover/Test.pm at line 317 fail #36)
#    Expected: "14             1                    1   use Moose;\n"
# Test 38 got: "15             1                        __PACKAGE__->meta->make_immutable;\n" (/home/njh/.cpan/build/Devel-Cover-0.86-CfCsfi/blib/lib/Devel/Cover/Test.pm at line 317 fail #38)
#    Expected: "               1                        \n"
# Test 39 got: "\n" (/home/njh/.cpan/build/Devel-Cover-0.86-CfCsfi/blib/lib/Devel/Cover/Test.pm at line 317 fail #39)
#    Expected: "15             1                        __PACKAGE__->meta->make_immutable;\n"
# Test 41 got: "Covered Subroutines\n" (/home/njh/.cpan/build/Devel-Cover-0.86-CfCsfi/blib/lib/Devel/Cover/Test.pm at line 317 fail #41)
#    Expected: "\n"
# Test 42 got: "-\n" (/home/njh/.cpan/build/Devel-Cover-0.86-CfCsfi/blib/lib/Devel/Cover/Test.pm at line 317 fail #42)
#    Expected: "Covered Subroutines\n"
# Test 43 got: "\n" (/home/njh/.cpan/build/Devel-Cover-0.86-CfCsfi/blib/lib/Devel/Cover/Test.pm at line 317 fail #43)
#    Expected: "-\n"
# Test 44 got: "Subroutine Count Location            \n" (/home/njh/.cpan/build/Devel-Cover-0.86-CfCsfi/blib/lib/Devel/Cover/Test.pm at line 317 fail #44)
#    Expected: "\n"
# Test 45 got: "- ----- --------------------\n" (/home/njh/.cpan/build/Devel-Cover-0.86-CfCsfi/blib/lib/Devel/Cover/Test.pm at line 317 fail #45)
#    Expected: "Subroutine Count Location            \n"
# Test 46 got: "BEGIN          1 tests/moose_basic:14\n" (/home/njh/.cpan/build/Devel-Cover-0.86-CfCsfi/blib/lib/Devel/Cover/Test.pm at line 317 fail #46)
#    Expected: "- ----- --------------------\n"
# Test 47 got: "\n" (/home/njh/.cpan/build/Devel-Cover-0.86-CfCsfi/blib/lib/Devel/Cover/Test.pm at line 317 fail #47)
#    Expected: "BEGIN          1 tests/moose_basic:14\n"
t/e2e/amoose_basic.t ........ 
Failed 43/49 subtests 
t/e2e/aoverload_bool.t ...... ok
t/e2e/aoverloaded.t ......... ok
t/e2e/apod.t ................ ok
t/e2e/apod_nocp.t ........... ok
t/e2e/arequire.t ............ ok
t/e2e/askip.t ............... ok
t/e2e/asort.t ............... ok
t/e2e/aspecial_blocks.t ..... ok
t/e2e/astatement.t .......... ok
t/e2e/asubs_only.t .......... ok
t/e2e/at0.t ................. ok
t/e2e/at1.t ................. ok
t/e2e/at2.t ................. ok
t/e2e/atrivial.t ............ ok
t/e2e/auncoverable.t ........ ok
t/e2e/change.t .............. ok
t/e2e/eval_sub.t ............ ok
t/e2e/eval_use.t ............ ok
t/e2e/md5.t ................. ok
t/internal/criteria.t ....... ok
t/internal/subprocess.t ..... ok
t/regexp/regexp_eval.t ...... ok

Test Summary Report
-------------------
t/e2e/acond_branch.t      (Wstat: 0 Tests: 564 Failed: 5)
  Failed tests:  472-473, 488, 505, 534
t/e2e/adefault_param.t    (Wstat: 0 Tests: 68 Failed: 21)
  Failed tests:  45, 47-57, 59-67
  Parse errors: Bad plan.  You planned 69 tests but ran 68.
t/e2e/amoose_basic.t      (Wstat: 0 Tests: 48 Failed: 42)
  Failed tests:  2-3, 5-11, 13-36, 38-39, 41-47
  Parse errors: Bad plan.  You planned 49 tests but ran 48.
Files=49, Tests=4230, 14 wallclock secs ( 0.27 usr  0.03 sys + 10.68 cusr  0.94 csys = 11.92 CPU)
Result: FAIL
Failed 3/49 test programs. 68/4230 subtests failed.
make: *** [test_dynamic] Error 255

------------------------------
PREREQUISITES
------------------------------

Prerequisite modules loaded:

requires:

    Module              Need Have
    ------------------- ---- ----
    Digest::MD5         0    2.51
    Storable            0    2.30
    Test::More          0    0.98
    Test::Warn          0    0.24

build_requires:

    Module              Need Have
    ------------------- ---- ----
    ExtUtils::MakeMaker 0    6.62

configure_requires:

    Module              Need Have
    ------------------- ---- ----
    ExtUtils::MakeMaker 0    6.62


------------------------------
ENVIRONMENT AND OTHER CONTEXT
------------------------------

Environment variables:

    LANG = 
    LANGUAGE = en_GB:en
    LD_LIBRARY_PATH = :/usr/local/lib:/usr/lib/qt-3.3/lib:/usr/X11R6/lib
    MANPATH_WITHOUT_PERLBREW = :/usr/local/man:/home/njh/man:/usr/share/inn/man:/usr/share/perl5/man:/usr/share/tcl-8.0/man:/usr/share/tclX-8.0.4/man:/usr/share/tix-4.1/man:/usr/share/tk-8.0/man:/usr/server/doc:/usr/share/man:/opt/intel/cc/9.1.038/man
    PATH = /home/njh/perl5/perlbrew/bin:/home/njh/perl5/perlbrew/perls/perl-5.13.11/bin:/home/njh/perl5/perlbrew/bin:/usr/local/bin:/usr/bin:/bin:/usr/local/games:/usr/games:/home/njh/bin:/usr/perl5/bin
    PATH_WITHOUT_PERLBREW = /usr/local/bin:/usr/bin:/bin:/usr/local/games:/usr/games:/home/njh/bin
    PERL5LIB = /home/njh/.cpan/build/CGI-SpeedyCGI-2.22-fBOroC/blib/arch:/home/njh/.cpan/build/CGI-SpeedyCGI-2.22-fBOroC/blib/lib:/home/njh/.cpan/build/Encode-Detect-1.01-7cExh9/blib/arch:/home/njh/.cpan/build/Encode-Detect-1.01-7cExh9/blib/lib:/home/njh/.cpan/build/Mail-SPF-v2.8.0-mVjRsF/blib/arch:/home/njh/.cpan/build/Mail-SPF-v2.8.0-mVjRsF/blib/lib:/home/njh/.cpan/build/Mail-SpamAssassin-3.3.2-c9joqa/blib/arch:/home/njh/.cpan/build/Mail-SpamAssassin-3.3.2-c9joqa/blib/lib
    PERL5OPT = 
    PERL5_CPANPLUS_IS_RUNNING = 1842
    PERL5_CPAN_IS_RUNNING = 1842
    PERLBREW_BASHRC_VERSION = 0.42
    PERLBREW_HOME = /home/njh/.perlbrew
    PERLBREW_MANPATH = /home/njh/perl5/perlbrew/perls/perl-5.13.11/man
    PERLBREW_PATH = /home/njh/perl5/perlbrew/bin:/home/njh/perl5/perlbrew/perls/perl-5.13.11/bin
    PERLBREW_PERL = perl-5.13.11
    PERLBREW_ROOT = /home/njh/perl5/perlbrew
    PERLBREW_VERSION = 0.42
    SHELL = /bin/bash
    TERM = linux
    TMPDIR = /tmp

Perl special variables (and OS-specific diagnostics, for MSWin32):

    $^X = /home/njh/perl5/perlbrew/perls/perl-5.13.11/bin/perl5.13.11
    $UID/$EUID = 1000 / 1000
    $GID = 1000 24 25 29 30 44 46 108 112 1000
    $EGID = 1000 24 25 29 30 44 46 108 112 1000

Perl module toolchain versions installed:

    Module              Have    
    ------------------- --------
    CPAN                1.9800  
    CPAN::Meta          2.120921
    Cwd                 3.36    
    ExtUtils::CBuilder  0.280205
    ExtUtils::Command   1.17    
    ExtUtils::Install   1.56    
    ExtUtils::MakeMaker 6.62    
    ExtUtils::Manifest  1.60    
    ExtUtils::ParseXS   3.15    
    File::Spec          3.33    
    JSON                2.53    
    JSON::PP            2.27200 
    Module::Build       0.40    
    Module::Signature   n/a     
    Parse::CPAN::Meta   1.4404  
    Test::Harness       3.23    
    Test::More          0.98    
    YAML                0.81    
    YAML::Syck          1.20    
    version             0.97    


--

Summary of my perl5 (revision 5 version 13 subversion 11) configuration:
   
  Platform:
    osname=linux, osvers=3.2.0-2-amd64, archname=x86_64-linux
    uname='linux gateway 3.2.0-2-amd64 #1 smp sun apr 15 16:47:38 utc 2012 x86_64 gnulinux '
    config_args='-de -Dprefix=/home/njh/perl5/perlbrew/perls/perl-5.13.11 -Dusedevel -Accflags=-O2 -W -Wformat=2 -Wswitch -Wshadow -Wwrite-strings -Wuninitialized -Wall -pipe -mtune=native -march=native -fomit-frame-pointer -mfpmath=sse -pedantic -D_FORTIFY_SOURCE=2 -Wpointer-arith -Wstrict-prototypes -fstack-protector -Wstack-protector -Wextra -Wbad-function-cast -Wcast-align -Wcast-qual -Wdisabled-optimization -Wendif-labels -Wfloat-equal -Wformat-nonliteral -Winline -Wmissing-declarations -Wmissing-prototypes -Wnested-externs -Wpointer-arith -Wundef -Wformat-security'
    hint=recommended, useposix=true, d_sigaction=define
    useithreads=undef, usemultiplicity=undef
    useperlio=define, d_sfio=undef, uselargefiles=define, usesocks=undef
    use64bitint=define, use64bitall=define, uselongdouble=undef
    usemymalloc=n, bincompat5005=undef
  Compiler:
    cc='cc', ccflags ='-O2 -W -Wformat=2 -Wswitch -Wshadow -Wwrite-strings -Wuninitialized -Wall -pipe -mtune=native -march=native -fomit-frame-pointer -mfpmath=sse -pedantic -D_FORTIFY_SOURCE=2 -Wpointer-arith -Wstrict-prototypes -fstack-protector -Wstack-protector -Wextra -Wbad-function-cast -Wcast-align -Wcast-qual -Wdisabled-optimization -Wendif-labels -Wfloat-equal -Wformat-nonliteral -Winline -Wmissing-declarations -Wmissing-prototypes -Wnested-externs -Wpointer-arith -Wundef -Wformat-security -fno-strict-aliasing -I/usr/local/include -D_LARGEFILE_SOURCE -D_FILE_OFFSET_BITS=64',
    optimize='-O2',
    cppflags='-O2 -W -Wformat=2 -Wswitch -Wshadow -Wwrite-strings -Wuninitialized -Wall -pipe -mtune=native -march=native -fomit-frame-pointer -mfpmath=sse -pedantic -D_FORTIFY_SOURCE=2 -Wpointer-arith -Wstrict-prototypes -fstack-protector -Wstack-protector -Wextra -Wbad-function-cast -Wcast-align -Wcast-qual -Wdisabled-optimization -Wendif-labels -Wfloat-equal -Wformat-nonliteral -Winline -Wmissing-declarations -Wmissing-prototypes -Wnested-externs -Wpointer-arith -Wundef -Wformat-security -fno-strict-aliasing -I/usr/local/include'
    ccversion='', gccversion='4.6.3', gccosandvers=''
    intsize=4, longsize=8, ptrsize=8, doublesize=8, byteorder=12345678
    d_longlong=define, longlongsize=8, d_longdbl=define, longdblsize=16
    ivtype='long', ivsize=8, nvtype='double', nvsize=8, Off_t='off_t', lseeksize=8
    alignbytes=8, prototype=define
  Linker and Libraries:
    ld='cc', ldflags =' -fstack-protector -L/usr/local/lib'
    libpth=/usr/local/lib /lib/x86_64-linux-gnu /lib/../lib /usr/lib/x86_64-linux-gnu /usr/lib/../lib /lib /usr/lib
    libs=-lnsl -lgdbm -ldb -ldl -lm -lcrypt -lutil -lc -lgdbm_compat
    perllibs=-lnsl -ldl -lm -lcrypt -lutil -lc
    libc=, so=so, useshrplib=false, libperl=libperl.a
    gnulibc_version='2.13'
  Dynamic Linking:
    dlsrc=dl_dlopen.xs, dlext=so, d_dlsymun=undef, ccdlflags='-Wl,-E'
    cccdlflags='-fPIC', lddlflags='-shared -O2 -L/usr/local/lib -fstack-protector'


Characteristics of this binary (from libperl): 
  Compile-time options: PERL_DONT_CREATE_GVSV PERL_MALLOC_WRAP
                        PERL_PRESERVE_IVUV PERL_USE_DEVEL USE_64_BIT_ALL
                        USE_64_BIT_INT USE_LARGE_FILES USE_PERLIO
                        USE_PERL_ATOF
  Built under linux
  Compiled at Apr 21 2012 18:06:55
  %ENV:
    PERL5LIB="/home/njh/.cpan/build/CGI-SpeedyCGI-2.22-fBOroC/blib/arch:/home/njh/.cpan/build/CGI-SpeedyCGI-2.22-fBOroC/blib/lib:/home/njh/.cpan/build/Encode-Detect-1.01-7cExh9/blib/arch:/home/njh/.cpan/build/Encode-Detect-1.01-7cExh9/blib/lib:/home/njh/.cpan/build/Mail-SPF-v2.8.0-mVjRsF/blib/arch:/home/njh/.cpan/build/Mail-SPF-v2.8.0-mVjRsF/blib/lib:/home/njh/.cpan/build/Mail-SpamAssassin-3.3.2-c9joqa/blib/arch:/home/njh/.cpan/build/Mail-SpamAssassin-3.3.2-c9joqa/blib/lib"
    PERL5OPT=""
    PERL5_CPANPLUS_IS_RUNNING="1842"
    PERL5_CPAN_IS_RUNNING="1842"
    PERLBREW_BASHRC_VERSION="0.42"
    PERLBREW_HOME="/home/njh/.perlbrew"
    PERLBREW_MANPATH="/home/njh/perl5/perlbrew/perls/perl-5.13.11/man"
    PERLBREW_PATH="/home/njh/perl5/perlbrew/bin:/home/njh/perl5/perlbrew/perls/perl-5.13.11/bin"
    PERLBREW_PERL="perl-5.13.11"
    PERLBREW_ROOT="/home/njh/perl5/perlbrew"
    PERLBREW_VERSION="0.42"
  @INC:
    /home/njh/.cpan/build/CGI-SpeedyCGI-2.22-fBOroC/blib/arch
    /home/njh/.cpan/build/CGI-SpeedyCGI-2.22-fBOroC/blib/lib
    /home/njh/.cpan/build/Encode-Detect-1.01-7cExh9/blib/arch
    /home/njh/.cpan/build/Encode-Detect-1.01-7cExh9/blib/lib
    /home/njh/.cpan/build/Mail-SPF-v2.8.0-mVjRsF/blib/arch
    /home/njh/.cpan/build/Mail-SPF-v2.8.0-mVjRsF/blib/lib
    /home/njh/.cpan/build/Mail-SpamAssassin-3.3.2-c9joqa/blib/arch
    /home/njh/.cpan/build/Mail-SpamAssassin-3.3.2-c9joqa/blib/lib
    /home/njh/perl5/perlbrew/perls/perl-5.13.11/lib/site_perl/5.13.11/x86_64-linux
    /home/njh/perl5/perlbrew/perls/perl-5.13.11/lib/site_perl/5.13.11
    /home/njh/perl5/perlbrew/perls/perl-5.13.11/lib/5.13.11/x86_64-linux
    /home/njh/perl5/perlbrew/perls/perl-5.13.11/lib/5.13.11
    .