Report for Date-Holidays-0.15

Back
From: metabase:user:3198cbe2-2aae-11df-837a-5e0a49663a4f
Subject: FAIL Date-Holidays-0.15 v5.12.2 GNU/Linux
Date: 2010-10-31T23:37:47Z

This distribution has been tested as part of the CPAN Testers
project, supporting the Perl programming language.  See
http://wiki.cpantesters.org/ for more information or email
questions to cpan-testers-discuss@perl.org


--
Dear jonasbn,

This is a computer-generated report for Date-Holidays-0.15
on perl 5.12.2, created by CPAN-Reporter-1.1805.

Thank you for uploading your work to CPAN.  However, there was a problem
testing your distribution.

If you think this report is invalid, please consult the CPAN Testers Wiki
for suggestions on how to avoid getting FAIL reports for missing library
or binary dependencies, unsupported operating systems, and so on:

http://wiki.cpantesters.org/wiki/CPANAuthorNotes

Sections of this report:

    * Tester comments
    * Program output
    * Prerequisites
    * Environment and other context

------------------------------
TESTER COMMENTS
------------------------------

Additional comments from tester:

this report is from an automated smoke testing program
and was not reviewed by a human for accuracy

------------------------------
PROGRAM OUTPUT
------------------------------

Output from './Build test':

t/0-signature.t ... ok
UNIVERSAL->import is deprecated and will be removed in a future perl at /home/graham/perltest/perl5122/cpan/build/Date-Holidays-0.15-imf3sm/blib/lib/Date/Holidays.pm line 9
UNIVERSAL->import is deprecated and will be removed in a future perl at /home/graham/perltest/perl5122/cpan/build/Date-Holidays-0.15-imf3sm/blib/lib/Date/Holidays/Adapter/JP.pm line 10
t/00.load.t ....... ok
UNIVERSAL->import is deprecated and will be removed in a future perl at lib/Date/Holidays.pm line 9
Use of uninitialized value $_[0] in string eq at /home/graham/perltest/perl5122/perl/lib/5.12.2/UNIVERSAL.pm line 17.
t/ABSTRACTED.t .... ok
UNIVERSAL->import is deprecated and will be removed in a future perl at lib/Date/Holidays.pm line 9
t/NOPOLY.t ........ ok
UNIVERSAL->import is deprecated and will be removed in a future perl at lib/Date/Holidays.pm line 9
t/OOP.t ........... ok
UNIVERSAL->import is deprecated and will be removed in a future perl at lib/Date/Holidays.pm line 9
t/PRODUCERAL.t .... ok
UNIVERSAL->import is deprecated and will be removed in a future perl at lib/Date/Holidays.pm line 9
t/SUPERED.t ....... ok
UNIVERSAL->import is deprecated and will be removed in a future perl at /home/graham/perltest/perl5122/cpan/build/Date-Holidays-0.15-imf3sm/blib/lib/Date/Holidays.pm line 9
t/_fetch.t ........ ok
UNIVERSAL->import is deprecated and will be removed in a future perl at /home/graham/perltest/perl5122/cpan/build/Date-Holidays-0.15-imf3sm/blib/lib/Date/Holidays.pm line 9
t/_load.t ......... ok
UNIVERSAL->import is deprecated and will be removed in a future perl at lib/Date/Holidays.pm line 9
t/datetime.t ...... ok
UNIVERSAL->import is deprecated and will be removed in a future perl at lib/Date/Holidays.pm line 9
t/holidays.t ...... ok
UNIVERSAL->import is deprecated and will be removed in a future perl at lib/Date/Holidays.pm line 9
Unable to locate module for ad
Unable to locate module for ae
Unable to locate module for af
Unable to locate module for ag
Unable to locate module for ai
Unable to locate module for al
Unable to locate module for am
Unable to locate module for an
Unable to locate module for ao
Unable to locate module for aq
Unable to locate module for ar
Unable to locate module for as
Unable to locate module for at
Unable to locate module for au
Unable to locate module for aw
Unable to locate module for ax
Unable to locate module for az
Unable to locate module for ba
Unable to locate module for bb
Unable to locate module for bd
Unable to locate module for be
Unable to locate module for bf
Unable to locate module for bg
Unable to locate module for bh
Unable to locate module for bi
Unable to locate module for bj
Unable to locate module for bl
Unable to locate module for bm
Unable to locate module for bn
Unable to locate module for bo
Unable to locate module for br
Unable to locate module for bs
Unable to locate module for bt
Unable to locate module for bv
Unable to locate module for bw
Unable to locate module for by
Unable to locate module for bz
Unable to locate module for cc
Unable to locate module for cd
Unable to locate module for cf
Unable to locate module for cg
Unable to locate module for ch
Unable to locate module for ci
Unable to locate module for ck
Unable to locate module for cl
Unable to locate module for cm
Unable to locate module for cn
Unable to locate module for co
Unable to locate module for cr
Unable to locate module for cu
Unable to locate module for cv
Unable to locate module for cx
Unable to locate module for cy
Unable to locate module for cz
is_holidayUnable to locate module for dj
Unable to locate module for dk
Unable to locate module for dm
Unable to locate module for do
Unable to locate module for dz
Unable to locate module for ec
Unable to locate module for ee
Unable to locate module for eg
Unable to locate module for eh
Unable to locate module for er
Unable to locate module for es
Unable to locate module for et
Unable to locate module for fi
Unable to locate module for fj
Unable to locate module for fk
Unable to locate module for fm
Unable to locate module for fo
Unable to locate module for fr
Unable to locate module for fx
Unable to locate module for ga
Unable to locate module for gb
Unable to locate module for gd
Unable to locate module for ge
Unable to locate module for gf
Unable to locate module for gg
Unable to locate module for gh
Unable to locate module for gi
Unable to locate module for gl
Unable to locate module for gm
Unable to locate module for gn
Unable to locate module for gp
Unable to locate module for gq
Unable to locate module for gr
Unable to locate module for gs
Unable to locate module for gt
Unable to locate module for gu
Unable to locate module for gw
Unable to locate module for gy
Unable to locate module for hk
Unable to locate module for hm
Unable to locate module for hn
Unable to locate module for hr
Unable to locate module for ht
Unable to locate module for hu
Unable to locate module for id
Unable to locate module for ie
Unable to locate module for il
Unable to locate module for im
Unable to locate module for in
Unable to locate module for io
Unable to locate module for iq
Unable to locate module for ir
Unable to locate module for is
Unable to locate module for it
Unable to locate module for je
Unable to locate module for jm
Unable to locate module for jo
UNIVERSAL->import is deprecated and will be removed in a future perl at lib/Date/Holidays/Adapter/JP.pm line 10
Unable to locate module for jp
Unable to locate module for ke
Unable to locate module for kg
Unable to locate module for kh
Unable to locate module for ki
Unable to locate module for km
Unable to locate module for kn
Unable to locate module for kp
Unable to locate module for kr
Unable to locate module for kw
Unable to locate module for ky
Unable to locate module for kz
Unable to locate module for la
Unable to locate module for lb
Unable to locate module for lc
Unable to locate module for li
Unable to locate module for lk
Unable to locate module for lr
Unable to locate module for ls
Unable to locate module for lt
Unable to locate module for lu
Unable to locate module for lv
Unable to locate module for ly
Unable to locate module for ma
Unable to locate module for mc
Unable to locate module for md
Unable to locate module for me
Unable to locate module for mf
Unable to locate module for mg
Unable to locate module for mh
Unable to locate module for mk
Unable to locate module for ml
Unable to locate module for mm
Unable to locate module for mn
Unable to locate module for mo
Unable to locate module for mp
Unable to locate module for mq
Unable to locate module for mr
Unable to locate module for ms
Unable to locate module for mt
Unable to locate module for mu
Unable to locate module for mv
Unable to locate module for mw
Unable to locate module for mx
Unable to locate module for my
Unable to locate module for mz
Unable to locate module for na
Unable to locate module for nc
Unable to locate module for ne
Unable to locate module for nf
Unable to locate module for ng
Unable to locate module for ni
Unable to locate module for nl
Unable to locate module for no
Unable to locate module for np
Unable to locate module for nr
Unable to locate module for nu
Unable to locate module for nz
Unable to locate module for om
Unable to locate module for pa
Unable to locate module for pe
Unable to locate module for pf
Unable to locate module for pg
Unable to locate module for ph
Unable to locate module for pk
2004 forgot to implement is_holiday() at lib/Date/Holidays/Adapter.pm line 87.
# Looks like you planned 17 tests but ran 8.
# Looks like your test exited with 255 just after 8.
t/is_holiday.t .... 
Dubious, test returned 255 (wstat 65280, 0xff00)
Failed 9/17 subtests 
	(less 7 skipped subtests: 1 okay)
UNIVERSAL->import is deprecated and will be removed in a future perl at lib/Date/Holidays.pm line 9
t/new.t ........... ok
t/pod-coverage.t .. skipped: set TEST_POD to enable this test
t/pod.t ........... skipped: set TEST_POD to enable this test

Test Summary Report
-------------------
t/is_holiday.t  (Wstat: 65280 Tests: 8 Failed: 0)
  Non-zero exit status: 255
  Parse errors: Bad plan.  You planned 17 tests but ran 8.
Files=15, Tests=116,  8 wallclock secs ( 0.19 usr  0.07 sys +  6.60 cusr  0.52 csys =  7.38 CPU)
Result: FAIL
Failed 1/15 test programs. 0/116 subtests failed.

------------------------------
PREREQUISITES
------------------------------

Prerequisite modules loaded:

requires:

    Module          Need Have   
    --------------- ---- -------
    Carp            0    1.17   
    DateTime        0    0.65   
    Error           0    0.17016
    Locale::Country 0    3.14   
    Module::Load    0    0.18   
    UNIVERSAL       0    1.06   

build_requires:

    Module          Need Have   
    --------------- ---- -------
    Test::More      0    2.00_01


------------------------------
ENVIRONMENT AND OTHER CONTEXT
------------------------------

Environment variables:

    AUTOMATED_TESTING = 1
    LANG = C
    PATH = /home/graham/perltest/perl5122/perl/bin:/bin:/usr/bin:/sbin:/usr/sbin:/opt/java/bin:/opt/java/jre/bin:/opt/kde/bin:/usr/bin/perlbin/site:/usr/bin/perlbin/vendor:/usr/bin/perlbin/core:/opt/qt/bin
    PERL5LIB = 
    PERL5OPT = 
    PERL5_CPANPLUS_IS_RUNNING = 18861
    PERL5_CPAN_IS_RUNNING = 18861
    PERL5_CPAN_IS_RUNNING_IN_RECURSION = 3680,18861
    PERL_CR_SMOKER_CURRENT = Date-Holidays-CA_ES-0.01
    PERL_EXTUTILS_AUTOINSTALL = --defaultdeps
    PERL_MM_USE_DEFAULT = 1
    SHELL = /bin/bash
    TERM = xterm

Perl special variables (and OS-specific diagnostics, for MSWin32):

    $^X = /home/graham/perltest/perl5122/perl/bin/perl
    $UID/$EUID = 1000 / 1000
    $GID = 1000 7 10 91 92 93 95 98 100 108 1000 1001
    $EGID = 1000 7 10 91 92 93 95 98 100 108 1000 1001

Perl module toolchain versions installed:

    Module              Have   
    ------------------- -------
    CPAN                1.94_62
    Cwd                 3.33   
    ExtUtils::CBuilder  0.27_07
    ExtUtils::Command   1.16   
    ExtUtils::Install   1.55   
    ExtUtils::MakeMaker 6.57_06
    ExtUtils::Manifest  1.58   
    ExtUtils::ParseXS   2.2206 
    File::Spec          3.33   
    Module::Build       0.36_17
    Module::Signature   0.66   
    Test::Harness       3.22   
    Test::More          2.00_01
    YAML                0.72   
    YAML::Syck          1.15   
    version             0.85   


--

Summary of my perl5 (revision 5 version 12 subversion 2) configuration:
   
  Platform:
    osname=linux, osvers=2.6.33-arch, archname=i686-linux-thread-multi
    uname='linux lorant 2.6.33-arch #1 smp preempt thu may 13 12:06:25 cest 2010 i686 intel(r) pentium(r) 4 cpu 2.80ghz genuineintel gnulinux '
    config_args=''
    hint=recommended, useposix=true, d_sigaction=define
    useithreads=define, usemultiplicity=define
    useperlio=define, d_sfio=undef, uselargefiles=define, usesocks=undef
    use64bitint=undef, use64bitall=undef, uselongdouble=undef
    usemymalloc=n, bincompat5005=undef
  Compiler:
    cc='cc', ccflags ='-D_REENTRANT -D_GNU_SOURCE -fno-strict-aliasing -pipe -fstack-protector -I/usr/local/include -D_LARGEFILE_SOURCE -D_FILE_OFFSET_BITS=64',
    optimize='-O2',
    cppflags='-D_REENTRANT -D_GNU_SOURCE -fno-strict-aliasing -pipe -fstack-protector -I/usr/local/include'
    ccversion='', gccversion='4.5.0 20100520 (prerelease)', gccosandvers=''
    intsize=4, longsize=4, ptrsize=4, doublesize=8, byteorder=1234
    d_longlong=define, longlongsize=8, d_longdbl=define, longdblsize=12
    ivtype='long', ivsize=4, nvtype='double', nvsize=8, Off_t='off_t', lseeksize=8
    alignbytes=4, prototype=define
  Linker and Libraries:
    ld='cc', ldflags =' -fstack-protector -L/usr/local/lib'
    libpth=/usr/local/lib /lib /usr/lib
    libs=-lnsl -lgdbm -ldb -ldl -lm -lcrypt -lutil -lpthread -lc -lgdbm_compat
    perllibs=-lnsl -ldl -lm -lcrypt -lutil -lpthread -lc
    libc=/lib/libc-2.12.so, so=so, useshrplib=true, libperl=libperl.so
    gnulibc_version='2.12'
  Dynamic Linking:
    dlsrc=dl_dlopen.xs, dlext=so, d_dlsymun=undef, ccdlflags='-Wl,-E -Wl,-rpath,/home/graham/perltest/perl5122/perl/lib/5.12.2/i686-linux-thread-multi/CORE'
    cccdlflags='-fPIC', lddlflags='-shared -O2 -L/usr/local/lib -fstack-protector'


Characteristics of this binary (from libperl): 
  Compile-time options: MULTIPLICITY PERL_DONT_CREATE_GVSV
                        PERL_IMPLICIT_CONTEXT PERL_MALLOC_WRAP USE_ITHREADS
                        USE_LARGE_FILES USE_PERLIO USE_PERL_ATOF
                        USE_REENTRANT_API
  Built under linux
  Compiled at Oct 18 2010 11:28:26
  %ENV:
    PERL5LIB=""
    PERL5OPT=""
    PERL5_CPANPLUS_IS_RUNNING="18861"
    PERL5_CPAN_IS_RUNNING="18861"
    PERL5_CPAN_IS_RUNNING_IN_RECURSION="3680,18861"
    PERL_CR_SMOKER_CURRENT="Date-Holidays-CA_ES-0.01"
    PERL_EXTUTILS_AUTOINSTALL="--defaultdeps"
    PERL_MM_USE_DEFAULT="1"
  @INC:
    /home/graham/perltest/perl5122/perl/lib/site_perl/5.12.2/i686-linux-thread-multi
    /home/graham/perltest/perl5122/perl/lib/site_perl/5.12.2
    /home/graham/perltest/perl5122/perl/lib/5.12.2/i686-linux-thread-multi
    /home/graham/perltest/perl5122/perl/lib/5.12.2
    .