Back
From: metabase:user:320bfe00-2aae-11df-837a-5e0a49663a4f
Subject: FAIL ClearPress-457 v5.18.2 GNU/Linux
Date: 2014-02-04T16:10:29Z
This distribution has been tested as part of the CPAN Testers
project, supporting the Perl programming language. See
http://wiki.cpantesters.org/ for more information or email
questions to cpan-testers-discuss@perl.org
--
Dear Roger Pettett,
This is a computer-generated report for ClearPress-457
on perl 5.18.2, created by CPAN-Reporter-1.2010.
Thank you for uploading your work to CPAN. However, there was a problem
testing your distribution.
If you think this report is invalid, please consult the CPAN Testers Wiki
for suggestions on how to avoid getting FAIL reports for missing library
or binary dependencies, unsupported operating systems, and so on:
http://wiki.cpantesters.org/wiki/CPANAuthorNotes
Sections of this report:
* Tester comments
* Program output
* Prerequisites
* Environment and other context
------------------------------
TESTER COMMENTS
------------------------------
Additional comments from tester:
this report is from an automated smoke testing program
and was not reviewed by a human for accuracy
------------------------------
PROGRAM OUTPUT
------------------------------
Output from './Build test':
t/00-critic.t ................. skipped: Author test. Set $ENV{TEST_AUTHOR} to a true value to run.
t/00-distribution.t ........... skipped: Test::Distribution not installed
t/00-pod.t .................... ok
# Failed test 'Pod coverage on ClearPress::authenticator::ldap'
# at /home/sand/src/perl/repoperls/installed-perls/perl/v5.18.2/a2da/lib/site_perl/5.18.2/Test/Pod/Coverage.pm line 126.
# ClearPress::authenticator::ldap: requiring 'ClearPress::authenticator::ldap' failed
# Looks like you failed 1 test of 17.
t/00-podcoverage.t ............
Dubious, test returned 1 (wstat 256, 0x100)
Failed 1/17 subtests
t/10-model-deprecated.t ....... ok
t/10-model.t .................. ok
t/20-view-error.t ............. ok
t/20-view.t ................... ok
t/30-controller-requests.t .... ok
# No available views at t/30-controller.t line 145.
Use of uninitialized value in concatenation (.) or string at t/30-controller.t line 152.
Use of uninitialized value in concatenation (.) or string at t/30-controller.t line 152.
Use of uninitialized value in concatenation (.) or string at t/30-controller.t line 152.
Use of uninitialized value in concatenation (.) or string at t/30-controller.t line 152.
t/30-controller.t ............. ok
Possible attempt to separate words with commas at t/30-decorator.t line 59.
t/30-decorator.t .............. ok
t/30-util-singleton.t ......... ok
t/30-util.t ................... ok
t/40-driver-mysql-tables.t .... skipped: DBD::mysql not installed and/or mysql test database unavailable
t/40-driver-mysql.t ........... skipped: DBD::mysql not installed
t/40-driver-sqlite.t .......... ok
t/40-driver.t ................. ok
t/50-clearpress.t ............. ok
t/60-authenticator-db-sha1.t .. ok
t/60-authenticator-db.t ....... ok
Name "Net::LDAP::CONSTRUCTOR_FAIL" used only once: possible typo at t/60-authenticator-ldap.t line 63.
bind error number 1 at t/60-authenticator-ldap.t line 97.
t/60-authenticator-ldap.t ..... ok
t/60-authenticator-passwd.t ... ok
t/60-authenticator-session.t .. ok
t/60-authenticator.t .......... ok
Test Summary Report
-------------------
t/00-podcoverage.t (Wstat: 256 Tests: 17 Failed: 1)
Failed test: 13
Non-zero exit status: 1
Files=24, Tests=414, 10 wallclock secs ( 0.11 usr 0.03 sys + 2.99 cusr 0.30 csys = 3.43 CPU)
Result: FAIL
Failed 1/24 test programs. 1/414 subtests failed.
------------------------------
PREREQUISITES
------------------------------
Prerequisite modules loaded:
requires:
Module Need Have
-------------------- ------- --------
base 2.13 2.18
Carp 1.02 1.32
CGI 3.20 3.63
Class::Accessor 0.31 0.34
Class::Singleton 1.4 1.4
Config::IniFiles 2.38 2.83
Crypt::Blowfish 2.10 2.14
Crypt::CBC 2.30 2.33
DBI 1.51 1.631
English 1.01 1.06_01
HTML::Entities 1.35 3.69
HTTP::Server::Simple 0.44 0.44
IO::Scalar 2.110 2.110
Lingua::EN::Inflect 1.89 1.895
MIME::Base64 3.07 3.13
POSIX 1.09 1.32
Readonly 1.03 1.04
strict 1.03 1.07
Template 2.19 2.25
Template::Filters 2.86 2.87
warnings 1.05 1.18
XML::Simple 2.18 2.20
YAML::Tiny 1.36 1.57
build_requires:
Module Need Have
-------------------- ------- --------
CPAN 1.9205 2.00
Cwd 3.2701 3.40
File::Copy 2.09 2.26
File::Path 2.07_02 2.09
File::Spec 3.2701 3.40
File::Temp 0.22 0.2304
JSON 2.12 2.90
Test::More 0.8 1.001002
Test::Trap 0 0.2.3
XML::LibXML 1.66 2.0110
XML::Simple 2.18 2.20
XML::TreeBuilder 3.09 5.2
configure_requires:
Module Need Have
-------------------- ------- --------
Module::Build 0.38 0.4204
------------------------------
ENVIRONMENT AND OTHER CONTEXT
------------------------------
Environment variables:
AUTOMATED_TESTING = 1
LANG = en_US.UTF-8
LANGUAGE = en_US:en
PATH = /usr/lib/ccache:/home/sand/bin:/usr/local/bin:/usr/bin:/bin:/usr/bin/X11:/usr/games:/usr/local/perl/bin:/usr/X11/bin:/sbin:/usr/sbin
PERL5LIB =
PERL5OPT =
PERL5_CPANPLUS_IS_RUNNING = 31744
PERL5_CPAN_IS_RUNNING = 31744
PERL_MM_USE_DEFAULT = 1
SHELL = /usr/bin/zsh
TERM = screen
Perl special variables (and OS-specific diagnostics, for MSWin32):
$^X = /home/sand/src/perl/repoperls/installed-perls/perl/v5.18.2/a2da/bin/perl
$UID/$EUID = 1005 / 1005
$GID = 1005 1005
$EGID = 1005 1005
Perl module toolchain versions installed:
Module Have
------------------- --------
CPAN 2.00
CPAN::Meta 2.133380
Cwd 3.40
ExtUtils::CBuilder 0.280212
ExtUtils::Command 1.17
ExtUtils::Install 1.59
ExtUtils::MakeMaker 6.87_05
ExtUtils::Manifest 1.63
ExtUtils::ParseXS 3.22
File::Spec 3.40
JSON 2.90
JSON::PP 2.27203
Module::Build 0.4204
Module::Signature 0.73
Parse::CPAN::Meta 1.4409
Test::Harness 3.30
Test::More 1.001002
YAML 0.88
YAML::Syck 1.27
version 0.9907
--
Summary of my perl5 (revision 5 version 18 subversion 2) configuration:
Commit id: e2a4306ace4a19cb3a434e4eb9fedad6ff1248b4
Platform:
osname=linux, osvers=3.12-1-amd64, archname=x86_64-linux-thread-multi-ld
uname='linux k83 3.12-1-amd64 #1 smp debian 3.12.6-2 (2013-12-29) x86_64 gnulinux '
config_args='-Dprefix=/home/sand/src/perl/repoperls/installed-perls/perl/v5.18.2/a2da -Dmyhostname=k83 -Dinstallusrbinperl=n -Uversiononly -Dusedevel -des -Ui_db -Duseithreads -Duselongdouble -DDEBUGGING=-g'
hint=recommended, useposix=true, d_sigaction=define
useithreads=define, usemultiplicity=define
useperlio=define, d_sfio=undef, uselargefiles=define, usesocks=undef
use64bitint=define, use64bitall=define, uselongdouble=define
usemymalloc=n, bincompat5005=undef
Compiler:
cc='cc', ccflags ='-D_REENTRANT -D_GNU_SOURCE -fno-strict-aliasing -pipe -fstack-protector -I/usr/local/include -D_LARGEFILE_SOURCE -D_FILE_OFFSET_BITS=64',
optimize='-O2 -g',
cppflags='-D_REENTRANT -D_GNU_SOURCE -fno-strict-aliasing -pipe -fstack-protector -I/usr/local/include'
ccversion='', gccversion='4.8.2', gccosandvers=''
intsize=4, longsize=8, ptrsize=8, doublesize=8, byteorder=12345678
d_longlong=define, longlongsize=8, d_longdbl=define, longdblsize=16
ivtype='long', ivsize=8, nvtype='long double', nvsize=16, Off_t='off_t', lseeksize=8
alignbytes=16, prototype=define
Linker and Libraries:
ld='cc', ldflags =' -fstack-protector -L/usr/local/lib'
libpth=/usr/local/lib /lib/x86_64-linux-gnu /lib/../lib /usr/lib/x86_64-linux-gnu /usr/lib/../lib /lib /usr/lib
libs=-lnsl -lgdbm -ldb -ldl -lm -lcrypt -lutil -lpthread -lc -lgdbm_compat
perllibs=-lnsl -ldl -lm -lcrypt -lutil -lpthread -lc
libc=, so=so, useshrplib=false, libperl=libperl.a
gnulibc_version='2.17'
Dynamic Linking:
dlsrc=dl_dlopen.xs, dlext=so, d_dlsymun=undef, ccdlflags='-Wl,-E'
cccdlflags='-fPIC', lddlflags='-shared -O2 -g -L/usr/local/lib -fstack-protector'
Characteristics of this binary (from libperl):
Compile-time options: HAS_TIMES MULTIPLICITY PERLIO_LAYERS
PERL_DONT_CREATE_GVSV
PERL_HASH_FUNC_ONE_AT_A_TIME_HARD
PERL_IMPLICIT_CONTEXT PERL_MALLOC_WRAP
PERL_PRESERVE_IVUV PERL_SAWAMPERSAND PERL_USE_DEVEL
USE_64_BIT_ALL USE_64_BIT_INT USE_ITHREADS
USE_LARGE_FILES USE_LOCALE USE_LOCALE_COLLATE
USE_LOCALE_CTYPE USE_LOCALE_NUMERIC USE_LONG_DOUBLE
USE_PERLIO USE_PERL_ATOF USE_REENTRANT_API
Built under linux
Compiled at Jan 19 2014 08:15:15
%ENV:
PERL5LIB=""
PERL5OPT=""
PERL5_CPANPLUS_IS_RUNNING="31744"
PERL5_CPAN_IS_RUNNING="31744"
PERL_MM_USE_DEFAULT="1"
@INC:
/home/sand/src/perl/repoperls/installed-perls/perl/v5.18.2/a2da/lib/site_perl/5.18.2/x86_64-linux-thread-multi-ld
/home/sand/src/perl/repoperls/installed-perls/perl/v5.18.2/a2da/lib/site_perl/5.18.2
/home/sand/src/perl/repoperls/installed-perls/perl/v5.18.2/a2da/lib/5.18.2/x86_64-linux-thread-multi-ld
/home/sand/src/perl/repoperls/installed-perls/perl/v5.18.2/a2da/lib/5.18.2
.