Back
From: metabase:user:320bfe00-2aae-11df-837a-5e0a49663a4f
Subject: FAIL Spreadsheet-WriteExcelXML-0.13 v5.17.6 GNU/Linux
Date: 2012-11-21T13:17:56Z
This distribution has been tested as part of the CPAN Testers
project, supporting the Perl programming language. See
http://wiki.cpantesters.org/ for more information or email
questions to cpan-testers-discuss@perl.org
--
Dear John McNamara,
This is a computer-generated report for Spreadsheet-WriteExcelXML-0.13
on perl 5.17.6, created by CPAN-Reporter-1.2006.
Thank you for uploading your work to CPAN. However, there was a problem
testing your distribution.
If you think this report is invalid, please consult the CPAN Testers Wiki
for suggestions on how to avoid getting FAIL reports for missing library
or binary dependencies, unsupported operating systems, and so on:
http://wiki.cpantesters.org/wiki/CPANAuthorNotes
Sections of this report:
* Tester comments
* Program output
* Prerequisites
* Environment and other context
------------------------------
TESTER COMMENTS
------------------------------
Additional comments from tester:
this report is from an automated smoke testing program
and was not reviewed by a human for accuracy
------------------------------
PROGRAM OUTPUT
------------------------------
Output from '/usr/bin/make test':
PERL_DL_NONLAZY=1 /tmp/basesmoker-reloperl-SGHt/bin/perl "-MExtUtils::Command::MM" "-e" "test_harness(0, 'blib/lib', 'blib/arch')" t/*.t
t/00_regression.t ....... ok
t/01_xml_writer.t ....... ok
# Failed test 'Testing alignment: text_vertical 1 rotation 45'
# at t/02_format.t line 768.
# got: '<Alignment ss:Vertical="Bottom" ss:Rotate="45"/>'
# expected: '<Alignment ss:Vertical="Bottom" ss:VerticalText="1"/>'
# Looks like you failed 1 test of 193.
t/02_format.t ...........
Dubious, test returned 1 (wstat 256, 0x100)
Failed 1/193 subtests
t/03_convert_formula.t .. ok
t/11_date_time.t ........ ok
t/12_date_only.t ........ ok
t/13_date_seconds.t ..... ok
t/21_set_column.t ....... ok
t/22_set_row.t .......... ok
t/23_index.t ............ ok
t/24_set_column.t ....... ok
t/25_set_row.t .......... ok
t/26_index.t ............ ok
t/31_hyperlink.t ........ ok
t/32_merge.t ............ ok
t/33_array_formula.t .... ok
t/34_page_setup.t ....... ok
t/35_print_area.t ....... ok
t/36_print_repeat.t ..... ok
t/37_comments.t ......... ok
t/38_html_strings.t ..... ok
t/39_print_area.t ....... ok
t/40_autofilter01.t ..... ok
t/40_autofilter02.t ..... ok
Test Summary Report
-------------------
t/02_format.t (Wstat: 256 Tests: 193 Failed: 1)
Failed test: 27
Non-zero exit status: 1
Files=24, Tests=1152, 2 wallclock secs ( 0.15 usr 0.02 sys + 1.75 cusr 0.15 csys = 2.07 CPU)
Result: FAIL
Failed 1/24 test programs. 1/1152 subtests failed.
make: *** [test_dynamic] Error 255
------------------------------
PREREQUISITES
------------------------------
Prerequisite modules loaded:
build_requires:
Module Need Have
------------------- ---- -------
ExtUtils::MakeMaker 0 6.63_02
configure_requires:
Module Need Have
------------------- ---- -------
ExtUtils::MakeMaker 0 6.63_02
------------------------------
ENVIRONMENT AND OTHER CONTEXT
------------------------------
Environment variables:
AUTOMATED_TESTING = 1
LANG = en_US.UTF-8
LANGUAGE = en_US:en
PATH = /home/sand/bin:/usr/local/bin:/usr/bin:/bin:/usr/bin/X11:/usr/games:/usr/local/perl/bin:/usr/X11/bin:/sbin:/usr/sbin
PERL5LIB = /tmp/loop_over_bdir-RDYErQ/Sepia-0.992-QkcqQ9/blib/arch:/tmp/loop_over_bdir-RDYErQ/Sepia-0.992-QkcqQ9/blib/lib:/tmp/loop_over_bdir-RDYErQ/Encode-IBM-0.11-yfQu8I/blib/arch:/tmp/loop_over_bdir-RDYErQ/Encode-IBM-0.11-yfQu8I/blib/lib
PERL5OPT =
PERL5_CPANPLUS_IS_RUNNING = 7814
PERL5_CPAN_IS_RUNNING = 7814
PERL_MM_USE_DEFAULT = 1
SHELL = /usr/bin/zsh
TERM = screen
Perl special variables (and OS-specific diagnostics, for MSWin32):
$^X = /tmp/basesmoker-reloperl-SGHt/bin/perl
$UID/$EUID = 1005 / 1005
$GID = 1005 1005
$EGID = 1005 1005
Perl module toolchain versions installed:
Module Have
------------------- --------
CPAN 1.9800
CPAN::Meta 2.120921
Cwd 3.39_02
ExtUtils::CBuilder 0.280209
ExtUtils::Command 1.17
ExtUtils::Install 1.58
ExtUtils::MakeMaker 6.63_02
ExtUtils::Manifest 1.62
ExtUtils::ParseXS 3.18
File::Spec 3.39_02
JSON 2.53
JSON::PP 2.27200
Module::Build 0.4003
Module::Signature 0.69
Parse::CPAN::Meta 1.4404
Test::Harness 3.25_01
Test::More 0.98
YAML 0.84
YAML::Syck 1.21
version 0.9901
--
Summary of my perl5 (revision 5 version 17 subversion 6) configuration:
Commit id: 15c17f169ef0db20cf821f6005d06ec88d93d250
Platform:
osname=linux, osvers=3.2.0-4-amd64, archname=x86_64-linux-thread-multi
uname='linux k83 3.2.0-4-amd64 #1 smp debian 3.2.32-1 x86_64 gnulinux '
config_args='-Dprefix=/home/src/perl/repoperls/installed-perls/perl/v5.17.6/9980 -Dmyhostname=k83 -Dinstallusrbinperl=n -Uversiononly -Dusedevel -des -Ui_db -Duseithreads -Uuselongdouble -DDEBUGGING=-g'
hint=recommended, useposix=true, d_sigaction=define
useithreads=define, usemultiplicity=define
useperlio=define, d_sfio=undef, uselargefiles=define, usesocks=undef
use64bitint=define, use64bitall=define, uselongdouble=undef
usemymalloc=n, bincompat5005=undef
Compiler:
cc='cc', ccflags ='-D_REENTRANT -D_GNU_SOURCE -fno-strict-aliasing -pipe -fstack-protector -I/usr/local/include -D_LARGEFILE_SOURCE -D_FILE_OFFSET_BITS=64',
optimize='-O2 -g',
cppflags='-D_REENTRANT -D_GNU_SOURCE -fno-strict-aliasing -pipe -fstack-protector -I/usr/local/include'
ccversion='', gccversion='4.7.2', gccosandvers=''
intsize=4, longsize=8, ptrsize=8, doublesize=8, byteorder=12345678
d_longlong=define, longlongsize=8, d_longdbl=define, longdblsize=16
ivtype='long', ivsize=8, nvtype='double', nvsize=8, Off_t='off_t', lseeksize=8
alignbytes=8, prototype=define
Linker and Libraries:
ld='cc', ldflags =' -fstack-protector -L/usr/local/lib'
libpth=/usr/local/lib /lib/x86_64-linux-gnu /lib/../lib /usr/lib/x86_64-linux-gnu /usr/lib/../lib /lib /usr/lib
libs=-lnsl -ldb -ldl -lm -lcrypt -lutil -lpthread -lc
perllibs=-lnsl -ldl -lm -lcrypt -lutil -lpthread -lc
libc=, so=so, useshrplib=false, libperl=libperl.a
gnulibc_version='2.13'
Dynamic Linking:
dlsrc=dl_dlopen.xs, dlext=so, d_dlsymun=undef, ccdlflags='-Wl,-E'
cccdlflags='-fPIC', lddlflags='-shared -O2 -g -L/usr/local/lib -fstack-protector'
Characteristics of this binary (from libperl):
Compile-time options: HAS_TIMES MULTIPLICITY PERLIO_LAYERS
PERL_DONT_CREATE_GVSV PERL_IMPLICIT_CONTEXT
PERL_MALLOC_WRAP PERL_PRESERVE_IVUV PERL_USE_DEVEL
USE_64_BIT_ALL USE_64_BIT_INT USE_ITHREADS
USE_LARGE_FILES USE_LOCALE USE_LOCALE_COLLATE
USE_LOCALE_CTYPE USE_LOCALE_NUMERIC USE_PERLIO
USE_PERL_ATOF USE_REENTRANT_API
Built under linux
Compiled at Nov 21 2012 01:15:28
%ENV:
PERL5LIB="/tmp/loop_over_bdir-RDYErQ/Sepia-0.992-QkcqQ9/blib/arch:/tmp/loop_over_bdir-RDYErQ/Sepia-0.992-QkcqQ9/blib/lib:/tmp/loop_over_bdir-RDYErQ/Encode-IBM-0.11-yfQu8I/blib/arch:/tmp/loop_over_bdir-RDYErQ/Encode-IBM-0.11-yfQu8I/blib/lib"
PERL5OPT=""
PERL5_CPANPLUS_IS_RUNNING="7814"
PERL5_CPAN_IS_RUNNING="7814"
PERL_MM_USE_DEFAULT="1"
@INC:
/tmp/loop_over_bdir-RDYErQ/Sepia-0.992-QkcqQ9/blib/arch
/tmp/loop_over_bdir-RDYErQ/Sepia-0.992-QkcqQ9/blib/lib
/tmp/loop_over_bdir-RDYErQ/Encode-IBM-0.11-yfQu8I/blib/arch
/tmp/loop_over_bdir-RDYErQ/Encode-IBM-0.11-yfQu8I/blib/lib
/home/src/perl/repoperls/installed-perls/perl/v5.17.6/9980/lib/site_perl/5.17.6/x86_64-linux-thread-multi
/home/src/perl/repoperls/installed-perls/perl/v5.17.6/9980/lib/site_perl/5.17.6
/home/src/perl/repoperls/installed-perls/perl/v5.17.6/9980/lib/5.17.6/x86_64-linux-thread-multi
/home/src/perl/repoperls/installed-perls/perl/v5.17.6/9980/lib/5.17.6
.