Report for Net-Prober-0.14

Back
From: metabase:user:314402c4-2aae-11df-837a-5e0a49663a4f
Subject: FAIL Net-Prober-0.14 v5.14.4 GNU/Linux
Date: 2015-11-17T20:29:12Z

This distribution has been tested as part of the CPAN Testers
project, supporting the Perl programming language.  See
http://wiki.cpantesters.org/ for more information or email
questions to cpan-testers-discuss@perl.org


--
Dear Cosimo Streppone,

This is a computer-generated report for Net-Prober-0.14
on perl 5.14.4, created by CPAN-Reporter-1.2015.

Thank you for uploading your work to CPAN.  However, there was a problem
testing your distribution.

If you think this report is invalid, please consult the CPAN Testers Wiki
for suggestions on how to avoid getting FAIL reports for missing library
or binary dependencies, unsupported operating systems, and so on:

http://wiki.cpantesters.org/wiki/CPANAuthorNotes

Sections of this report:

    * Tester comments
    * Program output
    * Prerequisites
    * Environment and other context

------------------------------
TESTER COMMENTS
------------------------------

Additional comments from tester:

none provided

------------------------------
PROGRAM OUTPUT
------------------------------

Output from '/usr/bin/make test':

PERL_DL_NONLAZY=1 "/bbbike/perl-5.14.4/bin/perl" "-MExtUtils::Command::MM" "-MTest::Harness" "-e" "undef *Test::Harness::Switches; test_harness(0, 'blib/lib', 'blib/arch')" t/*.t
t/00-use.t ...... ok

#   Failed test 'Page downloaded and MD5 verified'
#   at t/http.t line 30.

#   Failed test 'Got the correct 'md5' value'
#   at t/http.t line 36.
# Response HTTP status code didn't match the specified regex ('^[23]\d\d$')

#   Failed test at t/http.t line 49.
# Response HTTP status code didn't match the specified regex ('^[23]\d\d$')
# Looks like you failed 3 tests of 7.
t/http.t ........ 
Dubious, test returned 3 (wstat 768, 0x300)
Failed 3/7 subtests 
t/http_post.t ... ok
t/icmp.t ........ skipped: icmp ping requires superuser privileges
t/imap.t ........ skipped: Need a stable IMAP server to connect to and SSL doesn't work
t/port-names.t .. ok
t/smtp.t ........ ok
t/ssh.t ......... ok
t/tcp.t ......... ok

Test Summary Report
-------------------
t/http.t      (Wstat: 768 Tests: 7 Failed: 3)
  Failed tests:  2, 4-5
  Non-zero exit status: 3
Files=9, Tests=34,  2 wallclock secs ( 0.03 usr  0.03 sys +  0.87 cusr  0.22 csys =  1.15 CPU)
Result: FAIL
Failed 1/9 test programs. 3/34 subtests failed.
make: *** [test_dynamic] Error 255

------------------------------
PREREQUISITES
------------------------------

Prerequisite modules loaded:

requires:

    Module              Need Have    
    ------------------- ---- --------
    Carp                0    1.38    
    Data::Dumper        0    2.151   
    Digest::MD5         0    2.54    
    IO::Socket::INET    0    1.31    
    IO::Socket::SSL     0    2.020   
    IO::Socket::UNIX    0    1.23    
    LWPx::ParanoidAgent 0    1.10    
    Net::Ping           2.34 2.41    
    Sys::Syslog         0    0.33    

build_requires:

    Module              Need Have    
    ------------------- ---- --------
    LWP::Online         0    1.08    
    Test::More          0    1.001014

configure_requires:

    Module              Need Have    
    ------------------- ---- --------
    ExtUtils::MakeMaker 6.30 7.04    


------------------------------
ENVIRONMENT AND OTHER CONTEXT
------------------------------

Environment variables:

    LANG = C
    PATH = /usr/local/bin:/usr/bin:/bin:/usr/local/sbin:/usr/sbin:/sbin:/home/eserte/bin/linux-gnu:/home/eserte/bin/sh:/home/eserte/bin:/usr/games:/home/eserte/devel:/home/eserte/src/srezic-misc/scripts
    PERL5LIB = /home/eserte/.cpan/build/2015111718/Net-DNS-1.03-YSPgvm/blib/arch:/home/eserte/.cpan/build/2015111718/Net-DNS-1.03-YSPgvm/blib/lib
    PERL5OPT = 
    PERL5_CPANPLUS_IS_RUNNING = 6587
    PERL5_CPAN_IS_RUNNING = 6587
    PERL5_CPAN_IS_RUNNING_IN_RECURSION = 23892,6587
    PERLDOC = -MPod::Perldoc::ToTextOverstrike
    PERL_BATCH = yes
    PERL_CANARY_STABILITY_NOPROMPT = 1
    PERL_CPAN_REPORTER_CONFIG = /var/tmp/cpansmoker-1001/2015111718/cpanreporter_009_config.ini
    PERL_EXTUTILS_AUTOINSTALL = --defaultdeps
    SHELL = /bin/zsh
    TERM = screen
    TMPDIR = /var/tmp/cpansmoker-1001/2015111718

Perl special variables (and OS-specific diagnostics, for MSWin32):

    $^X = /bbbike/perl-5.14.4/bin/perl
    $UID/$EUID = 1001 / 1001
    $GID = 1001 109 1001
    $EGID = 1001 109 1001

Perl module toolchain versions installed:

    Module              Have     
    ------------------- ---------
    CPAN                1.9600_01
    CPAN::Meta          2.150005 
    Cwd                 3.47     
    ExtUtils::CBuilder  0.280223 
    ExtUtils::Command   1.17     
    ExtUtils::Install   2.04     
    ExtUtils::MakeMaker 7.04     
    ExtUtils::Manifest  1.68     
    ExtUtils::ParseXS   3.24     
    File::Spec          3.47     
    JSON                2.90     
    JSON::PP            2.27300  
    Module::Build       0.4214   
    Module::Signature   0.78     
    Parse::CPAN::Meta   1.4414   
    Test::Harness       3.35     
    Test::More          1.001014 
    YAML                1.15     
    YAML::Syck          1.29     
    version             0.9912   


--

Summary of my perl5 (revision 5 version 14 subversion 4) configuration:
   
  Platform:
    osname=linux, osvers=3.2.0-4-amd64, archname=x86_64-linux
    uname='linux eserte 3.2.0-4-amd64 #1 smp debian 3.2.57-3 x86_64 gnulinux '
    config_args='-ds -e -Dprefix=/opt/perl-5.14.4'
    hint=recommended, useposix=true, d_sigaction=define
    useithreads=undef, usemultiplicity=undef
    useperlio=define, d_sfio=undef, uselargefiles=define, usesocks=undef
    use64bitint=define, use64bitall=define, uselongdouble=undef
    usemymalloc=n, bincompat5005=undef
  Compiler:
    cc='cc', ccflags ='-fno-strict-aliasing -pipe -fstack-protector -I/usr/local/include -D_LARGEFILE_SOURCE -D_FILE_OFFSET_BITS=64',
    optimize='-O2',
    cppflags='-fno-strict-aliasing -pipe -fstack-protector -I/usr/local/include'
    ccversion='', gccversion='4.7.2', gccosandvers=''
    intsize=4, longsize=8, ptrsize=8, doublesize=8, byteorder=12345678
    d_longlong=define, longlongsize=8, d_longdbl=define, longdblsize=16
    ivtype='long', ivsize=8, nvtype='double', nvsize=8, Off_t='off_t', lseeksize=8
    alignbytes=8, prototype=define
  Linker and Libraries:
    ld='cc', ldflags =' -fstack-protector -L/usr/local/lib'
    libpth=/usr/local/lib /lib/x86_64-linux-gnu /lib/../lib /usr/lib/x86_64-linux-gnu /usr/lib/../lib /lib /usr/lib
    libs=-lnsl -ldb -ldl -lm -lcrypt -lutil -lc
    perllibs=-lnsl -ldl -lm -lcrypt -lutil -lc
    libc=, so=so, useshrplib=false, libperl=libperl.a
    gnulibc_version='2.13'
  Dynamic Linking:
    dlsrc=dl_dlopen.xs, dlext=so, d_dlsymun=undef, ccdlflags='-Wl,-E'
    cccdlflags='-fPIC', lddlflags='-shared -O2 -L/usr/local/lib -fstack-protector'


Characteristics of this binary (from libperl): 
  Compile-time options: PERL_DONT_CREATE_GVSV PERL_MALLOC_WRAP
                        PERL_PRESERVE_IVUV USE_64_BIT_ALL USE_64_BIT_INT
                        USE_LARGE_FILES USE_PERLIO USE_PERL_ATOF
  Built under linux
  Compiled at May 15 2014 16:40:06
  %ENV:
    PERL5LIB="/home/eserte/.cpan/build/2015111718/Net-DNS-1.03-YSPgvm/blib/arch:/home/eserte/.cpan/build/2015111718/Net-DNS-1.03-YSPgvm/blib/lib"
    PERL5OPT=""
    PERL5_CPANPLUS_IS_RUNNING="6587"
    PERL5_CPAN_IS_RUNNING="6587"
    PERL5_CPAN_IS_RUNNING_IN_RECURSION="23892,6587"
    PERLDOC="-MPod::Perldoc::ToTextOverstrike"
    PERL_BATCH="yes"
    PERL_CANARY_STABILITY_NOPROMPT="1"
    PERL_CPAN_REPORTER_CONFIG="/var/tmp/cpansmoker-1001/2015111718/cpanreporter_009_config.ini"
    PERL_EXTUTILS_AUTOINSTALL="--defaultdeps"
  @INC:
    /home/eserte/.cpan/build/2015111718/Net-DNS-1.03-YSPgvm/blib/arch
    /home/eserte/.cpan/build/2015111718/Net-DNS-1.03-YSPgvm/blib/lib
    /opt/perl-5.14.4/lib/site_perl/5.14.4/x86_64-linux
    /opt/perl-5.14.4/lib/site_perl/5.14.4
    /opt/perl-5.14.4/lib/5.14.4/x86_64-linux
    /opt/perl-5.14.4/lib/5.14.4
    .