Report for SDL-2.516

Back
From: metabase:user:322078bc-2aae-11df-837a-5e0a49663a4f
Subject: FAIL SDL-2.516 v5.10.1 NetBSD
Date: 2010-09-22T13:53:58Z

This distribution has been tested as part of the CPAN Testers
project, supporting the Perl programming language.  See
http://wiki.cpantesters.org/ for more information or email
questions to cpan-testers-discuss@perl.org


--

Dear KTHAKORE,
    
This is a computer-generated error report created automatically by
CPANPLUS, version 0.9007. Testers personal comments may appear 
at the end of this report.


Thank you for uploading your work to CPAN.  However, it appears that
there were some problems testing your distribution.

TEST RESULTS:

Below is the error stack from stage 'make test':

[MSG] [Wed Sep 22 14:56:07 2010] Module 'Test::Warn' requires 'Tree::DAG_Node' version '1.02' to be installed 
[MSG] [Wed Sep 22 14:56:44 2010] [Alien::SDL] Build option used:
	Source code build: SDL-1.2.14 & co. (no PANGO, no TTF)
	builds: SDL, SDL_(image|mixer|net|gfx)
Building SDL
cc -Isrc -I/home/cpan/pit/bare/perl-5.10.1/lib/5.10.1/amd64-netbsd/CORE -DPIC -fPIC -c -fno-strict-aliasing -pipe -fstack-protector -I/usr/pkg/include -O -o src/support/win32.o src/support/win32.c
cc -Isrc -I/home/cpan/pit/bare/perl-5.10.1/lib/5.10.1/amd64-netbsd/CORE -DXS_VERSION="2.516" -DVERSION="2.516" -DPIC -fPIC -DNOSIGCATCH -O2 -I/home/cpan/pit/bare/conf/perl-5.10.1/.cpanplus/5.10.1/build/Alien-SDL-1.413/blib/lib/auto/share/dist/Alien-SDL/1.413_20143b06/include/SDL -D_GNU_SOURCE=1 -D_REENTRANT -D_THREAD_SAFE -I/home/cpan/pit/bare/conf/perl-5.10.1/.cpanplus/5.10.1/build/Alien-SDL-1.413/blib/lib/auto/share/dist/Alien-SDL/1.413_20143b06/include -I/home/cpan/pit/bare/conf/perl-5.10.1/.cpanplus/5.10.1/build/Alien-SDL-1.413/blib/lib/auto/share/dist/Alien-SDL/1.413_20143b06/include/smpeg -DHAVE_SDL -DHAVE_SDL_MIXER -fPIC -c -fno-strict-aliasing -pipe -fstack-protector -I/usr/pkg/include -O -o lib/SDL/Mixer/Channels.o lib/SDL/Mixer/Channels.c
ExtUtils::Mkbootstrap::Mkbootstrap('blib/arch/auto/SDL/Mixer/Channels/Channels.bs')
cc --whole-archive -shared -L/usr/pkg/lib -fstack-protector -o blib/arch/auto/SDL/Mixer/Channels/Channels.so lib/SDL/Mixer/Channels.o src/support/win32.o -L/home/cpan/pit/bare/conf/perl-5.10.1/.cpanplus/5.10.1/build/Alien-SDL-1.413/blib/lib/auto/share/dist/Alien-SDL/1.413_20143b06/lib -Wl,-rpath,/home/cpan/pit/bare/conf/perl-5.10.1/.cpanplus/5.10.1/build/Alien-SDL-1.413/blib/lib/auto/share/dist/Alien-SDL/1.413_20143b06/lib -lSDL -lpthread -lSDL -lSDL_mixer
cc -Isrc -I/home/cpan/pit/bare/perl-5.10.1/lib/5.10.1/amd64-netbsd/CORE -DXS_VERSION="2.516" -DVERSION="2.516" -DPIC -fPIC -DNOSIGCATCH -O2 -I/home/cpan/pit/bare/conf/perl-5.10.1/.cpanplus/5.10.1/build/Alien-SDL-1.413/blib/lib/auto/share/dist/Alien-SDL/1.413_20143b06/include/SDL -D_GNU_SOURCE=1 -D_REENTRANT -D_THREAD_SAFE -I/home/cpan/pit/bare/conf/perl-5.10.1/.cpanplus/5.10.1/build/Alien-SDL-1.413/blib/lib/auto/share/dist/Alien-SDL/1.413_20143b06/include -I/home/cpan/pit/bare/conf/perl-5.10.1/.cpanplus/5.10.1/build/Alien-SDL-1.413/blib/lib/auto/share/dist/Alien-SDL/1.413_20143b06/include/smpeg -DHAVE_SDL -fPIC -c -fno-strict-aliasing -pipe -fstack-protector -I/usr/pkg/include -O -o lib/SDL/Rect.o lib/SDL/Rect.c
ExtUtils::Mkbootstrap::Mkbootstrap('blib/arch/auto/SDL/Rect/Rect.bs')
cc --whole-archive -shared -L/usr/pkg/lib -fstack-protector -o blib/arch/auto/SDL/Rect/Rect.so lib/SDL/Rect.o src/support/win32.o -L/home/cpan/pit/bare/conf/perl-5.10.1/.cpanplus/5.10.1/build/Alien-SDL-1.413/blib/lib/auto/share/dist/Alien-SDL/1.413_20143b06/lib -Wl,-rpath,/home/cpan/pit/bare/conf/perl-5.10.1/.cpanplus/5.10.1/build/Alien-SDL-1.413/blib/lib/auto/share/dist/Alien-SDL/1.413_20143b06/lib -lSDL -lpthread -lSDL
cc -Isrc -I/home/cpan/pit/bare/perl-5.10.1/lib/5.10.1/amd64-netbsd/CORE -DXS_VERSION="2.516" -DVERSION="2.516" -DPIC -fPIC -DNOSIGCATCH -O2 -I/home/cpan/pit/bare/conf/perl-5.10.1/.cpanplus/5.10.1/build/Alien-SDL-1.413/blib/lib/auto/share/dist/Alien-SDL/1.413_20143b06/include/SDL -D_GNU_SOURCE=1 -D_REENTRANT -D_THREAD_SAFE -I/home/cpan/pit/bare/conf/perl-5.10.1/.cpanplus/5.10.1/build/Alien-SDL-1.413/blib/lib/auto/share/dist/Alien-SDL/1.413_20143b06/include -I/home/cpan/pit/bare/conf/perl-5.10.1/.cpanplus/5.10.1/build/Alien-SDL-1.413/blib/lib/auto/share/dist/Alien-SDL/1.413_20143b06/include/smpeg -DHAVE_SDL -fPIC -c -fno-strict-aliasing -pipe -fstack-protector -I/usr/pkg/include -O -o lib/SDL/Audio.o lib/SDL/Audio.c
ExtUtils::Mkbootstrap::Mkbootstrap('blib/arch/auto/SDL/Audio/Audio.bs')
cc --whole-archive -shared -L/usr/pkg/lib -fstack-protector -o blib/arch/auto/SDL/Audio/Audio.so lib/SDL/Audio.o src/support/win32.o -L/home/cpan/pit/bare/conf/perl-5.10.1/.cpanplus/5.10.1/build/Alien-SDL-1.413/blib/lib/auto/share/dist/Alien-SDL/1.413_20143b06/lib -Wl,-rpath,/home/cpan/pit/bare/conf/perl-5.10.1/.cpanplus/5.10.1/build/Alien-SDL-1.413/blib/lib/auto/share/dist/Alien-SDL/1.413_20143b06/lib -lSDL -lpthread -lSDL
cc -Isrc -I/home/cpan/pit/bare/perl-5.10.1/lib/5.10.1/amd64-netbsd/CORE -DXS_VERSION="2.516" -DVERSION="2.516" -DPIC -fPIC -DNOSIGCATCH -O2 -I/home/cpan/pit/bare/conf/perl-5.10.1/.cpanplus/5.10.1/build/Alien-SDL-1.413/blib/lib/auto/share/dist/Alien-SDL/1.413_20143b06/include/SDL -D_GNU_SOURCE=1 -D_REENTRANT -D_THREAD_SAFE -I/home/cpan/pit/bare/conf/perl-5.10.1/.cpanplus/5.10.1/build/Alien-SDL-1.413/blib/lib/auto/share/dist/Alien-SDL/1.413_20143b06/include -I/home/cpan/pit/bare/conf/perl-5.10.1/.cpanplus/5.10.1/build/Alien-SDL-1.413/blib/lib/auto/share/dist/Alien-SDL/1.413_20143b06/include/smpeg -DHAVE_SDL -DHAVE_SDL_MIXER -fPIC -c -fno-strict-aliasing -pipe -fstack-protector -I/usr/pkg/include -O -o lib/SDL/Mixer/Groups.o lib/SDL/Mixer/Groups.c
ExtUtils::Mkbootstrap::Mkbootstrap('blib/arch/auto/SDL/Mixer/Groups/Groups.bs')
cc --whole-archive -shared -L/usr/pkg/lib -fstack-protector -o blib/arch/auto/SDL/Mixer/Groups/Groups.so lib/SDL/Mixer/Groups.o src/support/win32.o -L/home/cpan/pit/bare/conf/perl-5.10.1/.cpanplus/5.10.1/build/Alien-SDL-1.413/blib/lib/auto/share/dist/Alien-SDL/1.413_20143b06/lib -Wl,-rpath,/home/cpan/pit/bare/conf/perl-5.10.1/.cpanplus/5.10.1/build/Alien-SDL-1.413/blib/lib/auto/share/dist/Alien-SDL/1.413_20143b06/lib -lSDL -lpthread -lSDL -lSDL_mixer
cc -Isrc -I/home/cpan/pit/bare/perl-5.10.1/lib/5.10.1/amd64-netbsd/CORE -DXS_VERSION="2.516" -DVERSION="2.516" -DPIC -fPIC -DNOSIGCATCH -O2 -I/home/cpan/pit/bare/conf/perl-5.10.1/.cpanplus/5.10.1/build/Alien-SDL-1.413/blib/lib/auto/share/dist/Alien-SDL/1.413_20143b06/include/SDL -D_GNU_SOURCE=1 -D_REENTRANT -D_THREAD_SAFE -I/home/cpan/pit/bare/conf/perl-5.10.1/.cpanplus/5.10.1/build/Alien-SDL-1.413/blib/lib/auto/share/dist/Alien-SDL/1.413_20143b06/include -I/home/cpan/pit/bare/conf/perl-5.10.1/.cpanplus/5.10.1/build/Alien-SDL-1.413/blib/lib/auto/share/dist/Alien-SDL/1.413_20143b06/include/smpeg -DHAVE_SDL -fPIC -c -fno-strict-aliasing -pipe -fstack-protector -I/usr/pkg/include -O -o lib/SDL_perl.o lib/SDL_perl.c
ExtUtils::Mkbootstrap::Mkbootstrap('blib/arch/auto/SDL_perl/SDL_perl.bs')
cc --whole-archive -shared -L/usr/pkg/lib -fstack-protector -o blib/arch/auto/SDL_perl/SDL_perl.so lib/SDL_perl.o src/support/win32.o -L/home/cpan/pit/bare/conf/perl-5.10.1/.cpanplus/5.10.1/build/Alien-SDL-1.413/blib/lib/auto/share/dist/Alien-SDL/1.413_20143b06/lib -Wl,-rpath,/home/cpan/pit/bare/conf/perl-5.10.1/.cpanplus/5.10.1/build/Alien-SDL-1.413/blib/lib/auto/share/dist/Alien-SDL/1.413_20143b06/lib -lSDL -lpthread -lSDL
cc -Isrc -I/home/cpan/pit/bare/perl-5.10.1/lib/5.10.1/amd64-netbsd/CORE -DXS_VERSION="2.516" -DVERSION="2.516" -DPIC -fPIC -DNOSIGCATCH -O2 -I/home/cpan/pit/bare/conf/perl-5.10.1/.cpanplus/5.10.1/build/Alien-SDL-1.413/blib/lib/auto/share/dist/Alien-SDL/1.413_20143b06/include/SDL -D_GNU_SOURCE=1 -D_REENTRANT -D_THREAD_SAFE -I/home/cpan/pit/bare/conf/perl-5.10.1/.cpanplus/5.10.1/build/Alien-SDL-1.413/blib/lib/auto/share/dist/Alien-SDL/1.413_20143b06/include -I/home/cpan/pit/bare/conf/perl-5.10.1/.cpanplus/5.10.1/build/Alien-SDL-1.413/blib/lib/auto/share/dist/Alien-SDL/1.413_20143b06/include/smpeg -DHAVE_SDL -fPIC -c -fno-strict-aliasing -pipe -fstack-protector -I/usr/pkg/include -O -o lib/SDLx/LayerManager.o lib/SDLx/LayerManager.c
ExtUtils::Mkbootstrap::Mkbootstrap('blib/arch/auto/SDLx/LayerManager/LayerManager.bs')
cc --whole-archive -shared -L/usr/pkg/lib -fstack-protector -o blib/arch/auto/SDLx/LayerManager/LayerManager.so lib/SDLx/LayerManager.o src/support/win32.o -L/home/cpan/pit/bare/conf/perl-5.10.1/.cpanplus/5.10.1/build/Alien-SDL-1.413/blib/lib/auto/share/dist/Alien-SDL/1.413_20143b06/lib -Wl,-rpath,/home/cpan/pit/bare/conf/perl-5.10.1/.cpanplus/5.10.1/build/Alien-SDL-1.413/blib/lib/auto/share/dist/Alien-SDL/1.413_20143b06/lib -lSDL -lpthread -lSDL
cc -Isrc -I/home/cpan/pit/bare/perl-5.10.1/lib/5.10.1/amd64-netbsd/CORE -DXS_VERSION="2.516" -DVERSION="2.516" -DPIC -fPIC -DNOSIGCATCH -O2 -I/home/cpan/pit/bare/conf/perl-5.10.1/.cpanplus/5.10.1/build/Alien-SDL-1.413/blib/lib/auto/share/dist/Alien-SDL/1.413_20143b06/include/SDL -D_GNU_SOURCE=1 -D_REENTRANT -D_THREAD_SAFE -I/home/cpan/pit/bare/conf/perl-5.10.1/.cpanplus/5.10.1/build/Alien-SDL-1.413/blib/lib/auto/share/dist/Alien-SDL/1.413_20143b06/include -I/home/cpan/pit/bare/conf/perl-5.10.1/.cpanplus/5.10.1/build/Alien-SDL-1.413/blib/lib/auto/share/dist/Alien-SDL/1.413_20143b06/include/smpeg -DHAVE_SDL -DHAVE_SDL_IMAGE -fPIC -c -fno-strict-aliasing -pipe -fstack-protector -I/usr/pkg/include -O -o lib/SDLx/Layer.o lib/SDLx/Layer.c
ExtUtils::Mkbootstrap::Mkbootstrap('blib/arch/auto/SDLx/Layer/Layer.bs')
cc --whole-archive -shared -L/usr/pkg/lib -fstack-protector -o blib/arch/auto/SDLx/Layer/Layer.so lib/SDLx/Layer.o src/support/win32.o -L/home/cpan/pit/bare/conf/perl-5.10.1/.cpanplus/5.10.1/build/Alien-SDL-1.413/blib/lib/auto/share/dist/Alien-SDL/1.413_20143b06/lib -Wl,-rpath,/home/cpan/pit/bare/conf/perl-5.10.1/.cpanplus/5.10.1/build/Alien-SDL-1.413/blib/lib/auto/share/dist/Alien-SDL/1.413_20143b06/lib -lSDL -lpthread -lSDL -lSDL_image
cc -Isrc -I/home/cpan/pit/bare/perl-5.10.1/lib/5.10.1/amd64-netbsd/CORE -DXS_VERSION="2.516" -DVERSION="2.516" -DPIC -fPIC -DNOSIGCATCH -O2 -I/home/cpan/pit/bare/conf/perl-5.10.1/.cpanplus/5.10.1/build/Alien-SDL-1.413/blib/lib/auto/share/dist/Alien-SDL/1.413_20143b06/include/SDL -D_GNU_SOURCE=1 -D_REENTRANT -D_THREAD_SAFE -I/home/cpan/pit/bare/conf/perl-5.10.1/.cpanplus/5.10.1/build/Alien-SDL-1.413/blib/lib/auto/share/dist/Alien-SDL/1.413_20143b06/include -I/home/cpan/pit/bare/conf/perl-5.10.1/.cpanplus/5.10.1/build/Alien-SDL-1.413/blib/lib/auto/share/dist/Alien-SDL/1.413_20143b06/include/smpeg -DHAVE_SDL -fPIC -c -fno-strict-aliasing -pipe -fstack-protector -I/usr/pkg/include -O -o lib/SDL/CDTrack.o lib/SDL/CDTrack.c
ExtUtils::Mkbootstrap::Mkbootstrap('blib/arch/auto/SDL/CDTrack/CDTrack.bs')
cc --whole-archive -shared -L/usr/pkg/lib -fstack-protector -o blib/arch/auto/SDL/CDTrack/CDTrack.so lib/SDL/CDTrack.o src/support/win32.o -L/home/cpan/pit/bare/conf/perl-5.10.1/.cpanplus/5.10.1/build/Alien-SDL-1.413/blib/lib/auto/share/dist/Alien-SDL/1.413_20143b06/lib -Wl,-rpath,/home/cpan/pit/bare/conf/perl-5.10.1/.cpanplus/5.10.1/build/Alien-SDL-1.413/blib/lib/auto/share/dist/Alien-SDL/1.413_20143b06/lib -lSDL -lpthread -lSDL
cc -Isrc -I/home/cpan/pit/bare/perl-5.10.1/lib/5.10.1/amd64-netbsd/CORE -DXS_VERSION="2.516" -DVERSION="2.516" -DPIC -fPIC -DNOSIGCATCH -O2 -I/home/cpan/pit/bare/conf/perl-5.10.1/.cpanplus/5.10.1/build/Alien-SDL-1.413/blib/lib/auto/share/dist/Alien-SDL/1.413_20143b06/include/SDL -D_GNU_SOURCE=1 -D_REENTRANT -D_THREAD_SAFE -I/home/cpan/pit/bare/conf/perl-5.10.1/.cpanplus/5.10.1/build/Alien-SDL-1.413/blib/lib/auto/share/dist/Alien-SDL/1.413_20143b06/include -I/home/cpan/pit/bare/conf/perl-5.10.1/.cpanplus/5.10.1/build/Alien-SDL-1.413/blib/lib/auto/share/dist/Alien-SDL/1.413_20143b06/include/smpeg -DHAVE_SDL -fPIC -c -fno-strict-aliasing -pipe -fstack-protector -I/usr/pkg/include -O -o lib/SDLx/Controller/Interface.o lib/SDLx/Controller/Interface.c
ExtUtils::Mkbootstrap::Mkbootstrap('blib/arch/auto/SDLx/Controller/Interface/Interface.bs')
cc --whole-archive -shared -L/usr/pkg/lib -fstack-protector -o blib/arch/auto/SDLx/Controller/Interface/Interface.so lib/SDLx/Controller/Interface.o src/support/win32.o -L/home/cpan/pit/bare/conf/perl-5.10.1/.cpanplus/5.10.1/build/Alien-SDL-1.413/blib/lib/auto/share/dist/Alien-SDL/1.413_20143b06/lib -Wl,-rpath,/home/cpan/pit/bare/conf/perl-5.10.1/.cpanplus/5.10.1/build/Alien-SDL-1.413/blib/lib/auto/share/dist/Alien-SDL/1.413_20143b06/lib -lSDL -lpthread -lSDL
cc -Isrc -I/home/cpan/pit/bare/perl-5.10.1/lib/5.10.1/amd64-netbsd/CORE -DXS_VERSION="2.516" -DVERSION="2.516" -DPIC -fPIC -DNOSIGCATCH -O2 -I/home/cpan/pit/bare/conf/perl-5.10.1/.cpanplus/5.10.1/build/Alien-SDL-1.413/blib/lib/auto/share/dist/Alien-SDL/1.413_20143b06/include/SDL -D_GNU_SOURCE=1 -D_REENTRANT -D_THREAD_SAFE -I/home/cpan/pit/bare/conf/perl-5.10.1/.cpanplus/5.10.1/build/Alien-SDL-1.413/blib/lib/auto/share/dist/Alien-SDL/1.413_20143b06/include -I/home/cpan/pit/bare/conf/perl-5.10.1/.cpanplus/5.10.1/build/Alien-SDL-1.413/blib/lib/auto/share/dist/Alien-SDL/1.413_20143b06/include/smpeg -DHAVE_SDL -fPIC -c -fno-strict-aliasing -pipe -fstack-protector -I/usr/pkg/include -O -o lib/SDL/Overlay.o lib/SDL/Overlay.c
ExtUtils::Mkbootstrap::Mkbootstrap('blib/arch/auto/SDL/Overlay/Overlay.bs')
cc --whole-archive -shared -L/usr/pkg/lib -fstack-protector -o blib/arch/auto/SDL/Overlay/Overlay.so lib/SDL/Overlay.o src/support/win32.o -L/home/cpan/pit/bare/conf/perl-5.10.1/.cpanplus/5.10.1/build/Alien-SDL-1.413/blib/lib/auto/share/dist/Alien-SDL/1.413_20143b06/lib -Wl,-rpath,/home/cpan/pit/bare/conf/perl-5.10.1/.cpanplus/5.10.1/build/Alien-SDL-1.413/blib/lib/auto/share/dist/Alien-SDL/1.413_20143b06/lib -lSDL -lpthread -lSDL
cc -Isrc -I/home/cpan/pit/bare/perl-5.10.1/lib/5.10.1/amd64-netbsd/CORE -DXS_VERSION="2.516" -DVERSION="2.516" -DPIC -fPIC -DNOSIGCATCH -O2 -I/home/cpan/pit/bare/conf/perl-5.10.1/.cpanplus/5.10.1/build/Alien-SDL-1.413/blib/lib/auto/share/dist/Alien-SDL/1.413_20143b06/include/SDL -D_GNU_SOURCE=1 -D_REENTRANT -D_THREAD_SAFE -I/home/cpan/pit/bare/conf/perl-5.10.1/.cpanplus/5.10.1/build/Alien-SDL-1.413/blib/lib/auto/share/dist/Alien-SDL/1.413_20143b06/include -I/home/cpan/pit/bare/conf/perl-5.10.1/.cpanplus/5.10.1/build/Alien-SDL-1.413/blib/lib/auto/share/dist/Alien-SDL/1.413_20143b06/include/smpeg -DHAVE_SDL -DHAVE_SDL_IMAGE -fPIC -c -fno-strict-aliasing -pipe -fstack-protector -I/usr/pkg/include -O -o lib/SDL/Image.o lib/SDL/Image.c
ExtUtils::Mkbootstrap::Mkbootstrap('blib/arch/auto/SDL/Image/Image.bs')
cc --whole-archive -shared -L/usr/pkg/lib -fstack-protector -o blib/arch/auto/SDL/Image/Image.so lib/SDL/Image.o src/support/win32.o -L/home/cpan/pit/bare/conf/perl-5.10.1/.cpanplus/5.10.1/build/Alien-SDL-1.413/blib/lib/auto/share/dist/Alien-SDL/1.413_20143b06/lib -Wl,-rpath,/home/cpan/pit/bare/conf/perl-5.10.1/.cpanplus/5.10.1/build/Alien-SDL-1.413/blib/lib/auto/share/dist/Alien-SDL/1.413_20143b06/lib -lSDL -lpthread -lSDL -lSDL_image
cc -Isrc -I/home/cpan/pit/bare/perl-5.10.1/lib/5.10.1/amd64-netbsd/CORE -DXS_VERSION="2.516" -DVERSION="2.516" -DPIC -fPIC -DNOSIGCATCH -O2 -I/home/cpan/pit/bare/conf/perl-5.10.1/.cpanplus/5.10.1/build/Alien-SDL-1.413/blib/lib/auto/share/dist/Alien-SDL/1.413_20143b06/include/SDL -D_GNU_SOURCE=1 -D_REENTRANT -D_THREAD_SAFE -I/home/cpan/pit/bare/conf/perl-5.10.1/.cpanplus/5.10.1/build/Alien-SDL-1.413/blib/lib/auto/share/dist/Alien-SDL/1.413_20143b06/include -I/home/cpan/pit/bare/conf/perl-5.10.1/.cpanplus/5.10.1/build/Alien-SDL-1.413/blib/lib/auto/share/dist/Alien-SDL/1.413_20143b06/include/smpeg -DHAVE_SDL -DHAVE_SDL_MIXER -fPIC -c -fno-strict-aliasing -pipe -fstack-protector -I/usr/pkg/include -O -o lib/SDL/Mixer/Effects.o lib/SDL/Mixer/Effects.c
lib/SDL/Mixer/Effects.xs: In function 'XS_SDL__Mixer__Effects_register':
lib/SDL/Mixer/Effects.xs:114: warning: assignment makes pointer from integer without a cast
lib/SDL/Mixer/Effects.xs: In function 'XS_SDL__Mixer__Effects_set_post_mix':
lib/SDL/Mixer/Effects.xs:229: warning: assignment makes pointer from integer without a cast
ExtUtils::Mkbootstrap::Mkbootstrap('blib/arch/auto/SDL/Mixer/Effects/Effects.bs')
cc --whole-archive -shared -L/usr/pkg/lib -fstack-protector -o blib/arch/auto/SDL/Mixer/Effects/Effects.so lib/SDL/Mixer/Effects.o src/support/win32.o -L/home/cpan/pit/bare/conf/perl-5.10.1/.cpanplus/5.10.1/build/Alien-SDL-1.413/blib/lib/auto/share/dist/Alien-SDL/1.413_20143b06/lib -Wl,-rpath,/home/cpan/pit/bare/conf/perl-5.10.1/.cpanplus/5.10.1/build/Alien-SDL-1.413/blib/lib/auto/share/dist/Alien-SDL/1.413_20143b06/lib -lSDL -lpthread -lSDL -lSDL_mixer
cc -Isrc -I/home/cpan/pit/bare/perl-5.10.1/lib/5.10.1/amd64-netbsd/CORE -DXS_VERSION="2.516" -DVERSION="2.516" -DPIC -fPIC -DNOSIGCATCH -O2 -I/home/cpan/pit/bare/conf/perl-5.10.1/.cpanplus/5.10.1/build/Alien-SDL-1.413/blib/lib/auto/share/dist/Alien-SDL/1.413_20143b06/include/SDL -D_GNU_SOURCE=1 -D_REENTRANT -D_THREAD_SAFE -I/home/cpan/pit/bare/conf/perl-5.10.1/.cpanplus/5.10.1/build/Alien-SDL-1.413/blib/lib/auto/share/dist/Alien-SDL/1.413_20143b06/include -I/home/cpan/pit/bare/conf/perl-5.10.1/.cpanplus/5.10.1/build/Alien-SDL-1.413/blib/lib/auto/share/dist/Alien-SDL/1.413_20143b06/include/smpeg -DHAVE_SDL -fPIC -c -fno-strict-aliasing -pipe -fstack-protector -I/usr/pkg/include -O -o lib/SDL/CD.o lib/SDL/CD.c
ExtUtils::Mkbootstrap::Mkbootstrap('blib/arch/auto/SDL/CD/CD.bs')
cc --whole-archive -shared -L/usr/pkg/lib -fstack-protector -o blib/arch/auto/SDL/CD/CD.so lib/SDL/CD.o src/support/win32.o -L/home/cpan/pit/bare/conf/perl-5.10.1/.cpanplus/5.10.1/build/Alien-SDL-1.413/blib/lib/auto/share/dist/Alien-SDL/1.413_20143b06/lib -Wl,-rpath,/home/cpan/pit/bare/conf/perl-5.10.1/.cpanplus/5.10.1/build/Alien-SDL-1.413/blib/lib/auto/share/dist/Alien-SDL/1.413_20143b06/lib -lSDL -lpthread -lSDL
cc -Isrc -I/home/cpan/pit/bare/perl-5.10.1/lib/5.10.1/amd64-netbsd/CORE -DXS_VERSION="2.516" -DVERSION="2.516" -DPIC -fPIC -DNOSIGCATCH -O2 -I/home/cpan/pit/bare/conf/perl-5.10.1/.cpanplus/5.10.1/build/Alien-SDL-1.413/blib/lib/auto/share/dist/Alien-SDL/1.413_20143b06/include/SDL -D_GNU_SOURCE=1 -D_REENTRANT -D_THREAD_SAFE -I/home/cpan/pit/bare/conf/perl-5.10.1/.cpanplus/5.10.1/build/Alien-SDL-1.413/blib/lib/auto/share/dist/Alien-SDL/1.413_20143b06/include -I/home/cpan/pit/bare/conf/perl-5.10.1/.cpanplus/5.10.1/build/Alien-SDL-1.413/blib/lib/auto/share/dist/Alien-SDL/1.413_20143b06/include/smpeg -DHAVE_SDL -fPIC -c -fno-strict-aliasing -pipe -fstack-protector -I/usr/pkg/include -O -o lib/SDL/Cursor.o lib/SDL/Cursor.c
ExtUtils::Mkbootstrap::Mkbootstrap('blib/arch/auto/SDL/Cursor/Cursor.bs')
cc --whole-archive -shared -L/usr/pkg/lib -fstack-protector -o blib/arch/auto/SDL/Cursor/Cursor.so lib/SDL/Cursor.o src/support/win32.o -L/home/cpan/pit/bare/conf/perl-5.10.1/.cpanplus/5.10.1/build/Alien-SDL-1.413/blib/lib/auto/share/dist/Alien-SDL/1.413_20143b06/lib -Wl,-rpath,/home/cpan/pit/bare/conf/perl-5.10.1/.cpanplus/5.10.1/build/Alien-SDL-1.413/blib/lib/auto/share/dist/Alien-SDL/1.413_20143b06/lib -lSDL -lpthread -lSDL
cc -Isrc -I/home/cpan/pit/bare/perl-5.10.1/lib/5.10.1/amd64-netbsd/CORE -DXS_VERSION="2.516" -DVERSION="2.516" -DPIC -fPIC -DNOSIGCATCH -O2 -I/home/cpan/pit/bare/conf/perl-5.10.1/.cpanplus/5.10.1/build/Alien-SDL-1.413/blib/lib/auto/share/dist/Alien-SDL/1.413_20143b06/include/SDL -D_GNU_SOURCE=1 -D_REENTRANT -D_THREAD_SAFE -I/home/cpan/pit/bare/conf/perl-5.10.1/.cpanplus/5.10.1/build/Alien-SDL-1.413/blib/lib/auto/share/dist/Alien-SDL/1.413_20143b06/include -I/home/cpan/pit/bare/conf/perl-5.10.1/.cpanplus/5.10.1/build/Alien-SDL-1.413/blib/lib/auto/share/dist/Alien-SDL/1.413_20143b06/include/smpeg -DHAVE_SDL -DHAVE_SDL_GFX_BLITFUNC -fPIC -c -fno-strict-aliasing -pipe -fstack-protector -I/usr/pkg/include -O -o lib/SDL/GFX/BlitFunc.o lib/SDL/GFX/BlitFunc.c
ExtUtils::Mkbootstrap::Mkbootstrap('blib/arch/auto/SDL/GFX/BlitFunc/BlitFunc.bs')
cc --whole-archive -shared -L/usr/pkg/lib -fstack-protector -o blib/arch/auto/SDL/GFX/BlitFunc/BlitFunc.so lib/SDL/GFX/BlitFunc.o src/support/win32.o -L/home/cpan/pit/bare/conf/perl-5.10.1/.cpanplus/5.10.1/build/Alien-SDL-1.413/blib/lib/auto/share/dist/Alien-SDL/1.413_20143b06/lib -Wl,-rpath,/home/cpan/pit/bare/conf/perl-5.10.1/.cpanplus/5.10.1/build/Alien-SDL-1.413/blib/lib/auto/share/dist/Alien-SDL/1.413_20143b06/lib -lSDL -lpthread -lSDL -lSDL_gfx
cc -Isrc -I/home/cpan/pit/bare/perl-5.10.1/lib/5.10.1/amd64-netbsd/CORE -DXS_VERSION="2.516" -DVERSION="2.516" -DPIC -fPIC -DNOSIGCATCH -O2 -I/home/cpan/pit/bare/conf/perl-5.10.1/.cpanplus/5.10.1/build/Alien-SDL-1.413/blib/lib/auto/share/dist/Alien-SDL/1.413_20143b06/include/SDL -D_GNU_SOURCE=1 -D_REENTRANT -D_THREAD_SAFE -I/home/cpan/pit/bare/conf/perl-5.10.1/.cpanplus/5.10.1/build/Alien-SDL-1.413/blib/lib/auto/share/dist/Alien-SDL/1.413_20143b06/include -I/home/cpan/pit/bare/conf/perl-5.10.1/.cpanplus/5.10.1/build/Alien-SDL-1.413/blib/lib/auto/share/dist/Alien-SDL/1.413_20143b06/include/smpeg -DHAVE_SDL -fPIC -c -fno-strict-aliasing -pipe -fstack-protector -I/usr/pkg/include -O -o lib/SDL/Color.o lib/SDL/Color.c
ExtUtils::Mkbootstrap::Mkbootstrap('blib/arch/auto/SDL/Color/Color.bs')
cc --whole-archive -shared -L/usr/pkg/lib -fstack-protector -o blib/arch/auto/SDL/Color/Color.so lib/SDL/Color.o src/support/win32.o -L/home/cpan/pit/bare/conf/perl-5.10.1/.cpanplus/5.10.1/build/Alien-SDL-1.413/blib/lib/auto/share/dist/Alien-SDL/1.413_20143b06/lib -Wl,-rpath,/home/cpan/pit/bare/conf/perl-5.10.1/.cpanplus/5.10.1/build/Alien-SDL-1.413/blib/lib/auto/share/dist/Alien-SDL/1.413_20143b06/lib -lSDL -lpthread -lSDL
cc -Isrc -I/home/cpan/pit/bare/perl-5.10.1/lib/5.10.1/amd64-netbsd/CORE -DXS_VERSION="2.516" -DVERSION="2.516" -DPIC -fPIC -DNOSIGCATCH -O2 -I/home/cpan/pit/bare/conf/perl-5.10.1/.cpanplus/5.10.1/build/Alien-SDL-1.413/blib/lib/auto/share/dist/Alien-SDL/1.413_20143b06/include/SDL -D_GNU_SOURCE=1 -D_REENTRANT -D_THREAD_SAFE -I/home/cpan/pit/bare/conf/perl-5.10.1/.cpanplus/5.10.1/build/Alien-SDL-1.413/blib/lib/auto/share/dist/Alien-SDL/1.413_20143b06/include -I/home/cpan/pit/bare/conf/perl-5.10.1/.cpanplus/5.10.1/build/Alien-SDL-1.413/blib/lib/auto/share/dist/Alien-SDL/1.413_20143b06/include/smpeg -DHAVE_SDL -fPIC -c -fno-strict-aliasing -pipe -fstack-protector -I/usr/pkg/include -O -o lib/SDL/VideoInfo.o lib/SDL/VideoInfo.c
ExtUtils::Mkbootstrap::Mkbootstrap('blib/arch/auto/SDL/VideoInfo/VideoInfo.bs')
cc --whole-archive -shared -L/usr/pkg/lib -fstack-protector -o blib/arch/auto/SDL/VideoInfo/VideoInfo.so lib/SDL/VideoInfo.o src/support/win32.o -L/home/cpan/pit/bare/conf/perl-5.10.1/.cpanplus/5.10.1/build/Alien-SDL-1.413/blib/lib/auto/share/dist/Alien-SDL/1.413_20143b06/lib -Wl,-rpath,/home/cpan/pit/bare/conf/perl-5.10.1/.cpanplus/5.10.1/build/Alien-SDL-1.413/blib/lib/auto/share/dist/Alien-SDL/1.413_20143b06/lib -lSDL -lpthread -lSDL
cc -Isrc -I/home/cpan/pit/bare/perl-5.10.1/lib/5.10.1/amd64-netbsd/CORE -DXS_VERSION="2.516" -DVERSION="2.516" -DPIC -fPIC -DNOSIGCATCH -O2 -I/home/cpan/pit/bare/conf/perl-5.10.1/.cpanplus/5.10.1/build/Alien-SDL-1.413/blib/lib/auto/share/dist/Alien-SDL/1.413_20143b06/include/SDL -D_GNU_SOURCE=1 -D_REENTRANT -D_THREAD_SAFE -I/home/cpan/pit/bare/conf/perl-5.10.1/.cpanplus/5.10.1/build/Alien-SDL-1.413/blib/lib/auto/share/dist/Alien-SDL/1.413_20143b06/include -I/home/cpan/pit/bare/conf/perl-5.10.1/.cpanplus/5.10.1/build/Alien-SDL-1.413/blib/lib/auto/share/dist/Alien-SDL/1.413_20143b06/include/smpeg -DHAVE_SDL -fPIC -c -fno-strict-aliasing -pipe -fstack-protector -I/usr/pkg/include -O -o lib/SDL/Pango/Context.o lib/SDL/Pango/Context.c
ExtUtils::Mkbootstrap::Mkbootstrap('blib/arch/auto/SDL/Pango/Context/Context.bs')
cc --whole-archive -shared -L/usr/pkg/lib -fstack-protector -o blib/arch/auto/SDL/Pango/Context/Context.so lib/SDL/Pango/Context.o src/support/win32.o -L/home/cpan/pit/bare/conf/perl-5.10.1/.cpanplus/5.10.1/build/Alien-SDL-1.413/blib/lib/auto/share/dist/Alien-SDL/1.413_20143b06/lib -Wl,-rpath,/home/cpan/pit/bare/conf/perl-5.10.1/.cpanplus/5.10.1/build/Alien-SDL-1.413/blib/lib/auto/share/dist/Alien-SDL/1.413_20143b06/lib -lSDL -lpthread -lSDL
cc -Isrc -I/home/cpan/pit/bare/perl-5.10.1/lib/5.10.1/amd64-netbsd/CORE -DXS_VERSION="2.516" -DVERSION="2.516" -DPIC -fPIC -DNOSIGCATCH -O2 -I/home/cpan/pit/bare/conf/perl-5.10.1/.cpanplus/5.10.1/build/Alien-SDL-1.413/blib/lib/auto/share/dist/Alien-SDL/1.413_20143b06/include/SDL -D_GNU_SOURCE=1 -D_REENTRANT -D_THREAD_SAFE -I/home/cpan/pit/bare/conf/perl-5.10.1/.cpanplus/5.10.1/build/Alien-SDL-1.413/blib/lib/auto/share/dist/Alien-SDL/1.413_20143b06/include -I/home/cpan/pit/bare/conf/perl-5.10.1/.cpanplus/5.10.1/build/Alien-SDL-1.413/blib/lib/auto/share/dist/Alien-SDL/1.413_20143b06/include/smpeg -DHAVE_SDL -DHAVE_SDL_GFX_ROTOZOOM -fPIC -c -fno-strict-aliasing -pipe -fstack-protector -I/usr/pkg/include -O -o lib/SDL/GFX/Rotozoom.o lib/SDL/GFX/Rotozoom.c
ExtUtils::Mkbootstrap::Mkbootstrap('blib/arch/auto/SDL/GFX/Rotozoom/Rotozoom.bs')
cc --whole-archive -shared -L/usr/pkg/lib -fstack-protector -o blib/arch/auto/SDL/GFX/Rotozoom/Rotozoom.so lib/SDL/GFX/Rotozoom.o src/support/win32.o -L/home/cpan/pit/bare/conf/perl-5.10.1/.cpanplus/5.10.1/build/Alien-SDL-1.413/blib/lib/auto/share/dist/Alien-SDL/1.413_20143b06/lib -Wl,-rpath,/home/cpan/pit/bare/conf/perl-5.10.1/.cpanplus/5.10.1/build/Alien-SDL-1.413/blib/lib/auto/share/dist/Alien-SDL/1.413_20143b06/lib -lSDL -lpthread -lSDL -lSDL_gfx
cc -Isrc -I/home/cpan/pit/bare/perl-5.10.1/lib/5.10.1/amd64-netbsd/CORE -DXS_VERSION="2.516" -DVERSION="2.516" -DPIC -fPIC -DNOSIGCATCH -O2 -I/home/cpan/pit/bare/conf/perl-5.10.1/.cpanplus/5.10.1/build/Alien-SDL-1.413/blib/lib/auto/share/dist/Alien-SDL/1.413_20143b06/include/SDL -D_GNU_SOURCE=1 -D_REENTRANT -D_THREAD_SAFE -I/home/cpan/pit/bare/conf/perl-5.10.1/.cpanplus/5.10.1/build/Alien-SDL-1.413/blib/lib/auto/share/dist/Alien-SDL/1.413_20143b06/include -I/home/cpan/pit/bare/conf/perl-5.10.1/.cpanplus/5.10.1/build/Alien-SDL-1.413/blib/lib/auto/share/dist/Alien-SDL/1.413_20143b06/include/smpeg -DHAVE_SDL -fPIC -c -fno-strict-aliasing -pipe -fstack-protector -I/usr/pkg/include -O -o lib/SDL/CDROM.o lib/SDL/CDROM.c
ExtUtils::Mkbootstrap::Mkbootstrap('blib/arch/auto/SDL/CDROM/CDROM.bs')
cc --whole-archive -shared -L/usr/pkg/lib -fstack-protector -o blib/arch/auto/SDL/CDROM/CDROM.so lib/SDL/CDROM.o src/support/win32.o -L/home/cpan/pit/bare/conf/perl-5.10.1/.cpanplus/5.10.1/build/Alien-SDL-1.413/blib/lib/auto/share/dist/Alien-SDL/1.413_20143b06/lib -Wl,-rpath,/home/cpan/pit/bare/conf/perl-5.10.1/.cpanplus/5.10.1/build/Alien-SDL-1.413/blib/lib/auto/share/dist/Alien-SDL/1.413_20143b06/lib -lSDL -lpthread -lSDL
cc -Isrc -I/home/cpan/pit/bare/perl-5.10.1/lib/5.10.1/amd64-netbsd/CORE -DXS_VERSION="2.516" -DVERSION="2.516" -DPIC -fPIC -DNOSIGCATCH -O2 -I/home/cpan/pit/bare/conf/perl-5.10.1/.cpanplus/5.10.1/build/Alien-SDL-1.413/blib/lib/auto/share/dist/Alien-SDL/1.413_20143b06/include/SDL -D_GNU_SOURCE=1 -D_REENTRANT -D_THREAD_SAFE -I/home/cpan/pit/bare/conf/perl-5.10.1/.cpanplus/5.10.1/build/Alien-SDL-1.413/blib/lib/auto/share/dist/Alien-SDL/1.413_20143b06/include -I/home/cpan/pit/bare/conf/perl-5.10.1/.cpanplus/5.10.1/build/Alien-SDL-1.413/blib/lib/auto/share/dist/Alien-SDL/1.413_20143b06/include/smpeg -DHAVE_SDL -fPIC -c -fno-strict-aliasing -pipe -fstack-protector -I/usr/pkg/include -O -o lib/SDL/Event.o lib/SDL/Event.c
ExtUtils::Mkbootstrap::Mkbootstrap('blib/arch/auto/SDL/Event/Event.bs')
cc --whole-archive -shared -L/usr/pkg/lib -fstack-protector -o blib/arch/auto/SDL/Event/Event.so lib/SDL/Event.o src/support/win32.o -L/home/cpan/pit/bare/conf/perl-5.10.1/.cpanplus/5.10.1/build/Alien-SDL-1.413/blib/lib/auto/share/dist/Alien-SDL/1.413_20143b06/lib -Wl,-rpath,/home/cpan/pit/bare/conf/perl-5.10.1/.cpanplus/5.10.1/build/Alien-SDL-1.413/blib/lib/auto/share/dist/Alien-SDL/1.413_20143b06/lib -lSDL -lpthread -lSDL
cc -Isrc -I/home/cpan/pit/bare/perl-5.10.1/lib/5.10.1/amd64-netbsd/CORE -DXS_VERSION="2.516" -DVERSION="2.516" -DPIC -fPIC -DNOSIGCATCH -O2 -I/home/cpan/pit/bare/conf/perl-5.10.1/.cpanplus/5.10.1/build/Alien-SDL-1.413/blib/lib/auto/share/dist/Alien-SDL/1.413_20143b06/include/SDL -D_GNU_SOURCE=1 -D_REENTRANT -D_THREAD_SAFE -I/home/cpan/pit/bare/conf/perl-5.10.1/.cpanplus/5.10.1/build/Alien-SDL-1.413/blib/lib/auto/share/dist/Alien-SDL/1.413_20143b06/include -I/home/cpan/pit/bare/conf/perl-5.10.1/.cpanplus/5.10.1/build/Alien-SDL-1.413/blib/lib/auto/share/dist/Alien-SDL/1.413_20143b06/include/smpeg -DHAVE_SDL -fPIC -c -fno-strict-aliasing -pipe -fstack-protector -I/usr/pkg/include -O -o lib/SDL/MultiThread.o lib/SDL/MultiThread.c
ExtUtils::Mkbootstrap::Mkbootstrap('blib/arch/auto/SDL/MultiThread/MultiThread.bs')
cc --whole-archive -shared -L/usr/pkg/lib -fstack-protector -o blib/arch/auto/SDL/MultiThread/MultiThread.so lib/SDL/MultiThread.o src/support/win32.o -L/home/cpan/pit/bare/conf/perl-5.10.1/.cpanplus/5.10.1/build/Alien-SDL-1.413/blib/lib/auto/share/dist/Alien-SDL/1.413_20143b06/lib -Wl,-rpath,/home/cpan/pit/bare/conf/perl-5.10.1/.cpanplus/5.10.1/build/Alien-SDL-1.413/blib/lib/auto/share/dist/Alien-SDL/1.413_20143b06/lib -lSDL -lpthread -lSDL
cc -Isrc -I/home/cpan/pit/bare/perl-5.10.1/lib/5.10.1/amd64-netbsd/CORE -DXS_VERSION="2.516" -DVERSION="2.516" -DPIC -fPIC -DNOSIGCATCH -O2 -I/home/cpan/pit/bare/conf/perl-5.10.1/.cpanplus/5.10.1/build/Alien-SDL-1.413/blib/lib/auto/share/dist/Alien-SDL/1.413_20143b06/include/SDL -D_GNU_SOURCE=1 -D_REENTRANT -D_THREAD_SAFE -I/home/cpan/pit/bare/conf/perl-5.10.1/.cpanplus/5.10.1/build/Alien-SDL-1.413/blib/lib/auto/share/dist/Alien-SDL/1.413_20143b06/include -I/home/cpan/pit/bare/conf/perl-5.10.1/.cpanplus/5.10.1/build/Alien-SDL-1.413/blib/lib/auto/share/dist/Alien-SDL/1.413_20143b06/include/smpeg -DHAVE_SDL -fPIC -c -fno-strict-aliasing -pipe -fstack-protector -I/usr/pkg/include -O -o lib/SDL/TTF/Font.o lib/SDL/TTF/Font.c
ExtUtils::Mkbootstrap::Mkbootstrap('blib/arch/auto/SDL/TTF/Font/Font.bs')
cc --whole-archive -shared -L/usr/pkg/lib -fstack-protector -o blib/arch/auto/SDL/TTF/Font/Font.so lib/SDL/TTF/Font.o src/support/win32.o -L/home/cpan/pit/bare/conf/perl-5.10.1/.cpanplus/5.10.1/build/Alien-SDL-1.413/blib/lib/auto/share/dist/Alien-SDL/1.413_20143b06/lib -Wl,-rpath,/home/cpan/pit/bare/conf/perl-5.10.1/.cpanplus/5.10.1/build/Alien-SDL-1.413/blib/lib/auto/share/dist/Alien-SDL/1.413_20143b06/lib -lSDL -lpthread -lSDL
Error: invalid argument declaration '/*const SDLPango_Matrix *color_matrix */' in Pango.xs, line 72
cc -Isrc -I/home/cpan/pit/bare/perl-5.10.1/lib/5.10.1/amd64-netbsd/CORE -DXS_VERSION="2.516" -DVERSION="2.516" -DPIC -fPIC -DNOSIGCATCH -O2 -I/home/cpan/pit/bare/conf/perl-5.10.1/.cpanplus/5.10.1/build/Alien-SDL-1.413/blib/lib/auto/share/dist/Alien-SDL/1.413_20143b06/include/SDL -D_GNU_SOURCE=1 -D_REENTRANT -D_THREAD_SAFE -I/home/cpan/pit/bare/conf/perl-5.10.1/.cpanplus/5.10.1/build/Alien-SDL-1.413/blib/lib/auto/share/dist/Alien-SDL/1.413_20143b06/include -I/home/cpan/pit/bare/conf/perl-5.10.1/.cpanplus/5.10.1/build/Alien-SDL-1.413/blib/lib/auto/share/dist/Alien-SDL/1.413_20143b06/include/smpeg -DHAVE_SDL -fPIC -c -fno-strict-aliasing -pipe -fstack-protector -I/usr/pkg/include -O -o lib/SDL/Pango.o lib/SDL/Pango.c
ExtUtils::Mkbootstrap::Mkbootstrap('blib/arch/auto/SDL/Pango/Pango.bs')
cc --whole-archive -shared -L/usr/pkg/lib -fstack-protector -o blib/arch/auto/SDL/Pango/Pango.so lib/SDL/Pango.o src/support/win32.o -L/home/cpan/pit/bare/conf/perl-5.10.1/.cpanplus/5.10.1/build/Alien-SDL-1.413/blib/lib/auto/share/dist/Alien-SDL/1.413_20143b06/lib -Wl,-rpath,/home/cpan/pit/bare/conf/perl-5.10.1/.cpanplus/5.10.1/build/Alien-SDL-1.413/blib/lib/auto/share/dist/Alien-SDL/1.413_20143b06/lib -lSDL -lpthread -lSDL
cc -Isrc -I/home/cpan/pit/bare/perl-5.10.1/lib/5.10.1/amd64-netbsd/CORE -DXS_VERSION="2.516" -DVERSION="2.516" -DPIC -fPIC -DNOSIGCATCH -O2 -I/home/cpan/pit/bare/conf/perl-5.10.1/.cpanplus/5.10.1/build/Alien-SDL-1.413/blib/lib/auto/share/dist/Alien-SDL/1.413_20143b06/include/SDL -D_GNU_SOURCE=1 -D_REENTRANT -D_THREAD_SAFE -I/home/cpan/pit/bare/conf/perl-5.10.1/.cpanplus/5.10.1/build/Alien-SDL-1.413/blib/lib/auto/share/dist/Alien-SDL/1.413_20143b06/include -I/home/cpan/pit/bare/conf/perl-5.10.1/.cpanplus/5.10.1/build/Alien-SDL-1.413/blib/lib/auto/share/dist/Alien-SDL/1.413_20143b06/include/smpeg -DHAVE_SDL -fPIC -c -fno-strict-aliasing -pipe -fstack-protector -I/usr/pkg/include -O -o lib/SDL/TTF.o lib/SDL/TTF.c
ExtUtils::Mkbootstrap::Mkbootstrap('blib/arch/auto/SDL/TTF/TTF.bs')
cc --whole-archive -shared -L/usr/pkg/lib -fstack-protector -o blib/arch/auto/SDL/TTF/TTF.so lib/SDL/TTF.o src/support/win32.o -L/home/cpan/pit/bare/conf/perl-5.10.1/.cpanplus/5.10.1/build/Alien-SDL-1.413/blib/lib/auto/share/dist/Alien-SDL/1.413_20143b06/lib -Wl,-rpath,/home/cpan/pit/bare/conf/perl-5.10.1/.cpanplus/5.10.1/build/Alien-SDL-1.413/blib/lib/auto/share/dist/Alien-SDL/1.413_20143b06/lib -lSDL -lpthread -lSDL
cc -Isrc -I/home/cpan/pit/bare/perl-5.10.1/lib/5.10.1/amd64-netbsd/CORE -DXS_VERSION="2.516" -DVERSION="2.516" -DPIC -fPIC -DNOSIGCATCH -O2 -I/home/cpan/pit/bare/conf/perl-5.10.1/.cpanplus/5.10.1/build/Alien-SDL-1.413/blib/lib/auto/share/dist/Alien-SDL/1.413_20143b06/include/SDL -D_GNU_SOURCE=1 -D_REENTRANT -D_THREAD_SAFE -I/home/cpan/pit/bare/conf/perl-5.10.1/.cpanplus/5.10.1/build/Alien-SDL-1.413/blib/lib/auto/share/dist/Alien-SDL/1.413_20143b06/include -I/home/cpan/pit/bare/conf/perl-5.10.1/.cpanplus/5.10.1/build/Alien-SDL-1.413/blib/lib/auto/share/dist/Alien-SDL/1.413_20143b06/include/smpeg -DHAVE_SDL -DHAVE_SDL_MIXER -fPIC -c -fno-strict-aliasing -pipe -fstack-protector -I/usr/pkg/include -O -o lib/SDL/Mixer/MixMusic.o lib/SDL/Mixer/MixMusic.c
ExtUtils::Mkbootstrap::Mkbootstrap('blib/arch/auto/SDL/Mixer/MixMusic/MixMusic.bs')
cc --whole-archive -shared -L/usr/pkg/lib -fstack-protector -o blib/arch/auto/SDL/Mixer/MixMusic/MixMusic.so lib/SDL/Mixer/MixMusic.o src/support/win32.o -L/home/cpan/pit/bare/conf/perl-5.10.1/.cpanplus/5.10.1/build/Alien-SDL-1.413/blib/lib/auto/share/dist/Alien-SDL/1.413_20143b06/lib -Wl,-rpath,/home/cpan/pit/bare/conf/perl-5.10.1/.cpanplus/5.10.1/build/Alien-SDL-1.413/blib/lib/auto/share/dist/Alien-SDL/1.413_20143b06/lib -lSDL -lpthread -lSDL -lSDL_mixer
cc -Isrc -I/home/cpan/pit/bare/perl-5.10.1/lib/5.10.1/amd64-netbsd/CORE -DXS_VERSION="2.516" -DVERSION="2.516" -DPIC -fPIC -DNOSIGCATCH -O2 -I/home/cpan/pit/bare/conf/perl-5.10.1/.cpanplus/5.10.1/build/Alien-SDL-1.413/blib/lib/auto/share/dist/Alien-SDL/1.413_20143b06/include/SDL -D_GNU_SOURCE=1 -D_REENTRANT -D_THREAD_SAFE -I/home/cpan/pit/bare/conf/perl-5.10.1/.cpanplus/5.10.1/build/Alien-SDL-1.413/blib/lib/auto/share/dist/Alien-SDL/1.413_20143b06/include -I/home/cpan/pit/bare/conf/perl-5.10.1/.cpanplus/5.10.1/build/Alien-SDL-1.413/blib/lib/auto/share/dist/Alien-SDL/1.413_20143b06/include/smpeg -DHAVE_SDL -DHAVE_SDL_GFX_IMAGEFILTER -fPIC -c -fno-strict-aliasing -pipe -fstack-protector -I/usr/pkg/include -O -o lib/SDL/GFX/ImageFilter.o lib/SDL/GFX/ImageFilter.c
ExtUtils::Mkbootstrap::Mkbootstrap('blib/arch/auto/SDL/GFX/ImageFilter/ImageFilter.bs')
cc --whole-archive -shared -L/usr/pkg/lib -fstack-protector -o blib/arch/auto/SDL/GFX/ImageFilter/ImageFilter.so lib/SDL/GFX/ImageFilter.o src/support/win32.o -L/home/cpan/pit/bare/conf/perl-5.10.1/.cpanplus/5.10.1/build/Alien-SDL-1.413/blib/lib/auto/share/dist/Alien-SDL/1.413_20143b06/lib -Wl,-rpath,/home/cpan/pit/bare/conf/perl-5.10.1/.cpanplus/5.10.1/build/Alien-SDL-1.413/blib/lib/auto/share/dist/Alien-SDL/1.413_20143b06/lib -lSDL -lpthread -lSDL -lSDL_gfx
cc -Isrc -I/home/cpan/pit/bare/perl-5.10.1/lib/5.10.1/amd64-netbsd/CORE -DXS_VERSION="2.516" -DVERSION="2.516" -DPIC -fPIC -DNOSIGCATCH -O2 -I/home/cpan/pit/bare/conf/perl-5.10.1/.cpanplus/5.10.1/build/Alien-SDL-1.413/blib/lib/auto/share/dist/Alien-SDL/1.413_20143b06/include/SDL -D_GNU_SOURCE=1 -D_REENTRANT -D_THREAD_SAFE -I/home/cpan/pit/bare/conf/perl-5.10.1/.cpanplus/5.10.1/build/Alien-SDL-1.413/blib/lib/auto/share/dist/Alien-SDL/1.413_20143b06/include -I/home/cpan/pit/bare/conf/perl-5.10.1/.cpanplus/5.10.1/build/Alien-SDL-1.413/blib/lib/auto/share/dist/Alien-SDL/1.413_20143b06/include/smpeg -DHAVE_SDL -fPIC -c -fno-strict-aliasing -pipe -fstack-protector -I/usr/pkg/include -O -o lib/SDL/Mouse.o lib/SDL/Mouse.c
ExtUtils::Mkbootstrap::Mkbootstrap('blib/arch/auto/SDL/Mouse/Mouse.bs')
cc --whole-archive -shared -L/usr/pkg/lib -fstack-protector -o blib/arch/auto/SDL/Mouse/Mouse.so lib/SDL/Mouse.o src/support/win32.o -L/home/cpan/pit/bare/conf/perl-5.10.1/.cpanplus/5.10.1/build/Alien-SDL-1.413/blib/lib/auto/share/dist/Alien-SDL/1.413_20143b06/lib -Wl,-rpath,/home/cpan/pit/bare/conf/perl-5.10.1/.cpanplus/5.10.1/build/Alien-SDL-1.413/blib/lib/auto/share/dist/Alien-SDL/1.413_20143b06/lib -lSDL -lpthread -lSDL
cc -Isrc -I/home/cpan/pit/bare/perl-5.10.1/lib/5.10.1/amd64-netbsd/CORE -DXS_VERSION="2.516" -DVERSION="2.516" -DPIC -fPIC -DNOSIGCATCH -O2 -I/home/cpan/pit/bare/conf/perl-5.10.1/.cpanplus/5.10.1/build/Alien-SDL-1.413/blib/lib/auto/share/dist/Alien-SDL/1.413_20143b06/include/SDL -D_GNU_SOURCE=1 -D_REENTRANT -D_THREAD_SAFE -I/home/cpan/pit/bare/conf/perl-5.10.1/.cpanplus/5.10.1/build/Alien-SDL-1.413/blib/lib/auto/share/dist/Alien-SDL/1.413_20143b06/include -I/home/cpan/pit/bare/conf/perl-5.10.1/.cpanplus/5.10.1/build/Alien-SDL-1.413/blib/lib/auto/share/dist/Alien-SDL/1.413_20143b06/include/smpeg -DHAVE_SDL -fPIC -c -fno-strict-aliasing -pipe -fstack-protector -I/usr/pkg/include -O -o lib/SDLx/Controller/Timer.o lib/SDLx/Controller/Timer.c
ExtUtils::Mkbootstrap::Mkbootstrap('blib/arch/auto/SDLx/Controller/Timer/Timer.bs')
cc --whole-archive -shared -L/usr/pkg/lib -fstack-protector -o blib/arch/auto/SDLx/Controller/Timer/Timer.so lib/SDLx/Controller/Timer.o src/support/win32.o -L/home/cpan/pit/bare/conf/perl-5.10.1/.cpanplus/5.10.1/build/Alien-SDL-1.413/blib/lib/auto/share/dist/Alien-SDL/1.413_20143b06/lib -Wl,-rpath,/home/cpan/pit/bare/conf/perl-5.10.1/.cpanplus/5.10.1/build/Alien-SDL-1.413/blib/lib/auto/share/dist/Alien-SDL/1.413_20143b06/lib -lSDL -lpthread -lSDL
cc -Isrc -I/home/cpan/pit/bare/perl-5.10.1/lib/5.10.1/amd64-netbsd/CORE -DXS_VERSION="2.516" -DVERSION="2.516" -DPIC -fPIC -DNOSIGCATCH -O2 -I/home/cpan/pit/bare/conf/perl-5.10.1/.cpanplus/5.10.1/build/Alien-SDL-1.413/blib/lib/auto/share/dist/Alien-SDL/1.413_20143b06/include/SDL -D_GNU_SOURCE=1 -D_REENTRANT -D_THREAD_SAFE -I/home/cpan/pit/bare/conf/perl-5.10.1/.cpanplus/5.10.1/build/Alien-SDL-1.413/blib/lib/auto/share/dist/Alien-SDL/1.413_20143b06/include -I/home/cpan/pit/bare/conf/perl-5.10.1/.cpanplus/5.10.1/build/Alien-SDL-1.413/blib/lib/auto/share/dist/Alien-SDL/1.413_20143b06/include/smpeg -DHAVE_SDL -fPIC -c -fno-strict-aliasing -pipe -fstack-protector -I/usr/pkg/include -O -o lib/SDL/Palette.o lib/SDL/Palette.c
ExtUtils::Mkbootstrap::Mkbootstrap('blib/arch/auto/SDL/Palette/Palette.bs')
cc --whole-archive -shared -L/usr/pkg/lib -fstack-protector -o blib/arch/auto/SDL/Palette/Palette.so lib/SDL/Palette.o src/support/win32.o -L/home/cpan/pit/bare/conf/perl-5.10.1/.cpanplus/5.10.1/build/Alien-SDL-1.413/blib/lib/auto/share/dist/Alien-SDL/1.413_20143b06/lib -Wl,-rpath,/home/cpan/pit/bare/conf/perl-5.10.1/.cpanplus/5.10.1/build/Alien-SDL-1.413/blib/lib/auto/share/dist/Alien-SDL/1.413_20143b06/lib -lSDL -lpthread -lSDL
cc -Isrc -I/home/cpan/pit/bare/perl-5.10.1/lib/5.10.1/amd64-netbsd/CORE -DXS_VERSION="2.516" -DVERSION="2.516" -DPIC -fPIC -DNOSIGCATCH -O2 -I/home/cpan/pit/bare/conf/perl-5.10.1/.cpanplus/5.10.1/build/Alien-SDL-1.413/blib/lib/auto/share/dist/Alien-SDL/1.413_20143b06/include/SDL -D_GNU_SOURCE=1 -D_REENTRANT -D_THREAD_SAFE -I/home/cpan/pit/bare/conf/perl-5.10.1/.cpanplus/5.10.1/build/Alien-SDL-1.413/blib/lib/auto/share/dist/Alien-SDL/1.413_20143b06/include -I/home/cpan/pit/bare/conf/perl-5.10.1/.cpanplus/5.10.1/build/Alien-SDL-1.413/blib/lib/auto/share/dist/Alien-SDL/1.413_20143b06/include/smpeg -DHAVE_SDL -fPIC -c -fno-strict-aliasing -pipe -fstack-protector -I/usr/pkg/include -O -o lib/SDL/AudioCVT.o lib/SDL/AudioCVT.c
ExtUtils::Mkbootstrap::Mkbootstrap('blib/arch/auto/SDL/AudioCVT/AudioCVT.bs')
cc --whole-archive -shared -L/usr/pkg/lib -fstack-protector -o blib/arch/auto/SDL/AudioCVT/AudioCVT.so lib/SDL/AudioCVT.o src/support/win32.o -L/home/cpan/pit/bare/conf/perl-5.10.1/.cpanplus/5.10.1/build/Alien-SDL-1.413/blib/lib/auto/share/dist/Alien-SDL/1.413_20143b06/lib -Wl,-rpath,/home/cpan/pit/bare/conf/perl-5.10.1/.cpanplus/5.10.1/build/Alien-SDL-1.413/blib/lib/auto/share/dist/Alien-SDL/1.413_20143b06/lib -lSDL -lpthread -lSDL
cc -Isrc -I/home/cpan/pit/bare/perl-5.10.1/lib/5.10.1/amd64-netbsd/CORE -DXS_VERSION="2.516" -DVERSION="2.516" -DPIC -fPIC -DNOSIGCATCH -O2 -I/home/cpan/pit/bare/conf/perl-5.10.1/.cpanplus/5.10.1/build/Alien-SDL-1.413/blib/lib/auto/share/dist/Alien-SDL/1.413_20143b06/include/SDL -D_GNU_SOURCE=1 -D_REENTRANT -D_THREAD_SAFE -I/home/cpan/pit/bare/conf/perl-5.10.1/.cpanplus/5.10.1/build/Alien-SDL-1.413/blib/lib/auto/share/dist/Alien-SDL/1.413_20143b06/include -I/home/cpan/pit/bare/conf/perl-5.10.1/.cpanplus/5.10.1/build/Alien-SDL-1.413/blib/lib/auto/share/dist/Alien-SDL/1.413_20143b06/include/smpeg -DHAVE_SDL -DHAVE_SDL_GFX_PRIMITIVES -fPIC -c -fno-strict-aliasing -pipe -fstack-protector -I/usr/pkg/include -O -o lib/SDL/GFX.o lib/SDL/GFX.c
ExtUtils::Mkbootstrap::Mkbootstrap('blib/arch/auto/SDL/GFX/GFX.bs')
cc --whole-archive -shared -L/usr/pkg/lib -fstack-protector -o blib/arch/auto/SDL/GFX/GFX.so lib/SDL/GFX.o src/support/win32.o -L/home/cpan/pit/bare/conf/perl-5.10.1/.cpanplus/5.10.1/build/Alien-SDL-1.413/blib/lib/auto/share/dist/Alien-SDL/1.413_20143b06/lib -Wl,-rpath,/home/cpan/pit/bare/conf/perl-5.10.1/.cpanplus/5.10.1/build/Alien-SDL-1.413/blib/lib/auto/share/dist/Alien-SDL/1.413_20143b06/lib -lSDL -lpthread -lSDL -lSDL_gfx
cc -Isrc -I/home/cpan/pit/bare/perl-5.10.1/lib/5.10.1/amd64-netbsd/CORE -DXS_VERSION="2.516" -DVERSION="2.516" -DPIC -fPIC -DNOSIGCATCH -O2 -I/home/cpan/pit/bare/conf/perl-5.10.1/.cpanplus/5.10.1/build/Alien-SDL-1.413/blib/lib/auto/share/dist/Alien-SDL/1.413_20143b06/include/SDL -D_GNU_SOURCE=1 -D_REENTRANT -D_THREAD_SAFE -I/home/cpan/pit/bare/conf/perl-5.10.1/.cpanplus/5.10.1/build/Alien-SDL-1.413/blib/lib/auto/share/dist/Alien-SDL/1.413_20143b06/include -I/home/cpan/pit/bare/conf/perl-5.10.1/.cpanplus/5.10.1/build/Alien-SDL-1.413/blib/lib/auto/share/dist/Alien-SDL/1.413_20143b06/include/smpeg -DHAVE_SDL -DHAVE_SDL_GFX_FRAMERATE -fPIC -c -fno-strict-aliasing -pipe -fstack-protector -I/usr/pkg/include -O -o lib/SDL/GFX/Framerate.o lib/SDL/GFX/Framerate.c
ExtUtils::Mkbootstrap::Mkbootstrap('blib/arch/auto/SDL/GFX/Framerate/Framerate.bs')
cc --whole-archive -shared -L/usr/pkg/lib -fstack-protector -o blib/arch/auto/SDL/GFX/Framerate/Framerate.so lib/SDL/GFX/Framerate.o src/support/win32.o -L/home/cpan/pit/bare/conf/perl-5.10.1/.cpanplus/5.10.1/build/Alien-SDL-1.413/blib/lib/auto/share/dist/Alien-SDL/1.413_20143b06/lib -Wl,-rpath,/home/cpan/pit/bare/conf/perl-5.10.1/.cpanplus/5.10.1/build/Alien-SDL-1.413/blib/lib/auto/share/dist/Alien-SDL/1.413_20143b06/lib -lSDL -lpthread -lSDL -lSDL_gfx
cc -Isrc -I/home/cpan/pit/bare/perl-5.10.1/lib/5.10.1/amd64-netbsd/CORE -DXS_VERSION="2.516" -DVERSION="2.516" -DPIC -fPIC -DNOSIGCATCH -O2 -I/home/cpan/pit/bare/conf/perl-5.10.1/.cpanplus/5.10.1/build/Alien-SDL-1.413/blib/lib/auto/share/dist/Alien-SDL/1.413_20143b06/include/SDL -D_GNU_SOURCE=1 -D_REENTRANT -D_THREAD_SAFE -I/home/cpan/pit/bare/conf/perl-5.10.1/.cpanplus/5.10.1/build/Alien-SDL-1.413/blib/lib/auto/share/dist/Alien-SDL/1.413_20143b06/include -I/home/cpan/pit/bare/conf/perl-5.10.1/.cpanplus/5.10.1/build/Alien-SDL-1.413/blib/lib/auto/share/dist/Alien-SDL/1.413_20143b06/include/smpeg -DHAVE_SDL -fPIC -c -fno-strict-aliasing -pipe -fstack-protector -I/usr/pkg/include -O -o lib/SDLx/Surface.o lib/SDLx/Surface.c
ExtUtils::Mkbootstrap::Mkbootstrap('blib/arch/auto/SDLx/Surface/Surface.bs')
cc --whole-archive -shared -L/usr/pkg/lib -fstack-protector -o blib/arch/auto/SDLx/Surface/Surface.so lib/SDLx/Surface.o src/support/win32.o -L/home/cpan/pit/bare/conf/perl-5.10.1/.cpanplus/5.10.1/build/Alien-SDL-1.413/blib/lib/auto/share/dist/Alien-SDL/1.413_20143b06/lib -Wl,-rpath,/home/cpan/pit/bare/conf/perl-5.10.1/.cpanplus/5.10.1/build/Alien-SDL-1.413/blib/lib/auto/share/dist/Alien-SDL/1.413_20143b06/lib -lSDL -lpthread -lSDL
cc -Isrc -I/home/cpan/pit/bare/perl-5.10.1/lib/5.10.1/amd64-netbsd/CORE -DXS_VERSION="2.516" -DVERSION="2.516" -DPIC -fPIC -DNOSIGCATCH -O2 -I/home/cpan/pit/bare/conf/perl-5.10.1/.cpanplus/5.10.1/build/Alien-SDL-1.413/blib/lib/auto/share/dist/Alien-SDL/1.413_20143b06/include/SDL -D_GNU_SOURCE=1 -D_REENTRANT -D_THREAD_SAFE -I/home/cpan/pit/bare/conf/perl-5.10.1/.cpanplus/5.10.1/build/Alien-SDL-1.413/blib/lib/auto/share/dist/Alien-SDL/1.413_20143b06/include -I/home/cpan/pit/bare/conf/perl-5.10.1/.cpanplus/5.10.1/build/Alien-SDL-1.413/blib/lib/auto/share/dist/Alien-SDL/1.413_20143b06/include/smpeg -DHAVE_SDL -DHAVE_SDL_MIXER -fPIC -c -fno-strict-aliasing -pipe -fstack-protector -I/usr/pkg/include -O -o lib/SDL/Mixer.o lib/SDL/Mixer.c
ExtUtils::Mkbootstrap::Mkbootstrap('blib/arch/auto/SDL/Mixer/Mixer.bs')
cc --whole-archive -shared -L/usr/pkg/lib -fstack-protector -o blib/arch/auto/SDL/Mixer/Mixer.so lib/SDL/Mixer.o src/support/win32.o -L/home/cpan/pit/bare/conf/perl-5.10.1/.cpanplus/5.10.1/build/Alien-SDL-1.413/blib/lib/auto/share/dist/Alien-SDL/1.413_20143b06/lib -Wl,-rpath,/home/cpan/pit/bare/conf/perl-5.10.1/.cpanplus/5.10.1/build/Alien-SDL-1.413/blib/lib/auto/share/dist/Alien-SDL/1.413_20143b06/lib -lSDL -lpthread -lSDL -lSDL_mixer
cc -Isrc -I/home/cpan/pit/bare/perl-5.10.1/lib/5.10.1/amd64-netbsd/CORE -DXS_VERSION="2.516" -DVERSION="2.516" -DPIC -fPIC -DNOSIGCATCH -O2 -I/home/cpan/pit/bare/conf/perl-5.10.1/.cpanplus/5.10.1/build/Alien-SDL-1.413/blib/lib/auto/share/dist/Alien-SDL/1.413_20143b06/include/SDL -D_GNU_SOURCE=1 -D_REENTRANT -D_THREAD_SAFE -I/home/cpan/pit/bare/conf/perl-5.10.1/.cpanplus/5.10.1/build/Alien-SDL-1.413/blib/lib/auto/share/dist/Alien-SDL/1.413_20143b06/include -I/home/cpan/pit/bare/conf/perl-5.10.1/.cpanplus/5.10.1/build/Alien-SDL-1.413/blib/lib/auto/share/dist/Alien-SDL/1.413_20143b06/include/smpeg -DHAVE_SDL -DHAVE_SDL_MIXER -fPIC -c -fno-strict-aliasing -pipe -fstack-protector -I/usr/pkg/include -O -o lib/SDL/Mixer/MixChunk.o lib/SDL/Mixer/MixChunk.c
ExtUtils::Mkbootstrap::Mkbootstrap('blib/arch/auto/SDL/Mixer/MixChunk/MixChunk.bs')
cc --whole-archive -shared -L/usr/pkg/lib -fstack-protector -o blib/arch/auto/SDL/Mixer/MixChunk/MixChunk.so lib/SDL/Mixer/MixChunk.o src/support/win32.o -L/home/cpan/pit/bare/conf/perl-5.10.1/.cpanplus/5.10.1/build/Alien-SDL-1.413/blib/lib/auto/share/dist/Alien-SDL/1.413_20143b06/lib -Wl,-rpath,/home/cpan/pit/bare/conf/perl-5.10.1/.cpanplus/5.10.1/build/Alien-SDL-1.413/blib/lib/auto/share/dist/Alien-SDL/1.413_20143b06/lib -lSDL -lpthread -lSDL -lSDL_mixer
cc -Isrc -I/home/cpan/pit/bare/perl-5.10.1/lib/5.10.1/amd64-netbsd/CORE -DXS_VERSION="2.516" -DVERSION="2.516" -DPIC -fPIC -DNOSIGCATCH -O2 -I/home/cpan/pit/bare/conf/perl-5.10.1/.cpanplus/5.10.1/build/Alien-SDL-1.413/blib/lib/auto/share/dist/Alien-SDL/1.413_20143b06/include/SDL -D_GNU_SOURCE=1 -D_REENTRANT -D_THREAD_SAFE -I/home/cpan/pit/bare/conf/perl-5.10.1/.cpanplus/5.10.1/build/Alien-SDL-1.413/blib/lib/auto/share/dist/Alien-SDL/1.413_20143b06/include -I/home/cpan/pit/bare/conf/perl-5.10.1/.cpanplus/5.10.1/build/Alien-SDL-1.413/blib/lib/auto/share/dist/Alien-SDL/1.413_20143b06/include/smpeg -DHAVE_SDL -fPIC -c -fno-strict-aliasing -pipe -fstack-protector -I/usr/pkg/include -O -o lib/SDL/AudioSpec.o lib/SDL/AudioSpec.c
lib/SDL/AudioSpec.xs: In function 'XS_SDL__AudioSpec_callback':
lib/SDL/AudioSpec.xs:142: warning: assignment makes pointer from integer without a cast
ExtUtils::Mkbootstrap::Mkbootstrap('blib/arch/auto/SDL/AudioSpec/AudioSpec.bs')
cc --whole-archive -shared -L/usr/pkg/lib -fstack-protector -o blib/arch/auto/SDL/AudioSpec/AudioSpec.so lib/SDL/AudioSpec.o src/support/win32.o -L/home/cpan/pit/bare/conf/perl-5.10.1/.cpanplus/5.10.1/build/Alien-SDL-1.413/blib/lib/auto/share/dist/Alien-SDL/1.413_20143b06/lib -Wl,-rpath,/home/cpan/pit/bare/conf/perl-5.10.1/.cpanplus/5.10.1/build/Alien-SDL-1.413/blib/lib/auto/share/dist/Alien-SDL/1.413_20143b06/lib -lSDL -lpthread -lSDL
cc -Isrc -I/home/cpan/pit/bare/perl-5.10.1/lib/5.10.1/amd64-netbsd/CORE -DXS_VERSION="2.516" -DVERSION="2.516" -DPIC -fPIC -DNOSIGCATCH -O2 -I/home/cpan/pit/bare/conf/perl-5.10.1/.cpanplus/5.10.1/build/Alien-SDL-1.413/blib/lib/auto/share/dist/Alien-SDL/1.413_20143b06/include/SDL -D_GNU_SOURCE=1 -D_REENTRANT -D_THREAD_SAFE -I/home/cpan/pit/bare/conf/perl-5.10.1/.cpanplus/5.10.1/build/Alien-SDL-1.413/blib/lib/auto/share/dist/Alien-SDL/1.413_20143b06/include -I/home/cpan/pit/bare/conf/perl-5.10.1/.cpanplus/5.10.1/build/Alien-SDL-1.413/blib/lib/auto/share/dist/Alien-SDL/1.413_20143b06/include/smpeg -DHAVE_SDL -DHAVE_SDL_MIXER -fPIC -c -fno-strict-aliasing -pipe -fstack-protector -I/usr/pkg/include -O -o lib/SDL/Mixer/Music.o lib/SDL/Mixer/Music.c
lib/SDL/Mixer/Music.xs: In function 'XS_SDL__Mixer__Music_hook_music':
lib/SDL/Mixer/Music.xs:146: warning: assignment makes pointer from integer without a cast
lib/SDL/Mixer/Music.xs: In function 'XS_SDL__Mixer__Music_hook_music_finished':
lib/SDL/Mixer/Music.xs:167: warning: assignment makes pointer from integer without a cast
ExtUtils::Mkbootstrap::Mkbootstrap('blib/arch/auto/SDL/Mixer/Music/Music.bs')
cc --whole-archive -shared -L/usr/pkg/lib -fstack-protector -o blib/arch/auto/SDL/Mixer/Music/Music.so lib/SDL/Mixer/Music.o src/support/win32.o -L/home/cpan/pit/bare/conf/perl-5.10.1/.cpanplus/5.10.1/build/Alien-SDL-1.413/blib/lib/auto/share/dist/Alien-SDL/1.413_20143b06/lib -Wl,-rpath,/home/cpan/pit/bare/conf/perl-5.10.1/.cpanplus/5.10.1/build/Alien-SDL-1.413/blib/lib/auto/share/dist/Alien-SDL/1.413_20143b06/lib -lSDL -lpthread -lSDL -lSDL_mixer
cc -Isrc -I/home/cpan/pit/bare/perl-5.10.1/lib/5.10.1/amd64-netbsd/CORE -DXS_VERSION="2.516" -DVERSION="2.516" -DPIC -fPIC -DNOSIGCATCH -O2 -I/home/cpan/pit/bare/conf/perl-5.10.1/.cpanplus/5.10.1/build/Alien-SDL-1.413/blib/lib/auto/share/dist/Alien-SDL/1.413_20143b06/include/SDL -D_GNU_SOURCE=1 -D_REENTRANT -D_THREAD_SAFE -I/home/cpan/pit/bare/conf/perl-5.10.1/.cpanplus/5.10.1/build/Alien-SDL-1.413/blib/lib/auto/share/dist/Alien-SDL/1.413_20143b06/include -I/home/cpan/pit/bare/conf/perl-5.10.1/.cpanplus/5.10.1/build/Alien-SDL-1.413/blib/lib/auto/share/dist/Alien-SDL/1.413_20143b06/include/smpeg -DHAVE_SDL -fPIC -c -fno-strict-aliasing -pipe -fstack-protector -I/usr/pkg/include -O -o lib/SDLx/Controller/State.o lib/SDLx/Controller/State.c
ExtUtils::Mkbootstrap::Mkbootstrap('blib/arch/auto/SDLx/Controller/State/State.bs')
cc --whole-archive -shared -L/usr/pkg/lib -fstack-protector -o blib/arch/auto/SDLx/Controller/State/State.so lib/SDLx/Controller/State.o src/support/win32.o -L/home/cpan/pit/bare/conf/perl-5.10.1/.cpanplus/5.10.1/build/Alien-SDL-1.413/blib/lib/auto/share/dist/Alien-SDL/1.413_20143b06/lib -Wl,-rpath,/home/cpan/pit/bare/conf/perl-5.10.1/.cpanplus/5.10.1/build/Alien-SDL-1.413/blib/lib/auto/share/dist/Alien-SDL/1.413_20143b06/lib -lSDL -lpthread -lSDL
cc -Isrc -I/home/cpan/pit/bare/perl-5.10.1/lib/5.10.1/amd64-netbsd/CORE -DXS_VERSION="2.516" -DVERSION="2.516" -DPIC -fPIC -DNOSIGCATCH -O2 -I/home/cpan/pit/bare/conf/perl-5.10.1/.cpanplus/5.10.1/build/Alien-SDL-1.413/blib/lib/auto/share/dist/Alien-SDL/1.413_20143b06/include/SDL -D_GNU_SOURCE=1 -D_REENTRANT -D_THREAD_SAFE -I/home/cpan/pit/bare/conf/perl-5.10.1/.cpanplus/5.10.1/build/Alien-SDL-1.413/blib/lib/auto/share/dist/Alien-SDL/1.413_20143b06/include -I/home/cpan/pit/bare/conf/perl-5.10.1/.cpanplus/5.10.1/build/Alien-SDL-1.413/blib/lib/auto/share/dist/Alien-SDL/1.413_20143b06/include/smpeg -DHAVE_SDL -fPIC -c -fno-strict-aliasing -pipe -fstack-protector -I/usr/pkg/include -O -o lib/SDL/Events.o lib/SDL/Events.c
ExtUtils::Mkbootstrap::Mkbootstrap('blib/arch/auto/SDL/Events/Events.bs')
cc --whole-archive -shared -L/usr/pkg/lib -fstack-protector -o blib/arch/auto/SDL/Events/Events.so lib/SDL/Events.o src/support/win32.o -L/home/cpan/pit/bare/conf/perl-5.10.1/.cpanplus/5.10.1/build/Alien-SDL-1.413/blib/lib/auto/share/dist/Alien-SDL/1.413_20143b06/lib -Wl,-rpath,/home/cpan/pit/bare/conf/perl-5.10.1/.cpanplus/5.10.1/build/Alien-SDL-1.413/blib/lib/auto/share/dist/Alien-SDL/1.413_20143b06/lib -lSDL -lpthread -lSDL
cc -Isrc -I/home/cpan/pit/bare/perl-5.10.1/lib/5.10.1/amd64-netbsd/CORE -DXS_VERSION="2.516" -DVERSION="2.516" -DPIC -fPIC -DNOSIGCATCH -O2 -I/home/cpan/pit/bare/conf/perl-5.10.1/.cpanplus/5.10.1/build/Alien-SDL-1.413/blib/lib/auto/share/dist/Alien-SDL/1.413_20143b06/include/SDL -D_GNU_SOURCE=1 -D_REENTRANT -D_THREAD_SAFE -I/home/cpan/pit/bare/conf/perl-5.10.1/.cpanplus/5.10.1/build/Alien-SDL-1.413/blib/lib/auto/share/dist/Alien-SDL/1.413_20143b06/include -I/home/cpan/pit/bare/conf/perl-5.10.1/.cpanplus/5.10.1/build/Alien-SDL-1.413/blib/lib/auto/share/dist/Alien-SDL/1.413_20143b06/include/smpeg -DHAVE_SDL -fPIC -c -fno-strict-aliasing -pipe -fstack-protector -I/usr/pkg/include -O -o lib/SDL/RWOps.o lib/SDL/RWOps.c
ExtUtils::Mkbootstrap::Mkbootstrap('blib/arch/auto/SDL/RWOps/RWOps.bs')
cc --whole-archive -shared -L/usr/pkg/lib -fstack-protector -o blib/arch/auto/SDL/RWOps/RWOps.so lib/SDL/RWOps.o src/support/win32.o -L/home/cpan/pit/bare/conf/perl-5.10.1/.cpanplus/5.10.1/build/Alien-SDL-1.413/blib/lib/auto/share/dist/Alien-SDL/1.413_20143b06/lib -Wl,-rpath,/home/cpan/pit/bare/conf/perl-5.10.1/.cpanplus/5.10.1/build/Alien-SDL-1.413/blib/lib/auto/share/dist/Alien-SDL/1.413_20143b06/lib -lSDL -lpthread -lSDL
cc -Isrc -I/home/cpan/pit/bare/perl-5.10.1/lib/5.10.1/amd64-netbsd/CORE -DXS_VERSION="2.516" -DVERSION="2.516" -DPIC -fPIC -DNOSIGCATCH -O2 -I/home/cpan/pit/bare/conf/perl-5.10.1/.cpanplus/5.10.1/build/Alien-SDL-1.413/blib/lib/auto/share/dist/Alien-SDL/1.413_20143b06/include/SDL -D_GNU_SOURCE=1 -D_REENTRANT -D_THREAD_SAFE -I/home/cpan/pit/bare/conf/perl-5.10.1/.cpanplus/5.10.1/build/Alien-SDL-1.413/blib/lib/auto/share/dist/Alien-SDL/1.413_20143b06/include -I/home/cpan/pit/bare/conf/perl-5.10.1/.cpanplus/5.10.1/build/Alien-SDL-1.413/blib/lib/auto/share/dist/Alien-SDL/1.413_20143b06/include/smpeg -DHAVE_SDL -fPIC -c -fno-strict-aliasing -pipe -fstack-protector -I/usr/pkg/include -O -o lib/SDL/Surface.o lib/SDL/Surface.c
ExtUtils::Mkbootstrap::Mkbootstrap('blib/arch/auto/SDL/Surface/Surface.bs')
cc --whole-archive -shared -L/usr/pkg/lib -fstack-protector -o blib/arch/auto/SDL/Surface/Surface.so lib/SDL/Surface.o src/support/win32.o -L/home/cpan/pit/bare/conf/perl-5.10.1/.cpanplus/5.10.1/build/Alien-SDL-1.413/blib/lib/auto/share/dist/Alien-SDL/1.413_20143b06/lib -Wl,-rpath,/home/cpan/pit/bare/conf/perl-5.10.1/.cpanplus/5.10.1/build/Alien-SDL-1.413/blib/lib/auto/share/dist/Alien-SDL/1.413_20143b06/lib -lSDL -lpthread -lSDL
cc -Isrc -I/home/cpan/pit/bare/perl-5.10.1/lib/5.10.1/amd64-netbsd/CORE -DXS_VERSION="2.516" -DVERSION="2.516" -DPIC -fPIC -DNOSIGCATCH -O2 -I/home/cpan/pit/bare/conf/perl-5.10.1/.cpanplus/5.10.1/build/Alien-SDL-1.413/blib/lib/auto/share/dist/Alien-SDL/1.413_20143b06/include/SDL -D_GNU_SOURCE=1 -D_REENTRANT -D_THREAD_SAFE -I/home/cpan/pit/bare/conf/perl-5.10.1/.cpanplus/5.10.1/build/Alien-SDL-1.413/blib/lib/auto/share/dist/Alien-SDL/1.413_20143b06/include -I/home/cpan/pit/bare/conf/perl-5.10.1/.cpanplus/5.10.1/build/Alien-SDL-1.413/blib/lib/auto/share/dist/Alien-SDL/1.413_20143b06/include/smpeg -DHAVE_SDL -DHAVE_SDL_GFX_FRAMERATE -fPIC -c -fno-strict-aliasing -pipe -fstack-protector -I/usr/pkg/include -O -o lib/SDL/GFX/FPSManager.o lib/SDL/GFX/FPSManager.c
ExtUtils::Mkbootstrap::Mkbootstrap('blib/arch/auto/SDL/GFX/FPSManager/FPSManager.bs')
cc --whole-archive -shared -L/usr/pkg/lib -fstack-protector -o blib/arch/auto/SDL/GFX/FPSManager/FPSManager.so lib/SDL/GFX/FPSManager.o src/support/win32.o -L/home/cpan/pit/bare/conf/perl-5.10.1/.cpanplus/5.10.1/build/Alien-SDL-1.413/blib/lib/auto/share/dist/Alien-SDL/1.413_20143b06/lib -Wl,-rpath,/home/cpan/pit/bare/conf/perl-5.10.1/.cpanplus/5.10.1/build/Alien-SDL-1.413/blib/lib/auto/share/dist/Alien-SDL/1.413_20143b06/lib -lSDL -lpthread -lSDL -lSDL_gfx
cc -Isrc -I/home/cpan/pit/bare/perl-5.10.1/lib/5.10.1/amd64-netbsd/CORE -DXS_VERSION="2.516" -DVERSION="2.516" -DPIC -fPIC -DNOSIGCATCH -O2 -I/home/cpan/pit/bare/conf/perl-5.10.1/.cpanplus/5.10.1/build/Alien-SDL-1.413/blib/lib/auto/share/dist/Alien-SDL/1.413_20143b06/include/SDL -D_GNU_SOURCE=1 -D_REENTRANT -D_THREAD_SAFE -I/home/cpan/pit/bare/conf/perl-5.10.1/.cpanplus/5.10.1/build/Alien-SDL-1.413/blib/lib/auto/share/dist/Alien-SDL/1.413_20143b06/include -I/home/cpan/pit/bare/conf/perl-5.10.1/.cpanplus/5.10.1/build/Alien-SDL-1.413/blib/lib/auto/share/dist/Alien-SDL/1.413_20143b06/include/smpeg -DHAVE_SDL -DHAVE_SDL_MIXER -fPIC -c -fno-strict-aliasing -pipe -fstack-protector -I/usr/pkg/include -O -o lib/SDL/Mixer/Samples.o lib/SDL/Mixer/Samples.c
ExtUtils::Mkbootstrap::Mkbootstrap('blib/arch/auto/SDL/Mixer/Samples/Samples.bs')
cc --whole-archive -shared -L/usr/pkg/lib -fstack-protector -o blib/arch/auto/SDL/Mixer/Samples/Samples.so lib/SDL/Mixer/Samples.o src/support/win32.o -L/home/cpan/pit/bare/conf/perl-5.10.1/.cpanplus/5.10.1/build/Alien-SDL-1.413/blib/lib/auto/share/dist/Alien-SDL/1.413_20143b06/lib -Wl,-rpath,/home/cpan/pit/bare/conf/perl-5.10.1/.cpanplus/5.10.1/build/Alien-SDL-1.413/blib/lib/auto/share/dist/Alien-SDL/1.413_20143b06/lib -lSDL -lpthread -lSDL -lSDL_mixer
cc -Isrc -I/home/cpan/pit/bare/perl-5.10.1/lib/5.10.1/amd64-netbsd/CORE -DXS_VERSION="2.516" -DVERSION="2.516" -DPIC -fPIC -DNOSIGCATCH -O2 -I/home/cpan/pit/bare/conf/perl-5.10.1/.cpanplus/5.10.1/build/Alien-SDL-1.413/blib/lib/auto/share/dist/Alien-SDL/1.413_20143b06/include/SDL -D_GNU_SOURCE=1 -D_REENTRANT -D_THREAD_SAFE -I/home/cpan/pit/bare/conf/perl-5.10.1/.cpanplus/5.10.1/build/Alien-SDL-1.413/blib/lib/auto/share/dist/Alien-SDL/1.413_20143b06/include -I/home/cpan/pit/bare/conf/perl-5.10.1/.cpanplus/5.10.1/build/Alien-SDL-1.413/blib/lib/auto/share/dist/Alien-SDL/1.413_20143b06/include/smpeg -DHAVE_SDL -fPIC -c -fno-strict-aliasing -pipe -fstack-protector -I/usr/pkg/include -O -o lib/SDL/Video.o lib/SDL/Video.c
ExtUtils::Mkbootstrap::Mkbootstrap('blib/arch/auto/SDL/Video/Video.bs')
cc --whole-archive -shared -L/usr/pkg/lib -fstack-protector -o blib/arch/auto/SDL/Video/Video.so lib/SDL/Video.o src/support/win32.o -L/home/cpan/pit/bare/conf/perl-5.10.1/.cpanplus/5.10.1/build/Alien-SDL-1.413/blib/lib/auto/share/dist/Alien-SDL/1.413_20143b06/lib -Wl,-rpath,/home/cpan/pit/bare/conf/perl-5.10.1/.cpanplus/5.10.1/build/Alien-SDL-1.413/blib/lib/auto/share/dist/Alien-SDL/1.413_20143b06/lib -lSDL -lpthread -lSDL
cc -Isrc -I/home/cpan/pit/bare/perl-5.10.1/lib/5.10.1/amd64-netbsd/CORE -DXS_VERSION="2.516" -DVERSION="2.516" -DPIC -fPIC -DNOSIGCATCH -O2 -I/home/cpan/pit/bare/conf/perl-5.10.1/.cpanplus/5.10.1/build/Alien-SDL-1.413/blib/lib/auto/share/dist/Alien-SDL/1.413_20143b06/include/SDL -D_GNU_SOURCE=1 -D_REENTRANT -D_THREAD_SAFE -I/home/cpan/pit/bare/conf/perl-5.10.1/.cpanplus/5.10.1/build/Alien-SDL-1.413/blib/lib/auto/share/dist/Alien-SDL/1.413_20143b06/include -I/home/cpan/pit/bare/conf/perl-5.10.1/.cpanplus/5.10.1/build/Alien-SDL-1.413/blib/lib/auto/share/dist/Alien-SDL/1.413_20143b06/include/smpeg -DHAVE_SDL -fPIC -c -fno-strict-aliasing -pipe -fstack-protector -I/usr/pkg/include -O -o lib/SDL/Joystick.o lib/SDL/Joystick.c
ExtUtils::Mkbootstrap::Mkbootstrap('blib/arch/auto/SDL/Joystick/Joystick.bs')
cc --whole-archive -shared -L/usr/pkg/lib -fstack-protector -o blib/arch/auto/SDL/Joystick/Joystick.so lib/SDL/Joystick.o src/support/win32.o -L/home/cpan/pit/bare/conf/perl-5.10.1/.cpanplus/5.10.1/build/Alien-SDL-1.413/blib/lib/auto/share/dist/Alien-SDL/1.413_20143b06/lib -Wl,-rpath,/home/cpan/pit/bare/conf/perl-5.10.1/.cpanplus/5.10.1/build/Alien-SDL-1.413/blib/lib/auto/share/dist/Alien-SDL/1.413_20143b06/lib -lSDL -lpthread -lSDL
cc -Isrc -I/home/cpan/pit/bare/perl-5.10.1/lib/5.10.1/amd64-netbsd/CORE -DXS_VERSION="2.516" -DVERSION="2.516" -DPIC -fPIC -DNOSIGCATCH -O2 -I/home/cpan/pit/bare/conf/perl-5.10.1/.cpanplus/5.10.1/build/Alien-SDL-1.413/blib/lib/auto/share/dist/Alien-SDL/1.413_20143b06/include/SDL -D_GNU_SOURCE=1 -D_REENTRANT -D_THREAD_SAFE -I/home/cpan/pit/bare/conf/perl-5.10.1/.cpanplus/5.10.1/build/Alien-SDL-1.413/blib/lib/auto/share/dist/Alien-SDL/1.413_20143b06/include -I/home/cpan/pit/bare/conf/perl-5.10.1/.cpanplus/5.10.1/build/Alien-SDL-1.413/blib/lib/auto/share/dist/Alien-SDL/1.413_20143b06/include/smpeg -DHAVE_SDL -fPIC -c -fno-strict-aliasing -pipe -fstack-protector -I/usr/pkg/include -O -o lib/SDL/Version.o lib/SDL/Version.c
ExtUtils::Mkbootstrap::Mkbootstrap('blib/arch/auto/SDL/Version/Version.bs')
cc --whole-archive -shared -L/usr/pkg/lib -fstack-protector -o blib/arch/auto/SDL/Version/Version.so lib/SDL/Version.o src/support/win32.o -L/home/cpan/pit/bare/conf/perl-5.10.1/.cpanplus/5.10.1/build/Alien-SDL-1.413/blib/lib/auto/share/dist/Alien-SDL/1.413_20143b06/lib -Wl,-rpath,/home/cpan/pit/bare/conf/perl-5.10.1/.cpanplus/5.10.1/build/Alien-SDL-1.413/blib/lib/auto/share/dist/Alien-SDL/1.413_20143b06/lib -lSDL -lpthread -lSDL
cc -Isrc -I/home/cpan/pit/bare/perl-5.10.1/lib/5.10.1/amd64-netbsd/CORE -DXS_VERSION="2.516" -DVERSION="2.516" -DPIC -fPIC -DNOSIGCATCH -O2 -I/home/cpan/pit/bare/conf/perl-5.10.1/.cpanplus/5.10.1/build/Alien-SDL-1.413/blib/lib/auto/share/dist/Alien-SDL/1.413_20143b06/include/SDL -D_GNU_SOURCE=1 -D_REENTRANT -D_THREAD_SAFE -I/home/cpan/pit/bare/conf/perl-5.10.1/.cpanplus/5.10.1/build/Alien-SDL-1.413/blib/lib/auto/share/dist/Alien-SDL/1.413_20143b06/include -I/home/cpan/pit/bare/conf/perl-5.10.1/.cpanplus/5.10.1/build/Alien-SDL-1.413/blib/lib/auto/share/dist/Alien-SDL/1.413_20143b06/include/smpeg -DHAVE_SDL -DHAVE_SDL_GFX_PRIMITIVES -fPIC -c -fno-strict-aliasing -pipe -fstack-protector -I/usr/pkg/include -O -o lib/SDL/GFX/Primitives.o lib/SDL/GFX/Primitives.c
ExtUtils::Mkbootstrap::Mkbootstrap('blib/arch/auto/SDL/GFX/Primitives/Primitives.bs')
cc --whole-archive -shared -L/usr/pkg/lib -fstack-protector -o blib/arch/auto/SDL/GFX/Primitives/Primitives.so lib/SDL/GFX/Primitives.o src/support/win32.o -L/home/cpan/pit/bare/conf/perl-5.10.1/.cpanplus/5.10.1/build/Alien-SDL-1.413/blib/lib/auto/share/dist/Alien-SDL/1.413_20143b06/lib -Wl,-rpath,/home/cpan/pit/bare/conf/perl-5.10.1/.cpanplus/5.10.1/build/Alien-SDL-1.413/blib/lib/auto/share/dist/Alien-SDL/1.413_20143b06/lib -lSDL -lpthread -lSDL -lSDL_gfx
cc -Isrc -I/home/cpan/pit/bare/perl-5.10.1/lib/5.10.1/amd64-netbsd/CORE -DXS_VERSION="2.516" -DVERSION="2.516" -DPIC -fPIC -DNOSIGCATCH -O2 -I/home/cpan/pit/bare/conf/perl-5.10.1/.cpanplus/5.10.1/build/Alien-SDL-1.413/blib/lib/auto/share/dist/Alien-SDL/1.413_20143b06/include/SDL -D_GNU_SOURCE=1 -D_REENTRANT -D_THREAD_SAFE -I/home/cpan/pit/bare/conf/perl-5.10.1/.cpanplus/5.10.1/build/Alien-SDL-1.413/blib/lib/auto/share/dist/Alien-SDL/1.413_20143b06/include -I/home/cpan/pit/bare/conf/perl-5.10.1/.cpanplus/5.10.1/build/Alien-SDL-1.413/blib/lib/auto/share/dist/Alien-SDL/1.413_20143b06/include/smpeg -DHAVE_SDL -DHAVE_SDL_IMAGE -fPIC -c -fno-strict-aliasing -pipe -fstack-protector -I/usr/pkg/include -O -o lib/SDLx/SFont.o lib/SDLx/SFont.c
ExtUtils::Mkbootstrap::Mkbootstrap('blib/arch/auto/SDLx/SFont/SFont.bs')
cc --whole-archive -shared -L/usr/pkg/lib -fstack-protector -o blib/arch/auto/SDLx/SFont/SFont.so lib/SDLx/SFont.o src/support/win32.o -L/home/cpan/pit/bare/conf/perl-5.10.1/.cpanplus/5.10.1/build/Alien-SDL-1.413/blib/lib/auto/share/dist/Alien-SDL/1.413_20143b06/lib -Wl,-rpath,/home/cpan/pit/bare/conf/perl-5.10.1/.cpanplus/5.10.1/build/Alien-SDL-1.413/blib/lib/auto/share/dist/Alien-SDL/1.413_20143b06/lib -lSDL -lpthread -lSDL -lSDL_image
cc -Isrc -I/home/cpan/pit/bare/perl-5.10.1/lib/5.10.1/amd64-netbsd/CORE -DXS_VERSION="2.516" -DVERSION="2.516" -DPIC -fPIC -DNOSIGCATCH -O2 -I/home/cpan/pit/bare/conf/perl-5.10.1/.cpanplus/5.10.1/build/Alien-SDL-1.413/blib/lib/auto/share/dist/Alien-SDL/1.413_20143b06/include/SDL -D_GNU_SOURCE=1 -D_REENTRANT -D_THREAD_SAFE -I/home/cpan/pit/bare/conf/perl-5.10.1/.cpanplus/5.10.1/build/Alien-SDL-1.413/blib/lib/auto/share/dist/Alien-SDL/1.413_20143b06/include -I/home/cpan/pit/bare/conf/perl-5.10.1/.cpanplus/5.10.1/build/Alien-SDL-1.413/blib/lib/auto/share/dist/Alien-SDL/1.413_20143b06/include/smpeg -DHAVE_SDL -fPIC -c -fno-strict-aliasing -pipe -fstack-protector -I/usr/pkg/include -O -o lib/SDL/PixelFormat.o lib/SDL/PixelFormat.c
ExtUtils::Mkbootstrap::Mkbootstrap('blib/arch/auto/SDL/PixelFormat/PixelFormat.bs')
cc --whole-archive -shared -L/usr/pkg/lib -fstack-protector -o blib/arch/auto/SDL/PixelFormat/PixelFormat.so lib/SDL/PixelFormat.o src/support/win32.o -L/home/cpan/pit/bare/conf/perl-5.10.1/.cpanplus/5.10.1/build/Alien-SDL-1.413/blib/lib/auto/share/dist/Alien-SDL/1.413_20143b06/lib -Wl,-rpath,/home/cpan/pit/bare/conf/perl-5.10.1/.cpanplus/5.10.1/build/Alien-SDL-1.413/blib/lib/auto/share/dist/Alien-SDL/1.413_20143b06/lib -lSDL -lpthread -lSDL
cc -Isrc -I/home/cpan/pit/bare/perl-5.10.1/lib/5.10.1/amd64-netbsd/CORE -DXS_VERSION="2.516" -DVERSION="2.516" -DPIC -fPIC -DNOSIGCATCH -O2 -I/home/cpan/pit/bare/conf/perl-5.10.1/.cpanplus/5.10.1/build/Alien-SDL-1.413/blib/lib/auto/share/dist/Alien-SDL/1.413_20143b06/include/SDL -D_GNU_SOURCE=1 -D_REENTRANT -D_THREAD_SAFE -I/home/cpan/pit/bare/conf/perl-5.10.1/.cpanplus/5.10.1/build/Alien-SDL-1.413/blib/lib/auto/share/dist/Alien-SDL/1.413_20143b06/include -I/home/cpan/pit/bare/conf/perl-5.10.1/.cpanplus/5.10.1/build/Alien-SDL-1.413/blib/lib/auto/share/dist/Alien-SDL/1.413_20143b06/include/smpeg -DHAVE_SDL -fPIC -c -fno-strict-aliasing -pipe -fstack-protector -I/usr/pkg/include -O -o lib/SDL/Time.o lib/SDL/Time.c
lib/SDL/Time.xs: In function 'XS_SDL__Time_add_timer':
lib/SDL/Time.xs:57: warning: cast to pointer from integer of different size
ExtUtils::Mkbootstrap::Mkbootstrap('blib/arch/auto/SDL/Time/Time.bs')
cc --whole-archive -shared -L/usr/pkg/lib -fstack-protector -o blib/arch/auto/SDL/Time/Time.so lib/SDL/Time.o src/support/win32.o -L/home/cpan/pit/bare/conf/perl-5.10.1/.cpanplus/5.10.1/build/Alien-SDL-1.413/blib/lib/auto/share/dist/Alien-SDL/1.413_20143b06/lib -Wl,-rpath,/home/cpan/pit/bare/conf/perl-5.10.1/.cpanplus/5.10.1/build/Alien-SDL-1.413/blib/lib/auto/share/dist/Alien-SDL/1.413_20143b06/lib -lSDL -lpthread -lSDL

[ERROR] [Wed Sep 22 14:57:42 2010] MAKE TEST failed:
[Alien::SDL] Build option used:
	Source code build: SDL-1.2.14 & co. (no PANGO, no TTF)
	builds: SDL, SDL_(image|mixer|net|gfx)
Building SDL
t/00-load.t ..................... ok
t/colorpm.t ..................... ok
t/config.t ...................... ok
t/core.t ........................ ok
t/core_audio.t .................. skipped: Perl not compiled with 'useithreads'
t/core_audiospec.t .............. skipped: Perl not compiled with 'useithreads'
t/core_cd.t ..................... ok
t/core_error.t .................. ok
t/core_events.t ................. ok
t/core_joystick.t ............... ok
t/core_mouse.t .................. ok
t/core_multi.t .................. ok
t/core_overlay.t ................ ok
t/core_palette.t ................ ok
t/core_rect.t ................... ok
t/core_rwops.t .................. ok
t/core_surface.t ................ ok
t/core_timer.t .................. skipped: Perl not compiled with 'useithreads'
t/core_version.t ................ ok
t/core_video.t .................. ok
t/core_video_convert_surface.t .. ok
t/core_video_gamma.t ............ ok
t/extendingrect.t ............... ok
t/gfx.t ......................... ok
t/gfx_fpsmanager.t .............. ok
t/gfx_framerate.t ............... ok
t/gfx_imagefilter.t ............. ok
t/gfx_primitives.t .............. ok
t/gfx_primitives2.t ............. ok
t/gfx_rotozoom.t ................ ok
t/image.t ....................... ok
t/image_xpm_array.t ............. ok
t/mixer.t ....................... skipped: Perl not compiled with 'useithreads'
t/mixer_channels.t .............. skipped: Perl not compiled with 'useithreads'
t/mixer_effects.t ............... skipped: Perl not compiled with 'useithreads'
t/mixer_groups.t ................ skipped: Perl not compiled with 'useithreads'
t/mixer_mixchunk.t .............. skipped: Perl not compiled with 'useithreads'
t/mixer_mixmusic.t .............. skipped: Perl not compiled with 'useithreads'
t/mixer_music.t ................. skipped: Perl not compiled with 'useithreads'
t/mixer_samples.t ............... skipped: Perl not compiled with 'useithreads'
t/mpegpm.t ...................... skipped: smpeg support not compiled
t/pango.t ....................... skipped: SDL_Pango support not compiled
t/sdlgamerect.t ................. ok
t/sdlx_app.t .................... ok
t/sdlx_controller.t ............. ok
t/sdlx_controller_interface.t ... 
All 22 subtests passed 
t/sdlx_layermanager.t ........... ok
t/sdlx_sfont.t .................. ok
t/sdlx_sound.t .................. skipped: Perl not compiled with 'useithreads'
t/sdlx_sprite.t ................. ok
t/sdlx_sprite_animated.t ........ ok
t/sdlx_surface.t ................ ok
t/sdlx_validate.t ............... ok
t/smpeg.t ....................... skipped: smpeg support not compiled
t/ttf.t ......................... skipped: SDL_ttf support not compiled
t/ttf_font.t .................... skipped: SDL_ttf support not compiled

Test Summary Report
-------------------
t/core.t                      (Wstat: 0 Tests: 28 Failed: 0)
  TODO passed:   21-22
t/core_video.t                (Wstat: 0 Tests: 110 Failed: 0)
  TODO passed:   57, 59
t/sdlx_controller_interface.t (Wstat: 139 Tests: 22 Failed: 0)
  Non-zero wait status: 139
  Parse errors: No plan found in TAP output
Files=56, Tests=1810, 57 wallclock secs ( 0.55 usr  0.12 sys +  6.88 cusr  3.71 csys = 11.26 CPU)
Result: FAIL
Failed 1/56 test programs. 0/1810 subtests failed.
BEGIN failed--compilation aborted at /home/cpan/pit/bare/perl-5.10.1/bin/cpanp-run-perl line 8.
 
[MSG] [Wed Sep 22 14:57:42 2010] DEFAULT 'proceed_on_test_failure' HANDLER RETURNING 'sub return value'

PREREQUISITES:

Here is a list of prerequisites you specified and versions we 
managed to load:
                                
	  Module Name                        Have     Want
	  Alien::SDL                        1.413    1.413
	  CPAN                             1.9402     1.92
	  ExtUtils::CBuilder               0.2703        0
	  File::ShareDir                     1.02        0
	  IO::CaptureOutput                1.1102        0
	  Test::Most                         0.23     0.21
	  Test::Simple                       0.96     0.88
	  Tie::Simple                        1.03        0

Perl module toolchain versions installed:
	Module Name                        Have
	CPANPLUS                         0.9007
	CPANPLUS::Dist::Build              0.48
	Cwd                                3.31
	ExtUtils::CBuilder               0.2703
	ExtUtils::Command                  1.16
	ExtUtils::Install                  1.54
	ExtUtils::MakeMaker                6.56
	ExtUtils::Manifest                 1.58
	ExtUtils::ParseXS                2.2206
	File::Spec                         3.31
	Module::Build                    0.3607
	Test::Harness                      3.22
	Test::More                         0.96
	version                            0.82

******************************** NOTE ********************************
The comments above are created mechanically, possibly without manual
checking by the sender.  As there are many people performing automatic
tests on each upload to CPAN, it is likely that you will receive 
identical messages about the same problem.

If you believe that the message is mistaken, please reply to the first
one with correction and/or additional informations, and do not take
it personally.  We appreciate your patience. :)
**********************************************************************

Additional comments:
 

This report was machine-generated by CPANPLUS::Dist::YACSmoke 0.58.
Powered by minismokebox version 0.30

------------------------------
ENVIRONMENT AND OTHER CONTEXT
------------------------------

Environment variables:

    AUTOMATED_TESTING = 1
    PATH = /home/cpan/bin:/bin:/sbin:/usr/bin:/usr/sbin:/usr/X11R7/bin:/usr/X11R6/bin:/usr/pkg/bin:/usr/pkg/sbin:/usr/games:/usr/local/bin:/usr/local/sbin
    PERL5LIB = :/home/cpan/pit/bare/conf/perl-5.10.1/.cpanplus/5.10.1/build/File-Path-2.08/blib/lib:/home/cpan/pit/bare/conf/perl-5.10.1/.cpanplus/5.10.1/build/File-Path-2.08/blib/arch:/home/cpan/pit/bare/conf/perl-5.10.1/.cpanplus/5.10.1/build/Class-Inspector-1.24/blib/lib:/home/cpan/pit/bare/conf/perl-5.10.1/.cpanplus/5.10.1/build/Class-Inspector-1.24/blib/arch:/home/cpan/pit/bare/conf/perl-5.10.1/.cpanplus/5.10.1/build/File-ShareDir-1.02/blib/lib:/home/cpan/pit/bare/conf/perl-5.10.1/.cpanplus/5.10.1/build/File-ShareDir-1.02/blib/arch:/home/cpan/pit/bare/conf/perl-5.10.1/.cpanplus/5.10.1/build/Algorithm-Diff-1.1902/blib/lib:/home/cpan/pit/bare/conf/perl-5.10.1/.cpanplus/5.10.1/build/Algorithm-Diff-1.1902/blib/arch:/home/cpan/pit/bare/conf/perl-5.10.1/.cpanplus/5.10.1/build/Text-Diff-1.37/blib/lib:/home/cpan/pit/bare/conf/perl-5.10.1/.cpanplus/5.10.1/build/Text-Diff-1.37/blib/arch:/home/cpan/pit/bare/conf/perl-5.10.1/.cpanplus/5.10.1/build/Text-Patch-1.5/blib/lib:/home/cpan/pit/bare/conf/perl-5.10.1/.cpanplus/5.10.1/build/Text-Patch-1.5/blib/arch:/home/cpan/pit/bare/conf/perl-5.10.1/.cpanplus/5.10.1/build/Archive-Zip-1.30/blib/lib:/home/cpan/pit/bare/conf/perl-5.10.1/.cpanplus/5.10.1/build/Archive-Zip-1.30/blib/arch:/home/cpan/pit/bare/conf/perl-5.10.1/.cpanplus/5.10.1/build/Alien-SDL-1.413/blib/lib:/home/cpan/pit/bare/conf/perl-5.10.1/.cpanplus/5.10.1/build/Alien-SDL-1.413/blib/arch:/home/cpan/pit/bare/conf/perl-5.10.1/.cpanplus/5.10.1/build/IO-CaptureOutput-1.1102/blib/lib:/home/cpan/pit/bare/conf/perl-5.10.1/.cpanplus/5.10.1/build/IO-CaptureOutput-1.1102/blib/arch:/home/cpan/pit/bare/conf/perl-5.10.1/.cpanplus/5.10.1/build/Tie-Simple-1.03/blib/lib:/home/cpan/pit/bare/conf/perl-5.10.1/.cpanplus/5.10.1/build/Tie-Simple-1.03/blib/arch:/home/cpan/pit/bare/conf/perl-5.10.1/.cpanplus/5.10.1/build/Class-Data-Inheritable-0.08/blib/lib:/home/cpan/pit/bare/conf/perl-5.10.1/.cpanplus/5.10.1/build/Class-Data-Inheritable-0.08/blib/arch:/home/cpan/pit/bare/conf/perl-5.10.1/.cpanplus/5.10.1/build/Devel-StackTrace-1.25/blib/lib:/home/cpan/pit/bare/conf/perl-5.10.1/.cpanplus/5.10.1/build/Devel-StackTrace-1.25/blib/arch:/home/cpan/pit/bare/conf/perl-5.10.1/.cpanplus/5.10.1/build/Exception-Class-1.32/blib/lib:/home/cpan/pit/bare/conf/perl-5.10.1/.cpanplus/5.10.1/build/Exception-Class-1.32/blib/arch:/home/cpan/pit/bare/conf/perl-5.10.1/.cpanplus/5.10.1/build/Test-Tester-0.107/blib/lib:/home/cpan/pit/bare/conf/perl-5.10.1/.cpanplus/5.10.1/build/Test-Tester-0.107/blib/arch:/home/cpan/pit/bare/conf/perl-5.10.1/.cpanplus/5.10.1/build/Test-NoWarnings-1.02/blib/lib:/home/cpan/pit/bare/conf/perl-5.10.1/.cpanplus/5.10.1/build/Test-NoWarnings-1.02/blib/arch:/home/cpan/pit/bare/conf/perl-5.10.1/.cpanplus/5.10.1/build/Test-Deep-0.106/blib/lib:/home/cpan/pit/bare/conf/perl-5.10.1/.cpanplus/5.10.1/build/Test-Deep-0.106/blib/arch:/home/cpan/pit/bare/conf/perl-5.10.1/.cpanplus/5.10.1/build/Test-Differences-0.500/blib/lib:/home/cpan/pit/bare/conf/perl-5.10.1/.cpanplus/5.10.1/build/Test-Differences-0.500/blib/arch:/home/cpan/pit/bare/conf/perl-5.10.1/.cpanplus/5.10.1/build/Sub-Uplevel-0.22/blib/lib:/home/cpan/pit/bare/conf/perl-5.10.1/.cpanplus/5.10.1/build/Sub-Uplevel-0.22/blib/arch:/home/cpan/pit/bare/conf/perl-5.10.1/.cpanplus/5.10.1/build/Test-Exception-0.29/blib/lib:/home/cpan/pit/bare/conf/perl-5.10.1/.cpanplus/5.10.1/build/Test-Exception-0.29/blib/arch:/home/cpan/pit/bare/conf/perl-5.10.1/.cpanplus/5.10.1/build/Tree-DAG_Node-1.06/blib/lib:/home/cpan/pit/bare/conf/perl-5.10.1/.cpanplus/5.10.1/build/Tree-DAG_Node-1.06/blib/arch:/home/cpan/pit/bare/conf/perl-5.10.1/.cpanplus/5.10.1/build/Test-Warn-0.22/blib/lib:/home/cpan/pit/bare/conf/perl-5.10.1/.cpanplus/5.10.1/build/Test-Warn-0.22/blib/arch:/home/cpan/pit/bare/conf/perl-5.10.1/.cpanplus/5.10.1/build/Test-Most-0.23/blib/lib:/home/cpan/pit/bare/conf/perl-5.10.1/.cpanplus/5.10.1/build/Test-Most-0.23/blib/arch:/home/cpan/pit/bare/conf/perl-5.10.1/.cpanplus/5.10.1/build/SDL-2.516/blib/lib:/home/cpan/pit/bare/conf/perl-5.10.1/.cpanplus/5.10.1/build/SDL-2.516/blib/arch
    PERL5_CPANPLUS_IS_RUNNING = 26064
    PERL5_CPANPLUS_IS_VERSION = 0.9007
    PERL5_MINISMOKEBOX = 0.30
    PERL5_YACSMOKE_BASE = /home/cpan/pit/bare/conf/perl-5.10.1
    PERL_EXTUTILS_AUTOINSTALL = --defaultdeps
    PERL_MM_USE_DEFAULT = 1
    SHELL = /usr/pkg/bin/bash
    TERM = screen

Perl special variables (and OS-specific diagnostics, for MSWin32):

    Perl: $^X = /home/cpan/pit/bare/perl-5.10.1/bin/perl
    UID:  $<  = 1001
    EUID: $>  = 1001
    GID:  $(  = 100 100
    EGID: $)  = 100 100


-------------------------------


--

Summary of my perl5 (revision 5 version 10 subversion 1) configuration:
   
  Platform:
    osname=netbsd, osvers=5.1_rc3, archname=amd64-netbsd
    uname='netbsd fubar.bingosnet.co.uk 5.1_rc3 netbsd 5.1_rc3 (generic) #0: sat jun 12 20:26:01 utc 2010 builds@b8.netbsd.org:homebuildsabnetbsd-5-1-rc3amd64201006130031z-objhomebuildsabnetbsd-5-1-rc3srcsysarchamd64compilegeneric amd64 '
    config_args='-des -Dprefix=/home/cpan/pit/bare/perl-5.10.1 -Dusemallocwrap=y -Dusemymalloc=n'
    hint=recommended, useposix=true, d_sigaction=define
    useithreads=undef, usemultiplicity=undef
    useperlio=define, d_sfio=undef, uselargefiles=define, usesocks=undef
    use64bitint=define, use64bitall=define, uselongdouble=undef
    usemymalloc=n, bincompat5005=undef
  Compiler:
    cc='cc', ccflags ='-fno-strict-aliasing -pipe -fstack-protector -I/usr/pkg/include',
    optimize='-O',
    cppflags='-fno-strict-aliasing -pipe -fstack-protector -I/usr/pkg/include'
    ccversion='', gccversion='4.1.3 20080704 prerelease (NetBSD nb2 20081120)', gccosandvers=''
    intsize=4, longsize=8, ptrsize=8, doublesize=8, byteorder=12345678
    d_longlong=define, longlongsize=8, d_longdbl=define, longdblsize=16
    ivtype='long', ivsize=8, nvtype='double', nvsize=8, Off_t='off_t', lseeksize=8
    alignbytes=8, prototype=define
  Linker and Libraries:
    ld='cc', ldflags =' -Wl,-rpath,/usr/pkg/lib -Wl,-rpath,/usr/local/lib -fstack-protector -L/usr/pkg/lib'
    libpth=/usr/pkg/lib /lib /usr/lib
    libs=-lm -lcrypt -lutil -lc -lposix
    perllibs=-lm -lcrypt -lutil -lc -lposix
    libc=/lib/libc.so, so=so, useshrplib=false, libperl=libperl.a
    gnulibc_version=''
  Dynamic Linking:
    dlsrc=dl_dlopen.xs, dlext=so, d_dlsymun=undef, ccdlflags='-Wl,-E '
    cccdlflags='-DPIC -fPIC ', lddlflags='--whole-archive -shared  -L/usr/pkg/lib -fstack-protector'


Characteristics of this binary (from libperl): 
  Compile-time options: PERL_DONT_CREATE_GVSV PERL_MALLOC_WRAP USE_64_BIT_ALL
                        USE_64_BIT_INT USE_LARGE_FILES USE_PERLIO
  Built under netbsd
  Compiled at Sep 14 2010 22:50:40
  %ENV:
    PERL5LIB=":/home/cpan/pit/bare/conf/perl-5.10.1/.cpanplus/5.10.1/build/File-Path-2.08/blib/lib:/home/cpan/pit/bare/conf/perl-5.10.1/.cpanplus/5.10.1/build/File-Path-2.08/blib/arch:/home/cpan/pit/bare/conf/perl-5.10.1/.cpanplus/5.10.1/build/Class-Inspector-1.24/blib/lib:/home/cpan/pit/bare/conf/perl-5.10.1/.cpanplus/5.10.1/build/Class-Inspector-1.24/blib/arch:/home/cpan/pit/bare/conf/perl-5.10.1/.cpanplus/5.10.1/build/File-ShareDir-1.02/blib/lib:/home/cpan/pit/bare/conf/perl-5.10.1/.cpanplus/5.10.1/build/File-ShareDir-1.02/blib/arch:/home/cpan/pit/bare/conf/perl-5.10.1/.cpanplus/5.10.1/build/Algorithm-Diff-1.1902/blib/lib:/home/cpan/pit/bare/conf/perl-5.10.1/.cpanplus/5.10.1/build/Algorithm-Diff-1.1902/blib/arch:/home/cpan/pit/bare/conf/perl-5.10.1/.cpanplus/5.10.1/build/Text-Diff-1.37/blib/lib:/home/cpan/pit/bare/conf/perl-5.10.1/.cpanplus/5.10.1/build/Text-Diff-1.37/blib/arch:/home/cpan/pit/bare/conf/perl-5.10.1/.cpanplus/5.10.1/build/Text-Patch-1.5/blib/lib:/home/cpan/pit/bare/conf/perl-5.10.1/.cpanplus/5.10.1/build/Text-Patch-1.5/blib/arch:/home/cpan/pit/bare/conf/perl-5.10.1/.cpanplus/5.10.1/build/Archive-Zip-1.30/blib/lib:/home/cpan/pit/bare/conf/perl-5.10.1/.cpanplus/5.10.1/build/Archive-Zip-1.30/blib/arch:/home/cpan/pit/bare/conf/perl-5.10.1/.cpanplus/5.10.1/build/Alien-SDL-1.413/blib/lib:/home/cpan/pit/bare/conf/perl-5.10.1/.cpanplus/5.10.1/build/Alien-SDL-1.413/blib/arch:/home/cpan/pit/bare/conf/perl-5.10.1/.cpanplus/5.10.1/build/IO-CaptureOutput-1.1102/blib/lib:/home/cpan/pit/bare/conf/perl-5.10.1/.cpanplus/5.10.1/build/IO-CaptureOutput-1.1102/blib/arch:/home/cpan/pit/bare/conf/perl-5.10.1/.cpanplus/5.10.1/build/Tie-Simple-1.03/blib/lib:/home/cpan/pit/bare/conf/perl-5.10.1/.cpanplus/5.10.1/build/Tie-Simple-1.03/blib/arch:/home/cpan/pit/bare/conf/perl-5.10.1/.cpanplus/5.10.1/build/Class-Data-Inheritable-0.08/blib/lib:/home/cpan/pit/bare/conf/perl-5.10.1/.cpanplus/5.10.1/build/Class-Data-Inheritable-0.08/blib/arch:/home/cpan/pit/bare/conf/perl-5.10.1/.cpanplus/5.10.1/build/Devel-StackTrace-1.25/blib/lib:/home/cpan/pit/bare/conf/perl-5.10.1/.cpanplus/5.10.1/build/Devel-StackTrace-1.25/blib/arch:/home/cpan/pit/bare/conf/perl-5.10.1/.cpanplus/5.10.1/build/Exception-Class-1.32/blib/lib:/home/cpan/pit/bare/conf/perl-5.10.1/.cpanplus/5.10.1/build/Exception-Class-1.32/blib/arch:/home/cpan/pit/bare/conf/perl-5.10.1/.cpanplus/5.10.1/build/Test-Tester-0.107/blib/lib:/home/cpan/pit/bare/conf/perl-5.10.1/.cpanplus/5.10.1/build/Test-Tester-0.107/blib/arch:/home/cpan/pit/bare/conf/perl-5.10.1/.cpanplus/5.10.1/build/Test-NoWarnings-1.02/blib/lib:/home/cpan/pit/bare/conf/perl-5.10.1/.cpanplus/5.10.1/build/Test-NoWarnings-1.02/blib/arch:/home/cpan/pit/bare/conf/perl-5.10.1/.cpanplus/5.10.1/build/Test-Deep-0.106/blib/lib:/home/cpan/pit/bare/conf/perl-5.10.1/.cpanplus/5.10.1/build/Test-Deep-0.106/blib/arch:/home/cpan/pit/bare/conf/perl-5.10.1/.cpanplus/5.10.1/build/Test-Differences-0.500/blib/lib:/home/cpan/pit/bare/conf/perl-5.10.1/.cpanplus/5.10.1/build/Test-Differences-0.500/blib/arch:/home/cpan/pit/bare/conf/perl-5.10.1/.cpanplus/5.10.1/build/Sub-Uplevel-0.22/blib/lib:/home/cpan/pit/bare/conf/perl-5.10.1/.cpanplus/5.10.1/build/Sub-Uplevel-0.22/blib/arch:/home/cpan/pit/bare/conf/perl-5.10.1/.cpanplus/5.10.1/build/Test-Exception-0.29/blib/lib:/home/cpan/pit/bare/conf/perl-5.10.1/.cpanplus/5.10.1/build/Test-Exception-0.29/blib/arch:/home/cpan/pit/bare/conf/perl-5.10.1/.cpanplus/5.10.1/build/Tree-DAG_Node-1.06/blib/lib:/home/cpan/pit/bare/conf/perl-5.10.1/.cpanplus/5.10.1/build/Tree-DAG_Node-1.06/blib/arch:/home/cpan/pit/bare/conf/perl-5.10.1/.cpanplus/5.10.1/build/Test-Warn-0.22/blib/lib:/home/cpan/pit/bare/conf/perl-5.10.1/.cpanplus/5.10.1/build/Test-Warn-0.22/blib/arch:/home/cpan/pit/bare/conf/perl-5.10.1/.cpanplus/5.10.1/build/Test-Most-0.23/blib/lib:/home/cpan/pit/bare/conf/perl-5.10.1/.cpanplus/5.10.1/build/Test-Most-0.23/blib/arch:/home/cpan/pit/bare/conf/perl-5.10.1/.cpanplus/5.10.1/build/SDL-2.516/blib/lib:/home/cpan/pit/bare/conf/perl-5.10.1/.cpanplus/5.10.1/build/SDL-2.516/blib/arch"
    PERL5_CPANPLUS_IS_RUNNING="26064"
    PERL5_CPANPLUS_IS_VERSION="0.9007"
    PERL5_MINISMOKEBOX="0.30"
    PERL5_YACSMOKE_BASE="/home/cpan/pit/bare/conf/perl-5.10.1"
    PERL_EXTUTILS_AUTOINSTALL="--defaultdeps"
    PERL_MM_USE_DEFAULT="1"
  @INC:
    /home/cpan/pit/bare/conf/perl-5.10.1/.cpanplus/5.10.1/build/File-Path-2.08/blib/lib
    /home/cpan/pit/bare/conf/perl-5.10.1/.cpanplus/5.10.1/build/File-Path-2.08/blib/arch
    /home/cpan/pit/bare/conf/perl-5.10.1/.cpanplus/5.10.1/build/Class-Inspector-1.24/blib/lib
    /home/cpan/pit/bare/conf/perl-5.10.1/.cpanplus/5.10.1/build/Class-Inspector-1.24/blib/arch
    /home/cpan/pit/bare/conf/perl-5.10.1/.cpanplus/5.10.1/build/File-ShareDir-1.02/blib/lib
    /home/cpan/pit/bare/conf/perl-5.10.1/.cpanplus/5.10.1/build/File-ShareDir-1.02/blib/arch
    /home/cpan/pit/bare/conf/perl-5.10.1/.cpanplus/5.10.1/build/Algorithm-Diff-1.1902/blib/lib
    /home/cpan/pit/bare/conf/perl-5.10.1/.cpanplus/5.10.1/build/Algorithm-Diff-1.1902/blib/arch
    /home/cpan/pit/bare/conf/perl-5.10.1/.cpanplus/5.10.1/build/Text-Diff-1.37/blib/lib
    /home/cpan/pit/bare/conf/perl-5.10.1/.cpanplus/5.10.1/build/Text-Diff-1.37/blib/arch
    /home/cpan/pit/bare/conf/perl-5.10.1/.cpanplus/5.10.1/build/Text-Patch-1.5/blib/lib
    /home/cpan/pit/bare/conf/perl-5.10.1/.cpanplus/5.10.1/build/Text-Patch-1.5/blib/arch
    /home/cpan/pit/bare/conf/perl-5.10.1/.cpanplus/5.10.1/build/Archive-Zip-1.30/blib/lib
    /home/cpan/pit/bare/conf/perl-5.10.1/.cpanplus/5.10.1/build/Archive-Zip-1.30/blib/arch
    /home/cpan/pit/bare/conf/perl-5.10.1/.cpanplus/5.10.1/build/Alien-SDL-1.413/blib/lib
    /home/cpan/pit/bare/conf/perl-5.10.1/.cpanplus/5.10.1/build/Alien-SDL-1.413/blib/arch
    /home/cpan/pit/bare/conf/perl-5.10.1/.cpanplus/5.10.1/build/IO-CaptureOutput-1.1102/blib/lib
    /home/cpan/pit/bare/conf/perl-5.10.1/.cpanplus/5.10.1/build/IO-CaptureOutput-1.1102/blib/arch
    /home/cpan/pit/bare/conf/perl-5.10.1/.cpanplus/5.10.1/build/Tie-Simple-1.03/blib/lib
    /home/cpan/pit/bare/conf/perl-5.10.1/.cpanplus/5.10.1/build/Tie-Simple-1.03/blib/arch
    /home/cpan/pit/bare/conf/perl-5.10.1/.cpanplus/5.10.1/build/Class-Data-Inheritable-0.08/blib/lib
    /home/cpan/pit/bare/conf/perl-5.10.1/.cpanplus/5.10.1/build/Class-Data-Inheritable-0.08/blib/arch
    /home/cpan/pit/bare/conf/perl-5.10.1/.cpanplus/5.10.1/build/Devel-StackTrace-1.25/blib/lib
    /home/cpan/pit/bare/conf/perl-5.10.1/.cpanplus/5.10.1/build/Devel-StackTrace-1.25/blib/arch
    /home/cpan/pit/bare/conf/perl-5.10.1/.cpanplus/5.10.1/build/Exception-Class-1.32/blib/lib
    /home/cpan/pit/bare/conf/perl-5.10.1/.cpanplus/5.10.1/build/Exception-Class-1.32/blib/arch
    /home/cpan/pit/bare/conf/perl-5.10.1/.cpanplus/5.10.1/build/Test-Tester-0.107/blib/lib
    /home/cpan/pit/bare/conf/perl-5.10.1/.cpanplus/5.10.1/build/Test-Tester-0.107/blib/arch
    /home/cpan/pit/bare/conf/perl-5.10.1/.cpanplus/5.10.1/build/Test-NoWarnings-1.02/blib/lib
    /home/cpan/pit/bare/conf/perl-5.10.1/.cpanplus/5.10.1/build/Test-NoWarnings-1.02/blib/arch
    /home/cpan/pit/bare/conf/perl-5.10.1/.cpanplus/5.10.1/build/Test-Deep-0.106/blib/lib
    /home/cpan/pit/bare/conf/perl-5.10.1/.cpanplus/5.10.1/build/Test-Deep-0.106/blib/arch
    /home/cpan/pit/bare/conf/perl-5.10.1/.cpanplus/5.10.1/build/Test-Differences-0.500/blib/lib
    /home/cpan/pit/bare/conf/perl-5.10.1/.cpanplus/5.10.1/build/Test-Differences-0.500/blib/arch
    /home/cpan/pit/bare/conf/perl-5.10.1/.cpanplus/5.10.1/build/Sub-Uplevel-0.22/blib/lib
    /home/cpan/pit/bare/conf/perl-5.10.1/.cpanplus/5.10.1/build/Sub-Uplevel-0.22/blib/arch
    /home/cpan/pit/bare/conf/perl-5.10.1/.cpanplus/5.10.1/build/Test-Exception-0.29/blib/lib
    /home/cpan/pit/bare/conf/perl-5.10.1/.cpanplus/5.10.1/build/Test-Exception-0.29/blib/arch
    /home/cpan/pit/bare/conf/perl-5.10.1/.cpanplus/5.10.1/build/Tree-DAG_Node-1.06/blib/lib
    /home/cpan/pit/bare/conf/perl-5.10.1/.cpanplus/5.10.1/build/Tree-DAG_Node-1.06/blib/arch
    /home/cpan/pit/bare/conf/perl-5.10.1/.cpanplus/5.10.1/build/Test-Warn-0.22/blib/lib
    /home/cpan/pit/bare/conf/perl-5.10.1/.cpanplus/5.10.1/build/Test-Warn-0.22/blib/arch
    /home/cpan/pit/bare/conf/perl-5.10.1/.cpanplus/5.10.1/build/Test-Most-0.23/blib/lib
    /home/cpan/pit/bare/conf/perl-5.10.1/.cpanplus/5.10.1/build/Test-Most-0.23/blib/arch
    /home/cpan/pit/bare/conf/perl-5.10.1/.cpanplus/5.10.1/build/SDL-2.516/blib/lib
    /home/cpan/pit/bare/conf/perl-5.10.1/.cpanplus/5.10.1/build/SDL-2.516/blib/arch
    /home/cpan/pit/bare/perl-5.10.1/lib/5.10.1/amd64-netbsd
    /home/cpan/pit/bare/perl-5.10.1/lib/5.10.1
    /home/cpan/pit/bare/perl-5.10.1/lib/site_perl/5.10.1/amd64-netbsd
    /home/cpan/pit/bare/perl-5.10.1/lib/site_perl/5.10.1
    .