Report for HTTP-Proxy-0.300

Back
From: metabase:user:30ae4450-2aae-11df-837a-5e0a49663a4f
Subject: FAIL HTTP-Proxy-0.300 v5.16.2 
Date: 2013-05-18T11:20:42Z

This distribution has been tested as part of the CPAN Testers
project, supporting the Perl programming language.  See
http://wiki.cpantesters.org/ for more information or email
questions to cpan-testers-discuss@perl.org


--
Dear Philippe Bruhat (BooK),

This is a computer-generated report for HTTP-Proxy-0.300
on perl 5.16.2, created by CPAN-Reporter-1.2010_01.

Thank you for uploading your work to CPAN.  However, there was a problem
testing your distribution.

If you think this report is invalid, please consult the CPAN Testers Wiki
for suggestions on how to avoid getting FAIL reports for missing library
or binary dependencies, unsupported operating systems, and so on:

http://wiki.cpantesters.org/wiki/CPANAuthorNotes

Sections of this report:

    * Tester comments
    * Program output
    * Prerequisites
    * Environment and other context

------------------------------
TESTER COMMENTS
------------------------------

Additional comments from tester:

none provided

------------------------------
PROGRAM OUTPUT
------------------------------

Output from 'C:\strawberry5162\perl\bin\perl.exe ./Build test':

t\00basic.t ......... ok
t\01pod.t ........... ok
t\02pod-coverage.t .. ok
t\05new.t ........... ok
t\10init.t .......... ok
t\11log.t ........... ok
maxconn is deprecated, please use max_connections at t\15accessors.t line 42.
maxserve is deprecated, please use max_keep_alive_requests at t\15accessors.t line 42.
t\15accessors.t ..... ok
t\15deprecated.t .... ok
t\16stash.t ......... ok
t\17fstack.t ........ ok
t\18engine.t ........ ok
t\20dummy.t ......... skipped: This test fails on MSWin32. HTTP::Proxy is usable on Win32 with maxchild => 0
t\20keepalive.t ..... skipped: This test fails on MSWin32. HTTP::Proxy is usable on Win32 with maxchild => 0
t\22http.t .......... ok
t\22transparent.t ... skipped: This test fails on MSWin32. HTTP::Proxy is usable on Win32 with maxchild => 0
t\23connect.t ....... skipped: Unable to make this test work correctly
t\23https.t ......... skipped: Can't make this work with Crypt::SSLeay
t\40push_filters.t .. ok
t\41filters.t ....... ok
t\42will_modify.t ... ok
t\50hopbyhop.t ...... ok
t\50standard.t ...... skipped: This test fails on MSWin32. HTTP::Proxy is usable on Win32 with maxchild => 0
t\50via.t ........... skipped: This test fails on MSWin32. HTTP::Proxy is usable on Win32 with maxchild => 0
t\51simple.t ........ ok
t\51simple2.t ....... ok
t\61simple.t ........ ok
t\61simple2.t ....... ok
t\64htmltext.t ...... ok
t\64lines.t ......... ok
t\64tags.t .......... ok
t\66htmlparser.t .... ok
t\67complete.t ...... ok
t\67save.t .......... ok
t\71rot13.t ......... ok

#   Failed test '201 => 201 read timeout'
#   at t\90httpstatus.t line 48.
#          got: '500'
#     expected: '201'

#   Failed test '202 => 202 read timeout'
#   at t\90httpstatus.t line 48.
#          got: '500'
#     expected: '202'

#   Failed test '203 => 203 read timeout'
#   at t\90httpstatus.t line 48.
#          got: '500'
#     expected: '203'

#   Failed test '204 => 204 read timeout'
#   at t\90httpstatus.t line 48.
#          got: '500'
#     expected: '204'

#   Failed test '205 => 205 read timeout'
#   at t\90httpstatus.t line 48.
#          got: '500'
#     expected: '205'

#   Failed test '206 => 206 Can't connect to 127.0.0.1:1066 (10061)'
#   at t\90httpstatus.t line 48.
#          got: '500'
#     expected: '206'

#   Failed test '300 => 300 Can't connect to 127.0.0.1:1066 (10061)'
#   at t\90httpstatus.t line 48.
#          got: '500'
#     expected: '300'

#   Failed test '304 => 304 Can't connect to 127.0.0.1:1066 (10061)'
#   at t\90httpstatus.t line 48.
#          got: '500'
#     expected: '304'

#   Failed test '306 => 306 Can't connect to 127.0.0.1:1066 (10061)'
#   at t\90httpstatus.t line 48.
#          got: '500'
#     expected: '306'

#   Failed test '301 => 301 Can't connect to 127.0.0.1:1066 (10061)'
#   at t\90httpstatus.t line 48.
#          got: '500'
#     expected: '301'

#   Failed test '302 => 302 Can't connect to 127.0.0.1:1066 (10061)'
#   at t\90httpstatus.t line 48.
#          got: '500'
#     expected: '302'

#   Failed test '303 => 303 Can't connect to 127.0.0.1:1066 (10061)'
#   at t\90httpstatus.t line 48.
#          got: '500'
#     expected: '303'

#   Failed test '305 => 305 Can't connect to 127.0.0.1:1066 (10061)'
#   at t\90httpstatus.t line 48.
#          got: '500'
#     expected: '305'

#   Failed test '307 => 307 Can't connect to 127.0.0.1:1066 (10061)'
#   at t\90httpstatus.t line 48.
#          got: '500'
#     expected: '307'

#   Failed test '400 => 400 Can't connect to 127.0.0.1:1066 (10061)'
#   at t\90httpstatus.t line 48.
#          got: '500'
#     expected: '400'

#   Failed test '401 => 401 Can't connect to 127.0.0.1:1066 (10061)'
#   at t\90httpstatus.t line 48.
#          got: '500'
#     expected: '401'

#   Failed test '402 => 402 Can't connect to 127.0.0.1:1066 (10061)'
#   at t\90httpstatus.t line 48.
#          got: '500'
#     expected: '402'

#   Failed test '403 => 403 Can't connect to 127.0.0.1:1066 (10061)'
#   at t\90httpstatus.t line 48.
#          got: '500'
#     expected: '403'

#   Failed test '404 => 404 Can't connect to 127.0.0.1:1066 (10061)'
#   at t\90httpstatus.t line 48.
#          got: '500'
#     expected: '404'

#   Failed test '405 => 405 Can't connect to 127.0.0.1:1066 (10061)'
#   at t\90httpstatus.t line 48.
#          got: '500'
#     expected: '405'

#   Failed test '406 => 406 Can't connect to 127.0.0.1:1066 (10061)'
#   at t\90httpstatus.t line 48.
#          got: '500'
#     expected: '406'

#   Failed test '407 => 407 Can't connect to 127.0.0.1:1066 (10061)'
#   at t\90httpstatus.t line 48.
#          got: '500'
#     expected: '407'

#   Failed test '408 => 408 Can't connect to 127.0.0.1:1066 (10061)'
#   at t\90httpstatus.t line 48.
#          got: '500'
#     expected: '408'

#   Failed test '409 => 409 Can't connect to 127.0.0.1:1066 (10061)'
#   at t\90httpstatus.t line 48.
#          got: '500'
#     expected: '409'

#   Failed test '410 => 410 Can't connect to 127.0.0.1:1066 (10061)'
#   at t\90httpstatus.t line 48.
#          got: '500'
#     expected: '410'

#   Failed test '411 => 411 Can't connect to 127.0.0.1:1066 (10061)'
#   at t\90httpstatus.t line 48.
#          got: '500'
#     expected: '411'

#   Failed test '412 => 412 Can't connect to 127.0.0.1:1066 (10061)'
#   at t\90httpstatus.t line 48.
#          got: '500'
#     expected: '412'

#   Failed test '413 => 413 Can't connect to 127.0.0.1:1066 (10061)'
#   at t\90httpstatus.t line 48.
#          got: '500'
#     expected: '413'

#   Failed test '414 => 414 Can't connect to 127.0.0.1:1066 (10061)'
#   at t\90httpstatus.t line 48.
#          got: '500'
#     expected: '414'

#   Failed test '415 => 415 Can't connect to 127.0.0.1:1066 (10061)'
#   at t\90httpstatus.t line 48.
#          got: '500'
#     expected: '415'

#   Failed test '416 => 416 Can't connect to 127.0.0.1:1066 (10061)'
#   at t\90httpstatus.t line 48.
#          got: '500'
#     expected: '416'

#   Failed test '417 => 417 Can't connect to 127.0.0.1:1066 (10061)'
#   at t\90httpstatus.t line 48.
#          got: '500'
#     expected: '417'

#   Failed test '418 => 418 Can't connect to 127.0.0.1:1066 (10061)'
#   at t\90httpstatus.t line 48.
#          got: '500'
#     expected: '418'

#   Failed test '501 => 501 Can't connect to 127.0.0.1:1066 (10061)'
#   at t\90httpstatus.t line 48.
#          got: '500'
#     expected: '501'

#   Failed test '502 => 502 Can't connect to 127.0.0.1:1066 (10061)'
#   at t\90httpstatus.t line 48.
#          got: '500'
#     expected: '502'

#   Failed test '503 => 503 Can't connect to 127.0.0.1:1066 (10061)'
#   at t\90httpstatus.t line 48.
#          got: '500'
#     expected: '503'

#   Failed test '504 => 504 Can't connect to 127.0.0.1:1066 (10061)'
#   at t\90httpstatus.t line 48.
#          got: '500'
#     expected: '504'

#   Failed test '505 => 505 Can't connect to 127.0.0.1:1066 (10061)'
#   at t\90httpstatus.t line 48.
#          got: '500'
#     expected: '505'
# Looks like you planned 45 tests but ran 40.
# Looks like you failed 38 tests of 40 run.
t\90httpstatus.t .... 
Dubious, test returned 38 (wstat 9728, 0x2600)
Failed 43/45 subtests 

Test Summary Report
-------------------
t\90httpstatus.t  (Wstat: 9728 Tests: 40 Failed: 38)
  Failed tests:  2-34, 36-40
  Non-zero exit status: 38
  Parse errors: Bad plan.  You planned 45 tests but ran 40.
Files=35, Tests=433, 955 wallclock secs ( 0.02 usr +  0.21 sys =  0.23 CPU)
Result: FAIL
Failed 1/35 test programs. 38/433 subtests failed.

------------------------------
PREREQUISITES
------------------------------

Prerequisite modules loaded:

requires:

    Module         Need Have  
    -------------- ---- ------
    HTTP::Daemon   1.25 6.01  
    LWP::UserAgent 2    6.04  

configure_requires:

    Module         Need Have  
    -------------- ---- ------
    Module::Build  0.38 0.4003


------------------------------
ENVIRONMENT AND OTHER CONTEXT
------------------------------

Environment variables:

    COMSPEC = C:\WINDOWS\system32\cmd.exe
    NUMBER_OF_PROCESSORS = 1
    PATH = C:\Program Files\Far Manager\;C:\P\ImageMagick-6.8.0-Q8;C:\WINDOWS\system32;C:\WINDOWS;C:\WINDOWS\System32\Wbem;C:\strawberry5162\c\bin;C:\strawberry5162\perl\site\bin;C:\strawberry5162\perl\bin
    PERL5LIB = 
    PERL5OPT = 
    PERL5_CPANPLUS_IS_RUNNING = 176
    PERL5_CPAN_IS_RUNNING = 176
    PROCESSOR_IDENTIFIER = x86 Family 16 Model 5 Stepping 3, AuthenticAMD
    TEMP = C:\DOCUME~1\c\LOCALS~1\Temp
    TERM = dumb

Perl special variables (and OS-specific diagnostics, for MSWin32):

    $^X = C:\strawberry5162\perl\bin\perl.exe
    $UID/$EUID = 0 / 0
    $GID = 0
    $EGID = 0
    Win32::GetOSName = WinXP/.Net
    Win32::GetOSVersion = Service Pack 3, 5, 1, 2600, 2, 3, 0, 256, 1
    Win32::FsType = NTFS
    Win32::IsAdminUser = 1

Perl module toolchain versions installed:

    Module              Have    
    ------------------- --------
    CPAN                1.9800  
    CPAN::Meta          2.120921
    Cwd                 3.39_02 
    ExtUtils::CBuilder  0.280206
    ExtUtils::Command   1.17    
    ExtUtils::Install   1.58    
    ExtUtils::MakeMaker 6.63_02 
    ExtUtils::Manifest  1.61    
    ExtUtils::ParseXS   3.16    
    File::Spec          3.39_02 
    JSON                2.53    
    JSON::PP            2.27200 
    Module::Build       0.4003  
    Module::Signature   0.68    
    Parse::CPAN::Meta   1.4404  
    Test::Harness       3.25    
    Test::More          0.98    
    YAML                0.84    
    YAML::Syck          1.22    
    version             0.9901  


--

Summary of my perl5 (revision 5 version 16 subversion 2) configuration:
   
  Platform:
    osname=MSWin32, osvers=4.0, archname=MSWin32-x86-multi-thread
    uname='Win32 strawberry-perl 5.16.2.1 #1 Fri Nov  2 00:33:54 2012 i386'
    config_args='undef'
    hint=recommended, useposix=true, d_sigaction=undef
    useithreads=define, usemultiplicity=define
    useperlio=define, d_sfio=undef, uselargefiles=define, usesocks=undef
    use64bitint=undef, use64bitall=undef, uselongdouble=undef
    usemymalloc=n, bincompat5005=undef
  Compiler:
    cc='gcc', ccflags =' -s -O2 -DWIN32  -DPERL_TEXTMODE_SCRIPTS -DPERL_IMPLICIT_CONTEXT -DPERL_IMPLICIT_SYS -fno-strict-aliasing -mms-bitfields',
    optimize='-s -O2',
    cppflags='-DWIN32'
    ccversion='', gccversion='4.6.3', gccosandvers=''
    intsize=4, longsize=4, ptrsize=4, doublesize=8, byteorder=1234
    d_longlong=undef, longlongsize=8, d_longdbl=define, longdblsize=12
    ivtype='long', ivsize=4, nvtype='double', nvsize=8, Off_t='long long', lseeksize=8
    alignbytes=8, prototype=define
  Linker and Libraries:
    ld='g++', ldflags ='-s -L"C:\strawberry5162\perl\lib\CORE" -L"C:\strawberry5162\c\lib"'
    libpth=C:\strawberry5162\c\lib C:\strawberry5162\c\i686-w64-mingw32\lib
    libs=-lmoldname -lkernel32 -luser32 -lgdi32 -lwinspool -lcomdlg32 -ladvapi32 -lshell32 -lole32 -loleaut32 -lnetapi32 -luuid -lws2_32 -lmpr -lwinmm -lversion -lodbc32 -lodbccp32 -lcomctl32
    perllibs=-lmoldname -lkernel32 -luser32 -lgdi32 -lwinspool -lcomdlg32 -ladvapi32 -lshell32 -lole32 -loleaut32 -lnetapi32 -luuid -lws2_32 -lmpr -lwinmm -lversion -lodbc32 -lodbccp32 -lcomctl32
    libc=, so=dll, useshrplib=true, libperl=libperl516.a
    gnulibc_version=''
  Dynamic Linking:
    dlsrc=dl_win32.xs, dlext=dll, d_dlsymun=undef, ccdlflags=' '
    cccdlflags=' ', lddlflags='-mdll -s -L"C:\strawberry5162\perl\lib\CORE" -L"C:\strawberry5162\c\lib"'


Characteristics of this binary (from libperl): 
  Compile-time options: HAS_TIMES HAVE_INTERP_INTERN MULTIPLICITY
                        PERLIO_LAYERS PERL_DONT_CREATE_GVSV
                        PERL_IMPLICIT_CONTEXT PERL_IMPLICIT_SYS
                        PERL_MALLOC_WRAP PERL_PRESERVE_IVUV PL_OP_SLAB_ALLOC
                        USE_ITHREADS USE_LARGE_FILES USE_LOCALE
                        USE_LOCALE_COLLATE USE_LOCALE_CTYPE
                        USE_LOCALE_NUMERIC USE_PERLIO USE_PERL_ATOF
  Built under MSWin32
  Compiled at Nov  2 2012 00:44:17
  %ENV:
    PERL5_CPANPLUS_IS_RUNNING="176"
    PERL5_CPAN_IS_RUNNING="176"
  @INC:
    C:/strawberry5162/perl/site/lib
    C:/strawberry5162/perl/vendor/lib
    C:/strawberry5162/perl/lib
    .