Back
From: metabase:user:314402c4-2aae-11df-837a-5e0a49663a4f
Subject: FAIL Runner-Init-1.8 v5.20.1 GNU/Linux
Date: 2014-11-26T13:26:34Z
This distribution has been tested as part of the CPAN Testers
project, supporting the Perl programming language. See
http://wiki.cpantesters.org/ for more information or email
questions to cpan-testers-discuss@perl.org
--
Dear Jillian Rowe,
This is a computer-generated report for Runner-Init-1.8
on perl 5.20.1, created by CPAN-Reporter-1.2011.
Thank you for uploading your work to CPAN. However, there was a problem
testing your distribution.
If you think this report is invalid, please consult the CPAN Testers Wiki
for suggestions on how to avoid getting FAIL reports for missing library
or binary dependencies, unsupported operating systems, and so on:
http://wiki.cpantesters.org/wiki/CPANAuthorNotes
Sections of this report:
* Tester comments
* Program output
* Prerequisites
* Environment and other context
------------------------------
TESTER COMMENTS
------------------------------
Additional comments from tester:
none provided
------------------------------
PROGRAM OUTPUT
------------------------------
Output from './Build test':
# Testing Runner::Init 1.8, Perl 5.020001, /bbbike/perl-5.20.1/bin/perl5.20.1
t/00-load.t ............. ok
t/boilerplate.t ......... ok
t/manifest.t ............ skipped: Author tests not required for installation
# Failed test 'Pod coverage on Runner::MCE'
# at /opt/perl-5.20.1/lib/site_perl/5.20.1/Test/Pod/Coverage.pm line 133.
# Runner::MCE: requiring 'Runner::MCE' failed
Insecure dependency in open while running with -T switch at /opt/perl-5.20.1/lib/site_perl/5.20.1/MCE/Signal.pm line 230.
END failed--call queue aborted.
# Looks like you failed 1 test of 4.
# Looks like your test exited with 2 just after 4.
t/pod-coverage.t ........
Dubious, test returned 2 (wstat 512, 0x200)
Failed 1/4 subtests
t/pod.t ................. ok
t/release-pod-syntax.t .. skipped: these tests are for release candidate testing
Test Summary Report
-------------------
t/boilerplate.t (Wstat: 0 Tests: 6 Failed: 0)
TODO passed: 1, 3-5
t/pod-coverage.t (Wstat: 512 Tests: 4 Failed: 1)
Failed test: 3
Non-zero exit status: 2
Files=6, Tests=19, 1 wallclock secs ( 0.02 usr 0.04 sys + 0.93 cusr 0.16 csys = 1.15 CPU)
Result: FAIL
Failed 1/6 test programs. 1/19 subtests failed.
------------------------------
PREREQUISITES
------------------------------
Prerequisite modules loaded:
requires:
Module Need Have
---------------------------- ----- --------
Carp 0 1.3301
Cwd 0 3.47
Data::Dumper 0 2.154
DateTime 0 1.12
DateTime::Format::Duration 0 1.03
File::Path 0 2.09
File::Temp 0 0.2304
IO::File 0 1.16
IO::Select 0 1.22
IPC::Open3 0 1.16
Log::Log4perl 0 1.44
Moose 0 2.1213
Moose::Util::TypeConstraints 0 2.1213
MooseX::Getopt 0 0.65
MooseX::SimpleConfig 0 0.10
perl 5.006 5.020001
Symbol 0 1.07
Template 0 2.26
build_requires:
Module Need Have
---------------------------- ----- --------
Module::Build 0.28 0.4210
Test::More 0 1.001009
Test::Pod 0 1.48
configure_requires:
Module Need Have
---------------------------- ----- --------
Module::Build 0.28 0.4210
------------------------------
ENVIRONMENT AND OTHER CONTEXT
------------------------------
Environment variables:
DBIC_NO_WARN_BAD_PERL = 1
LANG = C
LC_ALL = de_DE.UTF-8
PATH = /usr/local/bin:/usr/bin:/bin:/usr/local/sbin:/usr/sbin:/sbin:/home/eserte/bin/linux-gnu:/home/eserte/bin/sh:/home/eserte/bin:/usr/games:/home/eserte/devel:/home/eserte/src/srezic-misc/scripts
PERL5LIB = /home/eserte/.cpan/build/Acme-Math-XS-XS-0.0.3-t1pToK/blib/arch:/home/eserte/.cpan/build/Acme-Math-XS-XS-0.0.3-t1pToK/blib/lib
PERL5OPT =
PERL5_CPANPLUS_IS_RUNNING = 28767
PERL5_CPAN_IS_RUNNING = 28767
PERL5_CPAN_IS_RUNNING_IN_RECURSION = 28690,28767
PERLDOC = -MPod::Perldoc::ToTextOverstrike
PERL_BATCH = yes
PERL_CPAN_REPORTER_CONFIG = /var/tmp/cpansmoker-1001/7899zxUEqs_config.ini
PERL_EXTUTILS_AUTOINSTALL = --defaultdeps
PERL_HTML_DISPLAY_CLASS = HTML::Display::Mozilla
PERL_PARALLEL_SMOKER = yes
SHELL = /bin/zsh
TERM = screen
TMPDIR = /var/tmp/cpansmoker-1001
Perl special variables (and OS-specific diagnostics, for MSWin32):
$^X = /bbbike/perl-5.20.1/bin/perl5.20.1
$UID/$EUID = 1001 / 1001
$GID = 1001 109 1001
$EGID = 1001 109 1001
Perl module toolchain versions installed:
Module Have
------------------- --------
CPAN 2.05
CPAN::Meta 2.142690
Cwd 3.47
ExtUtils::CBuilder 0.280219
ExtUtils::Command 1.18
ExtUtils::Install 2.04
ExtUtils::MakeMaker 7.00
ExtUtils::Manifest 1.68
ExtUtils::ParseXS 3.24
File::Spec 3.47
JSON 2.90
JSON::PP 2.27203
Module::Build 0.4210
Module::Signature 0.73
Parse::CPAN::Meta 1.4414
Test::Harness 3.34
Test::More 1.001009
YAML 1.12
YAML::Syck 1.27
version 0.9909
--
Summary of my perl5 (revision 5 version 20 subversion 1) configuration:
Platform:
osname=linux, osvers=3.2.0-4-amd64, archname=x86_64-linux
uname='linux eserte 3.2.0-4-amd64 #1 smp debian 3.2.60-1+deb7u3 x86_64 gnulinux '
config_args='-ds -e -Dprefix=/opt/perl-5.20.1'
hint=recommended, useposix=true, d_sigaction=define
useithreads=undef, usemultiplicity=undef
use64bitint=define, use64bitall=define, uselongdouble=undef
usemymalloc=n, bincompat5005=undef
Compiler:
cc='cc', ccflags ='-fwrapv -fno-strict-aliasing -pipe -fstack-protector -I/usr/local/include -D_LARGEFILE_SOURCE -D_FILE_OFFSET_BITS=64',
optimize='-O2',
cppflags='-fwrapv -fno-strict-aliasing -pipe -fstack-protector -I/usr/local/include'
ccversion='', gccversion='4.7.2', gccosandvers=''
intsize=4, longsize=8, ptrsize=8, doublesize=8, byteorder=12345678
d_longlong=define, longlongsize=8, d_longdbl=define, longdblsize=16
ivtype='long', ivsize=8, nvtype='double', nvsize=8, Off_t='off_t', lseeksize=8
alignbytes=8, prototype=define
Linker and Libraries:
ld='cc', ldflags =' -fstack-protector -L/usr/local/lib'
libpth=/usr/local/lib /usr/lib/gcc/x86_64-linux-gnu/4.7/include-fixed /usr/include/x86_64-linux-gnu /usr/lib /lib/x86_64-linux-gnu /lib/../lib /usr/lib/x86_64-linux-gnu /usr/lib/../lib /lib
libs=-lnsl -ldb -ldl -lm -lcrypt -lutil -lc
perllibs=-lnsl -ldl -lm -lcrypt -lutil -lc
libc=libc-2.13.so, so=so, useshrplib=false, libperl=libperl.a
gnulibc_version='2.13'
Dynamic Linking:
dlsrc=dl_dlopen.xs, dlext=so, d_dlsymun=undef, ccdlflags='-Wl,-E'
cccdlflags='-fPIC', lddlflags='-shared -O2 -L/usr/local/lib -fstack-protector'
Characteristics of this binary (from libperl):
Compile-time options: HAS_TIMES PERLIO_LAYERS PERL_DONT_CREATE_GVSV
PERL_HASH_FUNC_ONE_AT_A_TIME_HARD PERL_MALLOC_WRAP
PERL_NEW_COPY_ON_WRITE PERL_PRESERVE_IVUV
USE_64_BIT_ALL USE_64_BIT_INT USE_LARGE_FILES
USE_LOCALE USE_LOCALE_COLLATE USE_LOCALE_CTYPE
USE_LOCALE_NUMERIC USE_PERLIO USE_PERL_ATOF
Built under linux
Compiled at Sep 14 2014 15:24:49
%ENV:
PERL5LIB="/home/eserte/.cpan/build/Acme-Math-XS-XS-0.0.3-t1pToK/blib/arch:/home/eserte/.cpan/build/Acme-Math-XS-XS-0.0.3-t1pToK/blib/lib"
PERL5OPT=""
PERL5_CPANPLUS_IS_RUNNING="28767"
PERL5_CPAN_IS_RUNNING="28767"
PERL5_CPAN_IS_RUNNING_IN_RECURSION="28690,28767"
PERLDOC="-MPod::Perldoc::ToTextOverstrike"
PERL_BATCH="yes"
PERL_CPAN_REPORTER_CONFIG="/var/tmp/cpansmoker-1001/7899zxUEqs_config.ini"
PERL_EXTUTILS_AUTOINSTALL="--defaultdeps"
PERL_HTML_DISPLAY_CLASS="HTML::Display::Mozilla"
PERL_PARALLEL_SMOKER="yes"
@INC:
/home/eserte/.cpan/build/Acme-Math-XS-XS-0.0.3-t1pToK/blib/arch
/home/eserte/.cpan/build/Acme-Math-XS-XS-0.0.3-t1pToK/blib/lib
/opt/perl-5.20.1/lib/site_perl/5.20.1/x86_64-linux
/opt/perl-5.20.1/lib/site_perl/5.20.1
/opt/perl-5.20.1/lib/5.20.1/x86_64-linux
/opt/perl-5.20.1/lib/5.20.1
.