Back
From: metabase:user:320bfe00-2aae-11df-837a-5e0a49663a4f
Subject: FAIL Template-Resolver-1.12 v5.8.8 GNU/Linux
Date: 2016-07-23T17:13:57Z
This distribution has been tested as part of the CPAN Testers
project, supporting the Perl programming language. See
http://wiki.cpantesters.org/ for more information or email
questions to cpan-testers-discuss@perl.org
--
Dear Lucas Theisen,
This is a computer-generated report for Template-Resolver-1.12
on perl 5.8.8, created by CPAN-Reporter-1.2017.
Thank you for uploading your work to CPAN. However, there was a problem
testing your distribution.
If you think this report is invalid, please consult the CPAN Testers Wiki
for suggestions on how to avoid getting FAIL reports for missing library
or binary dependencies, unsupported operating systems, and so on:
http://wiki.cpantesters.org/wiki/CPANAuthorNotes
Sections of this report:
* Tester comments
* Program output
* Prerequisites
* Environment and other context
------------------------------
TESTER COMMENTS
------------------------------
Additional comments from tester:
this report is from an automated smoke testing program
and was not reviewed by a human for accuracy
------------------------------
PROGRAM OUTPUT
------------------------------
Output from '/usr/bin/make test':
PERL_DL_NONLAZY=1 "/home/sand/src/perl/repoperls/installed-perls/perl/perl-5.8.8/79cc/bin/perl" "-MExtUtils::Command::MM" "-MTest::Harness" "-e" "undef *Test::Harness::Switches; test_harness(0, 'blib/lib', 'blib/arch')" t/*.t
t/author-critic.t ........ skipped: these tests are for testing by the author
t/author-pod-coverage.t .. skipped: these tests are for testing by the author
t/author-pod-syntax.t .... skipped: these tests are for testing by the author
"lock_hashref" is not exported by the Hash::Util module
Can't continue after import errors at /tmp/loop_over_bdir-31009-Dz17FY/Template-Resolver-1.12-0/blib/lib/Template/Transformer.pm line 11.
BEGIN failed--compilation aborted at /tmp/loop_over_bdir-31009-Dz17FY/Template-Resolver-1.12-0/blib/lib/Template/Transformer.pm line 11.
Compilation failed in require at /tmp/loop_over_bdir-31009-Dz17FY/Template-Resolver-1.12-0/blib/lib/Template/Resolver.pm line 12.
BEGIN failed--compilation aborted at /tmp/loop_over_bdir-31009-Dz17FY/Template-Resolver-1.12-0/blib/lib/Template/Resolver.pm line 12.
Compilation failed in require at t/Overlay.t line 20.
BEGIN failed--compilation aborted at t/Overlay.t line 20.
# Looks like your test exited with 255 just after 1.
t/Overlay.t ..............
Dubious, test returned 255 (wstat 65280, 0xff00)
Failed 19/20 subtests
# Failed test 'use Template::Resolver;'
# at t/Resolver.t line 14.
# Tried to use 'Template::Resolver'.
# Error: "lock_hashref" is not exported by the Hash::Util module
# Can't continue after import errors at /tmp/loop_over_bdir-31009-Dz17FY/Template-Resolver-1.12-0/blib/lib/Template/Transformer.pm line 11.
# BEGIN failed--compilation aborted at /tmp/loop_over_bdir-31009-Dz17FY/Template-Resolver-1.12-0/blib/lib/Template/Transformer.pm line 11.
# Compilation failed in require at /tmp/loop_over_bdir-31009-Dz17FY/Template-Resolver-1.12-0/blib/lib/Template/Resolver.pm line 12.
# BEGIN failed--compilation aborted at /tmp/loop_over_bdir-31009-Dz17FY/Template-Resolver-1.12-0/blib/lib/Template/Resolver.pm line 12.
# Compilation failed in require at t/Resolver.t line 14.
# BEGIN failed--compilation aborted at t/Resolver.t line 14.
Can't locate object method "new" via package "Template::Resolver" at t/Resolver.t line 19.
# Looks like your test exited with 9 just after 1.
t/Resolver.t .............
Dubious, test returned 9 (wstat 2304, 0x900)
Failed 3/3 subtests
Test Summary Report
-------------------
t/Overlay.t (Wstat: 65280 Tests: 1 Failed: 0)
Non-zero exit status: 255
Parse errors: Bad plan. You planned 20 tests but ran 1.
t/Resolver.t (Wstat: 2304 Tests: 1 Failed: 1)
Failed test: 1
Non-zero exit status: 9
Parse errors: Bad plan. You planned 3 tests but ran 1.
Files=5, Tests=2, 1 wallclock secs ( 0.03 usr 0.03 sys + 0.23 cusr 0.09 csys = 0.38 CPU)
Result: FAIL
Failed 2/5 test programs. 1/2 subtests failed.
Makefile:851: recipe for target 'test_dynamic' failed
make: *** [test_dynamic] Error 9
------------------------------
PREREQUISITES
------------------------------
Prerequisite modules loaded:
requires:
Module Need Have
------------------- ---- -------
Log::Any 0 1.040
build_requires:
Module Need Have
------------------- ---- -------
ExtUtils::MakeMaker 0 7.19_07
configure_requires:
Module Need Have
------------------- ---- -------
ExtUtils::MakeMaker 0 7.19_07
------------------------------
ENVIRONMENT AND OTHER CONTEXT
------------------------------
Environment variables:
AUTOMATED_TESTING = 1
LANG = en_US.UTF-8
LANGUAGE = en_US:en
PATH = /usr/lib/ccache:/home/sand/bin:/usr/local/bin:/usr/bin:/bin:/usr/games:/usr/local/perl/bin:/usr/X11/bin:/sbin:/usr/sbin
PERL5LIB =
PERL5OPT =
PERL5_CPANPLUS_IS_RUNNING = 31010
PERL5_CPAN_IS_RUNNING = 31010
PERL_CANARY_STABILITY_NOPROMPT = 1
PERL_MM_USE_DEFAULT = 1
SHELL = /usr/bin/zsh
TERM = screen
Perl special variables (and OS-specific diagnostics, for MSWin32):
$^X = /home/sand/src/perl/repoperls/installed-perls/perl/perl-5.8.8/79cc/bin/perl
$UID/$EUID = 1005 / 1005
$GID = 1005 1005
$EGID = 1005 1005
Perl module toolchain versions installed:
Module Have
------------------- --------
CPAN 2.15
CPAN::Meta 2.150009
Cwd 3.62
ExtUtils::CBuilder 0.280224
ExtUtils::Command 7.19_07
ExtUtils::Install 1.54
ExtUtils::MakeMaker 7.19_07
ExtUtils::Manifest 1.70
ExtUtils::ParseXS 3.30
File::Spec 3.62
JSON 2.90
JSON::PP 2.27400
Module::Build 0.4218
Module::Signature 0.80
Parse::CPAN::Meta 2.150009
Test::Harness 3.36
Test::More 1.302047
YAML 1.15
YAML::Syck 1.29
version 0.9917
--
Summary of my perl5 (revision 5 version 8 subversion 8) configuration:
Platform:
osname=linux, osvers=4.3.0-1-amd64, archname=x86_64-linux
uname='linux k83 4.3.0-1-amd64 #1 smp debian 4.3.3-7 (2016-01-19) x86_64 gnulinux '
config_args='-Dprefix=/home/sand/src/perl/repoperls/installed-perls/perl/perl-5.8.8/79cc -Dmyhostname=k83 -Dinstallusrbinperl=n -Uversiononly -Dusedevel -des -Ui_db -Dlibswanted=cl pthread socket inet nsl gdbm dbm malloc dl ld sun m crypt sec util c cposix posix ucb BSD gdbm_compat -Uuseithreads -Uuselongdouble -DDEBUGGING=-g'
hint=recommended, useposix=true, d_sigaction=define
usethreads=undef use5005threads=undef useithreads=undef usemultiplicity=undef
useperlio=define d_sfio=undef uselargefiles=define usesocks=undef
use64bitint=define use64bitall=define uselongdouble=undef
usemymalloc=n, bincompat5005=undef
Compiler:
cc='cc', ccflags ='-fno-strict-aliasing -pipe -Wdeclaration-after-statement -I/usr/local/include -D_LARGEFILE_SOURCE -D_FILE_OFFSET_BITS=64',
optimize='-O2',
cppflags='-fno-strict-aliasing -pipe -Wdeclaration-after-statement -I/usr/local/include'
ccversion='', gccversion='5.3.1 20160121', gccosandvers=''
intsize=4, longsize=8, ptrsize=8, doublesize=8, byteorder=12345678
d_longlong=define, longlongsize=8, d_longdbl=define, longdblsize=16
ivtype='long', ivsize=8, nvtype='double', nvsize=8, Off_t='off_t', lseeksize=8
alignbytes=8, prototype=define
Linker and Libraries:
ld='cc', ldflags =' -L/usr/local/lib'
libpth=/usr/local/lib /lib/x86_64-linux-gnu /lib/../lib /usr/lib/x86_64-linux-gnu /usr/lib/../lib /lib /usr/lib
libs=-lpthread -lnsl -lgdbm -ldl -lm -lcrypt -lutil -lc -lgdbm_compat
perllibs=-lpthread -lnsl -ldl -lm -lcrypt -lutil -lc -lgdbm_compat
libc=libc-2.21.so, so=so, useshrplib=false, libperl=libperl.a
gnulibc_version='2.21'
Dynamic Linking:
dlsrc=dl_dlopen.xs, dlext=so, d_dlsymun=undef, ccdlflags='-Wl,-E'
cccdlflags='-fpic', lddlflags='-shared -L/usr/local/lib'
Characteristics of this binary (from libperl):
Compile-time options: PERL_MALLOC_WRAP USE_64_BIT_ALL USE_64_BIT_INT
USE_LARGE_FILES USE_PERLIO
Built under linux
Compiled at May 2 2016 07:31:30
%ENV:
PERL5LIB=""
PERL5OPT=""
PERL5_CPANPLUS_IS_RUNNING="31010"
PERL5_CPAN_IS_RUNNING="31010"
PERL_CANARY_STABILITY_NOPROMPT="1"
PERL_MM_USE_DEFAULT="1"
@INC:
/home/sand/src/perl/repoperls/installed-perls/perl/perl-5.8.8/79cc/lib/5.8.8/x86_64-linux
/home/sand/src/perl/repoperls/installed-perls/perl/perl-5.8.8/79cc/lib/5.8.8
/home/sand/src/perl/repoperls/installed-perls/perl/perl-5.8.8/79cc/lib/site_perl/5.8.8/x86_64-linux
/home/sand/src/perl/repoperls/installed-perls/perl/perl-5.8.8/79cc/lib/site_perl/5.8.8
/home/sand/src/perl/repoperls/installed-perls/perl/perl-5.8.8/79cc/lib/site_perl
.