Report for App-MtAws-0.957

Back
From: metabase:user:314402c4-2aae-11df-837a-5e0a49663a4f
Subject: FAIL App-MtAws-0.957 v5.8.9 FreeBSD
Date: 2013-05-27T17:42:45Z

This distribution has been tested as part of the CPAN Testers
project, supporting the Perl programming language.  See
http://wiki.cpantesters.org/ for more information or email
questions to cpan-testers-discuss@perl.org


--
Dear Victor Efimov,

This is a computer-generated report for App-MtAws-0.957
on perl 5.8.9, created by CPAN-Reporter-1.2006.

Thank you for uploading your work to CPAN.  However, there was a problem
testing your distribution.

If you think this report is invalid, please consult the CPAN Testers Wiki
for suggestions on how to avoid getting FAIL reports for missing library
or binary dependencies, unsupported operating systems, and so on:

http://wiki.cpantesters.org/wiki/CPANAuthorNotes

Sections of this report:

    * Tester comments
    * Program output
    * Prerequisites
    * Environment and other context

------------------------------
TESTER COMMENTS
------------------------------

Additional comments from tester:

none provided

------------------------------
PROGRAM OUTPUT
------------------------------

Output from './Build test':

t/integration/byteenc_journal.t ............ ok
t/integration/config_engine_config_file.t .. ok
Unknown option: myoption
Unknown option: MYoption
Unknown option: f--
Value "3.3" invalid for option o1 (number expected)
t/integration/config_engine_definitions.t .. ok
t/integration/config_engine_dryrun.t ....... ok
t/integration/config_engine_filters.t ...... ok
t/integration/config_engine_leaf.t ......... ok
t/integration/config_engine_lwp.t .......... ok
t/integration/config_engine_token.t ........ ok
t/integration/config_engine_upload_file.t .. ok
t/integration/config_engine_v078.t ......... ok
t/integration/config_engine_v082.t ......... ok
t/integration/config_engine_v085.t ......... ok
t/integration/config_read_config.t ......... ok
t/integration/journal.t .................... ok
t/integration/journal_parselines.t ......... ok
t/integration/journal_readwrite.t .......... ok
t/integration/metadata.t ................... ok
t/integration/metadata_mt1.t ............... ok
t/integration/t_treehash.t ................. ok
t/integration/utf8.t ....................... ok
t/integration/utf8_journal.t ............... ok
t/integration/utf8_line_protocol.t ......... ok
t/unit/cmd_check_local_hash.t .............. ok
t/unit/cmd_retrieve.t ...................... ok
t/unit/config_engine_new.t ................. ok
Unknown option: myvault
t/unit/config_engine_parse.t ............... ok
t/unit/exceptions.t ........................ ok

#   Failed test at t/unit/filter.t line 396.
# Compared m/$data->[1]{"re"}/
#    got : (?-xism:(^|/)dir\/)
# expect : (?-xism:(^|/)dir/)
# Looks like you failed 1 test of 764.
t/unit/filter.t ............................ 
Dubious, test returned 1 (wstat 256, 0x100)
Failed 1/764 subtests 
t/unit/glacier_request.t ................... ok
t/unit/job_file_create.t ................... ok
t/unit/journal_openmodes.t ................. ok
t/unit/journal_readfiles.t ................. ok
t/unit/journal_readjournal.t ............... ok
t/unit/journal_retrieves.t ................. ok
t/unit/journal_sanity.t .................... ok
t/unit/journal_writejournal.t .............. ok
t/unit/metadata.t .......................... ok
t/unit/open_file.t ......................... ok
t/unit/string_escape.t ..................... ok
t/unit/u_treehash.t ........................ ok

Test Summary Report
-------------------
t/unit/filter.t                          (Wstat: 256 Tests: 764 Failed: 1)
  Failed test:  720
  Non-zero exit status: 1
Files=40, Tests=12423, 29 wallclock secs ( 1.83 usr  0.20 sys + 12.78 cusr  2.02 csys = 16.82 CPU)
Result: FAIL
Failed 1/40 test programs. 1/12423 subtests failed.

------------------------------
PREREQUISITES
------------------------------

Prerequisite modules loaded:

requires:

    Module               Need   Have    
    -------------------- ------ --------
    Digest::SHA          0      5.80    
    JSON::XS             0      2.33    
    LWP::Protocol::https 0      6.03    
    LWP::UserAgent       6      6.04    
    perl                 v5.8.8 5.008009

build_requires:

    Module               Need   Have    
    -------------------- ------ --------
    DateTime             0      0.78    
    MIME::Base64         3.11   3.13    
    TAP::Harness         0      3.23    
    Test::Deep           0      0.110   
    Test::MockModule     0      0.05    
    Test::Spec           0      0.40    

configure_requires:

    Module               Need   Have    
    -------------------- ------ --------
    Module::Build        0.40   0.4005  


------------------------------
ENVIRONMENT AND OTHER CONTEXT
------------------------------

Environment variables:

    DBIC_NO_WARN_BAD_PERL = 1
    PATH = /usr/local/bin:/usr/X11R6/bin:/usr/X11/bin:/usr/perl5.8.0/bin:/usr/bin:/bin:/usr/local/sbin:/usr/sbin:/sbin:/usr/local/pilot/bin:/home/cpansand/bin/freebsd8.0:/home/cpansand/bin/sh:/home/cpansand/bin:/usr/X386/bin:/usr/games:/home/cpansand/devel:/usr/home/e/eserte/work/srezic-misc/scripts
    PERL5LIB = /usr/local/src/CPAN/build/File-Find-Object-Rule-0.0303-LQMLLt/blib/arch:/usr/local/src/CPAN/build/File-Find-Object-Rule-0.0303-LQMLLt/blib/lib:/usr/local/src/CPAN/build/VM-JiffyBox-0.001-_jZO26/blib/arch:/usr/local/src/CPAN/build/VM-JiffyBox-0.001-_jZO26/blib/lib
    PERL5OPT = 
    PERL5_CPANPLUS_IS_RUNNING = 63024
    PERL5_CPAN_IS_RUNNING = 63024
    PERL5_CPAN_IS_RUNNING_IN_RECURSION = 63003,63024
    PERL_BATCH = yes
    PERL_CPAN_REPORTER_CONFIG = /var/tmp/cpansmoker-1023/WLJdErdd6M_config.ini
    PERL_EXTUTILS_AUTOINSTALL = --defaultdeps
    PERL_HTML_DISPLAY_CLASS = HTML::Display::Mozilla
    SHELL = /usr/local/bin/zsh
    TERM = screen
    TMPDIR = /var/tmp/cpansmoker-1023

Perl special variables (and OS-specific diagnostics, for MSWin32):

    $^X = /usr/perl5.8.9/bin/perl5.8.9
    $UID/$EUID = 1023 / 1023
    $GID = 1023 1023
    $EGID = 1023 1023

Perl module toolchain versions installed:

    Module              Have    
    ------------------- --------
    CPAN                1.9800  
    CPAN::Meta          2.112621
    Cwd                 3.40    
    ExtUtils::CBuilder  0.280205
    ExtUtils::Command   1.16    
    ExtUtils::Install   1.54    
    ExtUtils::MakeMaker 6.64    
    ExtUtils::Manifest  1.60    
    ExtUtils::ParseXS   3.18    
    File::Spec          3.40    
    JSON                2.53    
    JSON::PP            2.27200 
    Module::Build       0.4005  
    Module::Signature   0.68    
    Parse::CPAN::Meta   1.4404  
    Test::Harness       3.23    
    Test::More          0.98    
    YAML                0.84    
    YAML::Syck          1.27    
    version             0.9901  


--

Summary of my perl5 (revision 5 version 8 subversion 9) configuration:
  Platform:
    osname=freebsd, osvers=8.0-release, archname=i386-freebsd
    uname='freebsd biokovo.herceg.de 8.0-release freebsd 8.0-release #0: sat nov 21 15:48:17 utc 2009 root@almeida.cse.buffalo.edu:usrobjusrsrcsysgeneric i386 '
    config_args='-Dprefix=/usr/perl5.8.9 -Dusemymalloc=n -D cc=ccache cc -Dgccansipedantic -Duse64bit -de -D hintfile=myfreebsd'
    hint=recommended, useposix=true, d_sigaction=define
    usethreads=undef use5005threads=undef useithreads=undef usemultiplicity=undef
    useperlio=define d_sfio=undef uselargefiles=define usesocks=undef
    use64bitint=undef use64bitall=undef uselongdouble=undef
    usemymalloc=n, bincompat5005=undef
  Compiler:
    cc='ccache cc', ccflags ='-DHAS_FPSETMASK -DHAS_FLOATINGPOINT_H -fno-strict-aliasing -pipe -I/usr/local/include',
    optimize='-O2 -mtune=athlon64 -pipe',
    cppflags='-DHAS_FPSETMASK -DHAS_FLOATINGPOINT_H -fno-strict-aliasing -pipe -I/usr/local/include'
    ccversion='', gccversion='4.2.1 20070719  [FreeBSD]', gccosandvers=''
    intsize=4, longsize=4, ptrsize=4, doublesize=8, byteorder=1234
    d_longlong=define, longlongsize=8, d_longdbl=define, longdblsize=12
    ivtype='long', ivsize=4, nvtype='double', nvsize=8, Off_t='off_t', lseeksize=8
    alignbytes=4, prototype=define
  Linker and Libraries:
    ld='ccache cc', ldflags ='-Wl,-E  -L/usr/local/lib'
    libpth=/usr/lib /usr/local/lib
    libs=-lgdbm -lm -lcrypt -lutil -lc
    perllibs=-lm -lcrypt -lutil -lc
    libc=, so=so, useshrplib=false, libperl=libperl.a
    gnulibc_version=''
  Dynamic Linking:
    dlsrc=dl_dlopen.xs, dlext=so, d_dlsymun=undef, ccdlflags=' '
    cccdlflags='-DPIC -fPIC', lddlflags='-shared  -L/usr/local/lib'


Characteristics of this binary (from libperl): 
  Compile-time options: PERL_MALLOC_WRAP USE_FAST_STDIO USE_LARGE_FILES
                        USE_PERLIO
  Built under freebsd
  Compiled at Jan 28 2011 08:40:05
  %ENV:
    PERL5LIB="/usr/local/src/CPAN/build/File-Find-Object-Rule-0.0303-LQMLLt/blib/arch:/usr/local/src/CPAN/build/File-Find-Object-Rule-0.0303-LQMLLt/blib/lib:/usr/local/src/CPAN/build/VM-JiffyBox-0.001-_jZO26/blib/arch:/usr/local/src/CPAN/build/VM-JiffyBox-0.001-_jZO26/blib/lib"
    PERL5OPT=""
    PERL5_CPANPLUS_IS_RUNNING="63024"
    PERL5_CPAN_IS_RUNNING="63024"
    PERL5_CPAN_IS_RUNNING_IN_RECURSION="63003,63024"
    PERL_BATCH="yes"
    PERL_CPAN_REPORTER_CONFIG="/var/tmp/cpansmoker-1023/WLJdErdd6M_config.ini"
    PERL_EXTUTILS_AUTOINSTALL="--defaultdeps"
    PERL_HTML_DISPLAY_CLASS="HTML::Display::Mozilla"
  @INC:
    /usr/local/src/CPAN/build/File-Find-Object-Rule-0.0303-LQMLLt/blib/arch
    /usr/local/src/CPAN/build/File-Find-Object-Rule-0.0303-LQMLLt/blib/lib
    /usr/local/src/CPAN/build/VM-JiffyBox-0.001-_jZO26/blib/arch
    /usr/local/src/CPAN/build/VM-JiffyBox-0.001-_jZO26/blib/lib
    /usr/perl5.8.9/lib/5.8.9/i386-freebsd
    /usr/perl5.8.9/lib/5.8.9
    /usr/perl5.8.9/lib/site_perl/5.8.9/i386-freebsd
    /usr/perl5.8.9/lib/site_perl/5.8.9
    .