Report for SOAP-WSDL-3.003

Back
From: metabase:user:320bfe00-2aae-11df-837a-5e0a49663a4f
Subject: FAIL SOAP-WSDL-3.003 5.31.8 GNU/Linux
Date: 2020-01-18T07:26:27Z

This distribution has been tested as part of the CPAN Testers
project, supporting the Perl programming language.  See
http://wiki.cpantesters.org/ for more information or email
questions to cpan-testers-discuss@perl.org


--
Dear Scott Walters,

This is a computer-generated report for SOAP-WSDL-3.003
on perl 5.31.8, created by CPAN-Reporter-1.2018.

Thank you for uploading your work to CPAN.  However, there was a problem
testing your distribution.

If you think this report is invalid, please consult the CPAN Testers Wiki
for suggestions on how to avoid getting FAIL reports for missing library
or binary dependencies, unsupported operating systems, and so on:

http://wiki.cpantesters.org/wiki/CPANAuthorNotes

Sections of this report:

    * Tester comments
    * Program output
    * Prerequisites
    * Environment and other context

------------------------------
TESTER COMMENTS
------------------------------

Additional comments from tester:

this report is from an automated smoke testing program
and was not reviewed by a human for accuracy

------------------------------
PROGRAM OUTPUT
------------------------------

Output from '/usr/bin/make test':

PERL_DL_NONLAZY=1 "/tmp/basesmoker-reloperl-O2sp/bin/perl" "-MExtUtils::Command::MM" "-MTest::Harness" "-e" "undef *Test::Harness::Switches; test_harness(0, 'blib/lib', 'blib/arch')" t/*.t t/*/*.t t/*/*/*.t t/*/*/*/*.t t/*/*/*/*/*.t t/*/*/*/*/*/*.t
t/002_parse_wsdl.t .................................... ok
t/003_wsdl_based_serializer.t ......................... ok
t/006_client.t ........................................ ok
t/008_client_wsdl_complexType.t ....................... ok
t/009_data_classes.t .................................. ok
t/011_simpleType.t .................................... ok
t/012_element.t ....................................... ok
t/013_complexType.t ................................... ok
t/016_client_object.t ................................. ok
t/094_cpan_meta.t ..................................... skipped: Author test.  Set $ENV{RELEASE_TESTING} to a true value to run.
t/095_copying.t ....................................... skipped: Author test.  Set $ENV{RELEASE_TESTING} to a true value to run.
t/096_characters.t .................................... skipped: Author test.  Set $ENV{RELEASE_TESTING} to a true value to run.
t/097_kwalitee.t ...................................... skipped: Author test.  Set $ENV{RELEASE_TESTING} to a true value to run.
t/098_pod.t ........................................... ok
t/099_pod_coverage.t .................................. skipped: Author test.  Set $ENV{RELEASE_TESTING} to a true value to run.
t/SOAP/WSDL.t ......................................... ok
t/SOAP/WSDL/02_port.t ................................. ok
t/SOAP/WSDL/03_complexType-all.t ...................... ok
t/SOAP/WSDL/03_complexType-choice.t ................... ok
t/SOAP/WSDL/03_complexType-complexContent.t ........... ok
t/SOAP/WSDL/03_complexType-element-ref.t .............. ok
t/SOAP/WSDL/03_complexType-group.t .................... ok
t/SOAP/WSDL/03_complexType-sequence.t ................. ok
t/SOAP/WSDL/03_complexType-simpleContent.t ............ ok
t/SOAP/WSDL/04_element-complexType.t .................. skipped: TODO: implement tests
t/SOAP/WSDL/04_element-simpleType.t ................... ok
t/SOAP/WSDL/04_element.t .............................. ok
t/SOAP/WSDL/05_simpleType-list.t ...................... ok
t/SOAP/WSDL/05_simpleType-restriction.t ............... ok
t/SOAP/WSDL/05_simpleType-union.t ..................... skipped: Not supported yet
t/SOAP/WSDL/06_keep_alive.t ........................... ok
t/SOAP/WSDL/11_helloworld.NET.t ....................... ok
t/SOAP/WSDL/12_binding.t .............................. ok
t/SOAP/WSDL/Base.t .................................... ok
t/SOAP/WSDL/Client.t .................................. ok
t/SOAP/WSDL/Client/Base.t ............................. ok
t/SOAP/WSDL/Definitions.t ............................. ok
t/SOAP/WSDL/Deserializer/Hash.t ....................... ok
t/SOAP/WSDL/Deserializer/SOM.t ........................ skipped: SOAP::Lite not available
t/SOAP/WSDL/Deserializer/XSD.t ........................ ok
t/SOAP/WSDL/Expat/Base.t .............................. ok
t/SOAP/WSDL/Expat/MessageParser.t ..................... ok
file:///tmp/loop_over_bdir-459340-fIbYRf/SOAP-WSDL-3.003-0/t/acceptance/wsdl/WSDLParser-imported.wsdl already imported; ignoring it.
t/SOAP/WSDL/Expat/WSDLParser.t ........................ ok
t/SOAP/WSDL/Factory/Deserializer.t .................... ok
t/SOAP/WSDL/Factory/Serializer.t ...................... ok
t/SOAP/WSDL/Factory/Transport.t ....................... ok
t/SOAP/WSDL/Generator/Template.t ...................... ok
t/SOAP/WSDL/Generator/Template/XSD/Import.t ........... ok
t/SOAP/WSDL/Generator/Template/XSD/Unqualified.t ...... ok
t/SOAP/WSDL/Generator/Visitor.t ....................... ok
t/SOAP/WSDL/Generator/Visitor/Typemap.t ............... ok
t/SOAP/WSDL/Generator/XSD.t ........................... ok
t/SOAP/WSDL/Generator/XSD_custom_resolver.t ........... ok
t/SOAP/WSDL/Generator/XSD_dot_names.t ................. ok
t/SOAP/WSDL/Generator/XSD_nested_complextype.t ........ ok
t/SOAP/WSDL/Generator/XSD_unsupported.t ............... ok
t/SOAP/WSDL/Part.t .................................... ok
t/SOAP/WSDL/PortType.t ................................ ok
t/SOAP/WSDL/Serializer/XSD.t .......................... ok
Use of uninitialized value in hash element at /home/sand/src/perl/repoperls/installed-perls/host/k93msid/v5.31.7-114-g68ce2ab964/ac75/lib/site_perl/5.31.8/Class/Std/Fast.pm line 159.
Use of uninitialized value in hash element at /home/sand/src/perl/repoperls/installed-perls/host/k93msid/v5.31.7-114-g68ce2ab964/ac75/lib/site_perl/5.31.8/Class/Std/Fast.pm line 159.
Use of uninitialized value in hash element at /home/sand/src/perl/repoperls/installed-perls/host/k93msid/v5.31.7-114-g68ce2ab964/ac75/lib/site_perl/5.31.8/Class/Std/Fast.pm line 159.
Use of uninitialized value in hash element at /home/sand/src/perl/repoperls/installed-perls/host/k93msid/v5.31.7-114-g68ce2ab964/ac75/lib/site_perl/5.31.8/Class/Std/Fast.pm line 159.
Use of uninitialized value in hash element at /home/sand/src/perl/repoperls/installed-perls/host/k93msid/v5.31.7-114-g68ce2ab964/ac75/lib/site_perl/5.31.8/Class/Std/Fast.pm line 159.
t/SOAP/WSDL/Server.t .................................. ok
t/SOAP/WSDL/Server/CGI.t .............................. ok
t/SOAP/WSDL/Server/Mod_Perl2.t ........................ ok
HTTP/1.0 500 Internal Server Error
Content-Type: text/xml; charset="utf-8"
<?xml version="1.0" ?><SOAP-ENV:Envelope xmlns:SOAP-ENV="http://schemas.xmlsoap.org/soap/envelope/" xmlns:xsi="http://www.w3.org/2001/XMLSchema-instance" ><SOAP-ENV:Body><Fault xmlns="http://schemas.xmlsoap.org/soap/envelope/"><faultcode>SOAP-ENV:Server</faultcode><faultstring>Error deserializing message: 
no element found at line 1, column 0, byte -1 at /tmp/loop_over_bdir-459340-fIbYRf/SOAP-WSDL-3.003-0/blib/lib/SOAP/WSDL/Expat/Base.pm line 79.
 at line 1 at /tmp/loop_over_bdir-459340-fIbYRf/SOAP-WSDL-3.003-0/blib/lib/SOAP/WSDL/Expat/Base.pm line 82.
. 
Message was: 
</faultstring><faultactor>urn:localhost</faultactor></Fault></SOAP-ENV:Body></SOAP-ENV:Envelope>

t/SOAP/WSDL/Server/Simple.t ........................... ok
t/SOAP/WSDL/Transport/01_Test.t ....................... ok
t/SOAP/WSDL/Transport/HTTP.t .......................... ok
t/SOAP/WSDL/Typelib/Fault11.t ......................... ok
t/SOAP/WSDL/Types.t ................................... ok
t/SOAP/WSDL/XSD/Attribute.t ........................... ok
t/SOAP/WSDL/XSD/AttributeGroup.t ...................... ok
t/SOAP/WSDL/XSD/Builtin.t ............................. ok
t/SOAP/WSDL/XSD/ComplexType.t ......................... ok
t/SOAP/WSDL/XSD/Element.t ............................. ok
t/SOAP/WSDL/XSD/Enumeration.t ......................... ok
t/SOAP/WSDL/XSD/Schema.t .............................. ok
t/SOAP/WSDL/XSD/SimpleType.t .......................... ok
t/SOAP/WSDL/XSD/Typelib/Attribute.t ................... ok
t/SOAP/WSDL/XSD/Typelib/Builtin/anySimpleType.t ....... ok
t/SOAP/WSDL/XSD/Typelib/Builtin/anyType.t ............. ok
t/SOAP/WSDL/XSD/Typelib/Builtin/anyURI.t .............. ok
t/SOAP/WSDL/XSD/Typelib/Builtin/base64Binary.t ........ ok
t/SOAP/WSDL/XSD/Typelib/Builtin/boolean.t ............. ok
t/SOAP/WSDL/XSD/Typelib/Builtin/byte.t ................ ok
t/SOAP/WSDL/XSD/Typelib/Builtin/date.t ................ ok

#   Failed test 'conversion with timezone'
#   at t/SOAP/WSDL/XSD/Typelib/Builtin/dateTime.t line 35.
#          got: '2007-08-31T00:32:00.0000000+00:00'
#     expected: '2007-08-31T00:32:00+00:00'

#   Failed test 'conversion with timezone'
#   at t/SOAP/WSDL/XSD/Typelib/Builtin/dateTime.t line 35.
#          got: '2007-08-30T00:00:00.0000000+00:00'
#     expected: '2007-08-30T00:00:00+00:00'

#   Failed test 'conversion with timezone'
#   at t/SOAP/WSDL/XSD/Typelib/Builtin/dateTime.t line 35.
#          got: '2007-12-31T12:32:00.0000000+00:00'
#     expected: '2007-12-31T12:32:00+00:00'
# Looks like you failed 3 tests of 9.
t/SOAP/WSDL/XSD/Typelib/Builtin/dateTime.t ............ 
Dubious, test returned 3 (wstat 768, 0x300)
Failed 3/9 subtests 
t/SOAP/WSDL/XSD/Typelib/Builtin/decimal.t ............. ok
t/SOAP/WSDL/XSD/Typelib/Builtin/double.t .............. ok
t/SOAP/WSDL/XSD/Typelib/Builtin/duration.t ............ ok
t/SOAP/WSDL/XSD/Typelib/Builtin/ENTITY.t .............. ok
t/SOAP/WSDL/XSD/Typelib/Builtin/float.t ............... ok
t/SOAP/WSDL/XSD/Typelib/Builtin/gDay.t ................ ok
t/SOAP/WSDL/XSD/Typelib/Builtin/gMonth.t .............. ok
t/SOAP/WSDL/XSD/Typelib/Builtin/gMonthDay.t ........... ok
t/SOAP/WSDL/XSD/Typelib/Builtin/gYear.t ............... ok
t/SOAP/WSDL/XSD/Typelib/Builtin/gYearMonth.t .......... ok
t/SOAP/WSDL/XSD/Typelib/Builtin/hexBinary.t ........... ok
t/SOAP/WSDL/XSD/Typelib/Builtin/ID.t .................. ok
t/SOAP/WSDL/XSD/Typelib/Builtin/IDREF.t ............... ok
t/SOAP/WSDL/XSD/Typelib/Builtin/IDREFS.t .............. ok
t/SOAP/WSDL/XSD/Typelib/Builtin/int.t ................. ok
t/SOAP/WSDL/XSD/Typelib/Builtin/integer.t ............. ok
t/SOAP/WSDL/XSD/Typelib/Builtin/language.t ............ ok
t/SOAP/WSDL/XSD/Typelib/Builtin/list.t ................ ok
t/SOAP/WSDL/XSD/Typelib/Builtin/long.t ................ ok
t/SOAP/WSDL/XSD/Typelib/Builtin/Name.t ................ ok
t/SOAP/WSDL/XSD/Typelib/Builtin/NCName.t .............. ok
t/SOAP/WSDL/XSD/Typelib/Builtin/negativeInteger.t ..... ok
t/SOAP/WSDL/XSD/Typelib/Builtin/NMTOKEN.t ............. ok
t/SOAP/WSDL/XSD/Typelib/Builtin/NMTOKENS.t ............ ok
t/SOAP/WSDL/XSD/Typelib/Builtin/nonNegativeInteger.t .. ok
t/SOAP/WSDL/XSD/Typelib/Builtin/nonPositiveInteger.t .. ok
t/SOAP/WSDL/XSD/Typelib/Builtin/normalizedString.t .... ok
t/SOAP/WSDL/XSD/Typelib/Builtin/NOTATION.t ............ ok
t/SOAP/WSDL/XSD/Typelib/Builtin/positiveInteger.t ..... ok
t/SOAP/WSDL/XSD/Typelib/Builtin/QName.t ............... ok
t/SOAP/WSDL/XSD/Typelib/Builtin/short.t ............... ok
t/SOAP/WSDL/XSD/Typelib/Builtin/string.t .............. ok
t/SOAP/WSDL/XSD/Typelib/Builtin/time.t ................ ok
t/SOAP/WSDL/XSD/Typelib/Builtin/token.t ............... ok
t/SOAP/WSDL/XSD/Typelib/Builtin/unsignedByte.t ........ ok
t/SOAP/WSDL/XSD/Typelib/Builtin/unsignedInt.t ......... ok
t/SOAP/WSDL/XSD/Typelib/Builtin/unsignedLong.t ........ ok
t/SOAP/WSDL/XSD/Typelib/Builtin/unsignedShort.t ....... ok
t/SOAP/WSDL/XSD/Typelib/ComplexType.t ................. ok
t/SOAP/WSDL/XSD/Typelib/Element.t ..................... ok

Test Summary Report
-------------------
t/SOAP/WSDL/XSD/Typelib/Builtin/dateTime.t          (Wstat: 768 Tests: 9 Failed: 3)
  Failed tests:  2-4
  Non-zero exit status: 3
Files=124, Tests=1228, 25 wallclock secs ( 0.34 usr  0.47 sys + 21.23 cusr  2.96 csys = 25.00 CPU)
Result: FAIL
Failed 1/124 test programs. 3/1228 subtests failed.
make: *** [Makefile:1221: test_dynamic] Error 255

------------------------------
PREREQUISITES
------------------------------

Prerequisite modules loaded:

requires:

    Module              Need     Have    
    ------------------- -------- --------
    Class::Load         0.2      0.25    
    Class::Std::Fast    0.000005 0.0.8   
    Cwd                 0        3.78    
    Data::Dumper        0        2.174   
    Date::Format        0        2.24    
    Date::Parse         0        2.31    
    File::Basename      0        2.85    
    File::Path          0        2.16    
    File::Spec          0        3.78    
    Getopt::Long        0        2.51    
    List::Util          0        1.53    
    LWP::UserAgent      0        6.43    
    Module::Build       0        0.4229  
    perl                5.008    5.031008
    Storable            0        3.18    
    Template            2.18     3.006   
    Term::ReadKey       0        2.38    
    Test::More          0        1.302171
    URI                 0        1.76    
    XML::Parser::Expat  0        2.46    

build_requires:

    Module              Need     Have    
    ------------------- -------- --------
    ExtUtils::MakeMaker 0        7.44    

configure_requires:

    Module              Need     Have    
    ------------------- -------- --------
    ExtUtils::MakeMaker 0        7.44    


------------------------------
ENVIRONMENT AND OTHER CONTEXT
------------------------------

Environment variables:

    AUTOMATED_TESTING = 1
    LANG = en_US.UTF-8
    PATH = /home/sand/bin:/usr/local/bin:/usr/bin:/bin:/usr/games:/usr/local/perl/bin:/usr/X11/bin:/sbin:/usr/sbin
    PERL5LIB = 
    PERL5OPT = 
    PERL5_CPANPLUS_IS_RUNNING = 1769797
    PERL5_CPAN_IS_RUNNING = 1769797
    PERL_CANARY_STABILITY_NOPROMPT = 1
    PERL_MM_USE_DEFAULT = 1
    PERL_USE_UNSAFE_INC = 1
    SHELL = /usr/bin/zsh
    TERM = screen

Perl special variables (and OS-specific diagnostics, for MSWin32):

    $^X = /tmp/basesmoker-reloperl-O2sp/bin/perl
    $UID/$EUID = 1005 / 1005
    $GID = 1005 1005
    $EGID = 1005 1005

Perl module toolchain versions installed:

    Module              Have    
    ------------------- --------
    CPAN                2.27    
    CPAN::Meta          2.150010
    Cwd                 3.78    
    ExtUtils::CBuilder  0.280233
    ExtUtils::Command   7.44    
    ExtUtils::Install   2.14    
    ExtUtils::MakeMaker 7.44    
    ExtUtils::Manifest  1.72    
    ExtUtils::ParseXS   3.40    
    File::Spec          3.78    
    JSON                4.02    
    JSON::PP            4.04    
    Module::Build       0.4229  
    Module::Signature   0.83    
    Parse::CPAN::Meta   2.150010
    Test::Harness       3.42    
    Test::More          1.302171
    YAML                1.29    
    YAML::Syck          1.31    
    version             0.9924  


--

Summary of my perl5 (revision 5 version 31 subversion 8) configuration:
  Commit id: 68ce2ab964838e77cdf58bd0a42e1716fc4ed49c
  Platform:
    osname=linux
    osvers=5.3.0-2-amd64
    archname=x86_64-linux-thread-multi-ld
    uname='linux k93msid 5.3.0-2-amd64 #1 smp debian 5.3.9-3 (2019-11-19) x86_64 gnulinux '
    config_args='-Dprefix=/home/sand/src/perl/repoperls/installed-perls/host/k93msid/v5.31.7-114-g68ce2ab964/ac75 -Dmyhostname=k93msid -Dinstallusrbinperl=n -Uversiononly -Dusedevel -des -Ui_db -Dlibswanted=cl pthread socket inet nsl gdbm dbm malloc dl ld sun m crypt sec util c cposix posix ucb BSD gdbm_compat -Duseithreads -Duselongdouble -DEBUGGING=both'
    hint=recommended
    useposix=true
    d_sigaction=define
    useithreads=define
    usemultiplicity=define
    use64bitint=define
    use64bitall=define
    uselongdouble=define
    usemymalloc=n
    default_inc_excludes_dot=define
    bincompat5005=undef
  Compiler:
    cc='cc'
    ccflags ='-D_REENTRANT -D_GNU_SOURCE -fwrapv -DDEBUGGING -fno-strict-aliasing -pipe -fstack-protector-strong -I/usr/local/include -D_LARGEFILE_SOURCE -D_FILE_OFFSET_BITS=64 -D_FORTIFY_SOURCE=2'
    optimize='-O2 -g'
    cppflags='-D_REENTRANT -D_GNU_SOURCE -fwrapv -DDEBUGGING -fno-strict-aliasing -pipe -fstack-protector-strong -I/usr/local/include'
    ccversion=''
    gccversion='9.2.1 20191109'
    gccosandvers=''
    intsize=4
    longsize=8
    ptrsize=8
    doublesize=8
    byteorder=12345678
    doublekind=3
    d_longlong=define
    longlongsize=8
    d_longdbl=define
    longdblsize=16
    longdblkind=3
    ivtype='long'
    ivsize=8
    nvtype='long double'
    nvsize=16
    Off_t='off_t'
    lseeksize=8
    alignbytes=16
    prototype=define
  Linker and Libraries:
    ld='cc'
    ldflags =' -fstack-protector-strong -L/usr/local/lib'
    libpth=/usr/local/lib /usr/lib/gcc/x86_64-linux-gnu/9/include-fixed /usr/include/x86_64-linux-gnu /usr/lib /lib/x86_64-linux-gnu /lib/../lib /usr/lib/x86_64-linux-gnu /usr/lib/../lib /lib
    libs=-lpthread -lnsl -ldl -lm -lcrypt -lutil -lc
    perllibs=-lpthread -lnsl -ldl -lm -lcrypt -lutil -lc
    libc=libc-2.29.so
    so=so
    useshrplib=false
    libperl=libperl.a
    gnulibc_version='2.29'
  Dynamic Linking:
    dlsrc=dl_dlopen.xs
    dlext=so
    d_dlsymun=undef
    ccdlflags='-Wl,-E'
    cccdlflags='-fPIC'
    lddlflags='-shared -O2 -g -L/usr/local/lib -fstack-protector-strong'


Characteristics of this binary (from libperl): 
  Compile-time options:
    DEBUGGING
    HAS_TIMES
    MULTIPLICITY
    PERLIO_LAYERS
    PERL_COPY_ON_WRITE
    PERL_DONT_CREATE_GVSV
    PERL_IMPLICIT_CONTEXT
    PERL_MALLOC_WRAP
    PERL_OP_PARENT
    PERL_PRESERVE_IVUV
    PERL_TRACK_MEMPOOL
    PERL_USE_DEVEL
    USE_64_BIT_ALL
    USE_64_BIT_INT
    USE_ITHREADS
    USE_LARGE_FILES
    USE_LOCALE
    USE_LOCALE_COLLATE
    USE_LOCALE_CTYPE
    USE_LOCALE_NUMERIC
    USE_LOCALE_TIME
    USE_LONG_DOUBLE
    USE_PERLIO
    USE_PERL_ATOF
    USE_REENTRANT_API
    USE_THREAD_SAFE_LOCALE
  Built under linux
  Compiled at Jan 17 2020 19:25:08
  %ENV:
    PERL5LIB=""
    PERL5OPT=""
    PERL5_CPANPLUS_IS_RUNNING="1769797"
    PERL5_CPAN_IS_RUNNING="1769797"
    PERL_CANARY_STABILITY_NOPROMPT="1"
    PERL_MM_USE_DEFAULT="1"
    PERL_USE_UNSAFE_INC="1"
  @INC:
    /home/sand/src/perl/repoperls/installed-perls/host/k93msid/v5.31.7-114-g68ce2ab964/ac75/lib/site_perl/5.31.8/x86_64-linux-thread-multi-ld
    /home/sand/src/perl/repoperls/installed-perls/host/k93msid/v5.31.7-114-g68ce2ab964/ac75/lib/site_perl/5.31.8
    /home/sand/src/perl/repoperls/installed-perls/host/k93msid/v5.31.7-114-g68ce2ab964/ac75/lib/5.31.8/x86_64-linux-thread-multi-ld
    /home/sand/src/perl/repoperls/installed-perls/host/k93msid/v5.31.7-114-g68ce2ab964/ac75/lib/5.31.8
    .