Report for Net-Async-FastCGI-0.22

Back
From: metabase:user:320bfe00-2aae-11df-837a-5e0a49663a4f
Subject: FAIL Net-Async-FastCGI-0.22 v5.13.8 GNU/Linux
Date: 2011-01-06T16:56:00Z

This distribution has been tested as part of the CPAN Testers
project, supporting the Perl programming language.  See
http://wiki.cpantesters.org/ for more information or email
questions to cpan-testers-discuss@perl.org


--
Dear Paul Evans,

This is a computer-generated report for Net-Async-FastCGI-0.22
on perl 5.13.8, created by CPAN-Reporter-1.1803.

Thank you for uploading your work to CPAN.  However, there was a problem
testing your distribution.

If you think this report is invalid, please consult the CPAN Testers Wiki
for suggestions on how to avoid getting FAIL reports for missing library
or binary dependencies, unsupported operating systems, and so on:

http://wiki.cpantesters.org/wiki/CPANAuthorNotes

Sections of this report:

    * Tester comments
    * Program output
    * Prerequisites
    * Environment and other context

------------------------------
TESTER COMMENTS
------------------------------

Additional comments from tester:

none provided

------------------------------
PROGRAM OUTPUT
------------------------------

Output from './Build test':

t/00use.t ................... ok
t/01test.t .................. ok
Subroutine IO::Socket::INET6::sockaddr_in6 redefined at /home/src/perl/repoperls/installed-perls/perl/v5.13.8-167-gc1b879e/lib/5.13.8/Exporter.pm line 67.
 at /home/src/perl/repoperls/installed-perls/perl/v5.13.8-167-gc1b879e/lib/site_perl/5.13.8/IO/Socket/INET6.pm line 21
t/02request-minimal.t ....... ok
Subroutine IO::Socket::INET6::sockaddr_in6 redefined at /home/src/perl/repoperls/installed-perls/perl/v5.13.8-167-gc1b879e/lib/5.13.8/Exporter.pm line 67.
 at /home/src/perl/repoperls/installed-perls/perl/v5.13.8-167-gc1b879e/lib/site_perl/5.13.8/IO/Socket/INET6.pm line 21
t/03request-full.t .......... ok
Subroutine IO::Socket::INET6::sockaddr_in6 redefined at /home/src/perl/repoperls/installed-perls/perl/v5.13.8-167-gc1b879e/lib/5.13.8/Exporter.pm line 67.
 at /home/src/perl/repoperls/installed-perls/perl/v5.13.8-167-gc1b879e/lib/site_perl/5.13.8/IO/Socket/INET6.pm line 21
t/04request-reuse.t ......... ok
Subroutine IO::Socket::INET6::sockaddr_in6 redefined at /home/src/perl/repoperls/installed-perls/perl/v5.13.8-167-gc1b879e/lib/5.13.8/Exporter.pm line 67.
 at /home/src/perl/repoperls/installed-perls/perl/v5.13.8-167-gc1b879e/lib/site_perl/5.13.8/IO/Socket/INET6.pm line 21
t/05request-multiplex.t ..... ok
Subroutine IO::Socket::INET6::sockaddr_in6 redefined at /home/src/perl/repoperls/installed-perls/perl/v5.13.8-167-gc1b879e/lib/5.13.8/Exporter.pm line 67.
 at /home/src/perl/repoperls/installed-perls/perl/v5.13.8-167-gc1b879e/lib/site_perl/5.13.8/IO/Socket/INET6.pm line 21
t/06request-binary.t ........ ok
Subroutine IO::Socket::INET6::sockaddr_in6 redefined at /home/src/perl/repoperls/installed-perls/perl/v5.13.8-167-gc1b879e/lib/5.13.8/Exporter.pm line 67.
 at /home/src/perl/repoperls/installed-perls/perl/v5.13.8-167-gc1b879e/lib/site_perl/5.13.8/IO/Socket/INET6.pm line 21
t/07request-longparams.t .... ok
Subroutine IO::Socket::INET6::sockaddr_in6 redefined at /home/src/perl/repoperls/installed-perls/perl/v5.13.8-167-gc1b879e/lib/5.13.8/Exporter.pm line 67.
 at /home/src/perl/repoperls/installed-perls/perl/v5.13.8-167-gc1b879e/lib/site_perl/5.13.8/IO/Socket/INET6.pm line 21
t/08request-shortwrites.t ... ok
Subroutine IO::Socket::INET6::sockaddr_in6 redefined at /home/src/perl/repoperls/installed-perls/perl/v5.13.8-167-gc1b879e/lib/5.13.8/Exporter.pm line 67.
 at /home/src/perl/repoperls/installed-perls/perl/v5.13.8-167-gc1b879e/lib/site_perl/5.13.8/IO/Socket/INET6.pm line 21
Nothing was ready after 10 second wait; called at /home/src/perl/repoperls/installed-perls/perl/v5.13.8-167-gc1b879e/lib/site_perl/5.13.8/IO/Async/Test.pm line 170
# Looks like you planned 3 tests but ran 2.
# Looks like your test exited with 255 just after 2.
t/09request-streamstdout.t .. 
Dubious, test returned 255 (wstat 65280, 0xff00)
Failed 1/3 subtests 
Subroutine IO::Socket::INET6::sockaddr_in6 redefined at /home/src/perl/repoperls/installed-perls/perl/v5.13.8-167-gc1b879e/lib/5.13.8/Exporter.pm line 67.
 at /home/src/perl/repoperls/installed-perls/perl/v5.13.8-167-gc1b879e/lib/site_perl/5.13.8/IO/Socket/INET6.pm line 21
t/10request-close.t ......... ok
Subroutine IO::Socket::INET6::sockaddr_in6 redefined at /home/src/perl/repoperls/installed-perls/perl/v5.13.8-167-gc1b879e/lib/5.13.8/Exporter.pm line 67.
 at /home/src/perl/repoperls/installed-perls/perl/v5.13.8-167-gc1b879e/lib/site_perl/5.13.8/IO/Socket/INET6.pm line 21
Nothing was ready after 10 second wait; called at /home/src/perl/repoperls/installed-perls/perl/v5.13.8-167-gc1b879e/lib/site_perl/5.13.8/IO/Async/Test.pm line 170
# Looks like you planned 5 tests but ran 2.
# Looks like your test exited with 255 just after 2.
t/11request-encoding.t ...... 
Dubious, test returned 255 (wstat 65280, 0xff00)
Failed 3/5 subtests 
Subroutine IO::Socket::INET6::sockaddr_in6 redefined at /home/src/perl/repoperls/installed-perls/perl/v5.13.8-167-gc1b879e/lib/5.13.8/Exporter.pm line 67.
 at /home/src/perl/repoperls/installed-perls/perl/v5.13.8-167-gc1b879e/lib/site_perl/5.13.8/IO/Socket/INET6.pm line 21
t/12request-unknown.t ....... ok
Subroutine IO::Socket::INET6::sockaddr_in6 redefined at /home/src/perl/repoperls/installed-perls/perl/v5.13.8-167-gc1b879e/lib/5.13.8/Exporter.pm line 67.
 at /home/src/perl/repoperls/installed-perls/perl/v5.13.8-167-gc1b879e/lib/site_perl/5.13.8/IO/Socket/INET6.pm line 21
t/13request-handles.t ....... ok
Subroutine IO::Socket::INET6::sockaddr_in6 redefined at /home/src/perl/repoperls/installed-perls/perl/v5.13.8-167-gc1b879e/lib/5.13.8/Exporter.pm line 67.
 at /home/src/perl/repoperls/installed-perls/perl/v5.13.8-167-gc1b879e/lib/site_perl/5.13.8/IO/Socket/INET6.pm line 21
t/20get_values.t ............ ok
Subroutine IO::Socket::INET6::sockaddr_in6 redefined at /home/src/perl/repoperls/installed-perls/perl/v5.13.8-167-gc1b879e/lib/5.13.8/Exporter.pm line 67.
 at /home/src/perl/repoperls/installed-perls/perl/v5.13.8-167-gc1b879e/lib/site_perl/5.13.8/IO/Socket/INET6.pm line 21
t/30request-HTTP.t .......... ok
t/99pod.t ................... ok

Test Summary Report
-------------------
t/09request-streamstdout.t (Wstat: 65280 Tests: 2 Failed: 0)
  Non-zero exit status: 255
  Parse errors: Bad plan.  You planned 3 tests but ran 2.
t/11request-encoding.t    (Wstat: 65280 Tests: 2 Failed: 0)
  Non-zero exit status: 255
  Parse errors: Bad plan.  You planned 5 tests but ran 2.
Files=17, Tests=71, 21 wallclock secs ( 0.07 usr  0.04 sys +  1.31 cusr  0.26 csys =  1.68 CPU)
Result: FAIL
Failed 2/17 test programs. 0/71 subtests failed.

------------------------------
PREREQUISITES
------------------------------

Prerequisite modules loaded:

requires:

    Module                      Need Have   
    --------------------------- ---- -------
    Encode                      0    2.42   
    HTTP::Request               0    5.827  
    HTTP::Response              0    5.836  
    IO::Async::Listener         0.23 0.33   
    IO::Async::Loop             0.16 0.33   
    IO::Async::Protocol::Stream 0.33 0.33   
    IO::Async::Test             0    0.33   
    Net::FastCGI::Constant      0.10 0.12   
    Net::FastCGI::Protocol      0.10 0.12   
    Tie::Handle                 0    4.2    

build_requires:

    Module                      Need Have   
    --------------------------- ---- -------
    Test::HexString             0    0.02   
    Test::More                  0    0.97_01
    Test::Refcount              0    0.06   

configure_requires:

    Module                      Need Have   
    --------------------------- ---- -------
    Module::Build               0.36 0.3607 


------------------------------
ENVIRONMENT AND OTHER CONTEXT
------------------------------

Environment variables:

    LANG = en_US.UTF-8
    PATH = /home/sand/bin:/usr/local/bin:/usr/bin:/bin:/usr/bin/X11:/usr/games:/usr/local/perl/bin:/usr/X11/bin:/sbin:/usr/sbin
    PERL5LIB = /home/sand/.cpan/build/ProjectBuilder-0.9.10-emz4gn/blib/arch:/home/sand/.cpan/build/ProjectBuilder-0.9.10-emz4gn/blib/lib
    PERL5OPT = 
    PERL5_CPANPLUS_IS_RUNNING = 11262
    PERL5_CPAN_IS_RUNNING = 11262
    SHELL = /usr/bin/zsh
    TERM = screen

Perl special variables (and OS-specific diagnostics, for MSWin32):

    $^X = /home/src/perl/repoperls/installed-perls/perl/v5.13.8-167-gc1b879e/bin/perl
    $UID/$EUID = 1001 / 1001
    $GID = 1001 1001
    $EGID = 1001 1001

Perl module toolchain versions installed:

    Module              Have    
    ------------------- --------
    CPAN                1.94_62 
    Cwd                 3.35    
    ExtUtils::CBuilder  0.280201
    ExtUtils::Command   1.16    
    ExtUtils::Install   1.55    
    ExtUtils::MakeMaker 6.57_05 
    ExtUtils::Manifest  1.58    
    ExtUtils::ParseXS   2.2208  
    File::Spec          3.33    
    Module::Build       0.3607  
    Module::Signature   0.66    
    Test::Harness       3.22    
    Test::More          0.97_01 
    YAML                0.72    
    YAML::Syck          1.17    
    version             0.88    


--

Summary of my perl5 (revision 5 version 13 subversion 8) configuration:
  Commit id: c1b879e57aecbfe520b3f44dd28472d1862f037d
  Platform:
    osname=linux, osvers=2.6.32-5-amd64, archname=x86_64-linux-ld
    uname='linux k81 2.6.32-5-amd64 #1 smp fri dec 10 15:35:08 utc 2010 x86_64 gnulinux '
    config_args='-Dprefix=/home/src/perl/repoperls/installed-perls/perl/v5.13.8-167-gc1b879e -Dinstallusrbinperl=n -Uversiononly -Dusedevel -des -Ui_db -Uuseithreads -Duselongdouble'
    hint=recommended, useposix=true, d_sigaction=define
    useithreads=undef, usemultiplicity=undef
    useperlio=define, d_sfio=undef, uselargefiles=define, usesocks=undef
    use64bitint=define, use64bitall=define, uselongdouble=define
    usemymalloc=n, bincompat5005=undef
  Compiler:
    cc='cc', ccflags ='-fno-strict-aliasing -pipe -fstack-protector -I/usr/local/include -D_LARGEFILE_SOURCE -D_FILE_OFFSET_BITS=64',
    optimize='-O2',
    cppflags='-fno-strict-aliasing -pipe -fstack-protector -I/usr/local/include'
    ccversion='', gccversion='4.4.5', gccosandvers=''
    intsize=4, longsize=8, ptrsize=8, doublesize=8, byteorder=12345678
    d_longlong=define, longlongsize=8, d_longdbl=define, longdblsize=16
    ivtype='long', ivsize=8, nvtype='long double', nvsize=16, Off_t='off_t', lseeksize=8
    alignbytes=16, prototype=define
  Linker and Libraries:
    ld='cc', ldflags =' -fstack-protector -L/usr/local/lib'
    libpth=/usr/local/lib /lib /usr/lib /lib64 /usr/lib64
    libs=-lnsl -lgdbm -ldb -ldl -lm -lcrypt -lutil -lc -lgdbm_compat
    perllibs=-lnsl -ldl -lm -lcrypt -lutil -lc
    libc=/lib/libc-2.11.2.so, so=so, useshrplib=false, libperl=libperl.a
    gnulibc_version='2.11.2'
  Dynamic Linking:
    dlsrc=dl_dlopen.xs, dlext=so, d_dlsymun=undef, ccdlflags='-Wl,-E'
    cccdlflags='-fPIC', lddlflags='-shared -O2 -L/usr/local/lib -fstack-protector'


Characteristics of this binary (from libperl): 
  Compile-time options: PERL_DONT_CREATE_GVSV PERL_MALLOC_WRAP PERL_USE_DEVEL
                        USE_64_BIT_ALL USE_64_BIT_INT USE_LARGE_FILES
                        USE_LONG_DOUBLE USE_PERLIO USE_PERL_ATOF
  Built under linux
  Compiled at Jan  6 2011 08:06:11
  %ENV:
    PERL5LIB="/home/sand/.cpan/build/ProjectBuilder-0.9.10-emz4gn/blib/arch:/home/sand/.cpan/build/ProjectBuilder-0.9.10-emz4gn/blib/lib"
    PERL5OPT=""
    PERL5_CPANPLUS_IS_RUNNING="11262"
    PERL5_CPAN_IS_RUNNING="11262"
  @INC:
    /home/sand/.cpan/build/ProjectBuilder-0.9.10-emz4gn/blib/arch
    /home/sand/.cpan/build/ProjectBuilder-0.9.10-emz4gn/blib/lib
    /home/src/perl/repoperls/installed-perls/perl/v5.13.8-167-gc1b879e/lib/site_perl/5.13.8/x86_64-linux-ld
    /home/src/perl/repoperls/installed-perls/perl/v5.13.8-167-gc1b879e/lib/site_perl/5.13.8
    /home/src/perl/repoperls/installed-perls/perl/v5.13.8-167-gc1b879e/lib/5.13.8/x86_64-linux-ld
    /home/src/perl/repoperls/installed-perls/perl/v5.13.8-167-gc1b879e/lib/5.13.8
    .