Back
From: metabase:user:c1859b88-af6d-11df-b000-ae20fb0c70d3
Subject: FAIL XML-Rabbit-0.0.2 v5.10.1 OpenBSD
Date: 2010-09-11T09:27:46Z
This distribution has been tested as part of the CPAN Testers
project, supporting the Perl programming language. See
http://wiki.cpantesters.org/ for more information or email
questions to cpan-testers-discuss@perl.org
--
Dear Robin Smidsrod,
This is a computer-generated report for XML-Rabbit-0.0.2
on perl 5.10.1, created by CPAN-Reporter-1.18.
Thank you for uploading your work to CPAN. However, there was a problem
testing your distribution.
If you think this report is invalid, please consult the CPAN Testers Wiki
for suggestions on how to avoid getting FAIL reports for missing library
or binary dependencies, unsupported operating systems, and so on:
http://wiki.cpantesters.org/wiki/CPANAuthorNotes
Sections of this report:
* Tester comments
* Program output
* Prerequisites
* Environment and other context
------------------------------
TESTER COMMENTS
------------------------------
Additional comments from tester:
this report is from an automated smoke testing program
and was not reviewed by a human for accuracy
------------------------------
PROGRAM OUTPUT
------------------------------
Output from '/usr/bin/make test':
PERL_DL_NONLAZY=1 /usr/bin/perl "-MExtUtils::Command::MM" "-e" "test_harness(0, 'blib/lib', 'blib/arch')" t/*.t
# Testing XML::Rabbit 0.0.2, Perl 5.010001, /usr/bin/perl
t/00_load.t ................ ok
# Detected libxml2 version: 20706
t/01_libxml_version.t ...... ok
# Failed test 'use W3C::XHTML;'
# at t/10_parse_xhtml_fh.t line 11.
# Tried to use 'W3C::XHTML'.
# Error: Can't call method "does" on an undefined value at /home/tester/.cpan/build/XML-Rabbit-0.0.2-iF30tw/blib/lib/XML/Rabbit/Trait/XPath.pm line 86.
# Compilation failed in require at (eval 4) line 2.
# BEGIN failed--compilation aborted at (eval 4) line 2.
Couldn't load class (W3C::XHTML::Style) because: Can't call method "does" on an undefined value at /home/tester/.cpan/build/XML-Rabbit-0.0.2-iF30tw/blib/lib/XML/Rabbit/Trait/XPath.pm line 86.
Compilation failed in require at /usr/local/libdata/perl5/site_perl/sparc64-openbsd/Class/MOP.pm line 113.
at /usr/local/libdata/perl5/site_perl/sparc64-openbsd/Class/MOP.pm line 119
Class::MOP::__ANON__('Can\'t call method "does" on an undefined value at /home/test...') called at /usr/local/libdata/perl5/site_perl/Try/Tiny.pm line 98
Try::Tiny::try('CODE(0x201118210)', 'Try::Tiny::Catch=REF(0x20329dc30)') called at /usr/local/libdata/perl5/site_perl/sparc64-openbsd/Class/MOP.pm line 124
Class::MOP::load_first_existing_class('W3C::XHTML::Style') called at /usr/local/libdata/perl5/site_perl/sparc64-openbsd/Class/MOP.pm line 136
Class::MOP::load_class('W3C::XHTML::Style') called at /home/tester/.cpan/build/XML-Rabbit-0.0.2-iF30tw/blib/lib/XML/Rabbit/Trait/XPath.pm line 129
XML::Rabbit::Trait::XPath::_resolve_class('Class::MOP::Class::__ANON__::SERIAL::3=HASH(0x20329ddf8)') called at /home/tester/.cpan/build/XML-Rabbit-0.0.2-iF30tw/blib/lib/XML/Rabbit/Trait/XPathObject.pm line 43
XML::Rabbit::Trait::XPathObject::__ANON__('W3C::XHTML=HASH(0x205e26900)') called at /home/tester/.cpan/build/XML-Rabbit-0.0.2-iF30tw/blib/lib/XML/Rabbit/Trait/XPath.pm line 66
XML::Rabbit::Trait::XPath::default('Class::MOP::Class::__ANON__::SERIAL::3=HASH(0x20329ddf8)', 'W3C::XHTML=HASH(0x205e26900)') called at accessor style defined at t/lib/W3C/XHTML.pm line 21
W3C::XHTML::style('W3C::XHTML=HASH(0x205e26900)') called at t/10_parse_xhtml_fh.t line 25
# Looks like you planned 24 tests but ran 7.
# Looks like you failed 1 test of 7 run.
# Looks like your test exited with 9 just after 7.
t/10_parse_xhtml_fh.t ......
Dubious, test returned 9 (wstat 2304, 0x900)
Failed 18/24 subtests
# Failed test 'use W3C::XHTML;'
# at t/10_parse_xhtml_file.t line 11.
# Tried to use 'W3C::XHTML'.
# Error: Can't call method "does" on an undefined value at /home/tester/.cpan/build/XML-Rabbit-0.0.2-iF30tw/blib/lib/XML/Rabbit/Trait/XPath.pm line 86.
# Compilation failed in require at (eval 4) line 2.
# BEGIN failed--compilation aborted at (eval 4) line 2.
Couldn't load class (W3C::XHTML::Style) because: Can't call method "does" on an undefined value at /home/tester/.cpan/build/XML-Rabbit-0.0.2-iF30tw/blib/lib/XML/Rabbit/Trait/XPath.pm line 86.
Compilation failed in require at /usr/local/libdata/perl5/site_perl/sparc64-openbsd/Class/MOP.pm line 113.
at /usr/local/libdata/perl5/site_perl/sparc64-openbsd/Class/MOP.pm line 119
Class::MOP::__ANON__('Can\'t call method "does" on an undefined value at /home/test...') called at /usr/local/libdata/perl5/site_perl/Try/Tiny.pm line 98
Try::Tiny::try('CODE(0x20bb3c7b0)', 'Try::Tiny::Catch=REF(0x20ac38c30)') called at /usr/local/libdata/perl5/site_perl/sparc64-openbsd/Class/MOP.pm line 124
Class::MOP::load_first_existing_class('W3C::XHTML::Style') called at /usr/local/libdata/perl5/site_perl/sparc64-openbsd/Class/MOP.pm line 136
Class::MOP::load_class('W3C::XHTML::Style') called at /home/tester/.cpan/build/XML-Rabbit-0.0.2-iF30tw/blib/lib/XML/Rabbit/Trait/XPath.pm line 129
XML::Rabbit::Trait::XPath::_resolve_class('Class::MOP::Class::__ANON__::SERIAL::3=HASH(0x20ac38df8)') called at /home/tester/.cpan/build/XML-Rabbit-0.0.2-iF30tw/blib/lib/XML/Rabbit/Trait/XPathObject.pm line 43
XML::Rabbit::Trait::XPathObject::__ANON__('W3C::XHTML=HASH(0x2096f02e8)') called at /home/tester/.cpan/build/XML-Rabbit-0.0.2-iF30tw/blib/lib/XML/Rabbit/Trait/XPath.pm line 66
XML::Rabbit::Trait::XPath::default('Class::MOP::Class::__ANON__::SERIAL::3=HASH(0x20ac38df8)', 'W3C::XHTML=HASH(0x2096f02e8)') called at accessor style defined at t/lib/W3C/XHTML.pm line 21
W3C::XHTML::style('W3C::XHTML=HASH(0x2096f02e8)') called at t/10_parse_xhtml_file.t line 23
# Looks like you planned 24 tests but ran 7.
# Looks like you failed 1 test of 7 run.
# Looks like your test exited with 9 just after 7.
t/10_parse_xhtml_file.t ....
Dubious, test returned 9 (wstat 2304, 0x900)
Failed 18/24 subtests
# Failed test 'use W3C::XHTML;'
# at t/10_parse_xhtml_string.t line 11.
# Tried to use 'W3C::XHTML'.
# Error: Can't call method "does" on an undefined value at /home/tester/.cpan/build/XML-Rabbit-0.0.2-iF30tw/blib/lib/XML/Rabbit/Trait/XPath.pm line 86.
# Compilation failed in require at (eval 4) line 2.
# BEGIN failed--compilation aborted at (eval 4) line 2.
Couldn't load class (W3C::XHTML::Style) because: Can't call method "does" on an undefined value at /home/tester/.cpan/build/XML-Rabbit-0.0.2-iF30tw/blib/lib/XML/Rabbit/Trait/XPath.pm line 86.
Compilation failed in require at /usr/local/libdata/perl5/site_perl/sparc64-openbsd/Class/MOP.pm line 113.
at /usr/local/libdata/perl5/site_perl/sparc64-openbsd/Class/MOP.pm line 119
Class::MOP::__ANON__('Can\'t call method "does" on an undefined value at /home/test...') called at /usr/local/libdata/perl5/site_perl/Try/Tiny.pm line 98
Try::Tiny::try('CODE(0x202bd7210)', 'Try::Tiny::Catch=REF(0x2148b6c30)') called at /usr/local/libdata/perl5/site_perl/sparc64-openbsd/Class/MOP.pm line 124
Class::MOP::load_first_existing_class('W3C::XHTML::Style') called at /usr/local/libdata/perl5/site_perl/sparc64-openbsd/Class/MOP.pm line 136
Class::MOP::load_class('W3C::XHTML::Style') called at /home/tester/.cpan/build/XML-Rabbit-0.0.2-iF30tw/blib/lib/XML/Rabbit/Trait/XPath.pm line 129
XML::Rabbit::Trait::XPath::_resolve_class('Class::MOP::Class::__ANON__::SERIAL::3=HASH(0x2148b6df8)') called at /home/tester/.cpan/build/XML-Rabbit-0.0.2-iF30tw/blib/lib/XML/Rabbit/Trait/XPathObject.pm line 43
XML::Rabbit::Trait::XPathObject::__ANON__('W3C::XHTML=HASH(0x2011a1900)') called at /home/tester/.cpan/build/XML-Rabbit-0.0.2-iF30tw/blib/lib/XML/Rabbit/Trait/XPath.pm line 66
XML::Rabbit::Trait::XPath::default('Class::MOP::Class::__ANON__::SERIAL::3=HASH(0x2148b6df8)', 'W3C::XHTML=HASH(0x2011a1900)') called at accessor style defined at t/lib/W3C/XHTML.pm line 21
W3C::XHTML::style('W3C::XHTML=HASH(0x2011a1900)') called at t/10_parse_xhtml_string.t line 27
# Looks like you planned 24 tests but ran 7.
# Looks like you failed 1 test of 7 run.
# Looks like your test exited with 9 just after 7.
t/10_parse_xhtml_string.t ..
Dubious, test returned 9 (wstat 2304, 0x900)
Failed 18/24 subtests
# Failed test 'use W3C::XMLSchema;'
# at t/11_parse_imsqti.t line 10.
# Tried to use 'W3C::XMLSchema'.
# Error: Couldn't load class (W3C::XMLSchema::Group) because: Can't call method "does" on an undefined value at /home/tester/.cpan/build/XML-Rabbit-0.0.2-iF30tw/blib/lib/XML/Rabbit/Trait/XPath.pm line 86.
# Compilation failed in require at /usr/local/libdata/perl5/site_perl/sparc64-openbsd/Class/MOP.pm line 113.
# at /usr/local/libdata/perl5/site_perl/sparc64-openbsd/Class/MOP.pm line 119
# Class::MOP::__ANON__('Can\'t call method "does" on an undefined value at /home/test...') called at /usr/local/libdata/perl5/site_perl/Try/Tiny.pm line 98
# Try::Tiny::try('CODE(0x20f528798)', 'Try::Tiny::Catch=REF(0x20fcf22d0)') called at /usr/local/libdata/perl5/site_perl/sparc64-openbsd/Class/MOP.pm line 124
# Class::MOP::load_first_existing_class('W3C::XMLSchema::Group') called at /usr/local/libdata/perl5/site_perl/sparc64-openbsd/Class/MOP.pm line 136
# Class::MOP::load_class('W3C::XMLSchema::Group') called at /home/tester/.cpan/build/XML-Rabbit-0.0.2-iF30tw/blib/lib/XML/Rabbit/Trait/XPath.pm line 129
# XML::Rabbit::Trait::XPath::_resolve_class('Class::MOP::Class::__ANON__::SERIAL::2=HASH(0x205f1c8e8)') called at /home/tester/.cpan/build/XML-Rabbit-0.0.2-iF30tw/blib/lib/XML/Rabbit/Trait/XPathObjectList.pm line 40
# XML::Rabbit::Trait::XPathObjectList::__ANON__(undef) called at /home/tester/.cpan/build/XML-Rabbit-0.0.2-iF30tw/blib/lib/XML/Rabbit/Trait/XPath.pm line 66
# XML::Rabbit::Trait::XPath::default('Class::MOP::Class::__ANON__::SERIAL::2=HASH(0x205f1c8e8)') called at /usr/local/libdata/perl5/site_perl/sparc64-openbsd/Moose/Meta/Method/Constructor.pm line 98
# Moose::Meta::Method::Constructor::_initialize_body('Moose::Meta::Method::Constructor=HASH(0x205f1cbe8)') called at /usr/local/libdata/perl5/site_perl/sparc64-openbsd/Moose/Meta/Method/Constructor.pm line 41
# Moose::Meta::Method::Constructor::new('Moose::Meta::Method::Constructor', 'options', 'HASH(0x20f2db7c8)', 'metaclass', 'Moose::Meta::Class=HASH(0x20386c2b8)', 'is_inline', 1, 'package_name', 'W3C::XMLSchema', ...) called at /usr/local/libdata/perl5/site_perl/sparc64-openbsd/Class/MOP/Class.pm line 1260
# Class::MOP::Class::_inline_constructor('Moose::Meta::Class=HASH(0x20386c2b8)', 'inline_accessors', 0, 'immutable_trait', 'Moose::Meta::Class::Immutable::Trait', 'constructor_name', 'new', 'debug', 0, ...) called at /usr/local/libdata/perl5/site_perl/sparc64-openbsd/Class/MOP/Class.pm line 1219
# Class::MOP::Class::_install_inlined_code('Moose::Meta::Class=HASH(0x20386c2b8)', 'inline_accessors', 0, 'immutable_trait', 'Moose::Meta::Class::Immutable::Trait', 'constructor_name', 'new', 'debug', 0, ...) called at /usr/local/libdata/perl5/site_perl/sparc64-openbsd/Class/MOP/Class.pm line 1211
# Class::MOP::Class::_initialize_immutable('Moose::Meta::Class=HASH(0x20386c2b8)', 'inline_accessors', 1, 'inline_constructor', 1, 'inline_destructor', 0, 'debug', 0, ...) called at /usr/local/libdata/perl5/site_perl/sparc64-openbsd/Class/MOP/Class.pm line 1100
# Class::MOP::Class::make_immutable('Moose::Meta::Class=HASH(0x20386c2b8)') called at t/lib/W3C/XMLSchema.pm line 21
# require W3C/XMLSchema.pm called at (eval 4) line 2
# main::BEGIN() called at t/lib/W3C/XMLSchema.pm line 0
# eval {...} called at t/lib/W3C/XMLSchema.pm line 0
# eval 'package main;
# use W3C::XMLSchema @{$args[0]};
# 1;
#
# ;' called at /usr/libdata/perl5/Test/More.pm line 875
# Test::More::_eval('package main;\x{a}use W3C::XMLSchema @{$args[0]};\x{a}1;\x{a}', 'ARRAY(0x205275750)') called at /usr/libdata/perl5/Test/More.pm line 850
# Test::More::use_ok('W3C::XMLSchema') called at t/11_parse_imsqti.t line 10
# main::BEGIN() called at t/lib/W3C/XMLSchema.pm line 0
# eval {...} called at t/lib/W3C/XMLSchema.pm line 0
# Compilation failed in require at (eval 4) line 2.
# BEGIN failed--compilation aborted at (eval 4) line 2.
Couldn't load class (W3C::XMLSchema::Sequence) because: Can't call method "namespace_map" on an undefined value at /home/tester/.cpan/build/XML-Rabbit-0.0.2-iF30tw/blib/lib/XML/Rabbit/Trait/XPath.pm line 153.
Compilation failed in require at /usr/local/libdata/perl5/site_perl/sparc64-openbsd/Class/MOP.pm line 113.
at /usr/local/libdata/perl5/site_perl/sparc64-openbsd/Class/MOP.pm line 119
Class::MOP::__ANON__('Can\'t call method "namespace_map" on an undefined value at /...') called at /usr/local/libdata/perl5/site_perl/Try/Tiny.pm line 98
Try::Tiny::try('CODE(0x205f1ce40)', 'Try::Tiny::Catch=REF(0x203b202e8)') called at /usr/local/libdata/perl5/site_perl/sparc64-openbsd/Class/MOP.pm line 124
Class::MOP::load_first_existing_class('W3C::XMLSchema::Sequence') called at /usr/local/libdata/perl5/site_perl/sparc64-openbsd/Class/MOP.pm line 136
Class::MOP::load_class('W3C::XMLSchema::Sequence') called at /home/tester/.cpan/build/XML-Rabbit-0.0.2-iF30tw/blib/lib/XML/Rabbit/Trait/XPath.pm line 129
XML::Rabbit::Trait::XPath::_resolve_class('Class::MOP::Class::__ANON__::SERIAL::4=HASH(0x205d76f48)') called at /home/tester/.cpan/build/XML-Rabbit-0.0.2-iF30tw/blib/lib/XML/Rabbit/Trait/XPathObject.pm line 43
XML::Rabbit::Trait::XPathObject::__ANON__('W3C::XMLSchema::Group=HASH(0x204ff2df8)') called at /home/tester/.cpan/build/XML-Rabbit-0.0.2-iF30tw/blib/lib/XML/Rabbit/Trait/XPath.pm line 66
XML::Rabbit::Trait::XPath::default('Class::MOP::Class::__ANON__::SERIAL::4=HASH(0x205d76f48)', 'W3C::XMLSchema::Group=HASH(0x204ff2df8)') called at accessor sequence defined at t/lib/W3C/XMLSchema/Group.pm line 14
W3C::XMLSchema::Group::sequence('W3C::XMLSchema::Group=HASH(0x204ff2df8)') called at t/11_parse_imsqti.t line 16
# Looks like you planned 4 tests but ran 1.
# Looks like you failed 1 test of 1 run.
# Looks like your test exited with 255 just after 1.
t/11_parse_imsqti.t ........
Dubious, test returned 255 (wstat 65280, 0xff00)
Failed 4/4 subtests
Can't call method "does" on an undefined value at /home/tester/.cpan/build/XML-Rabbit-0.0.2-iF30tw/blib/lib/XML/Rabbit/Trait/XPath.pm line 86.
BEGIN failed--compilation aborted at t/12_xpath_value_map.t line 36.
# Looks like your test exited with 2 before it could output anything.
t/12_xpath_value_map.t .....
Dubious, test returned 2 (wstat 512, 0x200)
Failed 3/3 subtests
Can't call method "does" on an undefined value at /home/tester/.cpan/build/XML-Rabbit-0.0.2-iF30tw/blib/lib/XML/Rabbit/Trait/XPath.pm line 86.
BEGIN failed--compilation aborted at t/13_xpath_object_map.t line 77.
# Looks like your test exited with 2 before it could output anything.
t/13_xpath_object_map.t ....
Dubious, test returned 2 (wstat 512, 0x200)
Failed 8/8 subtests
t/author-critic.t .......... skipped: these tests are for testing by the author
t/release-kwalitee.t ....... skipped: these tests are for release candidate testing
t/release-no-tabs.t ........ skipped: these tests are for release candidate testing
t/release-pod-coverage.t ... skipped: these tests are for release candidate testing
t/release-pod-syntax.t ..... skipped: these tests are for release candidate testing
Test Summary Report
-------------------
t/10_parse_xhtml_fh.t (Wstat: 2304 Tests: 7 Failed: 1)
Failed test: 1
Non-zero exit status: 9
Parse errors: Bad plan. You planned 24 tests but ran 7.
t/10_parse_xhtml_file.t (Wstat: 2304 Tests: 7 Failed: 1)
Failed test: 1
Non-zero exit status: 9
Parse errors: Bad plan. You planned 24 tests but ran 7.
t/10_parse_xhtml_string.t (Wstat: 2304 Tests: 7 Failed: 1)
Failed test: 1
Non-zero exit status: 9
Parse errors: Bad plan. You planned 24 tests but ran 7.
t/11_parse_imsqti.t (Wstat: 65280 Tests: 1 Failed: 1)
Failed test: 1
Non-zero exit status: 255
Parse errors: Bad plan. You planned 4 tests but ran 1.
t/12_xpath_value_map.t (Wstat: 512 Tests: 0 Failed: 0)
Non-zero exit status: 2
Parse errors: Bad plan. You planned 3 tests but ran 0.
t/13_xpath_object_map.t (Wstat: 512 Tests: 0 Failed: 0)
Non-zero exit status: 2
Parse errors: Bad plan. You planned 8 tests but ran 0.
Files=13, Tests=30, 56 wallclock secs ( 0.81 usr 0.52 sys + 45.15 cusr 6.93 csys = 53.41 CPU)
Result: FAIL
Failed 6/13 test programs. 4/30 subtests failed.
*** Error code 255
Stop in /home/tester/.cpan/build/XML-Rabbit-0.0.2-iF30tw (line 877 of Makefile).
------------------------------
PREREQUISITES
------------------------------
Prerequisite modules loaded:
requires:
Module Need Have
---------------------------- ----- --------
Data::Visitor::Callback 0 0
Encode 0 2.39
Moose 0 1.10
Moose::Role 0 1.10
Moose::Util::TypeConstraints 0 1.10
MooseX::Role::Parameterized 0 0.19
perl 5.008 5.010001
Perl6::Junction 0 1.40000
Scalar::Util 0 1.23
XML::LibXML 1.70 1.70
build_requires:
Module Need Have
---------------------------- ----- --------
English 0 1.04
Test::More 0 0.96
utf8 0 1.07
configure_requires:
Module Need Have
---------------------------- ----- --------
ExtUtils::MakeMaker 6.31 6.56
XML::LibXML 1.70 1.70
------------------------------
ENVIRONMENT AND OTHER CONTEXT
------------------------------
Environment variables:
AUTOMATED_TESTING = 1
PATH = /home/tester/bin:/bin:/sbin:/usr/bin:/usr/sbin:/usr/X11R6/bin:/usr/local/bin:/usr/local/sbin:/usr/games:.
PERL5LIB = /home/tester/.cpan/build/MooseX-Role-Parameterized-0.19-rTgY30/blib/arch:/home/tester/.cpan/build/MooseX-Role-Parameterized-0.19-rTgY30/blib/lib:/home/tester/.cpan/build/Perl6-Junction-1.40000-Av9mJL/blib/arch:/home/tester/.cpan/build/Perl6-Junction-1.40000-Av9mJL/blib/lib:/home/tester/.cpan/build/Data-Visitor-0.27-FoBZbf/blib/arch:/home/tester/.cpan/build/Data-Visitor-0.27-FoBZbf/blib/lib:/home/tester/.cpan/build/Tie-ToObject-0.03-ir7AdP/blib/arch:/home/tester/.cpan/build/Tie-ToObject-0.03-ir7AdP/blib/lib:/home/tester/.cpan/build/Test-use-ok-0.02-oDoCEk/blib/arch:/home/tester/.cpan/build/Test-use-ok-0.02-oDoCEk/blib/lib:/home/tester/.cpan/build/XML-SAX-0.96-yJHTWH/blib/arch:/home/tester/.cpan/build/XML-SAX-0.96-yJHTWH/blib/lib:/home/tester/.cpan/build/XML-NamespaceSupport-1.11-BtexJV/blib/arch:/home/tester/.cpan/build/XML-NamespaceSupport-1.11-BtexJV/blib/lib:/home/tester/.cpan/build/XML-LibXML-1.70-pWJ4SX/blib/arch:/home/tester/.cpan/build/XML-LibXML-1.70-pWJ4SX/blib/lib
PERL5OPT =
PERL5_CPANPLUS_IS_RUNNING = 6903
PERL5_CPAN_IS_RUNNING = 6903
PERL5_CPAN_IS_RUNNING_IN_RECURSION = 6388,6903
PERL_CR_SMOKER_CURRENT = W3C-XMLSchema-0.0.2
PERL_EXTUTILS_AUTOINSTALL = --defaultdeps
PERL_MM_USE_DEFAULT = 1
SHELL = /bin/ksh
TERM = rxvt
Perl special variables (and OS-specific diagnostics, for MSWin32):
$^X = /usr/bin/perl
$UID/$EUID = 2000 / 2000
$GID = 2000 2000 0
$EGID = 2000 2000 0
Perl module toolchain versions installed:
Module Have
------------------- ------
CPAN 1.9402
Cwd 3.31
ExtUtils::CBuilder 0.2703
ExtUtils::Command 1.16
ExtUtils::Install 1.54
ExtUtils::MakeMaker 6.56
ExtUtils::Manifest 1.58
ExtUtils::ParseXS 2.2206
File::Spec 3.31
Module::Build 0.3607
Module::Signature n/a
Test::Harness 3.22
Test::More 0.96
YAML 0.71
YAML::Syck 1.12
version 0.82
--
Summary of my perl5 (revision 5 version 10 subversion 1) configuration:
Platform:
osname=openbsd, osvers=4.8, archname=sparc64-openbsd
uname='openbsd'
config_args='-dsE -Dopenbsd_distribution=defined -Dmksymlinks'
hint=recommended, useposix=true, d_sigaction=define
useithreads=undef, usemultiplicity=undef
useperlio=define, d_sfio=undef, uselargefiles=define, usesocks=undef
use64bitint=define, use64bitall=define, uselongdouble=undef
usemymalloc=n, bincompat5005=undef
Compiler:
cc='cc', ccflags ='-fno-strict-aliasing -fno-delete-null-pointer-checks -pipe -fstack-protector -I/usr/local/include',
optimize='-O2',
cppflags='-fno-strict-aliasing -fno-delete-null-pointer-checks -pipe -fstack-protector -I/usr/local/include'
ccversion='', gccversion='4.2.1 20070719 ', gccosandvers='openbsd4.8'
intsize=4, longsize=8, ptrsize=8, doublesize=8, byteorder=87654321
d_longlong=define, longlongsize=8, d_longdbl=define, longdblsize=16
ivtype='long', ivsize=8, nvtype='double', nvsize=8, Off_t='off_t', lseeksize=8
alignbytes=8, prototype=define
Linker and Libraries:
ld='cc', ldflags ='-Wl,-E -fstack-protector'
libpth=/usr/lib
libs=-lm -lutil -lc
perllibs=-lm -lutil -lc
libc=/usr/lib/libc.a, so=so, useshrplib=true, libperl=libperl.so.11.1
gnulibc_version=''
Dynamic Linking:
dlsrc=dl_dlopen.xs, dlext=so, d_dlsymun=undef, ccdlflags='-Wl,-R/usr/libdata/perl5/sparc64-openbsd/5.10.1/CORE'
cccdlflags='-DPIC -fPIC ', lddlflags='-shared -fPIC -fstack-protector'
Characteristics of this binary (from libperl):
Compile-time options: PERL_DONT_CREATE_GVSV PERL_MALLOC_WRAP USE_64_BIT_ALL
USE_64_BIT_INT USE_LARGE_FILES USE_PERLIO
Built under OpenBSD
%ENV:
PERL5LIB="/home/tester/.cpan/build/MooseX-Role-Parameterized-0.19-rTgY30/blib/arch:/home/tester/.cpan/build/MooseX-Role-Parameterized-0.19-rTgY30/blib/lib:/home/tester/.cpan/build/Perl6-Junction-1.40000-Av9mJL/blib/arch:/home/tester/.cpan/build/Perl6-Junction-1.40000-Av9mJL/blib/lib:/home/tester/.cpan/build/Data-Visitor-0.27-FoBZbf/blib/arch:/home/tester/.cpan/build/Data-Visitor-0.27-FoBZbf/blib/lib:/home/tester/.cpan/build/Tie-ToObject-0.03-ir7AdP/blib/arch:/home/tester/.cpan/build/Tie-ToObject-0.03-ir7AdP/blib/lib:/home/tester/.cpan/build/Test-use-ok-0.02-oDoCEk/blib/arch:/home/tester/.cpan/build/Test-use-ok-0.02-oDoCEk/blib/lib:/home/tester/.cpan/build/XML-SAX-0.96-yJHTWH/blib/arch:/home/tester/.cpan/build/XML-SAX-0.96-yJHTWH/blib/lib:/home/tester/.cpan/build/XML-NamespaceSupport-1.11-BtexJV/blib/arch:/home/tester/.cpan/build/XML-NamespaceSupport-1.11-BtexJV/blib/lib:/home/tester/.cpan/build/XML-LibXML-1.70-pWJ4SX/blib/arch:/home/tester/.cpan/build/XML-LibXML-1.70-pWJ4SX/blib/lib"
PERL5OPT=""
PERL5_CPANPLUS_IS_RUNNING="6903"
PERL5_CPAN_IS_RUNNING="6903"
PERL5_CPAN_IS_RUNNING_IN_RECURSION="6388,6903"
PERL_CR_SMOKER_CURRENT="W3C-XMLSchema-0.0.2"
PERL_EXTUTILS_AUTOINSTALL="--defaultdeps"
PERL_MM_USE_DEFAULT="1"
@INC:
/home/tester/.cpan/build/MooseX-Role-Parameterized-0.19-rTgY30/blib/arch
/home/tester/.cpan/build/MooseX-Role-Parameterized-0.19-rTgY30/blib/lib
/home/tester/.cpan/build/Perl6-Junction-1.40000-Av9mJL/blib/arch
/home/tester/.cpan/build/Perl6-Junction-1.40000-Av9mJL/blib/lib
/home/tester/.cpan/build/Data-Visitor-0.27-FoBZbf/blib/arch
/home/tester/.cpan/build/Data-Visitor-0.27-FoBZbf/blib/lib
/home/tester/.cpan/build/Tie-ToObject-0.03-ir7AdP/blib/arch
/home/tester/.cpan/build/Tie-ToObject-0.03-ir7AdP/blib/lib
/home/tester/.cpan/build/Test-use-ok-0.02-oDoCEk/blib/arch
/home/tester/.cpan/build/Test-use-ok-0.02-oDoCEk/blib/lib
/home/tester/.cpan/build/XML-SAX-0.96-yJHTWH/blib/arch
/home/tester/.cpan/build/XML-SAX-0.96-yJHTWH/blib/lib
/home/tester/.cpan/build/XML-NamespaceSupport-1.11-BtexJV/blib/arch
/home/tester/.cpan/build/XML-NamespaceSupport-1.11-BtexJV/blib/lib
/home/tester/.cpan/build/XML-LibXML-1.70-pWJ4SX/blib/arch
/home/tester/.cpan/build/XML-LibXML-1.70-pWJ4SX/blib/lib
/usr/libdata/perl5/sparc64-openbsd/5.10.1
/usr/local/libdata/perl5/sparc64-openbsd/5.10.1
/usr/libdata/perl5
/usr/local/libdata/perl5
/usr/local/libdata/perl5/site_perl/sparc64-openbsd
/usr/libdata/perl5/site_perl/sparc64-openbsd
/usr/local/libdata/perl5/site_perl
/usr/libdata/perl5/site_perl
.