Report for Catalyst-Controller-Atompub-0.5.4

Back
From: metabase:user:320bfe00-2aae-11df-837a-5e0a49663a4f
Subject: FAIL Catalyst-Controller-Atompub-0.5.4 v5.17.1 GNU/Linux
Date: 2012-09-19T09:10:19Z

This distribution has been tested as part of the CPAN Testers
project, supporting the Perl programming language.  See
http://wiki.cpantesters.org/ for more information or email
questions to cpan-testers-discuss@perl.org


--
Dear Takeru INOUE,

This is a computer-generated report for Catalyst-Controller-Atompub-0.5.4
on perl 5.17.1, created by CPAN-Reporter-1.2006.

Thank you for uploading your work to CPAN.  However, there was a problem
testing your distribution.

If you think this report is invalid, please consult the CPAN Testers Wiki
for suggestions on how to avoid getting FAIL reports for missing library
or binary dependencies, unsupported operating systems, and so on:

http://wiki.cpantesters.org/wiki/CPANAuthorNotes

Sections of this report:

    * Tester comments
    * Program output
    * Prerequisites
    * Environment and other context

------------------------------
TESTER COMMENTS
------------------------------

Additional comments from tester:

this report is from an automated smoke testing program
and was not reviewed by a human for accuracy

------------------------------
PROGRAM OUTPUT
------------------------------

Output from '/usr/bin/make test':

PERL_DL_NONLAZY=1 /mnt/k75/homesand/src/perl/repoperls/installed-perls/perl/v5.17.1/165a/bin/perl "-MExtUtils::Command::MM" "-e" "test_harness(0, 'inc', 'blib/lib', 'blib/arch')" t/00.load.t t/01.service-default.t t/02.service.t t/03.collection.t t/perlcritic.t t/pod-coverage.t t/pod.t
# Testing Catalyst::Controller::Atompub 0.5.4
t/00.load.t ............. ok
"my" variable $self masks earlier declaration in same scope at /tmp/loop_over_bdir-d17wX4/Catalyst-Controller-Atompub-0.5.4-vj8RFS/blib/lib/Catalyst/Controller/Atompub/Collection.pm line 183.
"my" variable $c masks earlier declaration in same scope at /tmp/loop_over_bdir-d17wX4/Catalyst-Controller-Atompub-0.5.4-vj8RFS/blib/lib/Catalyst/Controller/Atompub/Collection.pm line 183.
"state" variable @_ masks earlier declaration in same scope at /tmp/loop_over_bdir-d17wX4/Catalyst-Controller-Atompub-0.5.4-vj8RFS/blib/lib/Catalyst/Controller/Atompub/Collection.pm line 183.
"my" variable $self masks earlier declaration in same scope at /tmp/loop_over_bdir-d17wX4/Catalyst-Controller-Atompub-0.5.4-vj8RFS/blib/lib/Catalyst/Controller/Atompub/Collection.pm line 251.
"my" variable $c masks earlier declaration in same scope at /tmp/loop_over_bdir-d17wX4/Catalyst-Controller-Atompub-0.5.4-vj8RFS/blib/lib/Catalyst/Controller/Atompub/Collection.pm line 251.
syntax error at /tmp/loop_over_bdir-d17wX4/Catalyst-Controller-Atompub-0.5.4-vj8RFS/blib/lib/Catalyst/Controller/Atompub/Collection.pm line 138, near "$operation qw(list create read update delete)"
Global symbol "$operation" requires explicit package name at /tmp/loop_over_bdir-d17wX4/Catalyst-Controller-Atompub-0.5.4-vj8RFS/blib/lib/Catalyst/Controller/Atompub/Collection.pm line 140.
Global symbol "$operation" requires explicit package name at /tmp/loop_over_bdir-d17wX4/Catalyst-Controller-Atompub-0.5.4-vj8RFS/blib/lib/Catalyst/Controller/Atompub/Collection.pm line 143.
Global symbol "$operation" requires explicit package name at /tmp/loop_over_bdir-d17wX4/Catalyst-Controller-Atompub-0.5.4-vj8RFS/blib/lib/Catalyst/Controller/Atompub/Collection.pm line 144.
syntax error at /tmp/loop_over_bdir-d17wX4/Catalyst-Controller-Atompub-0.5.4-vj8RFS/blib/lib/Catalyst/Controller/Atompub/Collection.pm line 146, near "}"
Can't use global @_ in "my" at /tmp/loop_over_bdir-d17wX4/Catalyst-Controller-Atompub-0.5.4-vj8RFS/blib/lib/Catalyst/Controller/Atompub/Collection.pm line 149, near "= @_"
syntax error at /tmp/loop_over_bdir-d17wX4/Catalyst-Controller-Atompub-0.5.4-vj8RFS/blib/lib/Catalyst/Controller/Atompub/Collection.pm line 180, near "}"
Can't use global @_ in "my" at /tmp/loop_over_bdir-d17wX4/Catalyst-Controller-Atompub-0.5.4-vj8RFS/blib/lib/Catalyst/Controller/Atompub/Collection.pm line 183, near "= @_"
syntax error at /tmp/loop_over_bdir-d17wX4/Catalyst-Controller-Atompub-0.5.4-vj8RFS/blib/lib/Catalyst/Controller/Atompub/Collection.pm line 248, near "}"
Can't use global @_ in "my" at /tmp/loop_over_bdir-d17wX4/Catalyst-Controller-Atompub-0.5.4-vj8RFS/blib/lib/Catalyst/Controller/Atompub/Collection.pm line 251, near "= @_"
/tmp/loop_over_bdir-d17wX4/Catalyst-Controller-Atompub-0.5.4-vj8RFS/blib/lib/Catalyst/Controller/Atompub/Collection.pm has too many errors.
Compilation failed in require at (eval 1518) line 2.
	...propagated at /home/src/perl/repoperls/installed-perls/perl/v5.17.1/165a/lib/5.17.1/base.pm line 84.
BEGIN failed--compilation aborted at /tmp/loop_over_bdir-d17wX4/Catalyst-Controller-Atompub-0.5.4-vj8RFS/t/lib/TestAtompub/Controller/Collection.pm line 8.
Compilation failed in require at /home/src/perl/repoperls/installed-perls/perl/v5.17.1/165a/lib/site_perl/5.17.1/Catalyst/Utils.pm line 306.
Compilation failed in require at /tmp/loop_over_bdir-d17wX4/Catalyst-Controller-Atompub-0.5.4-vj8RFS/inc/Test/WWW/Mechanize/Catalyst.pm line 225.
	Test::WWW::Mechanize::Catalyst::import('Test::WWW::Mechanize::Catalyst', 'TestAtompub') called at t/01.service-default.t line 9
	main::BEGIN() called at t/01.service-default.t line 9
	eval {...} called at t/01.service-default.t line 9
BEGIN failed--compilation aborted at t/01.service-default.t line 9.
# Looks like your test exited with 2 before it could output anything.
t/01.service-default.t .. 
Dubious, test returned 2 (wstat 512, 0x200)
Failed 8/8 subtests 
"my" variable $self masks earlier declaration in same scope at /tmp/loop_over_bdir-d17wX4/Catalyst-Controller-Atompub-0.5.4-vj8RFS/blib/lib/Catalyst/Controller/Atompub/Collection.pm line 183.
"my" variable $c masks earlier declaration in same scope at /tmp/loop_over_bdir-d17wX4/Catalyst-Controller-Atompub-0.5.4-vj8RFS/blib/lib/Catalyst/Controller/Atompub/Collection.pm line 183.
"state" variable @_ masks earlier declaration in same scope at /tmp/loop_over_bdir-d17wX4/Catalyst-Controller-Atompub-0.5.4-vj8RFS/blib/lib/Catalyst/Controller/Atompub/Collection.pm line 183.
"my" variable $self masks earlier declaration in same scope at /tmp/loop_over_bdir-d17wX4/Catalyst-Controller-Atompub-0.5.4-vj8RFS/blib/lib/Catalyst/Controller/Atompub/Collection.pm line 251.
"my" variable $c masks earlier declaration in same scope at /tmp/loop_over_bdir-d17wX4/Catalyst-Controller-Atompub-0.5.4-vj8RFS/blib/lib/Catalyst/Controller/Atompub/Collection.pm line 251.
syntax error at /tmp/loop_over_bdir-d17wX4/Catalyst-Controller-Atompub-0.5.4-vj8RFS/blib/lib/Catalyst/Controller/Atompub/Collection.pm line 138, near "$operation qw(list create read update delete)"
Global symbol "$operation" requires explicit package name at /tmp/loop_over_bdir-d17wX4/Catalyst-Controller-Atompub-0.5.4-vj8RFS/blib/lib/Catalyst/Controller/Atompub/Collection.pm line 140.
Global symbol "$operation" requires explicit package name at /tmp/loop_over_bdir-d17wX4/Catalyst-Controller-Atompub-0.5.4-vj8RFS/blib/lib/Catalyst/Controller/Atompub/Collection.pm line 143.
Global symbol "$operation" requires explicit package name at /tmp/loop_over_bdir-d17wX4/Catalyst-Controller-Atompub-0.5.4-vj8RFS/blib/lib/Catalyst/Controller/Atompub/Collection.pm line 144.
syntax error at /tmp/loop_over_bdir-d17wX4/Catalyst-Controller-Atompub-0.5.4-vj8RFS/blib/lib/Catalyst/Controller/Atompub/Collection.pm line 146, near "}"
Can't use global @_ in "my" at /tmp/loop_over_bdir-d17wX4/Catalyst-Controller-Atompub-0.5.4-vj8RFS/blib/lib/Catalyst/Controller/Atompub/Collection.pm line 149, near "= @_"
syntax error at /tmp/loop_over_bdir-d17wX4/Catalyst-Controller-Atompub-0.5.4-vj8RFS/blib/lib/Catalyst/Controller/Atompub/Collection.pm line 180, near "}"
Can't use global @_ in "my" at /tmp/loop_over_bdir-d17wX4/Catalyst-Controller-Atompub-0.5.4-vj8RFS/blib/lib/Catalyst/Controller/Atompub/Collection.pm line 183, near "= @_"
syntax error at /tmp/loop_over_bdir-d17wX4/Catalyst-Controller-Atompub-0.5.4-vj8RFS/blib/lib/Catalyst/Controller/Atompub/Collection.pm line 248, near "}"
Can't use global @_ in "my" at /tmp/loop_over_bdir-d17wX4/Catalyst-Controller-Atompub-0.5.4-vj8RFS/blib/lib/Catalyst/Controller/Atompub/Collection.pm line 251, near "= @_"
/tmp/loop_over_bdir-d17wX4/Catalyst-Controller-Atompub-0.5.4-vj8RFS/blib/lib/Catalyst/Controller/Atompub/Collection.pm has too many errors.
Compilation failed in require at (eval 1518) line 2.
	...propagated at /home/src/perl/repoperls/installed-perls/perl/v5.17.1/165a/lib/5.17.1/base.pm line 84.
BEGIN failed--compilation aborted at /tmp/loop_over_bdir-d17wX4/Catalyst-Controller-Atompub-0.5.4-vj8RFS/t/lib/TestAtompub/Controller/Collection.pm line 8.
Compilation failed in require at /home/src/perl/repoperls/installed-perls/perl/v5.17.1/165a/lib/site_perl/5.17.1/Catalyst/Utils.pm line 306.
Compilation failed in require at /tmp/loop_over_bdir-d17wX4/Catalyst-Controller-Atompub-0.5.4-vj8RFS/inc/Test/WWW/Mechanize/Catalyst.pm line 225.
	Test::WWW::Mechanize::Catalyst::import('Test::WWW::Mechanize::Catalyst', 'TestAtompub') called at t/02.service.t line 9
	main::BEGIN() called at t/02.service.t line 9
	eval {...} called at t/02.service.t line 9
BEGIN failed--compilation aborted at t/02.service.t line 9.
# Looks like your test exited with 2 before it could output anything.
t/02.service.t .......... 
Dubious, test returned 2 (wstat 512, 0x200)
Failed 18/18 subtests 
"my" variable $self masks earlier declaration in same scope at /tmp/loop_over_bdir-d17wX4/Catalyst-Controller-Atompub-0.5.4-vj8RFS/blib/lib/Catalyst/Controller/Atompub/Collection.pm line 183.
"my" variable $c masks earlier declaration in same scope at /tmp/loop_over_bdir-d17wX4/Catalyst-Controller-Atompub-0.5.4-vj8RFS/blib/lib/Catalyst/Controller/Atompub/Collection.pm line 183.
"state" variable @_ masks earlier declaration in same scope at /tmp/loop_over_bdir-d17wX4/Catalyst-Controller-Atompub-0.5.4-vj8RFS/blib/lib/Catalyst/Controller/Atompub/Collection.pm line 183.
"my" variable $self masks earlier declaration in same scope at /tmp/loop_over_bdir-d17wX4/Catalyst-Controller-Atompub-0.5.4-vj8RFS/blib/lib/Catalyst/Controller/Atompub/Collection.pm line 251.
"my" variable $c masks earlier declaration in same scope at /tmp/loop_over_bdir-d17wX4/Catalyst-Controller-Atompub-0.5.4-vj8RFS/blib/lib/Catalyst/Controller/Atompub/Collection.pm line 251.
syntax error at /tmp/loop_over_bdir-d17wX4/Catalyst-Controller-Atompub-0.5.4-vj8RFS/blib/lib/Catalyst/Controller/Atompub/Collection.pm line 138, near "$operation qw(list create read update delete)"
Global symbol "$operation" requires explicit package name at /tmp/loop_over_bdir-d17wX4/Catalyst-Controller-Atompub-0.5.4-vj8RFS/blib/lib/Catalyst/Controller/Atompub/Collection.pm line 140.
Global symbol "$operation" requires explicit package name at /tmp/loop_over_bdir-d17wX4/Catalyst-Controller-Atompub-0.5.4-vj8RFS/blib/lib/Catalyst/Controller/Atompub/Collection.pm line 143.
Global symbol "$operation" requires explicit package name at /tmp/loop_over_bdir-d17wX4/Catalyst-Controller-Atompub-0.5.4-vj8RFS/blib/lib/Catalyst/Controller/Atompub/Collection.pm line 144.
syntax error at /tmp/loop_over_bdir-d17wX4/Catalyst-Controller-Atompub-0.5.4-vj8RFS/blib/lib/Catalyst/Controller/Atompub/Collection.pm line 146, near "}"
Can't use global @_ in "my" at /tmp/loop_over_bdir-d17wX4/Catalyst-Controller-Atompub-0.5.4-vj8RFS/blib/lib/Catalyst/Controller/Atompub/Collection.pm line 149, near "= @_"
syntax error at /tmp/loop_over_bdir-d17wX4/Catalyst-Controller-Atompub-0.5.4-vj8RFS/blib/lib/Catalyst/Controller/Atompub/Collection.pm line 180, near "}"
Can't use global @_ in "my" at /tmp/loop_over_bdir-d17wX4/Catalyst-Controller-Atompub-0.5.4-vj8RFS/blib/lib/Catalyst/Controller/Atompub/Collection.pm line 183, near "= @_"
syntax error at /tmp/loop_over_bdir-d17wX4/Catalyst-Controller-Atompub-0.5.4-vj8RFS/blib/lib/Catalyst/Controller/Atompub/Collection.pm line 248, near "}"
Can't use global @_ in "my" at /tmp/loop_over_bdir-d17wX4/Catalyst-Controller-Atompub-0.5.4-vj8RFS/blib/lib/Catalyst/Controller/Atompub/Collection.pm line 251, near "= @_"
/tmp/loop_over_bdir-d17wX4/Catalyst-Controller-Atompub-0.5.4-vj8RFS/blib/lib/Catalyst/Controller/Atompub/Collection.pm has too many errors.
Compilation failed in require at (eval 1518) line 2.
	...propagated at /home/src/perl/repoperls/installed-perls/perl/v5.17.1/165a/lib/5.17.1/base.pm line 84.
BEGIN failed--compilation aborted at /tmp/loop_over_bdir-d17wX4/Catalyst-Controller-Atompub-0.5.4-vj8RFS/t/lib/TestAtompub/Controller/Collection.pm line 8.
Compilation failed in require at /home/src/perl/repoperls/installed-perls/perl/v5.17.1/165a/lib/site_perl/5.17.1/Catalyst/Utils.pm line 306.
Compilation failed in require at /tmp/loop_over_bdir-d17wX4/Catalyst-Controller-Atompub-0.5.4-vj8RFS/inc/Test/WWW/Mechanize/Catalyst.pm line 225.
	Test::WWW::Mechanize::Catalyst::import('Test::WWW::Mechanize::Catalyst', 'TestAtompub') called at t/03.collection.t line 9
	main::BEGIN() called at t/03.collection.t line 9
	eval {...} called at t/03.collection.t line 9
BEGIN failed--compilation aborted at t/03.collection.t line 9.
# Looks like your test exited with 2 before it could output anything.
t/03.collection.t ....... 
Dubious, test returned 2 (wstat 512, 0x200)
Failed 14/14 subtests 
t/perlcritic.t .......... skipped: $ENV{TEST_CRITIC} must be set to enable this test
"my" variable $self masks earlier declaration in same scope at /tmp/loop_over_bdir-d17wX4/Catalyst-Controller-Atompub-0.5.4-vj8RFS/blib/lib/Catalyst/Controller/Atompub/Collection.pm line 183.
"my" variable $c masks earlier declaration in same scope at /tmp/loop_over_bdir-d17wX4/Catalyst-Controller-Atompub-0.5.4-vj8RFS/blib/lib/Catalyst/Controller/Atompub/Collection.pm line 183.
"state" variable @_ masks earlier declaration in same scope at /tmp/loop_over_bdir-d17wX4/Catalyst-Controller-Atompub-0.5.4-vj8RFS/blib/lib/Catalyst/Controller/Atompub/Collection.pm line 183.
"my" variable $self masks earlier declaration in same scope at /tmp/loop_over_bdir-d17wX4/Catalyst-Controller-Atompub-0.5.4-vj8RFS/blib/lib/Catalyst/Controller/Atompub/Collection.pm line 251.
"my" variable $c masks earlier declaration in same scope at /tmp/loop_over_bdir-d17wX4/Catalyst-Controller-Atompub-0.5.4-vj8RFS/blib/lib/Catalyst/Controller/Atompub/Collection.pm line 251.
t/pod-coverage.t ........ ok
t/pod.t ................. ok

Test Summary Report
-------------------
t/01.service-default.t (Wstat: 512 Tests: 0 Failed: 0)
  Non-zero exit status: 2
  Parse errors: Bad plan.  You planned 8 tests but ran 0.
t/02.service.t        (Wstat: 512 Tests: 0 Failed: 0)
  Non-zero exit status: 2
  Parse errors: Bad plan.  You planned 18 tests but ran 0.
t/03.collection.t     (Wstat: 512 Tests: 0 Failed: 0)
  Non-zero exit status: 2
  Parse errors: Bad plan.  You planned 14 tests but ran 0.
Files=7, Tests=13,  5 wallclock secs ( 0.03 usr  0.01 sys +  3.24 cusr  0.26 csys =  3.54 CPU)
Result: FAIL
Failed 3/7 test programs. 0/13 subtests failed.
make: *** [test_dynamic] Error 255

------------------------------
PREREQUISITES
------------------------------

Prerequisite modules loaded:

requires:

    Module                         Need  Have   
    ------------------------------ ----- -------
    Atompub                        0.003 0.3.7  
    Catalyst::Devel                0     1.37   
    Catalyst::Plugin::ConfigLoader 0     0.30   
    Catalyst::Runtime              5.7   5.90016
    English                        0     1.05   
    File::Slurp                    0     9999.19
    FindBin                        0     1.51   
    HTTP::Status                   0     6.03   
    MIME::Base64                   0     3.13   
    Test::More                     0     0.98_03
    Test::Perl::Critic             0     1.02   
    Test::WWW::Mechanize::Catalyst 0     0.58   
    Text::CSV                      0     1.21   
    Time::HiRes                    0     1.9725 
    URI::Escape                    0     3.31   
    version                        0.74  0.9901 

build_requires:

    Module                         Need  Have   
    ------------------------------ ----- -------
    ExtUtils::MakeMaker            6.42  6.63_02
    Test::More                     0     0.98_03
    Test::Perl::Critic             0     1.02   
    Test::WWW::Mechanize::Catalyst 0     0.58   


------------------------------
ENVIRONMENT AND OTHER CONTEXT
------------------------------

Environment variables:

    AUTOMATED_TESTING = 1
    LANG = en_US.UTF-8
    LANGUAGE = en_US:en
    PATH = /home/sand/bin:/usr/local/bin:/usr/bin:/bin:/usr/bin/X11:/usr/games:/usr/local/perl/bin:/usr/X11/bin:/sbin:/usr/sbin
    PERL5LIB = 
    PERL5OPT = 
    PERL5_CPANPLUS_IS_RUNNING = 13318
    PERL5_CPAN_IS_RUNNING = 13318
    PERL_MM_USE_DEFAULT = 1
    SHELL = /usr/bin/zsh
    TERM = screen

Perl special variables (and OS-specific diagnostics, for MSWin32):

    $^X = /mnt/k75/homesand/src/perl/repoperls/installed-perls/perl/v5.17.1/165a/bin/perl
    $UID/$EUID = 1005 / 1005
    $GID = 1005 1005
    $EGID = 1005 1005

Perl module toolchain versions installed:

    Module              Have    
    ------------------- --------
    CPAN                1.9800  
    CPAN::Meta          2.120921
    Cwd                 3.39_02 
    ExtUtils::CBuilder  0.280208
    ExtUtils::Command   1.17    
    ExtUtils::Install   1.58    
    ExtUtils::MakeMaker 6.63_02 
    ExtUtils::Manifest  1.61    
    ExtUtils::ParseXS   3.17    
    File::Spec          3.39_02 
    JSON                2.53    
    JSON::PP            2.27200 
    Module::Build       0.4003  
    Module::Signature   0.68    
    Parse::CPAN::Meta   1.4404  
    Test::Harness       3.25    
    Test::More          0.98_03 
    YAML                0.84    
    YAML::Syck          1.21_01 
    version             0.9901  


--

Summary of my perl5 (revision 5 version 17 subversion 1) configuration:
  Commit id: 955b6aceb036f78400e6c2dc1e5d12a6c747a3de
  Platform:
    osname=linux, osvers=3.2.0-3-amd64, archname=x86_64-linux
    uname='linux k83 3.2.0-3-amd64 #1 smp mon jul 23 02:45:17 utc 2012 x86_64 gnulinux '
    config_args='-Dprefix=/home/src/perl/repoperls/installed-perls/perl/v5.17.1/165a -Dmyhostname=k83 -Dinstallusrbinperl=n -Uversiononly -Dusedevel -des -Ui_db -Uuseithreads -Uuselongdouble -DDEBUGGING=-g'
    hint=recommended, useposix=true, d_sigaction=define
    useithreads=undef, usemultiplicity=undef
    useperlio=define, d_sfio=undef, uselargefiles=define, usesocks=undef
    use64bitint=define, use64bitall=define, uselongdouble=undef
    usemymalloc=n, bincompat5005=undef
  Compiler:
    cc='cc', ccflags ='-fno-strict-aliasing -pipe -fstack-protector -I/usr/local/include -D_LARGEFILE_SOURCE -D_FILE_OFFSET_BITS=64',
    optimize='-O2 -g',
    cppflags='-fno-strict-aliasing -pipe -fstack-protector -I/usr/local/include'
    ccversion='', gccversion='4.7.1', gccosandvers=''
    intsize=4, longsize=8, ptrsize=8, doublesize=8, byteorder=12345678
    d_longlong=define, longlongsize=8, d_longdbl=define, longdblsize=16
    ivtype='long', ivsize=8, nvtype='double', nvsize=8, Off_t='off_t', lseeksize=8
    alignbytes=8, prototype=define
  Linker and Libraries:
    ld='cc', ldflags =' -fstack-protector -L/usr/local/lib'
    libpth=/usr/local/lib /lib/x86_64-linux-gnu /lib/../lib /usr/lib/x86_64-linux-gnu /usr/lib/../lib /lib /usr/lib
    libs=-lnsl -ldb -ldl -lm -lcrypt -lutil -lc
    perllibs=-lnsl -ldl -lm -lcrypt -lutil -lc
    libc=, so=so, useshrplib=false, libperl=libperl.a
    gnulibc_version='2.13'
  Dynamic Linking:
    dlsrc=dl_dlopen.xs, dlext=so, d_dlsymun=undef, ccdlflags='-Wl,-E'
    cccdlflags='-fPIC', lddlflags='-shared -O2 -g -L/usr/local/lib -fstack-protector'


Characteristics of this binary (from libperl): 
  Compile-time options: HAS_TIMES PERLIO_LAYERS PERL_DONT_CREATE_GVSV
                        PERL_MALLOC_WRAP PERL_PRESERVE_IVUV PERL_USE_DEVEL
                        USE_64_BIT_ALL USE_64_BIT_INT USE_LARGE_FILES
                        USE_LOCALE USE_LOCALE_COLLATE USE_LOCALE_CTYPE
                        USE_LOCALE_NUMERIC USE_PERLIO USE_PERL_ATOF
  Built under linux
  Compiled at Aug 14 2012 06:09:29
  %ENV:
    PERL5LIB=""
    PERL5OPT=""
    PERL5_CPANPLUS_IS_RUNNING="13318"
    PERL5_CPAN_IS_RUNNING="13318"
    PERL_MM_USE_DEFAULT="1"
  @INC:
    /home/src/perl/repoperls/installed-perls/perl/v5.17.1/165a/lib/site_perl/5.17.1/x86_64-linux
    /home/src/perl/repoperls/installed-perls/perl/v5.17.1/165a/lib/site_perl/5.17.1
    /home/src/perl/repoperls/installed-perls/perl/v5.17.1/165a/lib/5.17.1/x86_64-linux
    /home/src/perl/repoperls/installed-perls/perl/v5.17.1/165a/lib/5.17.1
    .