Report for WWW-Wunderground-API-0.09

Back
From: Slaven Rezić (SREZIC) 
Subject: FAIL WWW-Wunderground-API-0.09 5.22.2 FreeBSD
Date: 2020-06-30T19:13:45Z

This distribution has been tested as part of the CPAN Testers
project, supporting the Perl programming language.  See
http://wiki.cpantesters.org/ for more information or email
questions to cpan-testers-discuss@perl.org


--
Dear John Lifsey,

This is a computer-generated report for WWW-Wunderground-API-0.09
on perl 5.22.2, created by CPAN-Reporter-1.2017.

Thank you for uploading your work to CPAN.  However, there was a problem
testing your distribution.

If you think this report is invalid, please consult the CPAN Testers Wiki
for suggestions on how to avoid getting FAIL reports for missing library
or binary dependencies, unsupported operating systems, and so on:

http://wiki.cpantesters.org/wiki/CPANAuthorNotes

Sections of this report:

    * Tester comments
    * Program output
    * Prerequisites
    * Environment and other context

------------------------------
TESTER COMMENTS
------------------------------

Additional comments from tester:

none provided

------------------------------
PROGRAM OUTPUT
------------------------------

Output from '/usr/bin/make test':

PERL_DL_NONLAZY=1 "/usr/perl5.22.2t/bin/perl5.22.2" "-MExtUtils::Command::MM" "-MTest::Harness" "-e" "undef *Test::Harness::Switches; test_harness(0, 'inc', 'blib/lib', 'blib/arch')" t/00-load.t t/01-getweather.t t/boilerplate.t t/manifest.t t/pod-coverage.t t/pod.t
# Testing WWW::Wunderground::API 0.09, Perl 5.022002, /usr/perl5.22.2t/bin/perl5.22.2
t/00-load.t ........ ok
Entity: line 65: parser error : error parsing attribute name
ts}if("function"==typeof __nr_require)return __nr_require;for(var o=0;o<n.length
                                                                                ^
Entity: line 65: parser error : attributes construct error
ts}if("function"==typeof __nr_require)return __nr_require;for(var o=0;o<n.length
                                                                                ^
Entity: line 65: parser error : xmlParseStartTag: problem parsing attributes
ts}if("function"==typeof __nr_require)return __nr_require;for(var o=0;o<n.length
                                                                                ^
Entity: line 65: parser error : Couldn't find end of Start Tag n.length line 65
ts}if("function"==typeof __nr_require)return __nr_require;for(var o=0;o<n.length
                                                                                ^
Entity: line 65: parser error : xmlParseEntityRef: no name
<n.length;o++)r(n[o]);return r}({1:[function(t,e,n){function r(t){try{c.console&
                                                                                ^
Entity: line 65: parser error : EntityRef: expecting ';'
+)r(n[o]);return r}({1:[function(t,e,n){function r(t){try{c.console&&console.log
                                                                                ^
Entity: line 65: parser error : xmlParseEntityRef: no name
("ee"),a=t(20),c={};try{o=localStorage.getItem("__nr_flags").split(","),console&
                                                                                ^
Entity: line 65: parser error : xmlParseEntityRef: no name
"ee"),a=t(20),c={};try{o=localStorage.getItem("__nr_flags").split(","),console&&
                                                                                ^
Entity: line 65: parser error : xmlParseEntityRef: no name
torage.getItem("__nr_flags").split(","),console&&"function"==typeof console.log&
                                                                                ^
Entity: line 65: parser error : xmlParseEntityRef: no name
orage.getItem("__nr_flags").split(","),console&&"function"==typeof console.log&&
                                                                                ^
Entity: line 65: parser error : xmlParseEntityRef: no name
"),console&&"function"==typeof console.log&&(c.console=!0,o.indexOf("dev")!==-1&
                                                                                ^
Entity: line 65: parser error : xmlParseEntityRef: no name
),console&&"function"==typeof console.log&&(c.console=!0,o.indexOf("dev")!==-1&&
                                                                                ^
Entity: line 65: parser error : xmlParseEntityRef: no name
e.log&&(c.console=!0,o.indexOf("dev")!==-1&&(c.dev=!0),o.indexOf("nr_dev")!==-1&
                                                                                ^
Entity: line 65: parser error : xmlParseEntityRef: no name
.log&&(c.console=!0,o.indexOf("dev")!==-1&&(c.dev=!0),o.indexOf("nr_dev")!==-1&&
                                                                                ^
Entity: line 65: parser error : xmlParseEntityRef: no name
ev")!==-1&&(c.dev=!0),o.indexOf("nr_dev")!==-1&&(c.nrDev=!0))}catch(s){}c.nrDev&
                                                                                ^
Entity: line 65: parser error : EntityRef: expecting ';'
==-1&&(c.dev=!0),o.indexOf("nr_dev")!==-1&&(c.nrDev=!0))}catch(s){}c.nrDev&&i.on
                                                                                ^
Entity: line 65: parser error : xmlParseEntityRef: no name
ev=!0))}catch(s){}c.nrDev&&i.on("internal-error",function(t){r(t.stack)}),c.dev&
                                                                                ^
Entity: line 65: parser error : EntityRef: expecting ';'
))}catch(s){}c.nrDev&&i.on("internal-error",function(t){r(t.stack)}),c.dev&&i.on
                                                                                ^
Entity: line 65: parser error : xmlParseEntityRef: no name
unction(t){r(t.stack)}),c.dev&&i.on("fn-err",function(t,e,n){r(n.stack)}),c.dev&
                                                                                ^
Entity: line 65: parser error : xmlParseEntityRef: no name
nction(t){r(t.stack)}),c.dev&&i.on("fn-err",function(t,e,n){r(n.stack)}),c.dev&&
                                                                                ^
Entity: line 65: parser error : xmlParseEntityRef: no name
!0)}catch(f){try{i("ierr",[f,s.now(),!0])}catch(d){}}return"function"==typeof u&
                                                                                ^
Entity: line 65: parser error : EntityRef: expecting ';'
h(f){try{i("ierr",[f,s.now(),!0])}catch(d){}}return"function"==typeof u&&u.apply
                                                                                ^
Entity: line 65: parser error : xmlParseEntityRef: no name
.features.err=!0,t(1),window.onerror=r;try{throw new Error}catch(l){"stack"in l&
                                                                                ^
Entity: line 65: parser error : xmlParseEntityRef: no name
features.err=!0,t(1),window.onerror=r;try{throw new Error}catch(l){"stack"in l&&
                                                                                ^
Entity: line 65: parser error : xmlParseEntityRef: no name
{throw new Error}catch(l){"stack"in l&&(t(13),t(12),"addEventListener"in window&
                                                                                ^
Entity: line 65: parser error : EntityRef: expecting ';'
hrow new Error}catch(l){"stack"in l&&(t(13),t(12),"addEventListener"in window&&t
                                                                                ^
Entity: line 65: parser error : xmlParseEntityRef: no name
h(l){"stack"in l&&(t(13),t(12),"addEventListener"in window&&t(6),s.xhrWrappable&
                                                                                ^
Entity: line 65: parser error : EntityRef: expecting ';'
l){"stack"in l&&(t(13),t(12),"addEventListener"in window&&t(6),s.xhrWrappable&&t
                                                                                ^
Entity: line 65: parser error : xmlParseEntityRef: no name
r"in window&&t(6),s.xhrWrappable&&t(14),d=!0)}c.on("fn-start",function(t,e,n){d&
                                                                                ^
Entity: line 65: parser error : xmlParseEntityRef: no name
"in window&&t(6),s.xhrWrappable&&t(14),d=!0)}c.on("fn-start",function(t,e,n){d&&
                                                                                ^
Entity: line 65: parser error : xmlParseEntityRef: no name
!0)}c.on("fn-start",function(t,e,n){d&&(h+=1)}),c.on("fn-err",function(t,e,n){d&
                                                                                ^
Entity: line 65: parser error : xmlParseEntityRef: no name
0)}c.on("fn-start",function(t,e,n){d&&(h+=1)}),c.on("fn-err",function(t,e,n){d&&
                                                                                ^
Entity: line 65: parser error : xmlParseEntityRef: no name
n("fn-start",function(t,e,n){d&&(h+=1)}),c.on("fn-err",function(t,e,n){d&&!n[p]&
                                                                                ^
Entity: line 65: parser error : xmlParseEntityRef: no name
("fn-start",function(t,e,n){d&&(h+=1)}),c.on("fn-err",function(t,e,n){d&&!n[p]&&
                                                                                ^
Entity: line 65: parser error : xmlParseEntityRef: no name
&(f(n,p,function(){return!0}),this.thrown=!0,o(n))}),c.on("fn-end",function(){d&
                                                                                ^
Entity: line 65: parser error : xmlParseEntityRef: no name
(f(n,p,function(){return!0}),this.thrown=!0,o(n))}),c.on("fn-end",function(){d&&
                                                                                ^
Entity: line 65: parser error : xmlParseEntityRef: no name
on(){return!0}),this.thrown=!0,o(n))}),c.on("fn-end",function(){d&&!this.thrown&
                                                                                ^
Entity: line 65: parser error : EntityRef: expecting ';'
(){return!0}),this.thrown=!0,o(n))}),c.on("fn-end",function(){d&&!this.thrown&&h
                                                                                ^
Entity: line 65: parser error : xmlParseEntityRef: no name
return!0}),this.thrown=!0,o(n))}),c.on("fn-end",function(){d&&!this.thrown&&h>0&
                                                                                ^
Entity: line 65: parser error : xmlParseEntityRef: no name
eturn!0}),this.thrown=!0,o(n))}),c.on("fn-end",function(){d&&!this.thrown&&h>0&&
                                                                                ^
Entity: line 65: parser error : xmlParseEntityRef: no name
on(t,e,n){function r(){M++,S=y.hash,this[u]=b.now()}function o(){M--,y.hash!==S&
                                                                                ^
Entity: line 65: parser error : EntityRef: expecting ';'
(t,e,n){function r(){M++,S=y.hash,this[u]=b.now()}function o(){M--,y.hash!==S&&i
                                                                                ^
Entity: line 65: parser error : xmlParseEntityRef: no name
ime",m="fetch",v="addEventListener",w=window,y=w.location,b=t("loader");if(w[v]&
                                                                                ^
Entity: line 65: parser error : EntityRef: expecting ';'
v="addEventListener",w=window,y=w.location,b=t("loader");if(w[v]&&b.xhrWrappable
                                                                                ^
Entity: line 65: parser error : xmlParseEntityRef: no name
n(){i(0,M>1)},!0)}},{}],5:[function(t,e,n){function r(t){}if(window.performance&
                                                                                ^
Entity: line 65: parser error : EntityRef: expecting ';'
[function(t,e,n){function r(t){}if(window.performance&&window.performance.timing
                                                                                ^
Entity: line 65: parser error : xmlParseEntityRef: no name
function(t,e,n){function r(t){}if(window.performance&&window.performance.timing&
                                                                                ^
Entity: line 65: parser error : EntityRef: expecting ';'
ndow.performance&&window.performance.timing&&window.performance.getEntriesByType
                                                                                ^
Entity: line 65: parser error : xmlParseEntityRef: no name
res.stn=!0,t(8);var g=NREUM.o.EV;o.on(m,function(t,e){var n=t[0];n instanceof g&
                                                                                ^
Entity: line 65: parser error : xmlParseEntityRef: no name
es.stn=!0,t(8);var g=NREUM.o.EV;o.on(m,function(t,e){var n=t[0];n instanceof g&&
                                                                                ^
Entity: line 65: parser error : xmlParseEntityRef: no name
eof g&&(this.bstStart=b.now())}),o.on(v,function(t,e){var n=t[0];n instanceof g&
                                                                                ^
Entity: line 65: parser error : EntityRef: expecting ';'
f g&&(this.bstStart=b.now())}),o.on(v,function(t,e){var n=t[0];n instanceof g&&i
                                                                                ^
Entity: line 65: parser error : xmlParseEntityRef: no name
ion.pathname+location.hash,this.startPath,this.time])}),f in window.performance&
                                                                                ^
Entity: line 65: parser error : xmlParseEntityRef: no name
on.pathname+location.hash,this.startPath,this.time])}),f in window.performance&&
                                                                                ^
Entity: line 65: parser error : xmlParseEntityRef: no name
,document[f]("click",r,!1)}},{}],6:[function(t,e,n){function r(t){for(var e=t;e&
                                                                                ^
Entity: line 65: parser error : xmlParseEntityRef: no name
document[f]("click",r,!1)}},{}],6:[function(t,e,n){function r(t){for(var e=t;e&&
                                                                                ^
Entity: line 65: parser error : xmlParseEntityRef: no name
function r(t){for(var e=t;e&&!e.hasOwnProperty(u);)e=Object.getPrototypeOf(e);e&
                                                                                ^
Entity: line 65: parser error : EntityRef: expecting ';'
nction r(t){for(var e=t;e&&!e.hasOwnProperty(u);)e=Object.getPrototypeOf(e);e&&o
                                                                                ^
Entity: line 65: parser error : xmlParseEntityRef: no name
"in Object?(r(document),r(window),r(f.prototype)):f.prototype.hasOwnProperty(u)&
                                                                                ^
Entity: line 65: parser error : xmlParseEntityRef: no name
in Object?(r(document),r(window),r(f.prototype)):f.prototype.hasOwnProperty(u)&&
                                                                                ^
Entity: line 65: parser error : xmlParseEntityRef: no name
[1]})},{}],7:[function(t,e,n){function r(t,e,n){var r=t[e];"function"==typeof r&
                                                                                ^
Entity: line 65: parser error : xmlParseEntityRef: no name
1]})},{}],7:[function(t,e,n){function r(t,e,n){var r=t[e];"function"==typeof r&&
                                                                                ^
Entity: line 65: parser error : xmlParseEntityRef: no name
b","json","text","formData"],u=a.Request,d=a.Response,p=a.fetch,h="prototype";u&
                                                                                ^
Entity: line 65: parser error : EntityRef: expecting ';'
,"json","text","formData"],u=a.Request,d=a.Response,p=a.fetch,h="prototype";u&&d
                                                                                ^
Entity: line 65: parser error : xmlParseEntityRef: no name
"json","text","formData"],u=a.Request,d=a.Response,p=a.fetch,h="prototype";u&&d&
                                                                                ^
Entity: line 65: parser error : EntityRef: expecting ';'
son","text","formData"],u=a.Request,d=a.Response,p=a.fetch,h="prototype";u&&d&&p
                                                                                ^
Entity: line 65: parser error : xmlParseEntityRef: no name
on","text","formData"],u=a.Request,d=a.Response,p=a.fetch,h="prototype";u&&d&&p&
                                                                                ^
Entity: line 65: parser error : xmlParseEntityRef: no name
n","text","formData"],u=a.Request,d=a.Response,p=a.fetch,h="prototype";u&&d&&p&&
                                                                                ^
Entity: line 65: parser error : xmlParseEntityRef: no name
,t.removeEventListener("load",e,!1),t.removeEventListener("error",n,!1)}var r=t&
                                                                                ^
Entity: line 65: parser error : xmlParseEntityRef: no name
t.removeEventListener("load",e,!1),t.removeEventListener("error",n,!1)}var r=t&&
                                                                                ^
Entity: line 65: parser error : xmlParseEntityRef: no name
,e,!1),t.removeEventListener("error",n,!1)}var r=t&&"string"==typeof t.nodeName&
                                                                                ^
Entity: line 65: parser error : xmlParseEntityRef: no name
e,!1),t.removeEventListener("error",n,!1)}var r=t&&"string"==typeof t.nodeName&&
                                                                                ^
Entity: line 65: parser error : xmlParseEntityRef: no name
),r=n[1],o=n[3];return o?a(o,e[r]):e[r]}function c(t){var e=t.match(d);return e&
                                                                                ^
Entity: line 65: parser error : EntityRef: expecting ';'
o=n[3];return o?a(o,e[r]):e[r]}function c(t){var e=t.match(d);return e&&e.length
                                                                                ^
Entity: line 65: parser error : xmlParseEntityRef: no name
ent:window}}var s=t("ee").get("jsonp"),f=t(23)(s);if(e.exports=s,o()){var u=/[?&
                                                                                ^
Entity: line 65: parser error : CharRef: invalid decimal value
e").get("jsonp"),f=t(23)(s);if(e.exports=s,o()){var u=/[?&](?:callback|cb)=([^&#
                                                                                ^
Entity: line 65: parser error : xmlParseCharRef: invalid xmlChar value 0
e").get("jsonp"),f=t(23)(s);if(e.exports=s,o()){var u=/[?&](?:callback|cb)=([^&#
                                                                                ^
Entity: line 65: parser error : xmlParseEntityRef: no name
tion(t,e,n){var r=t("ee").get("mutation"),o=t(23)(r),i=NREUM.o.MO;e.exports=r,i&
                                                                                ^
Entity: line 65: parser error : xmlParseEntityRef: no name
ion(t,e,n){var r=t("ee").get("mutation"),o=t(23)(r),i=NREUM.o.MO;e.exports=r,i&&
                                                                                ^
Entity: line 65: parser error : xmlParseEntityRef: no name
}var i=t(23),a=t("ee").get("promise"),c=i(a),s=t(20),f=NREUM.o.PR;e.exports=a,f&
                                                                                ^
Entity: line 65: parser error : xmlParseEntityRef: no name
var i=t(23),a=t("ee").get("promise"),c=i(a),s=t(20),f=NREUM.o.PR;e.exports=a,f&&
                                                                                ^
Entity: line 65: parser error : xmlParseEntityRef: no name
function(t){var e=f[t];f[t]=function(t){var n=e.apply(f,arguments);return t!==n&
                                                                                ^
Entity: line 65: parser error : EntityRef: expecting ';'
n(t){var e=f[t];f[t]=function(t){var n=e.apply(f,arguments);return t!==n&&a.emit
                                                                                ^
Entity: line 65: parser error : xmlParseEntityRef: no name
pagate",[n,!0],this.nextPromise)}),a.on("propagate",function(t,e,n){this.getCtx&
                                                                                ^
Entity: line 65: parser error : xmlParseEntityRef: no name
agate",[n,!0],this.nextPromise)}),a.on("propagate",function(t,e,n){this.getCtx&&
                                                                                ^
Entity: line 65: parser error : xmlParseEntityRef: no name
!e||(this.getCtx=function(){if(t instanceof Promise)var e=a.context(t);return e&
                                                                                ^
Entity: line 65: parser error : EntityRef: expecting ';'
.getCtx=function(){if(t instanceof Promise)var e=a.context(t);return e&&e.getCtx
                                                                                ^
Entity: line 65: parser error : xmlParseEntityRef: no name
adystatechange"],"fn-",c)}function o(){var t=this,e=u.context(t);t.readyState>3&
                                                                                ^
Entity: line 65: parser error : xmlParseEntityRef: no name
dystatechange"],"fn-",c)}function o(){var t=this,e=u.context(t);t.readyState>3&&
                                                                                ^
Entity: line 65: parser error : xmlParseEntityRef: no name
e"],"fn-",c)}function o(){var t=this,e=u.context(t);t.readyState>3&&!e.resolved&
                                                                                ^
Entity: line 65: parser error : xmlParseEntityRef: no name
"],"fn-",c)}function o(){var t=this,e=u.context(t);t.readyState>3&&!e.resolved&&
                                                                                ^
Entity: line 65: parser error : xmlParseEntityRef: no name
0,u.emit("xhr-resolved",[],t)),d.inPlace(t,y,"fn-",c)}function i(t){b.push(t),l&
                                                                                ^
Entity: line 65: parser error : xmlParseEntityRef: no name
,u.emit("xhr-resolved",[],t)),d.inPlace(t,y,"fn-",c)}function i(t){b.push(t),l&&
                                                                                ^
Entity: line 65: parser error : error parsing attribute name
h(t),l&&(x?x.then(a):v?v(a):(E=-E,P.data=E))}function a(){for(var t=0;t<b.length
                                                                                ^
Entity: line 65: parser error : attributes construct error
h(t),l&&(x?x.then(a):v?v(a):(E=-E,P.data=E))}function a(){for(var t=0;t<b.length
                                                                                ^
Entity: line 65: parser error : xmlParseStartTag: problem parsing attributes
h(t),l&&(x?x.then(a):v?v(a):(E=-E,P.data=E))}function a(){for(var t=0;t<b.length
                                                                                ^
Entity: line 65: parser error : Couldn't find end of Start Tag b.length line 65
h(t),l&&(x?x.then(a):v?v(a):(E=-E,P.data=E))}function a(){for(var t=0;t<b.length
                                                                                ^
Entity: line 65: parser error : xmlParseEntityRef: no name
a):(E=-E,P.data=E))}function a(){for(var t=0;t<b.length;t++)r([],b[t]);b.length&
                                                                                ^
Entity: line 65: parser error : xmlParseEntityRef: no name
):(E=-E,P.data=E))}function a(){for(var t=0;t<b.length;t++)r([],b[t]);b.length&&
                                                                                ^
Entity: line 65: parser error : xmlParseEntityRef: no name
send-xhr-start",function(t,e){r(t,e),i(e)}),u.on("open-xhr-start",r),l){var x=m&
                                                                                ^
Entity: line 65: parser error : EntityRef: expecting ';'
tart",function(t,e){r(t,e),i(e)}),u.on("open-xhr-start",r),l){var x=m&&m.resolve
                                                                                ^
XML::Simple called at /home/cpansand/.cpan/build/2020063021/WWW-Wunderground-API-0.09-ZUILJI/blib/lib/WWW/Wunderground/API.pm line 56.
# Looks like your test exited with 255 just after 3.
t/01-getweather.t .. 
Dubious, test returned 255 (wstat 65280, 0xff00)
Failed 13/16 subtests 
t/boilerplate.t .... ok
t/manifest.t ....... skipped: Author tests not required for installation
t/pod-coverage.t ... ok
t/pod.t ............ ok

Test Summary Report
-------------------
t/01-getweather.t (Wstat: 65280 Tests: 3 Failed: 0)
  Non-zero exit status: 255
  Parse errors: Bad plan.  You planned 16 tests but ran 3.
t/boilerplate.t  (Wstat: 0 Tests: 3 Failed: 0)
  TODO passed:   1-3
Files=6, Tests=10,  1 wallclock secs ( 0.00 usr  0.05 sys +  0.20 cusr  0.52 csys =  0.77 CPU)
Result: FAIL
Failed 1/6 test programs. 0/10 subtests failed.
*** Error code 255

Stop.
make: stopped in /home/cpansand/.cpan/build/2020063021/WWW-Wunderground-API-0.09-ZUILJI

------------------------------
PREREQUISITES
------------------------------

Prerequisite modules loaded:

requires:

    Module              Need     Have    
    ------------------- -------- --------
    Hash::AsObject      0        0.13    
    JSON::MaybeXS       0        1.003005
    LWP::Simple         0        6.15    
    Moo                 1.001000 2.003000
    perl                5.006    5.022002
    Test::More          0        1.302075
    XML::Simple         0        2.22    

build_requires:

    Module              Need     Have    
    ------------------- -------- --------
    ExtUtils::MakeMaker 6.59     7.24    
    Test::More          0        1.302075

configure_requires:

    Module              Need     Have    
    ------------------- -------- --------
    ExtUtils::MakeMaker 6.59     7.24    


------------------------------
ENVIRONMENT AND OTHER CONTEXT
------------------------------

Environment variables:

    LC_ALL = de_DE.ISO8859-1
    PATH = /usr/local/bin:/usr/bin:/bin:/usr/local/sbin:/usr/sbin:/sbin:/home/cpansand/bin/freebsd10.3:/home/cpansand/bin/sh:/home/cpansand/bin:/usr/games:/home/cpansand/devel:/home/eserte/src/srezic-misc/scripts
    PERL5LIB = /home/cpansand/.cpan/build/2020063021/Hash-AsObject-0.13-KEHzL3/blib/arch:/home/cpansand/.cpan/build/2020063021/Hash-AsObject-0.13-KEHzL3/blib/lib
    PERL5OPT = 
    PERL5_CPANPLUS_IS_RUNNING = 15080
    PERL5_CPAN_IS_RUNNING = 15080
    PERL5_CPAN_IS_RUNNING_IN_RECURSION = 14292,15080
    PERLDOC = -MPod::Perldoc::ToTextOverstrike
    PERL_BATCH = yes
    PERL_CANARY_STABILITY_NOPROMPT = 1
    PERL_CPAN_REPORTER_CONFIG = /var/tmp/cpansmoker-1023/2020063021/cpanreporter_000_config.ini
    PERL_EXTUTILS_AUTOINSTALL = --defaultdeps
    SHELL = /usr/local/bin/zsh
    TERM = screen
    TMPDIR = /var/tmp/cpansmoker-1023/2020063021

Perl special variables (and OS-specific diagnostics, for MSWin32):

    $^X = /usr/perl5.22.2t/bin/perl5.22.2
    $UID/$EUID = 1023 / 1023
    $GID = 1023 1023
    $EGID = 1023 1023

Perl module toolchain versions installed:

    Module              Have    
    ------------------- --------
    CPAN                2.11    
    CPAN::Meta          2.150001
    Cwd                 3.62    
    ExtUtils::CBuilder  0.280221
    ExtUtils::Command   7.24    
    ExtUtils::Install   2.04    
    ExtUtils::MakeMaker 7.24    
    ExtUtils::Manifest  1.70    
    ExtUtils::ParseXS   3.28    
    File::Spec          3.62    
    JSON                2.90    
    JSON::PP            2.27300 
    Module::Build       0.4218  
    Module::Signature   0.80    
    Parse::CPAN::Meta   1.4422  
    Test::Harness       3.35    
    Test::More          1.302075
    YAML                1.15    
    YAML::Syck          1.29    
    version             0.9917  


--

Summary of my perl5 (revision 5 version 22 subversion 2) configuration:
   
  Platform:
    osname=freebsd, osvers=10.1-release, archname=amd64-freebsd-thread-multi
    uname='freebsd cvrsnica-freebsd-101.herceg.de 10.1-release freebsd 10.1-release #0 r274401: tue nov 11 21:02:49 utc 2014 root@releng1.nyi.freebsd.org:usrobjusrsrcsysgeneric amd64 '
    config_args='-ds -e -Dprefix=/usr/perl5.22.2t -Dusethreads -Dcf_email=srezic@cpan.org -Doptimize=-O2 -pipe'
    hint=recommended, useposix=true, d_sigaction=define
    useithreads=define, usemultiplicity=define
    use64bitint=define, use64bitall=define, uselongdouble=undef
    usemymalloc=n, bincompat5005=undef
  Compiler:
    cc='cc', ccflags ='-DHAS_FPSETMASK -DHAS_FLOATINGPOINT_H -fno-strict-aliasing -pipe -fstack-protector -I/usr/local/include -D_FORTIFY_SOURCE=2',
    optimize='-O2 -pipe',
    cppflags='-DHAS_FPSETMASK -DHAS_FLOATINGPOINT_H -fno-strict-aliasing -pipe -fstack-protector -I/usr/local/include'
    ccversion='', gccversion='4.2.1 Compatible FreeBSD Clang 3.4.1 (tags/RELEASE_34/dot1-final 208032)', gccosandvers=''
    intsize=4, longsize=8, ptrsize=8, doublesize=8, byteorder=12345678, doublekind=3
    d_longlong=define, longlongsize=8, d_longdbl=define, longdblsize=16, longdblkind=3
    ivtype='long', ivsize=8, nvtype='double', nvsize=8, Off_t='off_t', lseeksize=8
    alignbytes=8, prototype=define
  Linker and Libraries:
    ld='cc', ldflags ='-pthread -Wl,-E  -fstack-protector -L/usr/local/lib'
    libpth=/usr/lib /usr/local/lib /usr/include/clang/3.4.1 /usr/lib
    libs=-lpthread -lgdbm -lm -lcrypt -lutil
    perllibs=-lpthread -lm -lcrypt -lutil
    libc=, so=so, useshrplib=false, libperl=libperl.a
    gnulibc_version=''
  Dynamic Linking:
    dlsrc=dl_dlopen.xs, dlext=so, d_dlsymun=undef, ccdlflags=' '
    cccdlflags='-DPIC -fPIC', lddlflags='-shared  -L/usr/local/lib -fstack-protector'


Characteristics of this binary (from libperl): 
  Compile-time options: HAS_TIMES MULTIPLICITY PERLIO_LAYERS
                        PERL_DONT_CREATE_GVSV
                        PERL_HASH_FUNC_ONE_AT_A_TIME_HARD
                        PERL_IMPLICIT_CONTEXT PERL_MALLOC_WRAP
                        PERL_NEW_COPY_ON_WRITE PERL_PRESERVE_IVUV
                        USE_64_BIT_ALL USE_64_BIT_INT USE_ITHREADS
                        USE_LARGE_FILES USE_LOCALE USE_LOCALE_COLLATE
                        USE_LOCALE_CTYPE USE_LOCALE_NUMERIC USE_LOCALE_TIME
                        USE_PERLIO USE_PERL_ATOF USE_REENTRANT_API
  Built under freebsd
  Compiled at Jun 18 2016 12:32:50
  %ENV:
    PERL5LIB="/home/cpansand/.cpan/build/2020063021/Hash-AsObject-0.13-KEHzL3/blib/arch:/home/cpansand/.cpan/build/2020063021/Hash-AsObject-0.13-KEHzL3/blib/lib"
    PERL5OPT=""
    PERL5_CPANPLUS_IS_RUNNING="15080"
    PERL5_CPAN_IS_RUNNING="15080"
    PERL5_CPAN_IS_RUNNING_IN_RECURSION="14292,15080"
    PERLDOC="-MPod::Perldoc::ToTextOverstrike"
    PERL_BATCH="yes"
    PERL_CANARY_STABILITY_NOPROMPT="1"
    PERL_CPAN_REPORTER_CONFIG="/var/tmp/cpansmoker-1023/2020063021/cpanreporter_000_config.ini"
    PERL_EXTUTILS_AUTOINSTALL="--defaultdeps"
  @INC:
    /home/cpansand/.cpan/build/2020063021/Hash-AsObject-0.13-KEHzL3/blib/arch
    /home/cpansand/.cpan/build/2020063021/Hash-AsObject-0.13-KEHzL3/blib/lib
    /usr/perl5.22.2t/lib/site_perl/5.22.2/amd64-freebsd-thread-multi
    /usr/perl5.22.2t/lib/site_perl/5.22.2
    /usr/perl5.22.2t/lib/5.22.2/amd64-freebsd-thread-multi
    /usr/perl5.22.2t/lib/5.22.2
    .