Report for Devel-NYTProf-4.09

Back
From: metabase:user:320bfe00-2aae-11df-837a-5e0a49663a4f
Subject: FAIL Devel-NYTProf-4.09 v5.17.5 GNU/Linux
Date: 2012-10-11T17:19:31Z

This distribution has been tested as part of the CPAN Testers
project, supporting the Perl programming language.  See
http://wiki.cpantesters.org/ for more information or email
questions to cpan-testers-discuss@perl.org


--
Dear Tim Bunce,

This is a computer-generated report for Devel-NYTProf-4.09
on perl 5.17.5, created by CPAN-Reporter-1.2006.

Thank you for uploading your work to CPAN.  However, there was a problem
testing your distribution.

If you think this report is invalid, please consult the CPAN Testers Wiki
for suggestions on how to avoid getting FAIL reports for missing library
or binary dependencies, unsupported operating systems, and so on:

http://wiki.cpantesters.org/wiki/CPANAuthorNotes

Sections of this report:

    * Tester comments
    * Program output
    * Prerequisites
    * Environment and other context

------------------------------
TESTER COMMENTS
------------------------------

Additional comments from tester:

this report is from an automated smoke testing program
and was not reviewed by a human for accuracy

------------------------------
PROGRAM OUTPUT
------------------------------

Output from '/usr/bin/make test':

cp blib/arch/auto/Devel/NYTProf/NYTProf.so blib/lib/Devel/auto/Devel/NYTProf/NYTProf.so
PERL_DL_NONLAZY=1 /tmp/basesmoker-reloperl-L3UU/bin/perl "-MExtUtils::Command::MM" "-e" "test_harness(0, 'blib/lib', 'blib/arch')" t/*.t
# Testing Devel::NYTProf 4.09 started at Thu Oct 11 16:46:55 2012
# Compression: default level is 6, zlib version 1.2.7
# --- Perl 5.017005 Config on x86_64-linux:
# 	d_gettimeod: define
# 	d_sysconf: define
t/00-load.t ............ ok
t/10-run.t ............. ok
t/22-readstream.t ...... ok
t/30-util.t ............ ok
t/31-env.t ............. ok
t/40-savesrc.t ......... ok
t/42-global.t .......... ok
t/44-model.t ........... ok
t/50-errno.t ........... ok
t/60-forkdepth.t ....... ok
t/61-cputime.t ......... ok
t/68-hashline.t ........ skipped: Currently a developer-only test
t/70-subname.t ......... ok
t/71-moose.t ........... skipped: Currently a developer-only test
t/80-version.t ......... ok
t/90-pod.t ............. ok
t/91-pod_coverage.t .... skipped: Currently a developer-only test
t/92-file_port.t ....... skipped: Currently a developer-only test
t/test01.t ............. ok
t/test02.t ............. ok
t/test03.t ............. ok
t/test05.t ............. ok
t/test06.t ............. ok
t/test07.t ............. ok
t/test08.t ............. ok
t/test09.t ............. ok

#   Failed test 'test10.rdt match generated profile data for compress=1 leave=0 savesrc=0 slowops=2 start=init use_db_sub=1'
#   at t/lib/NYTProfTest.pm line 404.
#     Structures begin differing at:
#          $got->[18] = 'fid_block_time	2	1	[ 0 2 ]'
#     $expected->[18] = 'fid_block_time	2	1	[ 0 1 ]'
--- test10.rdt	2010-11-19 16:26:51.000000000 +0100
+++ test10.rdt_new	2012-10-11 16:47:12.873077858 +0200
@@ -16,8 +16,7 @@
 attribute	xs_version	0
 fid_block_time	1	1	[ 0 1 ]
 fid_block_time	1	2	[ 0 1 ]
-fid_block_time	2	1	[ 0 1 ]
-fid_block_time	2	2	[ 0 1 ]
+fid_block_time	2	1	[ 0 2 ]
 fid_fileinfo	1	[ test10.p   1 2 0 0 ]
 fid_fileinfo	1	sub	main::BEGIN	0-0
 fid_fileinfo	1	sub	main::CORE:sleep	0-0
@@ -29,12 +28,10 @@
 fid_fileinfo	2	call	1	main::CORE:sleep	[ 1 0 0 0 0 0 0 main::__ANON__[(eval 0)[test10.p:1]:1] ]
 fid_line_time	1	1	[ 0 1 ]
 fid_line_time	1	2	[ 0 1 ]
-fid_line_time	2	1	[ 0 1 ]
-fid_line_time	2	2	[ 0 1 ]
+fid_line_time	2	1	[ 0 2 ]
 fid_sub_time	1	1	[ 0 1 ]
 fid_sub_time	1	2	[ 0 1 ]
-fid_sub_time	2	1	[ 0 1 ]
-fid_sub_time	2	2	[ 0 1 ]
+fid_sub_time	2	1	[ 0 2 ]
 profile_modes	fid_block_time	block
 profile_modes	fid_line_time	line
 profile_modes	fid_sub_time	sub

#   Failed test 'test10.rdt match generated profile data for compress=1 leave=0 savesrc=1 slowops=2 start=init use_db_sub=0'
#   at t/lib/NYTProfTest.pm line 404.
#     Structures begin differing at:
#          $got->[18] = 'fid_block_time	2	1	[ 0 2 ]'
#     $expected->[18] = 'fid_block_time	2	1	[ 0 1 ]'

#   Failed test 'test10.rdt match generated profile data for compress=1 leave=1 savesrc=1 slowops=2 start=init use_db_sub=0'
#   at t/lib/NYTProfTest.pm line 404.
#     Structures begin differing at:
#          $got->[18] = 'fid_block_time	2	1	[ 0 2 ]'
#     $expected->[18] = 'fid_block_time	2	1	[ 0 1 ]'

#   Failed test 'test10.rdt match generated profile data for compress=0 leave=0 savesrc=0 slowops=2 start=init use_db_sub=1'
#   at t/lib/NYTProfTest.pm line 404.
#     Structures begin differing at:
#          $got->[18] = 'fid_block_time	2	1	[ 0 2 ]'
#     $expected->[18] = 'fid_block_time	2	1	[ 0 1 ]'

#   Failed test 'test10.rdt match generated profile data for compress=0 leave=1 savesrc=0 slowops=2 start=init use_db_sub=0'
#   at t/lib/NYTProfTest.pm line 404.
#     Structures begin differing at:
#          $got->[18] = 'fid_block_time	2	1	[ 0 2 ]'
#     $expected->[18] = 'fid_block_time	2	1	[ 0 1 ]'

#   Failed test 'test10.rdt match generated profile data for compress=0 leave=1 savesrc=1 slowops=2 start=init use_db_sub=0'
#   at t/lib/NYTProfTest.pm line 404.
#     Structures begin differing at:
#          $got->[18] = 'fid_block_time	2	1	[ 0 2 ]'
#     $expected->[18] = 'fid_block_time	2	1	[ 0 1 ]'

#   Failed test 'test10.rdt match generated profile data for compress=1 leave=0 savesrc=1 slowops=2 start=init use_db_sub=1'
#   at t/lib/NYTProfTest.pm line 404.
#     Structures begin differing at:
#          $got->[18] = 'fid_block_time	2	1	[ 0 2 ]'
#     $expected->[18] = 'fid_block_time	2	1	[ 0 1 ]'

#   Failed test 'test10.rdt match generated profile data for compress=0 leave=0 savesrc=1 slowops=2 start=init use_db_sub=0'
#   at t/lib/NYTProfTest.pm line 404.
#     Structures begin differing at:
#          $got->[18] = 'fid_block_time	2	1	[ 0 2 ]'
#     $expected->[18] = 'fid_block_time	2	1	[ 0 1 ]'

#   Failed test 'test10.rdt match generated profile data for compress=0 leave=0 savesrc=1 slowops=2 start=init use_db_sub=1'
#   at t/lib/NYTProfTest.pm line 404.
#     Structures begin differing at:
#          $got->[18] = 'fid_block_time	2	1	[ 0 2 ]'
#     $expected->[18] = 'fid_block_time	2	1	[ 0 1 ]'

#   Failed test 'test10.rdt match generated profile data for compress=0 leave=1 savesrc=1 slowops=2 start=init use_db_sub=1'
#   at t/lib/NYTProfTest.pm line 404.
#     Structures begin differing at:
#          $got->[18] = 'fid_block_time	2	1	[ 0 2 ]'
#     $expected->[18] = 'fid_block_time	2	1	[ 0 1 ]'

#   Failed test 'test10.rdt match generated profile data for compress=0 leave=1 savesrc=0 slowops=2 start=init use_db_sub=1'
#   at t/lib/NYTProfTest.pm line 404.
#     Structures begin differing at:
#          $got->[18] = 'fid_block_time	2	1	[ 0 2 ]'
#     $expected->[18] = 'fid_block_time	2	1	[ 0 1 ]'

#   Failed test 'test10.rdt match generated profile data for compress=1 leave=1 savesrc=0 slowops=2 start=init use_db_sub=1'
#   at t/lib/NYTProfTest.pm line 404.
#     Structures begin differing at:
#          $got->[18] = 'fid_block_time	2	1	[ 0 2 ]'
#     $expected->[18] = 'fid_block_time	2	1	[ 0 1 ]'

#   Failed test 'test10.rdt match generated profile data for compress=1 leave=1 savesrc=0 slowops=2 start=init use_db_sub=0'
#   at t/lib/NYTProfTest.pm line 404.
#     Structures begin differing at:
#          $got->[18] = 'fid_block_time	2	1	[ 0 2 ]'
#     $expected->[18] = 'fid_block_time	2	1	[ 0 1 ]'

#   Failed test 'test10.rdt match generated profile data for compress=1 leave=1 savesrc=1 slowops=2 start=init use_db_sub=1'
#   at t/lib/NYTProfTest.pm line 404.
#     Structures begin differing at:
#          $got->[18] = 'fid_block_time	2	1	[ 0 2 ]'
#     $expected->[18] = 'fid_block_time	2	1	[ 0 1 ]'

#   Failed test 'test10.rdt match generated profile data for compress=1 leave=0 savesrc=0 slowops=2 start=init use_db_sub=0'
#   at t/lib/NYTProfTest.pm line 404.
#     Structures begin differing at:
#          $got->[18] = 'fid_block_time	2	1	[ 0 2 ]'
#     $expected->[18] = 'fid_block_time	2	1	[ 0 1 ]'

#   Failed test 'test10.rdt match generated profile data for compress=0 leave=0 savesrc=0 slowops=2 start=init use_db_sub=0'
#   at t/lib/NYTProfTest.pm line 404.
#     Structures begin differing at:
#          $got->[18] = 'fid_block_time	2	1	[ 0 2 ]'
#     $expected->[18] = 'fid_block_time	2	1	[ 0 1 ]'
# Looks like you failed 16 tests of 97.
t/test10.t ............. 
Dubious, test returned 16 (wstat 4096, 0x1000)
Failed 16/97 subtests 
t/test11.t ............. ok
t/test12.t ............. ok
t/test13.t ............. ok
t/test14.t ............. ok
t/test16.t ............. ok
t/test17-goto.t ........ ok
t/test18-goto2.t ....... ok
t/test20-streval.t ..... ok
t/test21-streval3.t .... ok

#   Failed test 'test22-strevala.rdt match generated profile data for compress=1 leave=1 savesrc=1 slowops=2 start=init use_db_sub=1'
#   at t/lib/NYTProfTest.pm line 404.
#     Structures begin differing at:
#          $got->[20] = 'fid_block_time	2	1	[ 0 2 ]'
#     $expected->[20] = 'fid_block_time	2	1	[ 0 1 ]'
--- test22-strevala.rdt	2010-11-19 16:27:54.000000000 +0100
+++ test22-strevala.rdt_new	2012-10-11 16:47:47.209989708 +0200
@@ -18,13 +18,10 @@
 fid_block_time	1	6	[ 0 1 ]
 fid_block_time	1	9	[ 0 2 ]
 fid_block_time	1	12	[ 0 1 ]
-fid_block_time	2	1	[ 0 1 ]
-fid_block_time	2	2	[ 0 1 ]
-fid_block_time	3	1	[ 0 1 ]
-fid_block_time	3	2	[ 0 1 ]
+fid_block_time	2	1	[ 0 2 ]
+fid_block_time	3	1	[ 0 2 ]
 fid_block_time	5	2	[ 0 2 ]
-fid_block_time	6	1	[ 0 1 ]
-fid_block_time	6	2	[ 0 1 ]
+fid_block_time	6	1	[ 0 2 ]
 fid_fileinfo	1	[ test22-strevala.p   1 2 0 0 ]
 fid_fileinfo	1	sub	main::BEGIN	0-0
 fid_fileinfo	1	sub	main::CORE:print	0-0
@@ -50,24 +47,18 @@
 fid_line_time	1	6	[ 0 1 ]
 fid_line_time	1	9	[ 0 2 ]
 fid_line_time	1	12	[ 0 1 ]
-fid_line_time	2	1	[ 0 1 ]
-fid_line_time	2	2	[ 0 1 ]
-fid_line_time	3	1	[ 0 2 ]
-fid_line_time	3	2	[ 0 2 ]
+fid_line_time	2	1	[ 0 2 ]
+fid_line_time	3	1	[ 0 4 ]
 fid_line_time	5	2	[ 0 2 ]
-fid_line_time	6	1	[ 0 2 ]
-fid_line_time	6	2	[ 0 2 ]
+fid_line_time	6	1	[ 0 4 ]
 fid_sub_time	1	3	[ 0 1 ]
 fid_sub_time	1	6	[ 0 1 ]
 fid_sub_time	1	9	[ 0 2 ]
 fid_sub_time	1	12	[ 0 1 ]
-fid_sub_time	2	1	[ 0 1 ]
-fid_sub_time	2	2	[ 0 1 ]
-fid_sub_time	3	1	[ 0 1 ]
-fid_sub_time	3	2	[ 0 1 ]
+fid_sub_time	2	1	[ 0 2 ]
+fid_sub_time	3	1	[ 0 2 ]
 fid_sub_time	5	2	[ 0 2 ]
-fid_sub_time	6	1	[ 0 1 ]
-fid_sub_time	6	2	[ 0 1 ]
+fid_sub_time	6	1	[ 0 2 ]
 profile_modes	fid_block_time	block
 profile_modes	fid_line_time	line
 profile_modes	fid_sub_time	sub

#   Failed test 'test22-strevala.rdt match generated profile data for compress=1 leave=0 savesrc=0 slowops=2 start=init use_db_sub=0'
#   at t/lib/NYTProfTest.pm line 404.
#     Structures begin differing at:
#          $got->[20] = 'fid_block_time	2	1	[ 0 2 ]'
#     $expected->[20] = 'fid_block_time	2	1	[ 0 1 ]'

#   Failed test 'test22-strevala.rdt match generated profile data for compress=1 leave=1 savesrc=0 slowops=2 start=init use_db_sub=0'
#   at t/lib/NYTProfTest.pm line 404.
#     Structures begin differing at:
#          $got->[20] = 'fid_block_time	2	1	[ 0 2 ]'
#     $expected->[20] = 'fid_block_time	2	1	[ 0 1 ]'

#   Failed test 'test22-strevala.rdt match generated profile data for compress=1 leave=1 savesrc=0 slowops=2 start=init use_db_sub=1'
#   at t/lib/NYTProfTest.pm line 404.
#     Structures begin differing at:
#          $got->[20] = 'fid_block_time	2	1	[ 0 2 ]'
#     $expected->[20] = 'fid_block_time	2	1	[ 0 1 ]'

#   Failed test 'test22-strevala.rdt match generated profile data for compress=0 leave=0 savesrc=0 slowops=2 start=init use_db_sub=1'
#   at t/lib/NYTProfTest.pm line 404.
#     Structures begin differing at:
#          $got->[20] = 'fid_block_time	2	1	[ 0 2 ]'
#     $expected->[20] = 'fid_block_time	2	1	[ 0 1 ]'

#   Failed test 'test22-strevala.rdt match generated profile data for compress=1 leave=1 savesrc=1 slowops=2 start=init use_db_sub=0'
#   at t/lib/NYTProfTest.pm line 404.
#     Structures begin differing at:
#          $got->[20] = 'fid_block_time	2	1	[ 0 2 ]'
#     $expected->[20] = 'fid_block_time	2	1	[ 0 1 ]'

#   Failed test 'test22-strevala.rdt match generated profile data for compress=0 leave=1 savesrc=0 slowops=2 start=init use_db_sub=1'
#   at t/lib/NYTProfTest.pm line 404.
#     Structures begin differing at:
#          $got->[20] = 'fid_block_time	2	1	[ 0 2 ]'
#     $expected->[20] = 'fid_block_time	2	1	[ 0 1 ]'

#   Failed test 'test22-strevala.rdt match generated profile data for compress=1 leave=0 savesrc=1 slowops=2 start=init use_db_sub=1'
#   at t/lib/NYTProfTest.pm line 404.
#     Structures begin differing at:
#          $got->[20] = 'fid_block_time	2	1	[ 0 2 ]'
#     $expected->[20] = 'fid_block_time	2	1	[ 0 1 ]'

#   Failed test 'test22-strevala.rdt match generated profile data for compress=0 leave=1 savesrc=1 slowops=2 start=init use_db_sub=0'
#   at t/lib/NYTProfTest.pm line 404.
#     Structures begin differing at:
#          $got->[20] = 'fid_block_time	2	1	[ 0 2 ]'
#     $expected->[20] = 'fid_block_time	2	1	[ 0 1 ]'

#   Failed test 'test22-strevala.rdt match generated profile data for compress=1 leave=0 savesrc=1 slowops=2 start=init use_db_sub=0'
#   at t/lib/NYTProfTest.pm line 404.
#     Structures begin differing at:
#          $got->[20] = 'fid_block_time	2	1	[ 0 2 ]'
#     $expected->[20] = 'fid_block_time	2	1	[ 0 1 ]'

#   Failed test 'test22-strevala.rdt match generated profile data for compress=0 leave=0 savesrc=0 slowops=2 start=init use_db_sub=0'
#   at t/lib/NYTProfTest.pm line 404.
#     Structures begin differing at:
#          $got->[20] = 'fid_block_time	2	1	[ 0 2 ]'
#     $expected->[20] = 'fid_block_time	2	1	[ 0 1 ]'

#   Failed test 'test22-strevala.rdt match generated profile data for compress=0 leave=1 savesrc=1 slowops=2 start=init use_db_sub=1'
#   at t/lib/NYTProfTest.pm line 404.
#     Structures begin differing at:
#          $got->[20] = 'fid_block_time	2	1	[ 0 2 ]'
#     $expected->[20] = 'fid_block_time	2	1	[ 0 1 ]'

#   Failed test 'test22-strevala.rdt match generated profile data for compress=0 leave=0 savesrc=1 slowops=2 start=init use_db_sub=1'
#   at t/lib/NYTProfTest.pm line 404.
#     Structures begin differing at:
#          $got->[20] = 'fid_block_time	2	1	[ 0 2 ]'
#     $expected->[20] = 'fid_block_time	2	1	[ 0 1 ]'

#   Failed test 'test22-strevala.rdt match generated profile data for compress=1 leave=0 savesrc=0 slowops=2 start=init use_db_sub=1'
#   at t/lib/NYTProfTest.pm line 404.
#     Structures begin differing at:
#          $got->[20] = 'fid_block_time	2	1	[ 0 2 ]'
#     $expected->[20] = 'fid_block_time	2	1	[ 0 1 ]'

#   Failed test 'test22-strevala.rdt match generated profile data for compress=0 leave=0 savesrc=1 slowops=2 start=init use_db_sub=0'
#   at t/lib/NYTProfTest.pm line 404.
#     Structures begin differing at:
#          $got->[20] = 'fid_block_time	2	1	[ 0 2 ]'
#     $expected->[20] = 'fid_block_time	2	1	[ 0 1 ]'

#   Failed test 'test22-strevala.rdt match generated profile data for compress=0 leave=1 savesrc=0 slowops=2 start=init use_db_sub=0'
#   at t/lib/NYTProfTest.pm line 404.
#     Structures begin differing at:
#          $got->[20] = 'fid_block_time	2	1	[ 0 2 ]'
#     $expected->[20] = 'fid_block_time	2	1	[ 0 1 ]'
# Looks like you failed 16 tests of 225.
t/test22-strevala.t .... 
Dubious, test returned 16 (wstat 4096, 0x1000)
Failed 16/225 subtests 
t/test23-strevall.t .... ok
t/test24-strevalc.t .... ok
t/test25-strevalb.t .... ok
t/test30-fork-0.t ...... ok
t/test40pmc.t .......... ok
t/test50-disable.t ..... ok
t/test51-enable.t ...... ok
t/test60-subname.t ..... ok

#   Failed test 'test61-submerge.rdt match generated profile data for compress=1 leave=1 savesrc=0 slowops=2 start=init use_db_sub=0'
#   at t/lib/NYTProfTest.pm line 404.
#     Structures begin differing at:
#          $got->[19] = 'fid_block_time	2	1	[ 0 2 ]'
#     $expected->[19] = 'fid_block_time	2	1	[ 0 1 ]'
--- test61-submerge.rdt	2010-11-19 16:28:33.000000000 +0100
+++ test61-submerge.rdt_new	2012-10-11 16:47:53.574158714 +0200
@@ -17,8 +17,7 @@
 fid_block_time	1	4	[ 0 3 ]
 fid_block_time	1	6	[ 0 1 ]
 fid_block_time	1	8	[ 0 3 ]
-fid_block_time	2	1	[ 0 1 ]
-fid_block_time	2	2	[ 0 1 ]
+fid_block_time	2	1	[ 0 2 ]
 fid_fileinfo	1	[ test61-submerge.p   1 2 0 0 ]
 fid_fileinfo	1	sub	main::BEGIN	0-0
 fid_fileinfo	1	sub	main::CORE:print	0-0
@@ -33,13 +32,11 @@
 fid_line_time	1	4	[ 0 3 ]
 fid_line_time	1	6	[ 0 1 ]
 fid_line_time	1	8	[ 0 3 ]
-fid_line_time	2	1	[ 0 3 ]
-fid_line_time	2	2	[ 0 3 ]
+fid_line_time	2	1	[ 0 6 ]
 fid_sub_time	1	4	[ 0 3 ]
 fid_sub_time	1	6	[ 0 1 ]
 fid_sub_time	1	8	[ 0 3 ]
-fid_sub_time	2	1	[ 0 1 ]
-fid_sub_time	2	2	[ 0 1 ]
+fid_sub_time	2	1	[ 0 2 ]
 profile_modes	fid_block_time	block
 profile_modes	fid_line_time	line
 profile_modes	fid_sub_time	sub

#   Failed test 'test61-submerge.rdt match generated profile data for compress=1 leave=0 savesrc=1 slowops=2 start=init use_db_sub=0'
#   at t/lib/NYTProfTest.pm line 404.
#     Structures begin differing at:
#          $got->[19] = 'fid_block_time	2	1	[ 0 2 ]'
#     $expected->[19] = 'fid_block_time	2	1	[ 0 1 ]'

#   Failed test 'test61-submerge.rdt match generated profile data for compress=0 leave=0 savesrc=0 slowops=2 start=init use_db_sub=1'
#   at t/lib/NYTProfTest.pm line 404.
#     Structures begin differing at:
#          $got->[19] = 'fid_block_time	2	1	[ 0 2 ]'
#     $expected->[19] = 'fid_block_time	2	1	[ 0 1 ]'

#   Failed test 'test61-submerge.rdt match generated profile data for compress=0 leave=1 savesrc=0 slowops=2 start=init use_db_sub=0'
#   at t/lib/NYTProfTest.pm line 404.
#     Structures begin differing at:
#          $got->[19] = 'fid_block_time	2	1	[ 0 2 ]'
#     $expected->[19] = 'fid_block_time	2	1	[ 0 1 ]'

#   Failed test 'test61-submerge.rdt match generated profile data for compress=1 leave=1 savesrc=1 slowops=2 start=init use_db_sub=1'
#   at t/lib/NYTProfTest.pm line 404.
#     Structures begin differing at:
#          $got->[19] = 'fid_block_time	2	1	[ 0 2 ]'
#     $expected->[19] = 'fid_block_time	2	1	[ 0 1 ]'

#   Failed test 'test61-submerge.rdt match generated profile data for compress=0 leave=1 savesrc=1 slowops=2 start=init use_db_sub=0'
#   at t/lib/NYTProfTest.pm line 404.
#     Structures begin differing at:
#          $got->[19] = 'fid_block_time	2	1	[ 0 2 ]'
#     $expected->[19] = 'fid_block_time	2	1	[ 0 1 ]'

#   Failed test 'test61-submerge.rdt match generated profile data for compress=1 leave=0 savesrc=0 slowops=2 start=init use_db_sub=0'
#   at t/lib/NYTProfTest.pm line 404.
#     Structures begin differing at:
#          $got->[19] = 'fid_block_time	2	1	[ 0 2 ]'
#     $expected->[19] = 'fid_block_time	2	1	[ 0 1 ]'

#   Failed test 'test61-submerge.rdt match generated profile data for compress=1 leave=1 savesrc=0 slowops=2 start=init use_db_sub=1'
#   at t/lib/NYTProfTest.pm line 404.
#     Structures begin differing at:
#          $got->[19] = 'fid_block_time	2	1	[ 0 2 ]'
#     $expected->[19] = 'fid_block_time	2	1	[ 0 1 ]'

#   Failed test 'test61-submerge.rdt match generated profile data for compress=0 leave=0 savesrc=0 slowops=2 start=init use_db_sub=0'
#   at t/lib/NYTProfTest.pm line 404.
#     Structures begin differing at:
#          $got->[19] = 'fid_block_time	2	1	[ 0 2 ]'
#     $expected->[19] = 'fid_block_time	2	1	[ 0 1 ]'

#   Failed test 'test61-submerge.rdt match generated profile data for compress=1 leave=0 savesrc=1 slowops=2 start=init use_db_sub=1'
#   at t/lib/NYTProfTest.pm line 404.
#     Structures begin differing at:
#          $got->[19] = 'fid_block_time	2	1	[ 0 2 ]'
#     $expected->[19] = 'fid_block_time	2	1	[ 0 1 ]'

#   Failed test 'test61-submerge.rdt match generated profile data for compress=1 leave=1 savesrc=1 slowops=2 start=init use_db_sub=0'
#   at t/lib/NYTProfTest.pm line 404.
#     Structures begin differing at:
#          $got->[19] = 'fid_block_time	2	1	[ 0 2 ]'
#     $expected->[19] = 'fid_block_time	2	1	[ 0 1 ]'

#   Failed test 'test61-submerge.rdt match generated profile data for compress=0 leave=0 savesrc=1 slowops=2 start=init use_db_sub=1'
#   at t/lib/NYTProfTest.pm line 404.
#     Structures begin differing at:
#          $got->[19] = 'fid_block_time	2	1	[ 0 2 ]'
#     $expected->[19] = 'fid_block_time	2	1	[ 0 1 ]'

#   Failed test 'test61-submerge.rdt match generated profile data for compress=0 leave=1 savesrc=1 slowops=2 start=init use_db_sub=1'
#   at t/lib/NYTProfTest.pm line 404.
#     Structures begin differing at:
#          $got->[19] = 'fid_block_time	2	1	[ 0 2 ]'
#     $expected->[19] = 'fid_block_time	2	1	[ 0 1 ]'

#   Failed test 'test61-submerge.rdt match generated profile data for compress=0 leave=0 savesrc=1 slowops=2 start=init use_db_sub=0'
#   at t/lib/NYTProfTest.pm line 404.
#     Structures begin differing at:
#          $got->[19] = 'fid_block_time	2	1	[ 0 2 ]'
#     $expected->[19] = 'fid_block_time	2	1	[ 0 1 ]'

#   Failed test 'test61-submerge.rdt match generated profile data for compress=0 leave=1 savesrc=0 slowops=2 start=init use_db_sub=1'
#   at t/lib/NYTProfTest.pm line 404.
#     Structures begin differing at:
#          $got->[19] = 'fid_block_time	2	1	[ 0 2 ]'
#     $expected->[19] = 'fid_block_time	2	1	[ 0 1 ]'

#   Failed test 'test61-submerge.rdt match generated profile data for compress=1 leave=0 savesrc=0 slowops=2 start=init use_db_sub=1'
#   at t/lib/NYTProfTest.pm line 404.
#     Structures begin differing at:
#          $got->[19] = 'fid_block_time	2	1	[ 0 2 ]'
#     $expected->[19] = 'fid_block_time	2	1	[ 0 1 ]'
# Looks like you failed 16 tests of 49.
t/test61-submerge.t .... 
Dubious, test returned 16 (wstat 4096, 0x1000)
Failed 16/49 subtests 
t/test62-subcaller1.t .. ok
t/test70-subexcl.t ..... ok
t/test80-recurs.t ...... ok
t/test81-swash.t ....... ok
t/test82-version.t ..... ok
# Tests ended at Thu Oct 11 16:48:21 2012
t/zzz.t ................ ok

Test Summary Report
-------------------
t/test10.t           (Wstat: 4096 Tests: 97 Failed: 16)
  Failed tests:  3, 9, 15, 21, 27, 33, 39, 45, 51, 57, 63
                69, 75, 81, 87, 93
  Non-zero exit status: 16
t/test22-strevala.t  (Wstat: 4096 Tests: 225 Failed: 16)
  Failed tests:  3, 17, 31, 45, 59, 73, 87, 101, 115, 129
                143, 157, 171, 185, 199, 213
  Non-zero exit status: 16
t/test61-submerge.t  (Wstat: 4096 Tests: 49 Failed: 16)
  Failed tests:  3, 6, 9, 12, 15, 18, 21, 24, 27, 30, 33
                36, 39, 42, 45, 48
  Non-zero exit status: 16
Files=52, Tests=4126, 86 wallclock secs ( 0.84 usr  0.10 sys + 23.74 cusr  4.98 csys = 29.66 CPU)
Result: FAIL
Failed 3/52 test programs. 48/4126 subtests failed.
make: *** [test_dynamic] Error 255

------------------------------
PREREQUISITES
------------------------------

Prerequisite modules loaded:

requires:

    Module              Need Have   
    ------------------- ---- -------
    Getopt::Long        0    2.38   
    JSON::Any           0    1.29   
    List::Util          0    1.25   
    Test::More          0.84 0.98   
    XSLoader            0    0.16   

build_requires:

    Module              Need Have   
    ------------------- ---- -------
    ExtUtils::MakeMaker 0    6.63_02

configure_requires:

    Module              Need Have   
    ------------------- ---- -------
    ExtUtils::MakeMaker 0    6.63_02


------------------------------
ENVIRONMENT AND OTHER CONTEXT
------------------------------

Environment variables:

    AUTOMATED_TESTING = 1
    LANG = en_US.UTF-8
    LANGUAGE = en_US:en
    PATH = /home/sand/bin:/usr/local/bin:/usr/bin:/bin:/usr/bin/X11:/usr/games:/usr/local/perl/bin:/usr/X11/bin:/sbin:/usr/sbin
    PERL5LIB = 
    PERL5OPT = 
    PERL5_CPANPLUS_IS_RUNNING = 29364
    PERL5_CPAN_IS_RUNNING = 29364
    PERL_MM_USE_DEFAULT = 1
    SHELL = /usr/bin/zsh
    TERM = screen

Perl special variables (and OS-specific diagnostics, for MSWin32):

    $^X = /tmp/basesmoker-reloperl-L3UU/bin/perl
    $UID/$EUID = 1005 / 1005
    $GID = 1005 1005
    $EGID = 1005 1005

Perl module toolchain versions installed:

    Module              Have    
    ------------------- --------
    CPAN                1.9800  
    CPAN::Meta          2.120921
    Cwd                 3.39_02 
    ExtUtils::CBuilder  0.280209
    ExtUtils::Command   1.17    
    ExtUtils::Install   1.58    
    ExtUtils::MakeMaker 6.63_02 
    ExtUtils::Manifest  1.61    
    ExtUtils::ParseXS   3.18    
    File::Spec          3.39_02 
    JSON                2.53    
    JSON::PP            2.27200 
    Module::Build       0.4003  
    Module::Signature   0.68    
    Parse::CPAN::Meta   1.4404  
    Test::Harness       3.25_01 
    Test::More          0.98    
    YAML                0.84    
    YAML::Syck          1.21    
    version             0.9901  


--

Summary of my perl5 (revision 5 version 17 subversion 5) configuration:
  Commit id: 98c015b7a9b5140b2750b25518eb68b5024d7652
  Platform:
    osname=linux, osvers=3.2.0-4-amd64, archname=x86_64-linux
    uname='linux k83 3.2.0-4-amd64 #1 smp debian 3.2.30-1 x86_64 gnulinux '
    config_args='-Dprefix=/home/src/perl/repoperls/installed-perls/perl/v5.17.4-242-g98c015b/165a -Dmyhostname=k83 -Dinstallusrbinperl=n -Uversiononly -Dusedevel -des -Ui_db -Uuseithreads -Uuselongdouble -DDEBUGGING=-g'
    hint=recommended, useposix=true, d_sigaction=define
    useithreads=undef, usemultiplicity=undef
    useperlio=define, d_sfio=undef, uselargefiles=define, usesocks=undef
    use64bitint=define, use64bitall=define, uselongdouble=undef
    usemymalloc=n, bincompat5005=undef
  Compiler:
    cc='cc', ccflags ='-fno-strict-aliasing -pipe -fstack-protector -I/usr/local/include -D_LARGEFILE_SOURCE -D_FILE_OFFSET_BITS=64',
    optimize='-O2 -g',
    cppflags='-fno-strict-aliasing -pipe -fstack-protector -I/usr/local/include'
    ccversion='', gccversion='4.7.2', gccosandvers=''
    intsize=4, longsize=8, ptrsize=8, doublesize=8, byteorder=12345678
    d_longlong=define, longlongsize=8, d_longdbl=define, longdblsize=16
    ivtype='long', ivsize=8, nvtype='double', nvsize=8, Off_t='off_t', lseeksize=8
    alignbytes=8, prototype=define
  Linker and Libraries:
    ld='cc', ldflags =' -fstack-protector -L/usr/local/lib'
    libpth=/usr/local/lib /lib/x86_64-linux-gnu /lib/../lib /usr/lib/x86_64-linux-gnu /usr/lib/../lib /lib /usr/lib
    libs=-lnsl -ldb -ldl -lm -lcrypt -lutil -lc
    perllibs=-lnsl -ldl -lm -lcrypt -lutil -lc
    libc=, so=so, useshrplib=false, libperl=libperl.a
    gnulibc_version='2.13'
  Dynamic Linking:
    dlsrc=dl_dlopen.xs, dlext=so, d_dlsymun=undef, ccdlflags='-Wl,-E'
    cccdlflags='-fPIC', lddlflags='-shared -O2 -g -L/usr/local/lib -fstack-protector'


Characteristics of this binary (from libperl): 
  Compile-time options: HAS_TIMES PERLIO_LAYERS PERL_DONT_CREATE_GVSV
                        PERL_MALLOC_WRAP PERL_PRESERVE_IVUV PERL_USE_DEVEL
                        USE_64_BIT_ALL USE_64_BIT_INT USE_LARGE_FILES
                        USE_LOCALE USE_LOCALE_COLLATE USE_LOCALE_CTYPE
                        USE_LOCALE_NUMERIC USE_PERLIO USE_PERL_ATOF
  Built under linux
  Compiled at Oct 11 2012 01:14:47
  %ENV:
    PERL5LIB=""
    PERL5OPT=""
    PERL5_CPANPLUS_IS_RUNNING="29364"
    PERL5_CPAN_IS_RUNNING="29364"
    PERL_MM_USE_DEFAULT="1"
  @INC:
    /home/src/perl/repoperls/installed-perls/perl/v5.17.4-242-g98c015b/165a/lib/site_perl/5.17.5/x86_64-linux
    /home/src/perl/repoperls/installed-perls/perl/v5.17.4-242-g98c015b/165a/lib/site_perl/5.17.5
    /home/src/perl/repoperls/installed-perls/perl/v5.17.4-242-g98c015b/165a/lib/5.17.5/x86_64-linux
    /home/src/perl/repoperls/installed-perls/perl/v5.17.4-242-g98c015b/165a/lib/5.17.5
    .