Back
From: metabase:user:00e8548a-0e72-11e3-8ee3-df0a9c418065
Subject: FAIL Hash-SharedMem-0.002 v5.14.4 Windows (Cygwin)
Date: 2014-04-02T19:29:27Z
This distribution has been tested as part of the CPAN Testers
project, supporting the Perl programming language. See
http://wiki.cpantesters.org/ for more information or email
questions to cpan-testers-discuss@perl.org
--
Dear Andrew Main (Zefram),
This is a computer-generated report for Hash-SharedMem-0.002
on perl 5.14.4, created by CPAN-Reporter-1.2010.
Thank you for uploading your work to CPAN. However, there was a problem
testing your distribution.
If you think this report is invalid, please consult the CPAN Testers Wiki
for suggestions on how to avoid getting FAIL reports for missing library
or binary dependencies, unsupported operating systems, and so on:
http://wiki.cpantesters.org/wiki/CPANAuthorNotes
Sections of this report:
* Tester comments
* Program output
* Prerequisites
* Environment and other context
------------------------------
TESTER COMMENTS
------------------------------
Additional comments from tester:
this report is from an automated smoke testing program
and was not reviewed by a human for accuracy
------------------------------
PROGRAM OUTPUT
------------------------------
Output from './Build test':
t/arg_error.t ... ok
t/bad_dir.t ..... ok
t/bad_master.t .. ok
t/chdir.t ....... ok
t/concurrent.t .. ok
t/deparse.t ..... ok
t/empty.t ....... ok
t/filename.t .... ok
t/function.t .... ok
t/get_string.t .. ok
t/huge.t ........ ok
t/long.t ........ ok
t/magic.t ....... ok
t/many.t ........ ok
t/method.t ...... ok
t/mode.t ........ ok
t/octet.t ....... ok
t/op.t .......... ok
t/perm.t ........ ok
t/pod_cvg.t ..... ok
t/pod_syn.t ..... ok
# Failed test at t/rename.t line 48.
# got: 'can't write shared hash /tmp/5CYBlnui4w/a0/b0: No such file or directory at t/rename.t line 46.
# '
# expected: ''
# Failed test at t/rename.t line 56.
# got: undef
# expected: 'bcd'
# Failed test at t/rename.t line 48.
# got: 'can't write shared hash /tmp/5CYBlnui4w/a1/b1: Not a directory at t/rename.t line 46.
# '
# expected: ''
# Failed test at t/rename.t line 56.
# got: undef
# expected: 'bcd'
# Failed test at t/rename.t line 48.
# got: 'can't write shared hash /tmp/5CYBlnui4w/a2/b2: No such file or directory at t/rename.t line 46.
# '
# expected: ''
# Failed test at t/rename.t line 56.
# got: undef
# expected: 'bcd'
# Failed test at t/rename.t line 48.
# got: 'can't write shared hash /tmp/5CYBlnui4w/a3/b3: No such file or directory at t/rename.t line 46.
# '
# expected: ''
# Failed test at t/rename.t line 56.
# got: undef
# expected: 'bcd'
# Failed test at t/rename.t line 48.
# got: 'can't write shared hash /tmp/5CYBlnui4w/a4/b4: Not a directory at t/rename.t line 46.
# '
# expected: ''
# Failed test at t/rename.t line 56.
# got: undef
# expected: 'bcd'
# Failed test at t/rename.t line 48.
# got: 'can't write shared hash /tmp/5CYBlnui4w/a5/b5: No such file or directory at t/rename.t line 46.
# '
# expected: ''
# Failed test at t/rename.t line 56.
# got: undef
# expected: 'bcd'
# Looks like you failed 12 tests of 41.
t/rename.t ......
Dubious, test returned 12 (wstat 3072, 0xc00)
Failed 12/41 subtests
t/snapshot.t .... ok
t/tidy.t ........ ok
t/tie.t ......... ok
Test Summary Report
-------------------
t/rename.t (Wstat: 3072 Tests: 41 Failed: 12)
Failed tests: 8, 11, 14, 17, 20, 23, 26, 29, 32, 35, 38
41
Non-zero exit status: 12
Files=25, Tests=9518, 35 wallclock secs ( 0.25 usr 0.11 sys + 32.95 cusr 1.66 csys = 34.97 CPU)
Result: FAIL
Failed 1/25 test programs. 12/9518 subtests failed.
------------------------------
PREREQUISITES
------------------------------
Prerequisite modules loaded:
requires:
Module Need Have
------------------ ----- --------
Exporter 0 5.68
parent 0 0.228
perl 5.006 5.014004
strict 0 1.04
warnings 0 1.12
XSLoader 0 0.16
build_requires:
Module Need Have
------------------ ----- --------
Data::Dumper 0 2.145
Errno 1.00 1.13
ExtUtils::CBuilder 0.15 0.280212
File::Temp 0.22 0.2301
if 0 0.0601
IO::File 0 1.15
Module::Build 0 0.4007
perl 5.006 5.014004
POSIX 0 1.24
Scalar::String 0 0.002
strict 0 1.04
Test::More 0 1.001002
utf8 0 1.09
warnings 0 1.12
configure_requires:
Module Need Have
------------------ ----- --------
Module::Build 0 0.4007
perl 5.006 5.014004
strict 0 1.04
warnings 0 1.12
------------------------------
ENVIRONMENT AND OTHER CONTEXT
------------------------------
Environment variables:
AUTOMATED_TESTING = 1
COMSPEC = C:\Windows\system32\cmd.exe
LANG = en_US.UTF-8
NUMBER_OF_PROCESSORS = 4
PATH = /home/ryanw/perl5/perlbrew/bin:/usr/local/bin:/usr/bin:/cygdrive/c/Program Files/Common Files/Microsoft Shared/Windows Live:/cygdrive/c/Program Files (x86)/Common Files/Microsoft Shared/Windows Live:/cygdrive/c/Program Files (x86)/AMD APP/bin/x86_64:/cygdrive/c/Program Files (x86)/AMD APP/bin/x86:/cygdrive/c/Windows/system32:/cygdrive/c/Windows:/cygdrive/c/Windows/System32/Wbem:/cygdrive/c/Windows/System32/WindowsPowerShell/v1.0:/cygdrive/c/Program Files (x86)/ATI Technologies/ATI.ACE/Core-Static:/cygdrive/c/Program Files (x86)/Security Innovation/SI TSS/bin:/cygdrive/c/Program Files (x86)/Windows Live/Shared:/cygdrive/c/Program Files (x86)/WinMerge:/usr/lib/lapack
PERL5LIB =
PERL5OPT =
PERL5_CPANPLUS_IS_RUNNING = 8760
PERL5_CPAN_IS_RUNNING = 8760
PERL5_CPAN_IS_RUNNING_IN_RECURSION = 9772,8760
PERLBREW_BASHRC_VERSION = 0.66
PERLBREW_HOME = /home/ryanw/.perlbrew
PERLBREW_ROOT = /home/ryanw/perl5/perlbrew
PERL_CR_SMOKER_CURRENT = Hash-SharedMem-0.002
PERL_EXTUTILS_AUTOINSTALL = --defaultdeps
PERL_MM_USE_DEFAULT = 1
PROCESSOR_IDENTIFIER = Intel64 Family 6 Model 58 Stepping 9, GenuineIntel
SHELL = /bin/bash
TEMP = /tmp
TERM = xterm
Perl special variables (and OS-specific diagnostics, for MSWin32):
$^X = /usr/bin/perl
$UID/$EUID = 2855161 / 2855161
$GID = 10513 0 544 545 10513
$EGID = 10513 0 544 545 10513
Perl module toolchain versions installed:
Module Have
------------------- --------
CPAN 2.00
CPAN::Meta 2.132661
Cwd 3.40
ExtUtils::CBuilder 0.280212
ExtUtils::Command 1.18
ExtUtils::Install 1.56
ExtUtils::MakeMaker 6.82
ExtUtils::Manifest 1.63
ExtUtils::ParseXS 3.22
File::Spec 3.40
JSON 2.59
JSON::PP 2.27203
Module::Build 0.4007
Module::Signature n/a
Parse::CPAN::Meta 1.4409
Test::Harness 3.29
Test::More 1.001002
YAML 0.84
YAML::Syck 1.27
version 0.9904
--
Summary of my perl5 (revision 5 version 14 subversion 4) configuration:
Platform:
osname=cygwin, osvers=1.7.18(0.26353), archname=cygwin-thread-multi
uname='cygwin_nt-6.1 yaakov04 1.7.18(0.26353) 2013-03-07 19:25 x86_64 cygwin '
config_args='-d -e -Dprefix=/usr -Dmksymlinks -Dusethreads -Darchname=x86_64-cygwin-threads -Dlibperl=cygperl5_14.dll -Dcc=gcc -Dld=g++'
hint=recommended, useposix=true, d_sigaction=define
useithreads=define, usemultiplicity=define
useperlio=define, d_sfio=undef, uselargefiles=define, usesocks=undef
use64bitint=define, use64bitall=define, uselongdouble=undef
usemymalloc=n, bincompat5005=undef
Compiler:
cc='gcc', ccflags ='-DPERL_USE_SAFE_PUTENV -U__STRICT_ANSI__ -fno-strict-aliasing -pipe -fstack-protector',
optimize='-O3',
cppflags='-DPERL_USE_SAFE_PUTENV -U__STRICT_ANSI__ -fno-strict-aliasing -pipe -fstack-protector'
ccversion='', gccversion='4.8.0 20130307 (experimental)', gccosandvers=''
intsize=4, longsize=8, ptrsize=8, doublesize=8, byteorder=12345678
d_longlong=define, longlongsize=8, d_longdbl=define, longdblsize=16
ivtype='long', ivsize=8, nvtype='double', nvsize=8, Off_t='off_t', lseeksize=8
alignbytes=8, prototype=define
Linker and Libraries:
ld='g++', ldflags =' -Wl,--enable-auto-import -Wl,--export-all-symbols -Wl,--enable-auto-image-base -fstack-protector'
libpth=/usr/lib /lib
libs=-lgdbm -ldb -ldl -lcrypt -lgdbm_compat
perllibs=-ldl -lcrypt
libc=/usr/lib/libc.a, so=dll, useshrplib=true, libperl=cygperl5_14.dll
gnulibc_version=''
Dynamic Linking:
dlsrc=dl_dlopen.xs, dlext=dll, d_dlsymun=undef, ccdlflags=' '
cccdlflags=' ', lddlflags=' --shared -Wl,--enable-auto-import -Wl,--export-all-symbols -Wl,--enable-auto-image-base -fstack-protector'
Characteristics of this binary (from libperl):
Compile-time options: MULTIPLICITY PERL_DONT_CREATE_GVSV
PERL_IMPLICIT_CONTEXT PERL_PRESERVE_IVUV
PERL_USE_SAFE_PUTENV USE_64_BIT_ALL USE_64_BIT_INT
USE_ITHREADS USE_LARGE_FILES USE_PERLIO USE_PERL_ATOF
USE_REENTRANT_API
Locally applied patches:
Bug#55162 File::Spec::case_tolerant performance
CYG07 $vendorarch/auto/.rebase
CYG15 static Win32CORE
CYG17 cyg-1.7 paths-utf8
0c612ce82 Fix building static extensions on cygwin, -UUSEIMPORTLIB
1bac5ecc1 Fix 64-bit threading sv.c: S_anonymise_cv_maybe
Cygwin::sync_winenv added
Built under cygwin
Compiled at Mar 11 2013 18:25:23
%ENV:
PERL5LIB=""
PERL5OPT=""
PERL5_CPANPLUS_IS_RUNNING="8760"
PERL5_CPAN_IS_RUNNING="8760"
PERL5_CPAN_IS_RUNNING_IN_RECURSION="9772,8760"
PERLBREW_BASHRC_VERSION="0.66"
PERLBREW_HOME="/home/ryanw/.perlbrew"
PERLBREW_ROOT="/home/ryanw/perl5/perlbrew"
PERL_CR_SMOKER_CURRENT="Hash-SharedMem-0.002"
PERL_EXTUTILS_AUTOINSTALL="--defaultdeps"
PERL_MM_USE_DEFAULT="1"
@INC:
/usr/lib/perl5/site_perl/5.14/x86_64-cygwin-threads
/usr/lib/perl5/site_perl/5.14
/usr/lib/perl5/vendor_perl/5.14/x86_64-cygwin-threads
/usr/lib/perl5/vendor_perl/5.14
/usr/lib/perl5/5.14/x86_64-cygwin-threads
/usr/lib/perl5/5.14
.