Back
From: metabase:user:30977d10-2aae-11df-837a-5e0a49663a4f
Subject: FAIL boolean-0.24 v5.12.2 GNU/Linux
Date: 2011-01-15T01:14:30Z
This distribution has been tested as part of the CPAN Testers
project, supporting the Perl programming language. See
http://wiki.cpantesters.org/ for more information or email
questions to cpan-testers-discuss@perl.org
--
Dear Ingy dot Net,
This is a computer-generated report for boolean-0.24
on perl 5.12.2, created by CPAN-Reporter-1.1803.
Thank you for uploading your work to CPAN. However, there was a problem
testing your distribution.
If you think this report is invalid, please consult the CPAN Testers Wiki
for suggestions on how to avoid getting FAIL reports for missing library
or binary dependencies, unsupported operating systems, and so on:
http://wiki.cpantesters.org/wiki/CPANAuthorNotes
Sections of this report:
* Tester comments
* Program output
* Prerequisites
* Environment and other context
------------------------------
TESTER COMMENTS
------------------------------
Additional comments from tester:
this report is from an automated smoke testing program
and was not reviewed by a human for accuracy
------------------------------
PROGRAM OUTPUT
------------------------------
Output from '/usr/bin/make test':
PERL_DL_NONLAZY=1 /home/stro/perl/perl5122/bin/perl "-MExtUtils::Command::MM" "-e" "test_harness(0, 'inc', 'blib/lib', 'blib/arch')" t/*.t
Modification of a read-only value attempted at /home/stro/cpan/build/5.12.2/boolean-0.24-Mxpkyn/blib/lib/boolean.pm line 34.
BEGIN failed--compilation aborted at /home/stro/cpan/build/5.12.2/boolean-0.24-Mxpkyn/blib/lib/boolean.pm line 39.
Compilation failed in require at t/autobox.t line 7.
BEGIN failed--compilation aborted at t/autobox.t line 7.
t/autobox.t ..
Dubious, test returned 255 (wstat 65280, 0xff00)
No subtests run
Modification of a read-only value attempted at lib/boolean.pm line 34.
BEGIN failed--compilation aborted at lib/boolean.pm line 39.
Compilation failed in require at t/boolean.t line 5.
BEGIN failed--compilation aborted at t/boolean.t line 5.
# Looks like your test exited with 255 before it could output anything.
t/boolean.t ..
Dubious, test returned 255 (wstat 65280, 0xff00)
Failed 61/61 subtests
Modification of a read-only value attempted at lib/boolean.pm line 34.
BEGIN failed--compilation aborted at lib/boolean.pm line 39.
Compilation failed in require at t/export.t line 7.
BEGIN failed--compilation aborted at t/export.t line 7.
# Looks like your test exited with 255 before it could output anything.
t/export.t ...
Dubious, test returned 255 (wstat 65280, 0xff00)
Failed 24/24 subtests
Test Summary Report
-------------------
t/autobox.t (Wstat: 65280 Tests: 0 Failed: 0)
Non-zero exit status: 255
Parse errors: No plan found in TAP output
t/boolean.t (Wstat: 65280 Tests: 0 Failed: 0)
Non-zero exit status: 255
Parse errors: Bad plan. You planned 61 tests but ran 0.
t/export.t (Wstat: 65280 Tests: 0 Failed: 0)
Non-zero exit status: 255
Parse errors: Bad plan. You planned 24 tests but ran 0.
Files=3, Tests=0, 4 wallclock secs ( 0.05 usr 0.03 sys + 0.10 cusr 0.07 csys = 0.25 CPU)
Result: FAIL
Failed 3/3 test programs. 0/0 subtests failed.
make: *** [test_dynamic] Error 255
------------------------------
PREREQUISITES
------------------------------
Prerequisite modules loaded:
requires:
Module Need Have
------------------- ---- ----
ExtUtils::MakeMaker 6.42 6.56
configure_requires:
Module Need Have
------------------- ---- ----
ExtUtils::MakeMaker 6.42 6.56
------------------------------
ENVIRONMENT AND OTHER CONTEXT
------------------------------
Environment variables:
AUTOMATED_TESTING = 1
LANG = en_US.UTF-8
PATH = /usr/local/bin:/usr/bin:/bin:/usr/games
PERL5LIB =
PERL5OPT =
PERL5_CPANPLUS_IS_RUNNING = 18539
PERL5_CPAN_IS_RUNNING = 18539
PERL5_CPAN_IS_RUNNING_IN_RECURSION = 16176,18539
PERL_CR_SMOKER_CURRENT = boolean-0.24
PERL_EXTUTILS_AUTOINSTALL = --defaultdeps
PERL_MM_USE_DEFAULT = 1
SHELL = /bin/bash
TERM = xterm
Perl special variables (and OS-specific diagnostics, for MSWin32):
$^X = /home/stro/perl/perl5122/bin/perl
$UID/$EUID = 1000 / 1000
$GID = 1000 20 24 25 29 44 46 1000
$EGID = 1000 20 24 25 29 44 46 1000
Perl module toolchain versions installed:
Module Have
------------------- -------
CPAN 1.94_56
Cwd 3.33
ExtUtils::CBuilder 0.2802
ExtUtils::Command 1.16
ExtUtils::Install 1.55
ExtUtils::MakeMaker 6.56
ExtUtils::Manifest 1.57
ExtUtils::ParseXS 2.2206
File::Spec 3.33
Module::Build 0.36_17
Module::Signature 0.66
Test::Harness 3.22
Test::More 0.96
YAML 0.72
YAML::Syck 1.17
version 0.87
--
Summary of my perl5 (revision 5 version 12 subversion 2) configuration:
Platform:
osname=linux, osvers=2.6.26-2-686, archname=i686-linux
uname='linux debian5 2.6.26-2-686 #1 smp mon jun 21 05:58:44 utc 2010 i686 gnulinux '
config_args=''
hint=recommended, useposix=true, d_sigaction=define
useithreads=undef, usemultiplicity=undef
useperlio=define, d_sfio=undef, uselargefiles=define, usesocks=undef
use64bitint=undef, use64bitall=undef, uselongdouble=undef
usemymalloc=n, bincompat5005=undef
Compiler:
cc='cc', ccflags ='-fno-strict-aliasing -pipe -fstack-protector -I/usr/local/include -D_LARGEFILE_SOURCE -D_FILE_OFFSET_BITS=64',
optimize='-O2',
cppflags='-fno-strict-aliasing -pipe -fstack-protector -I/usr/local/include'
ccversion='', gccversion='4.3.2', gccosandvers=''
intsize=4, longsize=4, ptrsize=4, doublesize=8, byteorder=1234
d_longlong=define, longlongsize=8, d_longdbl=define, longdblsize=12
ivtype='long', ivsize=4, nvtype='double', nvsize=8, Off_t='off_t', lseeksize=8
alignbytes=4, prototype=define
Linker and Libraries:
ld='cc', ldflags =' -fstack-protector -L/usr/local/lib'
libpth=/usr/local/lib /lib /usr/lib
libs=-lnsl -ldb -ldl -lm -lcrypt -lutil -lc
perllibs=-lnsl -ldl -lm -lcrypt -lutil -lc
libc=/lib/libc-2.7.so, so=so, useshrplib=false, libperl=libperl.a
gnulibc_version='2.7'
Dynamic Linking:
dlsrc=dl_dlopen.xs, dlext=so, d_dlsymun=undef, ccdlflags='-Wl,-E'
cccdlflags='-fPIC', lddlflags='-shared -O2 -L/usr/local/lib -fstack-protector'
Characteristics of this binary (from libperl):
Compile-time options: PERL_DONT_CREATE_GVSV PERL_MALLOC_WRAP
USE_LARGE_FILES USE_PERLIO USE_PERL_ATOF
Built under linux
Compiled at Sep 10 2010 14:45:53
%ENV:
PERL5LIB=""
PERL5OPT=""
PERL5_CPANPLUS_IS_RUNNING="18539"
PERL5_CPAN_IS_RUNNING="18539"
PERL5_CPAN_IS_RUNNING_IN_RECURSION="16176,18539"
PERL_CR_SMOKER_CURRENT="boolean-0.24"
PERL_EXTUTILS_AUTOINSTALL="--defaultdeps"
PERL_MM_USE_DEFAULT="1"
@INC:
/home/stro/perl/perl5122/lib/site_perl/5.12.2/i686-linux
/home/stro/perl/perl5122/lib/site_perl/5.12.2
/home/stro/perl/perl5122/lib/5.12.2/i686-linux
/home/stro/perl/perl5122/lib/5.12.2
.