Report for Variable-Magic-0.57

Back
From: metabase:user:d4737f23-6bf4-1014-b0ae-0f7446981a2c
Subject: FAIL Variable-Magic-0.57 v5.22.0 
Date: 2015-06-02T18:46:06Z

This distribution has been tested as part of the CPAN Testers
project, supporting the Perl programming language.  See
http://wiki.cpantesters.org/ for more information or email
questions to cpan-testers-discuss@perl.org


--
Dear VPIT,

This is a computer-generated report for Variable-Magic-0.57
on perl 5.22.0, created by App::cpanminus::reporter 0.13 (1.7034).

Thank you for uploading your work to CPAN.  However, there was a problem
testing your distribution.

If you think this report is invalid, please consult the CPAN Testers Wiki
for suggestions on how to avoid getting FAIL reports for missing library
or binary dependencies, unsupported operating systems, and so on:

http://wiki.cpantesters.org/wiki/CPANAuthorNotes

Sections of this report:

    * Tester comments
    * Program output
    * Prerequisites
    * Environment and other context

------------------------------
TESTER COMMENTS
------------------------------

Additional comments from tester:

none provided

------------------------------
PROGRAM OUTPUT
------------------------------

Output from '':

Building and testing Variable-Magic-0.57

Microsoft (R) Program Maintenance Utility Version 12.00.21005.1
Copyright (C) Microsoft Corporation.  All rights reserved.

cp lib/Variable/Magic.pm blib\lib\Variable\Magic.pm
Running Mkbootstrap for Variable::Magic ()
	"C:\opt\perl-5.22.0\bin\perl.exe" -MExtUtils::Command -e chmod -- 644 "Magic.bs"
	"C:\opt\perl-5.22.0\bin\perl.exe" "C:\opt\perl-5.22.0\lib\ExtUtils\xsubpp"  -typemap "C:\opt\perl-5.22.0\lib\ExtUtils\typemap"  Magic.xs > Magic.xsc && "C:\opt\perl-5.22.0\bin\perl.exe" -MExtUtils::Command -e mv -- Magic.xsc Magic.c
	cl -c    -nologo -GF -W3 -O1 -favor:INTEL64 -MD -Zi -DNDEBUG -GL -fp:precise -DWIN32 -D_CONSOLE -DNO_STRICT -DWIN64 -DCONSERVATIVE -D_CRT_SECURE_NO_DEPRECATE -D_CRT_NONSTDC_NO_DEPRECATE -DPERL_TEXTMODE_SCRIPTS -DUSE_SITECUSTOMIZE -DPERL_IMPLICIT_CONTEXT -DPERL_IMPLICIT_SYS -O1 -favor:INTEL64 -MD -Zi -DNDEBUG -GL -fp:precise    -DVERSION=\"0.57\"  -DXS_VERSION=\"0.57\"  "-IC:\opt\perl-5.22.0\lib\CORE"   Magic.c
Magic.c
Magic.xs(1094) : warning C4267: '=' : conversion from 'size_t' to 'unsigned char', possible loss of data
Magic.xs(1309) : warning C4267: 'return' : conversion from 'size_t' to 'U32', possible loss of data
Magic.xs(1332) : warning C4244: '=' : conversion from '__int64' to 'U32', possible loss of data
	"C:\opt\perl-5.22.0\bin\perl.exe" -MExtUtils::Mksymlists  -e "Mksymlists('NAME'=>\"Variable::Magic\", 'DLBASE' => 'Magic', 'DL_FUNCS' => {  }, 'FUNCLIST' => [], 'IMPORTS' => {  }, 'DL_VARS' => []);"
	link -out:blib\arch\auto\Variable\Magic\Magic.dll -dll -nologo -nodefaultlib -debug -opt:ref,icf -ltcg  -libpath:"c:\opt\perl-5.22.0\lib\CORE"  -machine:AMD64 "/manifestdependency:type='Win32' name='Microsoft.Windows.Common-Controls' version='6.0.0.0' processorArchitecture='*' publicKeyToken='6595b64144ccf1df' language='*'" Magic.obj   "C:\opt\perl-5.22.0\lib\CORE\perl522.lib" oldnames.lib kernel32.lib user32.lib gdi32.lib winspool.lib  comdlg32.lib advapi32.lib shell32.lib ole32.lib oleaut32.lib  netapi32.lib uuid.lib ws2_32.lib mpr.lib winmm.lib  version.lib odbc32.lib odbccp32.lib comctl32.lib msvcrt.lib -def:Magic.def
   Creating library blib\arch\auto\Variable\Magic\Magic.lib and object blib\arch\auto\Variable\Magic\Magic.exp
Generating code
Finished generating code
	if exist blib\arch\auto\Variable\Magic\Magic.dll.manifest mt -nologo -manifest blib\arch\auto\Variable\Magic\Magic.dll.manifest -outputresource:blib\arch\auto\Variable\Magic\Magic.dll;2
	if exist blib\arch\auto\Variable\Magic\Magic.dll.manifest del blib\arch\auto\Variable\Magic\Magic.dll.manifest
	"C:\opt\perl-5.22.0\bin\perl.exe" -MExtUtils::Command -e chmod -- 755 blib\arch\auto\Variable\Magic\Magic.dll

Microsoft (R) Program Maintenance Utility Version 12.00.21005.1
Copyright (C) Microsoft Corporation.  All rights reserved.

	"C:\opt\perl-5.22.0\bin\perl.exe" "-MExtUtils::Command::MM" "-MTest::Harness" "-e" "undef *Test::Harness::Switches; test_harness(0, 'blib\lib', 'blib\arch')" t\*.t
# Testing Variable::Magic 0.57, Perl 5.022000 (no patchlevel), C:\opt\perl-5.22.0\bin\perl.exe
t\00-load.t .......... ok
t\01-import.t ........ ok
t\02-constants.t ..... ok
# Using threads 2.01
# Using threads::shared 1.48
t\09-load-threads.t .. ok
t\10-simple.t ........ ok
t\11-multiple.t ...... ok
t\13-data.t .......... ok
t\14-callbacks.t ..... ok
# According to Config::Perl::V version 0.24, this is NOT a debugging perl
# Not testing global destruction
t\15-self.t .......... ok
# Using Hash::Util::FieldHash 1.15
t\16-huf.t ........... ok
# Using IO::Handle 1.35
# Using IO::Select 1.22
# Using IPC::Open3 1.18
# Using Socket 2.018
t\17-ctl.t ........... ok

#   Failed test 'get magic with op_info == 2 doesn't croak'
#   at t\18-opinfo.t line 86.
#          got: 'Can't coerce GLOB to integer in transliteration (tr///) at (eval 117) line 1.
# '
#     expected: ''
# { my $c = ""; cast $c, $wiz; $c =~ y/x/y/ }
Not a HASH reference at C:/opt/perl-5.22.0/lib/Test/Builder.pm line 2523.
END failed--call queue aborted.
Attempt to free unreferenced scalar: SV 0x101a7413a8, Perl interpreter: 0x1018738fa8 during global destruction.
t\18-opinfo.t ........ 
Dubious, test returned 255 (wstat 65280, 0xff00)
Failed 1/125 subtests 
t\20-get.t ........... ok
t\21-set.t ........... ok
t\22-len.t ........... ok
t\23-clear.t ......... ok
t\24-free.t .......... ok
# Using Tie::Array 1.06
# Using Tie::Hash 1.05
t\25-copy.t .......... ok
t\27-local.t ......... ok
# Using Tie::Hash 1.05
t\28-uvar.t .......... ok
# Using Tie::Array 1.06
t\30-scalar.t ........ ok
t\31-array.t ......... ok
t\32-hash.t .......... ok
t\33-code.t .......... ok
# Using Symbol 1.07
t\34-glob.t .......... ok
t\35-stash.t ......... ok
# Using threads 2.01
# Using threads::shared 1.48
t\40-threads.t ....... ok
# Using threads 2.01
# Using threads::shared 1.48
t\41-clone.t ......... ok
t\80-leaks.t ......... ok

Test Summary Report
-------------------
t\18-opinfo.t      (Wstat: 65280 Tests: 125 Failed: 1)
  Failed test:  98
  Non-zero exit status: 255
Files=29, Tests=1515,  6 wallclock secs ( 0.30 usr +  0.08 sys =  0.38 CPU)
Result: FAIL

------------------------------
PREREQUISITES
------------------------------

Prerequisite modules loaded:

    No requirements found

------------------------------
ENVIRONMENT AND OTHER CONTEXT
------------------------------

Environment variables:

    COMSPEC = C:\Windows\system32\cmd.exe
    INCLUDE = C:\Program Files (x86)\Microsoft Visual Studio 12.0\VC\INCLUDE;C:\Program Files (x86)\Microsoft Visual Studio 12.0\VC\ATLMFC\INCLUDE;C:\Program Files (x86)\Windows Kits\8.1\include\shared;C:\Program Files (x86)\Windows Kits\8.1\include\um;C:\Program Files (x86)\Windows Kits\8.1\include\winrt;;c:\opt\include
    LIB = C:\Program Files (x86)\Microsoft Visual Studio 12.0\VC\LIB\amd64;C:\Program Files (x86)\Microsoft Visual Studio 12.0\VC\ATLMFC\LIB\amd64;C:\Program Files (x86)\Windows Kits\8.1\lib\winv6.3\um\x64;;c:\opt\lib
    NUMBER_OF_PROCESSORS = 2
    PATH = c:\opt\perl-5.22.0\site\bin;c:\opt\perl-5.22.0\bin;C:\Program Files (x86)\Microsoft Visual Studio 12.0\Common7\IDE\CommonExtensions\Microsoft\TestWindow;C:\Program Files (x86)\MSBuild\12.0\bin\amd64;C:\Program Files (x86)\Microsoft Visual Studio 12.0\VC\BIN\amd64;C:\Windows\Microsoft.NET\Framework64\v4.0.30319;C:\Program Files (x86)\Microsoft Visual Studio 12.0\VC\VCPackages;C:\Program Files (x86)\Microsoft Visual Studio 12.0\Common7\IDE;C:\Program Files (x86)\Microsoft Visual Studio 12.0\Common7\Tools;C:\Program Files (x86)\HTML Help Workshop;C:\Program Files (x86)\Microsoft Visual Studio 12.0\Team Tools\Performance Tools\x64;C:\Program Files (x86)\Microsoft Visual Studio 12.0\Team Tools\Performance Tools;C:\Program Files (x86)\Windows Kits\8.1\bin\x64;C:\Program Files (x86)\Windows Kits\8.1\bin\x86;C:\Program Files (x86)\Microsoft SDKs\Windows\v8.1A\bin\NETFX 4.5.1 Tools\x64\;C:\Program Files\ConEmu;C:\Program Files\ConEmu\ConEmu;c:\opt\Perl6\bin;c:\opt\OpenSSL\bin;C:\opt\bin;C:\opt\vim\vim74;C:\opt\Python27\;C:\opt\Python27\Scripts;C:\opt\gs\gs9.14\bin;C:\opt\gs\gs9.14\lib;c:\opt\gm;c:\opt\kdiff3;c:\opt\ffmpeg\bin;C:\opt\jdk\bin;C:\Program Files\TortoiseHg;C:\Windows\system32;C:\Windows;C:\Windows\System32\Wbem;C:\Windows\System32\WindowsPowerShell\v1.0\;C:\Program Files\Microsoft SQL Server\110\Tools\Binn\;C:\Program Files\Microsoft Windows Performance Toolkit\;C:\Program Files\OpenVPN\bin;C:\Program Files (x86)\Windows Kits\8.1\Windows Performance Toolkit\;C:\Program Files (x86)\Microsoft SDKs\TypeScript\1.0\;C:\Program Files\Microsoft SQL Server\120\Tools\Binn;c:\opt\wrk;C:\Users\sinan\.dnx\bin;C:\Program Files\Microsoft DNX\Dnvm\;C:\Program Files\TortoiseSVN\bin;C:\Program Files\TortoiseHg\;C:\Program Files\Microsoft\Web Platform Installer\;C:\Users\sinan\AppData\Roaming\Python\Scripts;C:\Users\sinan\bin;
    PERLDOC_PAGER = c:\opt\cygwin64\bin\less.exe -+C -E -F -g -i
    PROCESSOR_IDENTIFIER = Intel64 Family 6 Model 15 Stepping 6, GenuineIntel
    TEMP = C:\Users\sinan\AppData\Local\Temp

Perl special variables (and OS-specific diagnostics, for MSWin32):

    EGID = 0
    EUID = 0
    EXECUTABLE_NAME = C:\opt\perl-5.22.0\bin\perl.exe
    GID = 0
    UID = 0
    Win32::FsType = NTFS
    Win32::GetOSName = Win8
    Win32::GetOSVersion = , 6, 2, 9200, 2, 0, 0, 256, 1
    Win32::IsAdminUser = 0

Perl module toolchain versions installed:

    Module              Have    
    ------------------- --------
    CPAN                2.11    
    CPAN::Meta          2.150001
    Cwd                 3.56    
    ExtUtils::CBuilder  0.280221
    ExtUtils::Command   1.20    
    ExtUtils::Install   2.04    
    ExtUtils::MakeMaker 7.04_01 
    ExtUtils::Manifest  1.70    
    ExtUtils::ParseXS   3.28    
    File::Spec          3.56    
    JSON                2.90    
    JSON::PP            2.27300 
    Module::Build       0.4212  
    Module::Signature   n/a     
    Parse::CPAN::Meta   1.4414  
    Test::Harness       3.35    
    Test::More          1.001014
    YAML                1.15    
    YAML::Syck          n/a     
    version             0.9909  


--

Summary of my perl5 (revision 5 version 22 subversion 0) configuration:
   
  Platform:
    osname=MSWin32, osvers=6.3, archname=MSWin32-x64-multi-thread
    uname=''
    config_args='undef'
    hint=recommended, useposix=true, d_sigaction=undef
    useithreads=define, usemultiplicity=define
    use64bitint=define, use64bitall=undef, uselongdouble=undef
    usemymalloc=n, bincompat5005=undef
  Compiler:
    cc='cl', ccflags ='-nologo -GF -W3 -O1 -favor:INTEL64 -MD -Zi -DNDEBUG -GL -fp:precise -DWIN32 -D_CONSOLE -DNO_STRICT -DWIN64 -DCONSERVATIVE -D_CRT_SECURE_NO_DEPRECATE -D_CRT_NONSTDC_NO_DEPRECATE  -DPERL_TEXTMODE_SCRIPTS -DUSE_SITECUSTOMIZE -DPERL_IMPLICIT_CONTEXT -DPERL_IMPLICIT_SYS',
    optimize='-O1 -favor:INTEL64 -MD -Zi -DNDEBUG -GL -fp:precise',
    cppflags='-DWIN32'
    ccversion='18.00.31101', gccversion='', gccosandvers=''
    intsize=4, longsize=4, ptrsize=8, doublesize=8, byteorder=12345678, doublekind=3
    d_longlong=undef, longlongsize=8, d_longdbl=define, longdblsize=8, longdblkind=0
    ivtype='__int64', ivsize=8, nvtype='double', nvsize=8, Off_t='__int64', lseeksize=8
    alignbytes=8, prototype=define
  Linker and Libraries:
    ld='link', ldflags ='-nologo -nodefaultlib -debug -opt:ref,icf -ltcg  -libpath:"c:\opt\perl-5.22.0\lib\CORE"  -machine:AMD64 "/manifestdependency:type='Win32' name='Microsoft.Windows.Common-Controls' version='6.0.0.0' processorArchitecture='*' publicKeyToken='6595b64144ccf1df' language='*'"'
    libpth="C:\Program Files (x86)\Microsoft Visual Studio 12.0\VC\lib\amd64"
    libs=oldnames.lib kernel32.lib user32.lib gdi32.lib winspool.lib  comdlg32.lib advapi32.lib shell32.lib ole32.lib oleaut32.lib  netapi32.lib uuid.lib ws2_32.lib mpr.lib winmm.lib  version.lib odbc32.lib odbccp32.lib comctl32.lib msvcrt.lib
    perllibs=oldnames.lib kernel32.lib user32.lib gdi32.lib winspool.lib  comdlg32.lib advapi32.lib shell32.lib ole32.lib oleaut32.lib  netapi32.lib uuid.lib ws2_32.lib mpr.lib winmm.lib  version.lib odbc32.lib odbccp32.lib comctl32.lib msvcrt.lib
    libc=msvcrt.lib, so=dll, useshrplib=true, libperl=perl522.lib
    gnulibc_version=''
  Dynamic Linking:
    dlsrc=dl_win32.xs, dlext=dll, d_dlsymun=undef, ccdlflags=' '
    cccdlflags=' ', lddlflags='-dll -nologo -nodefaultlib -debug -opt:ref,icf -ltcg  -libpath:"c:\opt\perl-5.22.0\lib\CORE"  -machine:AMD64 "/manifestdependency:type='Win32' name='Microsoft.Windows.Common-Controls' version='6.0.0.0' processorArchitecture='*' publicKeyToken='6595b64144ccf1df' language='*'"'


Characteristics of this binary (from libperl): 
  Compile-time options: HAS_TIMES HAVE_INTERP_INTERN MULTIPLICITY
                        PERLIO_LAYERS PERL_DONT_CREATE_GVSV
                        PERL_HASH_FUNC_ONE_AT_A_TIME_HARD
                        PERL_IMPLICIT_CONTEXT PERL_IMPLICIT_SYS
                        PERL_MALLOC_WRAP PERL_NEW_COPY_ON_WRITE
                        PERL_PRESERVE_IVUV USE_64_BIT_INT USE_ITHREADS
                        USE_LARGE_FILES USE_LOCALE USE_LOCALE_COLLATE
                        USE_LOCALE_CTYPE USE_LOCALE_NUMERIC USE_LOCALE_TIME
                        USE_PERLIO USE_PERL_ATOF USE_SITECUSTOMIZE
  Built under MSWin32
  Compiled at Jun  2 2015 07:12:31
  %ENV:
    PERLDOC_PAGER="c:\opt\cygwin64\bin\less.exe -+C -E -F -g -i"
  @INC:
    C:/opt/perl-5.22.0/site/lib/MSWin32-x64-multi-thread
    C:/opt/perl-5.22.0/site/lib
    C:/opt/perl-5.22.0/lib
    .