Report for Filter-Crypto-1.35

Back
From: metabase:user:314402c4-2aae-11df-837a-5e0a49663a4f
Subject: FAIL Filter-Crypto-1.35 v5.15.8 FreeBSD
Date: 2012-03-05T20:57:18Z

This distribution has been tested as part of the CPAN Testers
project, supporting the Perl programming language.  See
http://wiki.cpantesters.org/ for more information or email
questions to cpan-testers-discuss@perl.org


--
Dear Steve Hay,

This is a computer-generated report for Filter-Crypto-1.35
on perl 5.15.8, created by CPAN-Reporter-1.2004.

Thank you for uploading your work to CPAN.  However, there was a problem
testing your distribution.

If you think this report is invalid, please consult the CPAN Testers Wiki
for suggestions on how to avoid getting FAIL reports for missing library
or binary dependencies, unsupported operating systems, and so on:

http://wiki.cpantesters.org/wiki/CPANAuthorNotes

Sections of this report:

    * Tester comments
    * Program output
    * Prerequisites
    * Environment and other context

------------------------------
TESTER COMMENTS
------------------------------

Additional comments from tester:

none provided

------------------------------
PROGRAM OUTPUT
------------------------------

Output from '/usr/bin/make test':

PERL_DL_NONLAZY=1 /usr/perl5.15.8/bin/perl5.15.8 "-MExtUtils::Command::MM" "-e" "test_harness(0, 'inc', 'blib/lib', 'blib/arch')" t/01_constants.t t/02_function.t t/03_script.t t/04_par.t t/05_errstr.t t/06_pod.t
t/01_constants.t .. ok
t/02_function.t ... ok

#   Failed test '-m option works'
#   at t/03_script.t line 617.
#                   ''
#     doesn't match '(?^msx:^ NAME         .*?
#                        ^ SYNOPSIS     .*?
#                        ^ ARGUMENTS    .*?
#                        ^ OPTIONS      .*?
#                        ^ EXIT\ STATUS .*?
#                        ^ DIAGNOSTICS  .*?
#                        ^ EXAMPLES     .*?
#                        ^ ENVIRONMENT  .*?
#                        ^ SEE\ ALSO    .*?
#                        ^ AUTHOR       .*?
#                        ^ COPYRIGHT    .*?
#                        ^ LICENCE      .*?
#                        ^ VERSION      .*?
#                        ^ DATE         .*?
#                        ^ HISTORY      )'
# perl = '/usr/perl5.15.8/bin/perl5.15.8 -Mmyblib'
# crypt_file = '/var/tmp/CPAN-build/Filter-Crypto-1.35-kBSqNG/blib/script/crypt_file'
# scriptdir = '/usr/perl5.15.8/bin' does not contain perldoc
# scriptdirexp = '/usr/perl5.15.8/bin' does not contain perldoc
# installsitescript = '/usr/perl5.15.8/bin' does not contain perldoc
# installvendorscript = '' does not contain perldoc
# installscript = '/usr/perl5.15.8/bin' does not contain perldoc
# installsitebin = '/usr/perl5.15.8/bin' does not contain perldoc
# installvendorbin = '' does not contain perldoc
# installbin = '/usr/perl5.15.8/bin' does not contain perldoc
# Looks like you failed 1 test of 99.
t/03_script.t ..... 
Dubious, test returned 1 (wstat 256, 0x100)
Failed 1/99 subtests 
t/04_par.t ........ ok
t/05_errstr.t ..... ok
t/06_pod.t ........ ok

Test Summary Report
-------------------
t/03_script.t   (Wstat: 256 Tests: 99 Failed: 1)
  Failed test:  99
  Non-zero exit status: 1
Files=6, Tests=425, 48 wallclock secs ( 0.13 usr  0.04 sys + 31.18 cusr  9.10 csys = 40.45 CPU)
Result: FAIL
Failed 1/6 test programs. 1/425 subtests failed.
*** Error code 255

Stop in /var/tmp/CPAN-build/Filter-Crypto-1.35-kBSqNG.

------------------------------
PREREQUISITES
------------------------------

Prerequisite modules loaded:

requires:

    Module                Need   Have     
    --------------------- ------ ---------
    Archive::Zip          0      1.30     
    blib                  0      1.06     
    Exporter              0      5.66     
    Fcntl                 0      1.11     
    File::Temp            0      0.22     
    PAR::Filter           0      0.03     
    perl                  5.006  5.015008 
    Scalar::Util          0      1.23     
    Test::More            0      0.98     
    Test::Pod             1.00   1.45     
    Text::ParseWords      0      3.27     
    XSLoader              0      0.16     

build_requires:

    Module                Need   Have     
    --------------------- ------ ---------
    blib                  0      1.06     
    Carp                  0      1.25     
    Config                0      0        
    constant              0      1.23     
    Cwd                   0      3.39_02  
    ExtUtils::MakeMaker   6.6302 6.63_02  
    File::Basename        0      2.84     
    File::Copy            0      2.23     
    File::Find            0      1.20     
    File::Path            0      2.08_01  
    File::Spec            0      3.39_02  
    File::Spec::Functions 0      3.39_02  
    FindBin               0      1.51     
    Getopt::Long          0      2.38     
    Pod::Usage            1.15   1.51     
    strict                0      1.06     
    Test::More            0      0.98     
    Text::Wrap            0      2009.0305
    vars                  0      1.02     
    warnings              0      1.13     

configure_requires:

    Module                Need   Have     
    --------------------- ------ ---------
    Carp                  0      1.25     
    Config                0      0        
    constant              0      1.23     
    Cwd                   0      3.39_02  
    ExtUtils::MakeMaker   6.6302 6.63_02  
    File::Basename        0      2.84     
    File::Copy            0      2.23     
    File::Find            0      1.20     
    File::Path            0      2.08_01  
    File::Spec            0      3.39_02  
    File::Spec::Functions 0      3.39_02  
    FindBin               0      1.51     
    Getopt::Long          0      2.38     
    Pod::Usage            1.15   1.51     
    strict                0      1.06     
    Text::Wrap            0      2009.0305
    vars                  0      1.02     
    warnings              0      1.13     


------------------------------
ENVIRONMENT AND OTHER CONTEXT
------------------------------

Environment variables:

    DBIC_NO_WARN_BAD_PERL = 1
    PATH = /usr/local/bin:/usr/X11R6/bin:/usr/X11/bin:/usr/perl5.8.0/bin:/usr/bin:/bin:/usr/local/sbin:/usr/sbin:/sbin:/usr/local/pilot/bin:/home/cpansand/bin/freebsd8.0:/home/cpansand/bin/sh:/home/cpansand/bin:/usr/X386/bin:/usr/games:/home/cpansand/devel:/usr/home/e/eserte/work/srezic-misc/scripts
    PERL5LIB = /usr/local/src/CPAN/build/Chart-Clicker-2.80-RNze4d/blib/arch:/usr/local/src/CPAN/build/Chart-Clicker-2.80-RNze4d/blib/lib:/usr/local/src/CPAN/build/WWW-Kinghost-Painel-0.01-Qonuvr/blib/arch:/usr/local/src/CPAN/build/WWW-Kinghost-Painel-0.01-Qonuvr/blib/lib:/usr/local/src/CPAN/build/Scalar-Boolean-1.02-dl9Nye/blib/arch:/usr/local/src/CPAN/build/Scalar-Boolean-1.02-dl9Nye/blib/lib:/usr/local/src/CPAN/build/Text-Delimited-v2.06-l8rntB/blib/arch:/usr/local/src/CPAN/build/Text-Delimited-v2.06-l8rntB/blib/lib:/usr/local/src/CPAN/build/DBIx-Class-DeploymentHandler-0.002100-r9sKkk/blib/arch:/usr/local/src/CPAN/build/DBIx-Class-DeploymentHandler-0.002100-r9sKkk/blib/lib:/usr/local/src/CPAN/build/RedisDB-1.00-1Mq7Ld/blib/arch:/usr/local/src/CPAN/build/RedisDB-1.00-1Mq7Ld/blib/lib:/usr/local/src/CPAN/build/Log-Any-Adapter-Catalyst-0.11-RRDMdo/blib/arch:/usr/local/src/CPAN/build/Log-Any-Adapter-Catalyst-0.11-RRDMdo/blib/lib
    PERL5OPT = 
    PERL5_CPANPLUS_IS_RUNNING = 86613
    PERL5_CPAN_IS_RUNNING = 86613
    PERL5_CPAN_IS_RUNNING_IN_RECURSION = 86519,86613
    PERL_BATCH = yes
    PERL_CPAN_REPORTER_CONFIG = /var/tmp/cpansmoker-1023/0Hv0WXJgiZ_config.ini
    PERL_EXTUTILS_AUTOINSTALL = --defaultdeps
    PERL_HTML_DISPLAY_CLASS = HTML::Display::Mozilla
    SHELL = /usr/local/bin/zsh
    TERM = screen
    TMPDIR = /var/tmp/cpansmoker-1023

Perl special variables (and OS-specific diagnostics, for MSWin32):

    $^X = /usr/perl5.15.8/bin/perl5.15.8
    $UID/$EUID = 1023 / 1023
    $GID = 1023 1023
    $EGID = 1023 1023

Perl module toolchain versions installed:

    Module              Have    
    ------------------- --------
    CPAN                1.9800  
    CPAN::Meta          2.120351
    Cwd                 3.39_02 
    ExtUtils::CBuilder  0.280205
    ExtUtils::Command   1.17    
    ExtUtils::Install   1.58    
    ExtUtils::MakeMaker 6.63_02 
    ExtUtils::Manifest  1.61    
    ExtUtils::ParseXS   3.16    
    File::Spec          3.39_02 
    JSON                2.53    
    JSON::PP            2.27200 
    Module::Build       0.40    
    Module::Signature   0.68    
    Parse::CPAN::Meta   1.4402  
    Test::Harness       3.23    
    Test::More          0.98    
    YAML                0.80    
    YAML::Syck          1.20    
    version             0.96    


--

Summary of my perl5 (revision 5 version 15 subversion 8) configuration:
   
  Platform:
    osname=freebsd, osvers=8.0-release-p4, archname=i386-freebsd
    uname='freebsd biokovo.herceg.de 8.0-release-p4 freebsd 8.0-release-p4 #0: mon jul 12 20:22:27 utc 2010 root@i386-builder.daemonology.net:usrobjusrsrcsysgeneric i386 '
    config_args='-Dprefix=/usr/perl5.15.8 -Dusemymalloc=n -D cc=ccache cc -D usedevel=define -Dgccansipedantic -Duse64bit -de -D hintfile=myfreebsd'
    hint=recommended, useposix=true, d_sigaction=define
    useithreads=undef, usemultiplicity=undef
    useperlio=define, d_sfio=undef, uselargefiles=define, usesocks=undef
    use64bitint=undef, use64bitall=undef, uselongdouble=undef
    usemymalloc=n, bincompat5005=undef
  Compiler:
    cc='ccache cc', ccflags ='-DHAS_FPSETMASK -DHAS_FLOATINGPOINT_H -fno-strict-aliasing -pipe -fstack-protector -I/usr/local/include',
    optimize='-O2 -mtune=athlon64 -pipe',
    cppflags='-DHAS_FPSETMASK -DHAS_FLOATINGPOINT_H -fno-strict-aliasing -pipe -fstack-protector -I/usr/local/include'
    ccversion='', gccversion='4.2.1 20070719  [FreeBSD]', gccosandvers=''
    intsize=4, longsize=4, ptrsize=4, doublesize=8, byteorder=1234
    d_longlong=define, longlongsize=8, d_longdbl=define, longdblsize=12
    ivtype='long', ivsize=4, nvtype='double', nvsize=8, Off_t='off_t', lseeksize=8
    alignbytes=4, prototype=define
  Linker and Libraries:
    ld='ccache cc', ldflags ='-Wl,-E  -fstack-protector -L/usr/local/lib'
    libpth=/usr/lib /usr/local/lib
    libs=-lgdbm -lm -lcrypt -lutil -lc
    perllibs=-lm -lcrypt -lutil -lc
    libc=, so=so, useshrplib=false, libperl=libperl.a
    gnulibc_version=''
  Dynamic Linking:
    dlsrc=dl_dlopen.xs, dlext=so, d_dlsymun=undef, ccdlflags=' '
    cccdlflags='-DPIC -fPIC', lddlflags='-shared  -L/usr/local/lib -fstack-protector'


Characteristics of this binary (from libperl): 
  Compile-time options: HAS_TIMES PERLIO_LAYERS PERL_DONT_CREATE_GVSV
                        PERL_MALLOC_WRAP PERL_PRESERVE_IVUV PERL_USE_DEVEL
                        USE_LARGE_FILES USE_LOCALE USE_LOCALE_COLLATE
                        USE_LOCALE_CTYPE USE_LOCALE_NUMERIC USE_PERLIO
                        USE_PERL_ATOF
  Built under freebsd
  Compiled at Mar  1 2012 21:49:36
  %ENV:
    PERL5LIB="/usr/local/src/CPAN/build/Chart-Clicker-2.80-RNze4d/blib/arch:/usr/local/src/CPAN/build/Chart-Clicker-2.80-RNze4d/blib/lib:/usr/local/src/CPAN/build/WWW-Kinghost-Painel-0.01-Qonuvr/blib/arch:/usr/local/src/CPAN/build/WWW-Kinghost-Painel-0.01-Qonuvr/blib/lib:/usr/local/src/CPAN/build/Scalar-Boolean-1.02-dl9Nye/blib/arch:/usr/local/src/CPAN/build/Scalar-Boolean-1.02-dl9Nye/blib/lib:/usr/local/src/CPAN/build/Text-Delimited-v2.06-l8rntB/blib/arch:/usr/local/src/CPAN/build/Text-Delimited-v2.06-l8rntB/blib/lib:/usr/local/src/CPAN/build/DBIx-Class-DeploymentHandler-0.002100-r9sKkk/blib/arch:/usr/local/src/CPAN/build/DBIx-Class-DeploymentHandler-0.002100-r9sKkk/blib/lib:/usr/local/src/CPAN/build/RedisDB-1.00-1Mq7Ld/blib/arch:/usr/local/src/CPAN/build/RedisDB-1.00-1Mq7Ld/blib/lib:/usr/local/src/CPAN/build/Log-Any-Adapter-Catalyst-0.11-RRDMdo/blib/arch:/usr/local/src/CPAN/build/Log-Any-Adapter-Catalyst-0.11-RRDMdo/blib/lib"
    PERL5OPT=""
    PERL5_CPANPLUS_IS_RUNNING="86613"
    PERL5_CPAN_IS_RUNNING="86613"
    PERL5_CPAN_IS_RUNNING_IN_RECURSION="86519,86613"
    PERL_BATCH="yes"
    PERL_CPAN_REPORTER_CONFIG="/var/tmp/cpansmoker-1023/0Hv0WXJgiZ_config.ini"
    PERL_EXTUTILS_AUTOINSTALL="--defaultdeps"
    PERL_HTML_DISPLAY_CLASS="HTML::Display::Mozilla"
  @INC:
    /usr/local/src/CPAN/build/Chart-Clicker-2.80-RNze4d/blib/arch
    /usr/local/src/CPAN/build/Chart-Clicker-2.80-RNze4d/blib/lib
    /usr/local/src/CPAN/build/WWW-Kinghost-Painel-0.01-Qonuvr/blib/arch
    /usr/local/src/CPAN/build/WWW-Kinghost-Painel-0.01-Qonuvr/blib/lib
    /usr/local/src/CPAN/build/Scalar-Boolean-1.02-dl9Nye/blib/arch
    /usr/local/src/CPAN/build/Scalar-Boolean-1.02-dl9Nye/blib/lib
    /usr/local/src/CPAN/build/Text-Delimited-v2.06-l8rntB/blib/arch
    /usr/local/src/CPAN/build/Text-Delimited-v2.06-l8rntB/blib/lib
    /usr/local/src/CPAN/build/DBIx-Class-DeploymentHandler-0.002100-r9sKkk/blib/arch
    /usr/local/src/CPAN/build/DBIx-Class-DeploymentHandler-0.002100-r9sKkk/blib/lib
    /usr/local/src/CPAN/build/RedisDB-1.00-1Mq7Ld/blib/arch
    /usr/local/src/CPAN/build/RedisDB-1.00-1Mq7Ld/blib/lib
    /usr/local/src/CPAN/build/Log-Any-Adapter-Catalyst-0.11-RRDMdo/blib/arch
    /usr/local/src/CPAN/build/Log-Any-Adapter-Catalyst-0.11-RRDMdo/blib/lib
    /usr/perl5.15.8/lib/site_perl/5.15.8/i386-freebsd
    /usr/perl5.15.8/lib/site_perl/5.15.8
    /usr/perl5.15.8/lib/5.15.8/i386-freebsd
    /usr/perl5.15.8/lib/5.15.8
    .