Report for HTTP-Proxy-0.300

Back
From: metabase:user:320bfe00-2aae-11df-837a-5e0a49663a4f
Subject: FAIL HTTP-Proxy-0.300 v5.19.1 GNU/Linux
Date: 2013-05-31T07:57:51Z

This distribution has been tested as part of the CPAN Testers
project, supporting the Perl programming language.  See
http://wiki.cpantesters.org/ for more information or email
questions to cpan-testers-discuss@perl.org


--
Dear Philippe Bruhat (BooK),

This is a computer-generated report for HTTP-Proxy-0.300
on perl 5.19.1, created by CPAN-Reporter-1.2010.

Thank you for uploading your work to CPAN.  However, there was a problem
testing your distribution.

If you think this report is invalid, please consult the CPAN Testers Wiki
for suggestions on how to avoid getting FAIL reports for missing library
or binary dependencies, unsupported operating systems, and so on:

http://wiki.cpantesters.org/wiki/CPANAuthorNotes

Sections of this report:

    * Tester comments
    * Program output
    * Prerequisites
    * Environment and other context

------------------------------
TESTER COMMENTS
------------------------------

Additional comments from tester:

this report is from an automated smoke testing program
and was not reviewed by a human for accuracy

------------------------------
PROGRAM OUTPUT
------------------------------

Output from './Build test':

t/00basic.t ......... ok
t/01pod.t ........... ok

#   Failed test 'Pod coverage on HTTP::Proxy::Engine::Threaded'
#   at /home/src/perl/repoperls/installed-perls/perl/v5.19.0-320-g2153ce5/127e/lib/site_perl/5.19.1/Test/Pod/Coverage.pm line 126.
# HTTP::Proxy::Engine::Threaded: requiring 'HTTP::Proxy::Engine::Threaded' failed
# Looks like you failed 1 test of 18.
t/02pod-coverage.t .. 
Dubious, test returned 1 (wstat 256, 0x100)
Failed 1/18 subtests 
t/05new.t ........... ok
t/10init.t .......... ok
t/11log.t ........... ok
maxserve is deprecated, please use max_keep_alive_requests at t/15accessors.t line 42.
maxconn is deprecated, please use max_connections at t/15accessors.t line 42.
t/15accessors.t ..... ok
t/15deprecated.t .... ok
t/16stash.t ......... ok
t/17fstack.t ........ ok
t/18engine.t ........ ok
t/20dummy.t ......... ok
t/20keepalive.t ..... ok
t/22http.t .......... ok
t/22transparent.t ... ok
t/23connect.t ....... skipped: Unable to make this test work correctly
t/23https.t ......... skipped: Can't make this work with Crypt::SSLeay
t/40push_filters.t .. ok
t/41filters.t ....... ok
t/42will_modify.t ... ok
t/50hopbyhop.t ...... ok
t/50standard.t ...... ok
t/50via.t ........... ok
t/51simple.t ........ ok
t/51simple2.t ....... ok
t/61simple.t ........ ok
t/61simple2.t ....... ok
t/64htmltext.t ...... ok
t/64lines.t ......... ok
t/64tags.t .......... ok
t/66htmlparser.t .... ok
t/67complete.t ...... ok
t/67save.t .......... ok
t/71rot13.t ......... ok
t/90httpstatus.t .... ok

Test Summary Report
-------------------
t/02pod-coverage.t (Wstat: 256 Tests: 18 Failed: 1)
  Failed test:  8
  Non-zero exit status: 1
Files=35, Tests=495, 23 wallclock secs ( 0.15 usr  0.04 sys +  3.12 cusr  0.57 csys =  3.88 CPU)
Result: FAIL
Failed 1/35 test programs. 1/495 subtests failed.

------------------------------
PREREQUISITES
------------------------------

Prerequisite modules loaded:

requires:

    Module         Need Have  
    -------------- ---- ------
    HTTP::Daemon   1.25 6.01  
    LWP::UserAgent 2    6.05  

build_requires:

    Module         Need Have  
    -------------- ---- ------
    Test::More     0    0.98  

configure_requires:

    Module         Need Have  
    -------------- ---- ------
    Module::Build  0.38 0.4005


------------------------------
ENVIRONMENT AND OTHER CONTEXT
------------------------------

Environment variables:

    AUTOMATED_TESTING = 1
    LANG = en_US.UTF-8
    LANGUAGE = en_US:en
    PATH = /usr/lib/ccache:/home/sand/bin:/usr/local/bin:/usr/bin:/bin:/usr/bin/X11:/usr/games:/usr/local/perl/bin:/usr/X11/bin:/sbin:/usr/sbin
    PERL5LIB = 
    PERL5OPT = 
    PERL5_CPANPLUS_IS_RUNNING = 32266
    PERL5_CPAN_IS_RUNNING = 32266
    PERL_MM_USE_DEFAULT = 1
    SHELL = /usr/bin/zsh
    TERM = screen

Perl special variables (and OS-specific diagnostics, for MSWin32):

    $^X = /tmp/basesmoker-reloperl-GKnd/bin/perl
    $UID/$EUID = 1005 / 1005
    $GID = 1005 1005
    $EGID = 1005 1005

Perl module toolchain versions installed:

    Module              Have    
    ------------------- --------
    CPAN                2.00    
    CPAN::Meta          2.131490
    Cwd                 3.41    
    ExtUtils::CBuilder  0.280210
    ExtUtils::Command   1.17    
    ExtUtils::Install   1.60    
    ExtUtils::MakeMaker 6.66    
    ExtUtils::Manifest  1.63    
    ExtUtils::ParseXS   3.19    
    File::Spec          3.40    
    JSON                2.58    
    JSON::PP            2.27202 
    Module::Build       0.4005  
    Module::Signature   n/a     
    Parse::CPAN::Meta   1.4404  
    Test::Harness       3.28    
    Test::More          0.98    
    YAML                0.84    
    YAML::Syck          1.27    
    version             0.9902  


--

Summary of my perl5 (revision 5 version 19 subversion 1) configuration:
  Commit id: 2153ce53b982b7b56b70f3ffe0a8b711d609e240
  Platform:
    osname=linux, osvers=3.8-2-amd64, archname=x86_64-linux-ld
    uname='linux k83 3.8-2-amd64 #1 smp debian 3.8.13-1 x86_64 gnulinux '
    config_args='-Dprefix=/home/src/perl/repoperls/installed-perls/perl/v5.19.0-320-g2153ce5/127e -Dmyhostname=k83 -Dinstallusrbinperl=n -Uversiononly -Dusedevel -des -Ui_db -Uuseithreads -Duselongdouble -DDEBUGGING=-g'
    hint=recommended, useposix=true, d_sigaction=define
    useithreads=undef, usemultiplicity=undef
    useperlio=define, d_sfio=undef, uselargefiles=define, usesocks=undef
    use64bitint=define, use64bitall=define, uselongdouble=define
    usemymalloc=n, bincompat5005=undef
  Compiler:
    cc='cc', ccflags ='-fno-strict-aliasing -pipe -fstack-protector -I/usr/local/include -D_LARGEFILE_SOURCE -D_FILE_OFFSET_BITS=64',
    optimize='-O2 -g',
    cppflags='-fno-strict-aliasing -pipe -fstack-protector -I/usr/local/include'
    ccversion='', gccversion='4.7.3', gccosandvers=''
    intsize=4, longsize=8, ptrsize=8, doublesize=8, byteorder=12345678
    d_longlong=define, longlongsize=8, d_longdbl=define, longdblsize=16
    ivtype='long', ivsize=8, nvtype='long double', nvsize=16, Off_t='off_t', lseeksize=8
    alignbytes=16, prototype=define
  Linker and Libraries:
    ld='cc', ldflags =' -fstack-protector -L/usr/local/lib'
    libpth=/usr/local/lib /lib/x86_64-linux-gnu /lib/../lib /usr/lib/x86_64-linux-gnu /usr/lib/../lib /lib /usr/lib
    libs=-lnsl -lgdbm -ldb -ldl -lm -lcrypt -lutil -lc -lgdbm_compat
    perllibs=-lnsl -ldl -lm -lcrypt -lutil -lc
    libc=, so=so, useshrplib=false, libperl=libperl.a
    gnulibc_version='2.17'
  Dynamic Linking:
    dlsrc=dl_dlopen.xs, dlext=so, d_dlsymun=undef, ccdlflags='-Wl,-E'
    cccdlflags='-fPIC', lddlflags='-shared -O2 -g -L/usr/local/lib -fstack-protector'


Characteristics of this binary (from libperl): 
  Compile-time options: HAS_TIMES PERLIO_LAYERS PERL_DONT_CREATE_GVSV
                        PERL_HASH_FUNC_ONE_AT_A_TIME_HARD PERL_MALLOC_WRAP
                        PERL_NEW_COPY_ON_WRITE PERL_PRESERVE_IVUV
                        PERL_USE_DEVEL USE_64_BIT_ALL USE_64_BIT_INT
                        USE_LARGE_FILES USE_LOCALE USE_LOCALE_COLLATE
                        USE_LOCALE_CTYPE USE_LOCALE_NUMERIC USE_LONG_DOUBLE
                        USE_PERLIO USE_PERL_ATOF
  Built under linux
  Compiled at May 31 2013 02:41:46
  %ENV:
    PERL5LIB=""
    PERL5OPT=""
    PERL5_CPANPLUS_IS_RUNNING="32266"
    PERL5_CPAN_IS_RUNNING="32266"
    PERL_MM_USE_DEFAULT="1"
  @INC:
    /home/src/perl/repoperls/installed-perls/perl/v5.19.0-320-g2153ce5/127e/lib/site_perl/5.19.1/x86_64-linux-ld
    /home/src/perl/repoperls/installed-perls/perl/v5.19.0-320-g2153ce5/127e/lib/site_perl/5.19.1
    /home/src/perl/repoperls/installed-perls/perl/v5.19.0-320-g2153ce5/127e/lib/5.19.1/x86_64-linux-ld
    /home/src/perl/repoperls/installed-perls/perl/v5.19.0-320-g2153ce5/127e/lib/5.19.1
    .