Report for Win32-GUI-1.07

Back
From: metabase:user:30ae4450-2aae-11df-837a-5e0a49663a4f
Subject: FAIL Win32-GUI-1.07 v5.18.2 
Date: 2014-10-10T20:18:37Z

This distribution has been tested as part of the CPAN Testers
project, supporting the Perl programming language.  See
http://wiki.cpantesters.org/ for more information or email
questions to cpan-testers-discuss@perl.org


--
Dear kmx,

This is a computer-generated report for Win32-GUI-1.07
on perl 5.18.2, created by CPAN-Reporter-1.2011.

Thank you for uploading your work to CPAN.  However, there was a problem
testing your distribution.

If you think this report is invalid, please consult the CPAN Testers Wiki
for suggestions on how to avoid getting FAIL reports for missing library
or binary dependencies, unsupported operating systems, and so on:

http://wiki.cpantesters.org/wiki/CPANAuthorNotes

Sections of this report:

    * Tester comments
    * Program output
    * Prerequisites
    * Environment and other context

------------------------------
TESTER COMMENTS
------------------------------

Additional comments from tester:

this report is from an automated smoke testing program
and was not reviewed by a human for accuracy

------------------------------
PROGRAM OUTPUT
------------------------------

Output from 'C:\strawberry182\c\bin\dmake.exe test':

C:\strawberry182\perl\bin\perl.exe "-MExtUtils::Command::MM" "-MTest::Harness" "-e" "undef *Test::Harness::Switches; test_harness(0, 'blib\lib', 'blib\arch')" t/*.t
t/01_basic.t ....................... ok
Use of uninitialized value in subroutine entry at t/02_background.t line 85.
t/02_background.t .................. ok
Undefined subroutine &main::CW_USEDEFAULT called at t/02_constants.t line 46.
# Looks like you planned 14 tests but ran 6.
# Looks like your test exited with 2 just after 6.
t/02_constants.t ................... 
Dubious, test returned 2 (wstat 512, 0x200)
Failed 8/14 subtests 
Can't locate Win32/GUI/Constants.pm in @INC (you may need to install the Win32::GUI::Constants module) (@INC contains: C:\strawberry182\cpan\build\Win32-GUI-1.07-50mqBg\blib\lib C:\strawberry182\cpan\build\Win32-GUI-1.07-50mqBg\blib\arch C:/strawberry182/perl/site/lib C:/strawberry182/perl/vendor/lib C:/strawberry182/perl/lib) at t/02_window.t line 65.
BEGIN failed--compilation aborted at t/02_window.t line 65.
t/02_window.t ...................... 
Dubious, test returned 2 (wstat 512, 0x200)
Failed 17/17 subtests 
t/03_button.t ...................... ok
t/04_cov.t ......................... ok
t/05_AcceleratorTable.t ............ ok
t/05_Menu.t ........................ ok
Can't locate Win32/GUI/BitmapInline.pm in @INC (you may need to install the Win32::GUI::BitmapInline module) (@INC contains: C:\strawberry182\cpan\build\Win32-GUI-1.07-50mqBg\blib\lib C:\strawberry182\cpan\build\Win32-GUI-1.07-50mqBg\blib\arch C:/strawberry182/perl/site/lib C:/strawberry182/perl/vendor/lib C:/strawberry182/perl/lib) at t/05_NotifyIcon_01_Constructor.t line 15.
BEGIN failed--compilation aborted at t/05_NotifyIcon_01_Constructor.t line 15.
t/05_NotifyIcon_01_Constructor.t ... 
Dubious, test returned 2 (wstat 512, 0x200)
Failed 16/16 subtests 
Can't locate Win32/GUI/BitmapInline.pm in @INC (you may need to install the Win32::GUI::BitmapInline module) (@INC contains: C:\strawberry182\cpan\build\Win32-GUI-1.07-50mqBg\blib\lib C:\strawberry182\cpan\build\Win32-GUI-1.07-50mqBg\blib\arch C:/strawberry182/perl/site/lib C:/strawberry182/perl/vendor/lib C:/strawberry182/perl/lib) at t/05_NotifyIcon_02_Change.t line 15.
BEGIN failed--compilation aborted at t/05_NotifyIcon_02_Change.t line 15.
t/05_NotifyIcon_02_Change.t ........ 
Dubious, test returned 2 (wstat 512, 0x200)
Failed 16/16 subtests 
Can't locate Win32/GUI/BitmapInline.pm in @INC (you may need to install the Win32::GUI::BitmapInline module) (@INC contains: C:\strawberry182\cpan\build\Win32-GUI-1.07-50mqBg\blib\lib C:\strawberry182\cpan\build\Win32-GUI-1.07-50mqBg\blib\arch C:/strawberry182/perl/site/lib C:/strawberry182/perl/vendor/lib C:/strawberry182/perl/lib) at t/05_NotifyIcon_03_OtherMethods.t line 15.
BEGIN failed--compilation aborted at t/05_NotifyIcon_03_OtherMethods.t line 15.
t/05_NotifyIcon_03_OtherMethods.t .. 
Dubious, test returned 2 (wstat 512, 0x200)
Failed 9/9 subtests 
Can't locate Win32/GUI/BitmapInline.pm in @INC (you may need to install the Win32::GUI::BitmapInline module) (@INC contains: C:\strawberry182\cpan\build\Win32-GUI-1.07-50mqBg\blib\lib C:\strawberry182\cpan\build\Win32-GUI-1.07-50mqBg\blib\arch C:/strawberry182/perl/site/lib C:/strawberry182/perl/vendor/lib C:/strawberry182/perl/lib) at t/05_NotifyIcon_04_Remove.t line 15.
BEGIN failed--compilation aborted at t/05_NotifyIcon_04_Remove.t line 15.
t/05_NotifyIcon_04_Remove.t ........ 
Dubious, test returned 2 (wstat 512, 0x200)
Failed 9/9 subtests 
Can't locate Win32/GUI/BitmapInline.pm in @INC (you may need to install the Win32::GUI::BitmapInline module) (@INC contains: C:\strawberry182\cpan\build\Win32-GUI-1.07-50mqBg\blib\lib C:\strawberry182\cpan\build\Win32-GUI-1.07-50mqBg\blib\arch C:/strawberry182/perl/site/lib C:/strawberry182/perl/vendor/lib C:/strawberry182/perl/lib) at t/05_NotifyIcon_05_DESTROY.t line 15.
BEGIN failed--compilation aborted at t/05_NotifyIcon_05_DESTROY.t line 15.
t/05_NotifyIcon_05_DESTROY.t ....... 
Dubious, test returned 2 (wstat 512, 0x200)
Failed 13/13 subtests 
t/05_Timer_01_OEM.t ................ ok
t/05_Timer_02_NEM.t ................ ok
t/05_Timer_03_Interval.t ........... ok
t/05_Timer_04_Kill.t ............... ok
t/05_Timer_05_DESTROY.t ............ ok
t/06_Cursor.t ...................... ok
t/06_Icon.t ........................ ok
t/50_Font_GetMetrics.t ............. ok
t/50_Richedit_GetCharFormat.t ...... ok
t/97_Version.t ..................... ok
t/98_Pod.t ......................... skipped: set TEST_POD to enable this test
t/99_pod_coverage.t ................ skipped: set TEST_POD to enable this test

Test Summary Report
-------------------
t/02_constants.t                 (Wstat: 512 Tests: 6 Failed: 0)
  Non-zero exit status: 2
  Parse errors: Bad plan.  You planned 14 tests but ran 6.
t/02_window.t                    (Wstat: 512 Tests: 0 Failed: 0)
  Non-zero exit status: 2
  Parse errors: Bad plan.  You planned 17 tests but ran 0.
t/05_NotifyIcon_01_Constructor.t (Wstat: 512 Tests: 0 Failed: 0)
  Non-zero exit status: 2
  Parse errors: Bad plan.  You planned 16 tests but ran 0.
t/05_NotifyIcon_02_Change.t      (Wstat: 512 Tests: 0 Failed: 0)
  Non-zero exit status: 2
  Parse errors: Bad plan.  You planned 16 tests but ran 0.
t/05_NotifyIcon_03_OtherMethods.t (Wstat: 512 Tests: 0 Failed: 0)
  Non-zero exit status: 2
  Parse errors: Bad plan.  You planned 9 tests but ran 0.
t/05_NotifyIcon_04_Remove.t      (Wstat: 512 Tests: 0 Failed: 0)
  Non-zero exit status: 2
  Parse errors: Bad plan.  You planned 9 tests but ran 0.
t/05_NotifyIcon_05_DESTROY.t     (Wstat: 512 Tests: 0 Failed: 0)
  Non-zero exit status: 2
  Parse errors: Bad plan.  You planned 13 tests but ran 0.
Files=25, Tests=250, 13 wallclock secs ( 0.09 usr +  0.15 sys =  0.24 CPU)
Result: FAIL
Failed 7/25 test programs. 0/250 subtests failed.
dmake.exe:  Error code 255, while making 'test_dynamic'

------------------------------
PREREQUISITES
------------------------------

Prerequisite modules loaded:

requires:

    Module              Need Have    
    ------------------- ---- --------
    Test::More          0    1.001002

build_requires:

    Module              Need Have    
    ------------------- ---- --------
    ExtUtils::MakeMaker 0    6.84    

configure_requires:

    Module              Need Have    
    ------------------- ---- --------
    ExtUtils::MakeMaker 0    6.84    


------------------------------
ENVIRONMENT AND OTHER CONTEXT
------------------------------

Environment variables:

    AUTOMATED_TESTING = 1
    COMSPEC = C:\WINDOWS\system32\cmd.exe
    NUMBER_OF_PROCESSORS = 1
    PATH = C:\Program Files\Far Manager\;C:\WINDOWS\system32;C:\WINDOWS;C:\WINDOWS\System32\Wbem;C:\strawberry182\c\bin;C:\strawberry182\perl\site\bin;C:\strawberry182\perl\bin
    PERL5LIB = 
    PERL5OPT = 
    PERL5_CPANPLUS_IS_RUNNING = 1604
    PERL5_CPAN_IS_RUNNING = 1604
    PERL5_CPAN_IS_RUNNING_IN_RECURSION = 812,1604
    PERL_CR_SMOKER_CURRENT = Win32-GUI-1.07
    PERL_EXTUTILS_AUTOINSTALL = --defaultdeps
    PERL_HASH_SEED = 0x11111111
    PERL_MM_USE_DEFAULT = 1
    PROCESSOR_IDENTIFIER = x86 Family 16 Model 5 Stepping 3, AuthenticAMD
    TEMP = C:\DOCUME~1\c\LOCALS~1\Temp
    TERM = dumb

Perl special variables (and OS-specific diagnostics, for MSWin32):

    $^X = C:\strawberry182\perl\bin\perl.exe
    $UID/$EUID = 0 / 0
    $GID = 0
    $EGID = 0
    Win32::GetOSName = WinXP/.Net
    Win32::GetOSVersion = Service Pack 3, 5, 1, 2600, 2, 3, 0, 256, 1
    Win32::FsType = NTFS
    Win32::IsAdminUser = 1

Perl module toolchain versions installed:

    Module              Have    
    ------------------- --------
    CPAN                2.00    
    CPAN::Meta          2.133380
    Cwd                 3.40    
    ExtUtils::CBuilder  0.280212
    ExtUtils::Command   1.18    
    ExtUtils::Install   1.59    
    ExtUtils::MakeMaker 6.84    
    ExtUtils::Manifest  1.63    
    ExtUtils::ParseXS   3.22    
    File::Spec          3.40    
    JSON                2.90    
    JSON::PP            2.27203 
    Module::Build       0.4203  
    Module::Signature   n/a     
    Parse::CPAN::Meta   1.4414  
    Test::Harness       3.30    
    Test::More          1.001002
    YAML                0.90    
    YAML::Syck          1.27    
    version             0.9904  


--

Summary of my perl5 (revision 5 version 18 subversion 2) configuration:
   
  Platform:
    osname=MSWin32, osvers=6.2, archname=MSWin32-x86-multi-thread
    uname='Win32 strawberry-perl-no64 5.18.2.1 #1 Tue Jan  7 19:43:33 2014 i386'
    config_args='undef'
    hint=recommended, useposix=true, d_sigaction=undef
    useithreads=define, usemultiplicity=define
    useperlio=define, d_sfio=undef, uselargefiles=define, usesocks=undef
    use64bitint=undef, use64bitall=undef, uselongdouble=undef
    usemymalloc=n, bincompat5005=undef
  Compiler:
    cc='gcc', ccflags =' -s -O2 -DWIN32  -DPERL_TEXTMODE_SCRIPTS -DPERL_IMPLICIT_CONTEXT -DPERL_IMPLICIT_SYS -DUSE_PERLIO -fno-strict-aliasing -mms-bitfields',
    optimize='-s -O2',
    cppflags='-DWIN32'
    ccversion='', gccversion='4.7.3', gccosandvers=''
    intsize=4, longsize=4, ptrsize=4, doublesize=8, byteorder=1234
    d_longlong=define, longlongsize=8, d_longdbl=define, longdblsize=12
    ivtype='long', ivsize=4, nvtype='double', nvsize=8, Off_t='long long', lseeksize=8
    alignbytes=8, prototype=define
  Linker and Libraries:
    ld='g++', ldflags ='-s -L"C:\strawberry182\perl\lib\CORE" -L"C:\strawberry182\c\lib"'
    libpth=C:\strawberry182\c\lib C:\strawberry182\c\i686-w64-mingw32\lib C:\strawberry182\c\lib\gcc\i686-w64-mingw32\4.7.3
    libs=-lmoldname -lkernel32 -luser32 -lgdi32 -lwinspool -lcomdlg32 -ladvapi32 -lshell32 -lole32 -loleaut32 -lnetapi32 -luuid -lws2_32 -lmpr -lwinmm -lversion -lodbc32 -lodbccp32 -lcomctl32
    perllibs=-lmoldname -lkernel32 -luser32 -lgdi32 -lwinspool -lcomdlg32 -ladvapi32 -lshell32 -lole32 -loleaut32 -lnetapi32 -luuid -lws2_32 -lmpr -lwinmm -lversion -lodbc32 -lodbccp32 -lcomctl32
    libc=, so=dll, useshrplib=true, libperl=libperl518.a
    gnulibc_version=''
  Dynamic Linking:
    dlsrc=dl_win32.xs, dlext=dll, d_dlsymun=undef, ccdlflags=' '
    cccdlflags=' ', lddlflags='-mdll -s -L"C:\strawberry182\perl\lib\CORE" -L"C:\strawberry182\c\lib"'


Characteristics of this binary (from libperl): 
  Compile-time options: HAS_TIMES HAVE_INTERP_INTERN MULTIPLICITY
                        PERLIO_LAYERS PERL_DONT_CREATE_GVSV
                        PERL_HASH_FUNC_ONE_AT_A_TIME_HARD
                        PERL_IMPLICIT_CONTEXT PERL_IMPLICIT_SYS
                        PERL_MALLOC_WRAP PERL_PRESERVE_IVUV PERL_SAWAMPERSAND
                        USE_ITHREADS USE_LARGE_FILES USE_LOCALE
                        USE_LOCALE_COLLATE USE_LOCALE_CTYPE
                        USE_LOCALE_NUMERIC USE_PERLIO USE_PERL_ATOF
  Built under MSWin32
  Compiled at Jan  7 2014 19:51:54
  %ENV:
    PERL5_CPANPLUS_IS_RUNNING="1604"
    PERL5_CPAN_IS_RUNNING="1604"
    PERL5_CPAN_IS_RUNNING_IN_RECURSION="812,1604"
    PERL_CR_SMOKER_CURRENT="Win32-GUI-1.07"
    PERL_EXTUTILS_AUTOINSTALL="--defaultdeps"
    PERL_HASH_SEED="0x11111111"
    PERL_MM_USE_DEFAULT="1"
  @INC:
    C:/strawberry182/perl/site/lib
    C:/strawberry182/perl/vendor/lib
    C:/strawberry182/perl/lib
    .