Back
From: metabase:user:3215efbe-2aae-11df-837a-5e0a49663a4f
Subject: FAIL DateStamp-v1.0.4 v5.16.3 GNU/Linux
Date: 2013-04-15T00:52:46Z
This distribution has been tested as part of the CPAN Testers
project, supporting the Perl programming language. See
http://wiki.cpantesters.org/ for more information or email
questions to cpan-testers-discuss@perl.org
--
Dear Todd Wylie,
This is a computer-generated report for DateStamp-v1.0.4
on perl 5.16.3, created by CPAN-Reporter-1.2010.
Thank you for uploading your work to CPAN. However, there was a problem
testing your distribution.
If you think this report is invalid, please consult the CPAN Testers Wiki
for suggestions on how to avoid getting FAIL reports for missing library
or binary dependencies, unsupported operating systems, and so on:
http://wiki.cpantesters.org/wiki/CPANAuthorNotes
Sections of this report:
* Tester comments
* Program output
* Prerequisites
* Environment and other context
------------------------------
TESTER COMMENTS
------------------------------
Additional comments from tester:
this report is from an automated smoke testing program
and was not reviewed by a human for accuracy
------------------------------
PROGRAM OUTPUT
------------------------------
Output from './Build test':
# Testing DateStamp 1.0.4
t/00.load.t .... ok
Use of uninitialized value in concatenation (.) or string at /home/tf/.cpan/build/DateStamp-v1.0.4-_2uG4a/blib/lib/DateStamp.pm line 269.
Use of uninitialized value in concatenation (.) or string at /home/tf/.cpan/build/DateStamp-v1.0.4-_2uG4a/blib/lib/DateStamp.pm line 269.
Use of uninitialized value in concatenation (.) or string at /home/tf/.cpan/build/DateStamp-v1.0.4-_2uG4a/blib/lib/DateStamp.pm line 272.
Use of uninitialized value in concatenation (.) or string at /home/tf/.cpan/build/DateStamp-v1.0.4-_2uG4a/blib/lib/DateStamp.pm line 272.
# Failed test 'return_time: civilian string eval (short)'
# at t/DateStamp.t line 107.
# ':52 '
# doesn't match '(?^:\d\:\d{2}\s[ap]\.m\.)'
# Failed test 'return_time: civilian string eval (long)'
# at t/DateStamp.t line 111.
# ':52:46 '
# doesn't match '(?^:\d\:\d{2}\:\d{2}\s[ap]\.m\.)'
# Failed test 'return_time: military string eval (short)'
# at t/DateStamp.t line 115.
# '2:52'
# doesn't match '(?^:\d\d\:\d{2})'
# Failed test 'return_time: military string eval (long)'
# at t/DateStamp.t line 119.
# '2:52:46'
# doesn't match '(?^:\d\d\:\d{2}\:\d{2})'
# Failed test 'return_time: string eval (localtime)'
# at t/DateStamp.t line 123.
# 'Mon Apr 15 2:52:46 2013'
# doesn't match '(?^:\w{3}\s\w{3}\s\d{2}\s\d{2}\:\d{2}\:\d{2}\s\d{4})'
# 5 tests of 44 failed.
t/DateStamp.t ..
Dubious, test returned 5 (wstat 1280, 0x500)
Failed 5/44 subtests
t/pod.t ........ ok
Test Summary Report
-------------------
t/DateStamp.t (Wstat: 1280 Tests: 44 Failed: 5)
Failed tests: 23-27
Non-zero exit status: 5
Files=3, Tests=46, 1 wallclock secs ( 0.04 usr 0.00 sys + 0.35 cusr 0.02 csys = 0.41 CPU)
Result: FAIL
Failed 1/3 test programs. 5/46 subtests failed.
------------------------------
PREREQUISITES
------------------------------
Prerequisite modules loaded:
requires:
Module Need Have
---------- ---- ------------
Test::More 0 1.005000_006
version 0 0.9902
------------------------------
ENVIRONMENT AND OTHER CONTEXT
------------------------------
Environment variables:
AUTOMATED_TESTING = 1
LANG = C
PATH = /opt/perl/threads/5.16.3/bin:/usr/local/sbin:/usr/local/bin:/usr/sbin:/usr/bin:/sbin:/bin:/usr/games
PERL5LIB =
PERL5OPT =
PERL5_CPANPLUS_IS_RUNNING = 1072
PERL5_CPAN_IS_RUNNING = 1072
PERL5_CPAN_IS_RUNNING_IN_RECURSION = 2558,1072
PERL_CR_SMOKER_CURRENT = DateStamp-v1.0.4
PERL_EXTUTILS_AUTOINSTALL = --defaultdeps
PERL_MM_USE_DEFAULT = 1
SHELL = /bin/bash
TERM = screen
Perl special variables (and OS-specific diagnostics, for MSWin32):
$^X = /opt/perl/threads/5.16.3/bin/perl
$UID/$EUID = 1000 / 1000
$GID = 1000 4 24 27 30 46 112 113 1000
$EGID = 1000 4 24 27 30 46 112 113 1000
Perl module toolchain versions installed:
Module Have
------------------- ------------
CPAN 2.00
CPAN::Meta 2.130880
Cwd 3.40
ExtUtils::CBuilder 0.280205
ExtUtils::Command 1.17
ExtUtils::Install 1.52
ExtUtils::MakeMaker 6.64
ExtUtils::Manifest 1.61
ExtUtils::ParseXS 3.18_01
File::Spec 3.40
JSON 2.57
JSON::PP 2.27200
Module::Build 0.4004
Module::Signature 0.70
Parse::CPAN::Meta 1.4404
Test::Harness 3.26
Test::More 1.005000_006
YAML 0.84
YAML::Syck 1.25
version 0.9902
--
Summary of my perl5 (revision 5 version 16 subversion 3) configuration:
Platform:
osname=linux, osvers=3.2.0-38-virtual, archname=x86_64-linux-thread-multi
uname='linux cpansmoker 3.2.0-38-virtual #61-ubuntu smp tue feb 19 12:37:47 utc 2013 x86_64 x86_64 x86_64 gnulinux '
config_args='-des -Dprefix=/opt/perl/threads/5.16.3 -Dusethreads'
hint=recommended, useposix=true, d_sigaction=define
useithreads=define, usemultiplicity=define
useperlio=define, d_sfio=undef, uselargefiles=define, usesocks=undef
use64bitint=define, use64bitall=define, uselongdouble=undef
usemymalloc=n, bincompat5005=undef
Compiler:
cc='cc', ccflags ='-D_REENTRANT -D_GNU_SOURCE -fno-strict-aliasing -pipe -fstack-protector -I/usr/local/include -D_LARGEFILE_SOURCE -D_FILE_OFFSET_BITS=64',
optimize='-O2',
cppflags='-D_REENTRANT -D_GNU_SOURCE -fno-strict-aliasing -pipe -fstack-protector -I/usr/local/include'
ccversion='', gccversion='4.6.3', gccosandvers=''
intsize=4, longsize=8, ptrsize=8, doublesize=8, byteorder=12345678
d_longlong=define, longlongsize=8, d_longdbl=define, longdblsize=16
ivtype='long', ivsize=8, nvtype='double', nvsize=8, Off_t='off_t', lseeksize=8
alignbytes=8, prototype=define
Linker and Libraries:
ld='cc', ldflags =' -fstack-protector -L/usr/local/lib'
libpth=/usr/local/lib /lib/x86_64-linux-gnu /lib/../lib /usr/lib/x86_64-linux-gnu /usr/lib/../lib /lib /usr/lib
libs=-lnsl -lgdbm -ldb -ldl -lm -lcrypt -lutil -lpthread -lc -lgdbm_compat
perllibs=-lnsl -ldl -lm -lcrypt -lutil -lpthread -lc
libc=, so=so, useshrplib=false, libperl=libperl.a
gnulibc_version='2.15'
Dynamic Linking:
dlsrc=dl_dlopen.xs, dlext=so, d_dlsymun=undef, ccdlflags='-Wl,-E'
cccdlflags='-fPIC', lddlflags='-shared -O2 -L/usr/local/lib -fstack-protector'
Characteristics of this binary (from libperl):
Compile-time options: HAS_TIMES MULTIPLICITY PERLIO_LAYERS
PERL_DONT_CREATE_GVSV PERL_IMPLICIT_CONTEXT
PERL_MALLOC_WRAP PERL_PRESERVE_IVUV USE_64_BIT_ALL
USE_64_BIT_INT USE_ITHREADS USE_LARGE_FILES
USE_LOCALE USE_LOCALE_COLLATE USE_LOCALE_CTYPE
USE_LOCALE_NUMERIC USE_PERLIO USE_PERL_ATOF
USE_REENTRANT_API
Built under linux
Compiled at Mar 18 2013 17:07:24
%ENV:
PERL5LIB=""
PERL5OPT=""
PERL5_CPANPLUS_IS_RUNNING="1072"
PERL5_CPAN_IS_RUNNING="1072"
PERL5_CPAN_IS_RUNNING_IN_RECURSION="2558,1072"
PERL_CR_SMOKER_CURRENT="DateStamp-v1.0.4"
PERL_EXTUTILS_AUTOINSTALL="--defaultdeps"
PERL_MM_USE_DEFAULT="1"
@INC:
/opt/perl/threads/5.16.3/lib/site_perl/5.16.3/x86_64-linux-thread-multi
/opt/perl/threads/5.16.3/lib/site_perl/5.16.3
/opt/perl/threads/5.16.3/lib/5.16.3/x86_64-linux-thread-multi
/opt/perl/threads/5.16.3/lib/5.16.3
.