Report for Footprintless-1.03

Back
From: metabase:user:314402c4-2aae-11df-837a-5e0a49663a4f
Subject: FAIL Footprintless-1.03 v5.12.5 GNU/Linux
Date: 2016-04-30T20:33:18Z

This distribution has been tested as part of the CPAN Testers
project, supporting the Perl programming language.  See
http://wiki.cpantesters.org/ for more information or email
questions to cpan-testers-discuss@perl.org


--
Dear Lucas Theisen,

This is a computer-generated report for Footprintless-1.03
on perl 5.12.5, created by CPAN-Reporter-1.2016.

Thank you for uploading your work to CPAN.  However, there was a problem
testing your distribution.

If you think this report is invalid, please consult the CPAN Testers Wiki
for suggestions on how to avoid getting FAIL reports for missing library
or binary dependencies, unsupported operating systems, and so on:

http://wiki.cpantesters.org/wiki/CPANAuthorNotes

Sections of this report:

    * Tester comments
    * Program output
    * Prerequisites
    * Environment and other context

------------------------------
TESTER COMMENTS
------------------------------

Additional comments from tester:

none provided

------------------------------
PROGRAM OUTPUT
------------------------------

Output from '/usr/bin/make test':

PERL_DL_NONLAZY=1 "/bbbike/perl-5.12.5/bin/perl5.12.5" "-MExtUtils::Command::MM" "-MTest::Harness" "-e" "undef *Test::Harness::Switches; test_harness(0, 'blib/lib', 'blib/arch')" t/*.t
# 
# Versions for all modules listed in MYMETA.json (including optional ones):
# 
# === Configure Requires ===
# 
#     Module              Want Have
#     ------------------- ---- ----
#     ExtUtils::MakeMaker  any 7.04
# 
# === Build Requires ===
# 
#     Module              Want Have
#     ------------------- ---- ----
#     ExtUtils::MakeMaker  any 7.04
# 
# === Test Requires ===
# 
#     Module              Want     Have
#     ------------------- ---- --------
#     ExtUtils::MakeMaker  any     7.04
#     File::Spec           any     3.60
#     Test::More          0.90 1.001014
# 
# === Test Recommends ===
# 
#     Module         Want     Have
#     ---------- -------- --------
#     CPAN::Meta 2.120900 2.150005
# 
# === Runtime Requires ===
# 
#     Module              Want  Have
#     ------------------ ----- -----
#     App::Cmd           0.330 0.330
#     Config::Entities    1.06  1.06
#     IPC::Run            0.94  0.94
#     IPC::Run3          0.048 0.048
#     JSON                2.90  2.90
#     LWP::UserAgent      6.15  6.15
#     Log::Any           1.032 1.032
#     Maven::Agent        1.09  1.09
#     Template::Resolver  1.09  1.09
# 
# === Runtime Suggests ===
# 
#     Module                       Want    Have
#     ---------------------------- ---- -------
#     Archive::Extract             0.76    0.72
#     Archive::Extract::Libarchive 0.38 missing
#     Config::Hosts                0.03 missing
#     Log::Log4perl                1.46    1.47
# 
t/00-report-prereqs.t .................... ok
	(in cleanup) unsupported factory method: [DESTROY] at /tmpfs/.cpan-build-cpansand/2016043018/Footprintless-1.03-Kmke9i/blib/lib/Footprintless.pm line 26.
	(in cleanup) unsupported factory method: [DESTROY] at t/Footprintless.t line 41.
	(in cleanup) unsupported factory method: [DESTROY] at /tmpfs/.cpan-build-cpansand/2016043018/Footprintless-1.03-Kmke9i/blib/lib/Footprintless.pm line 26.
	(in cleanup) unsupported factory method: [DESTROY] at t/Footprintless.t line 47.
	(in cleanup) unsupported factory method: [DESTROY] at /tmpfs/.cpan-build-cpansand/2016043018/Footprintless-1.03-Kmke9i/blib/lib/Footprintless.pm line 26.
	(in cleanup) unsupported factory method: [DESTROY] at t/Footprintless.t line 57.
	(in cleanup) unsupported factory method: [DESTROY] at /tmpfs/.cpan-build-cpansand/2016043018/Footprintless-1.03-Kmke9i/blib/lib/Footprintless.pm line 26.
	(in cleanup) unsupported factory method: [DESTROY] at t/Footprintless.t line 0.
	(in cleanup) unsupported factory method: [DESTROY] at /tmpfs/.cpan-build-cpansand/2016043018/Footprintless-1.03-Kmke9i/blib/lib/Footprintless.pm line 26.
	(in cleanup) unsupported factory method: [DESTROY] at t/Footprintless.t line 0.
t/Footprintless.t ........................ ok
	(in cleanup) unsupported factory method: [DESTROY] at /tmpfs/.cpan-build-cpansand/2016043018/Footprintless-1.03-Kmke9i/blib/lib/Footprintless.pm line 26.
	(in cleanup) unsupported factory method: [DESTROY] at t/Footprintless_App_Command_config.t line 45.
	(in cleanup) unsupported factory method: [DESTROY] at /tmpfs/.cpan-build-cpansand/2016043018/Footprintless-1.03-Kmke9i/blib/lib/Footprintless.pm line 26.
	(in cleanup) unsupported factory method: [DESTROY] at t/Footprintless_App_Command_config.t line 0.
	(in cleanup) unsupported factory method: [DESTROY] at /tmpfs/.cpan-build-cpansand/2016043018/Footprintless-1.03-Kmke9i/blib/lib/Footprintless.pm line 26.
	(in cleanup) unsupported factory method: [DESTROY] at t/Footprintless_App_Command_config.t line 0.
t/Footprintless_App_Command_config.t ..... ok
	(in cleanup) unsupported factory method: [DESTROY] at /tmpfs/.cpan-build-cpansand/2016043018/Footprintless-1.03-Kmke9i/blib/lib/Footprintless.pm line 26.
	(in cleanup) unsupported factory method: [DESTROY] at t/Footprintless_App_Command_log.t line 76.
	(in cleanup) unsupported factory method: [DESTROY] at /tmpfs/.cpan-build-cpansand/2016043018/Footprintless-1.03-Kmke9i/blib/lib/Footprintless.pm line 26.
	(in cleanup) unsupported factory method: [DESTROY] at t/Footprintless_App_Command_log.t line 80.
	(in cleanup) unsupported factory method: [DESTROY] at /tmpfs/.cpan-build-cpansand/2016043018/Footprintless-1.03-Kmke9i/blib/lib/Footprintless.pm line 26.
	(in cleanup) unsupported factory method: [DESTROY] at t/Footprintless_App_Command_log.t line 85.
	(in cleanup) unsupported factory method: [DESTROY] at /tmpfs/.cpan-build-cpansand/2016043018/Footprintless-1.03-Kmke9i/blib/lib/Footprintless.pm line 26.
	(in cleanup) unsupported factory method: [DESTROY] at t/Footprintless_App_Command_log.t line 0.
	(in cleanup) unsupported factory method: [DESTROY] at /tmpfs/.cpan-build-cpansand/2016043018/Footprintless-1.03-Kmke9i/blib/lib/Footprintless.pm line 26.
	(in cleanup) unsupported factory method: [DESTROY] at t/Footprintless_App_Command_log.t line 0.
	(in cleanup) unsupported factory method: [DESTROY] at /tmpfs/.cpan-build-cpansand/2016043018/Footprintless-1.03-Kmke9i/blib/lib/Footprintless.pm line 26.
	(in cleanup) unsupported factory method: [DESTROY] at t/Footprintless_App_Command_log.t line 0.
t/Footprintless_App_Command_log.t ........ ok

#   Failed test 'overlay completed succesfully'
#   at t/Footprintless_App_Command_overlay.t line 136.
#          got: '-1'
#     expected: '0'

#   Failed test 'undef: bin/catalina.sh is file'
#   at t/Footprintless_App_Command_overlay.t line 73.
Can't open /var/tmp/cpansmoker-1023/2016043018/beW0LbX9Vk/overlay/foo-tomcat/bin/catalina.sh: Datei oder Verzeichnis nicht gefunden at /tmpfs/.cpan-build-cpansand/2016043018/Footprintless-1.03-Kmke9i/blib/lib/Footprintless/Util.pm line 191.

#   Failed test 'undef: bin/catalina.sh matches expected'
#   at t/Footprintless_App_Command_overlay.t line 98.
#          got: undef
#     expected: '#!/bin/bash
# 
# CATALINA_HOME="/var/tmp/cpansmoker-1023/2016043018/beW0LbX9Vk/overlay/apache-tomcat"
# CATALINA_BASE="$( cd "$( dirname "${BASH_SOURCE[0]}" )"/.. && pwd )"
# 
# export CATALINA_BASE CATALINA_HOME
# 
# $CATALINA_HOME/bin/catalina.sh "$@"
# '

#   Failed test 'undef: bin/setenv.sh is file'
#   at t/Footprintless_App_Command_overlay.t line 73.
undefined value $java_home = property('foo.java_home'); $java_home?"JAVA_HOME=\"$java_home\"":'', using transform perl at t/Footprintless_App_Command_overlay.t line 88.
	(in cleanup) unsupported factory method: [DESTROY] at /tmpfs/.cpan-build-cpansand/2016043018/Footprintless-1.03-Kmke9i/blib/lib/Footprintless.pm line 26.
	(in cleanup) unsupported factory method: [DESTROY] at /tmpfs/.cpan-build-cpansand/2016043018/Footprintless-1.03-Kmke9i/blib/lib/Footprintless/Factory.pm line 40, <> line 1.
	Footprintless::Factory::AUTOLOAD(Footprintless::Factory=HASH(0x2a94388)) called at /opt/perl-5.12.5/lib/site_perl/5.12.5/Carp.pm line 167
	eval {...} called at /opt/perl-5.12.5/lib/site_perl/5.12.5/Carp.pm line 167
	(in cleanup) unsupported factory method: [DESTROY] at /tmpfs/.cpan-build-cpansand/2016043018/Footprintless-1.03-Kmke9i/blib/lib/Footprintless.pm line 26.
	(in cleanup) unsupported factory method: [DESTROY] at /tmpfs/.cpan-build-cpansand/2016043018/Footprintless-1.03-Kmke9i/blib/lib/Footprintless/Factory.pm line 40, <> line 1.
	Footprintless::Factory::AUTOLOAD(Footprintless::Factory=HASH(0x29779b8)) called at /opt/perl-5.12.5/lib/site_perl/5.12.5/Carp.pm line 167
	eval {...} called at /opt/perl-5.12.5/lib/site_perl/5.12.5/Carp.pm line 167
# Looks like you planned 21 tests but ran 5.
# Looks like you failed 4 tests of 5 run.
# Looks like your test exited with 255 just after 5.
	(in cleanup) unsupported factory method: [DESTROY] at /tmpfs/.cpan-build-cpansand/2016043018/Footprintless-1.03-Kmke9i/blib/lib/Footprintless.pm line 26.
	(in cleanup) unsupported factory method: [DESTROY] at t/Footprintless_App_Command_overlay.t line 0.
t/Footprintless_App_Command_overlay.t .... 
Dubious, test returned 255 (wstat 65280, 0xff00)
Failed 20/21 subtests 
t/Footprintless_Command.t ................ ok
t/Footprintless_CommandOptionsFactory.t .. ok
t/Footprintless_CommandRunner.t .......... ok
Use of uninitialized value in subroutine entry at /opt/perl-5.12.5/lib/site_perl/5.12.5/Maven/Maven.pm line 172.
	(in cleanup) unsupported factory method: [DESTROY] at t/Footprintless_Deployment.t line 66.
Use of uninitialized value in subroutine entry at /opt/perl-5.12.5/lib/site_perl/5.12.5/Maven/Maven.pm line 172, <> line 5.
	(in cleanup) unsupported factory method: [DESTROY] at t/Footprintless_Deployment.t line 118.
Use of uninitialized value in subroutine entry at /opt/perl-5.12.5/lib/site_perl/5.12.5/Maven/Maven.pm line 172, <> line 10.
	(in cleanup) unsupported factory method: [DESTROY] at t/Footprintless_Deployment.t line 139.
Use of uninitialized value in subroutine entry at /opt/perl-5.12.5/lib/site_perl/5.12.5/Maven/Maven.pm line 172, <> line 15.
	(in cleanup) unsupported factory method: [DESTROY] at t/Footprintless_Deployment.t line 169.
Use of uninitialized value in subroutine entry at /opt/perl-5.12.5/lib/site_perl/5.12.5/Maven/Maven.pm line 172, <> line 20.
	(in cleanup) unsupported factory method: [DESTROY] at t/Footprintless_Deployment.t line 202.
t/Footprintless_Deployment.t ............. ok
t/Footprintless_Localhost.t .............. ok
	(in cleanup) unsupported factory method: [DESTROY] at t/Footprintless_Log.t line 42.
	(in cleanup) unsupported factory method: [DESTROY] at t/Footprintless_Log.t line 59.
	(in cleanup) unsupported factory method: [DESTROY] at t/Footprintless_Log.t line 129.
t/Footprintless_Log.t .................... ok
	(in cleanup) unsupported factory method: [DESTROY] at t/Footprintless_Overlay.t line 50.
	(in cleanup) unsupported factory method: [DESTROY] at t/Footprintless_Overlay.t line 92.
	(in cleanup) unsupported factory method: [DESTROY] at t/Footprintless_Overlay.t line 128.
	(in cleanup) unsupported factory method: [DESTROY] at t/Footprintless_Overlay.t line 154.
t/Footprintless_Overlay.t ................ ok
	(in cleanup) unsupported factory method: [DESTROY] at /tmpfs/.cpan-build-cpansand/2016043018/Footprintless-1.03-Kmke9i/blib/lib/Footprintless.pm line 26.
	(in cleanup) unsupported factory method: [DESTROY] at t/Footprintless_Plugin.t line 0.
t/Footprintless_Plugin.t ................. ok
t/Footprintless_ResourceManager.t ........ ok
	(in cleanup) unsupported factory method: [DESTROY] at t/Footprintless_Service.t line 31.
	(in cleanup) unsupported factory method: [DESTROY] at t/Footprintless_Service.t line 55.
	(in cleanup) unsupported factory method: [DESTROY] at t/Footprintless_Service.t line 83.
	(in cleanup) unsupported factory method: [DESTROY] at t/Footprintless_Service.t line 115.
	(in cleanup) unsupported factory method: [DESTROY] at t/Footprintless_Service.t line 143.
t/Footprintless_Service.t ................ ok
t/Footprintless_Util.t ................... ok

Test Summary Report
-------------------
t/Footprintless_App_Command_overlay.t  (Wstat: 65280 Tests: 5 Failed: 4)
  Failed tests:  2-5
  Non-zero exit status: 255
  Parse errors: Bad plan.  You planned 21 tests but ran 5.
Files=16, Tests=217,  5 wallclock secs ( 0.06 usr  0.07 sys +  1.28 cusr  0.45 csys =  1.86 CPU)
Result: FAIL
Failed 1/16 test programs. 4/217 subtests failed.
make: *** [test_dynamic] Fehler 255

------------------------------
PREREQUISITES
------------------------------

Prerequisite modules loaded:

requires:

    Module              Need  Have    
    ------------------- ----- --------
    App::Cmd            0.330 0.330   
    Config::Entities    1.06  1.06    
    IPC::Run            0.94  0.94    
    IPC::Run3           0.048 0.048   
    JSON                2.90  2.90    
    Log::Any            1.032 1.032   
    LWP::UserAgent      6.15  6.15    
    Maven::Agent        1.09  1.09    
    Template::Resolver  1.09  1.09    

build_requires:

    Module              Need  Have    
    ------------------- ----- --------
    ExtUtils::MakeMaker 0     7.04    
    File::Spec          0     3.60    
    Test::More          0.90  1.001014

configure_requires:

    Module              Need  Have    
    ------------------- ----- --------
    ExtUtils::MakeMaker 0     7.04    


------------------------------
ENVIRONMENT AND OTHER CONTEXT
------------------------------

Environment variables:

    LANG = C
    LC_ALL = de_DE.UTF-8
    PATH = /usr/local/bin:/usr/bin:/bin:/usr/local/sbin:/usr/sbin:/sbin:/home/cpansand/bin/linux-gnu:/home/cpansand/bin/sh:/home/cpansand/bin:/usr/games:/home/cpansand/devel:/home/eserte/src/srezic-misc/scripts
    PERL5LIB = /home/cpansand/.cpan/build/2016043018/App-shcompgen-0.17-BVoUPy/blib/arch:/home/cpansand/.cpan/build/2016043018/App-shcompgen-0.17-BVoUPy/blib/lib
    PERL5OPT = 
    PERL5_CPANPLUS_IS_RUNNING = 31583
    PERL5_CPAN_IS_RUNNING = 31583
    PERL5_CPAN_IS_RUNNING_IN_RECURSION = 31097,31583
    PERLDOC = -MPod::Perldoc::ToTextOverstrike
    PERL_BATCH = yes
    PERL_CANARY_STABILITY_NOPROMPT = 1
    PERL_CPAN_REPORTER_CONFIG = /var/tmp/cpansmoker-1023/2016043018/cpanreporter_002_config.ini
    PERL_EXTUTILS_AUTOINSTALL = --defaultdeps
    PERL_PARALLEL_SMOKER = yes
    SHELL = /bin/zsh
    TERM = screen
    TMPDIR = /var/tmp/cpansmoker-1023/2016043018

Perl special variables (and OS-specific diagnostics, for MSWin32):

    $^X = /bbbike/perl-5.12.5/bin/perl5.12.5
    $UID/$EUID = 1023 / 1023
    $GID = 1023 1023
    $EGID = 1023 1023

Perl module toolchain versions installed:

    Module              Have    
    ------------------- --------
    CPAN                2.10    
    CPAN::Meta          2.150005
    Cwd                 3.60    
    ExtUtils::CBuilder  0.280223
    ExtUtils::Command   1.16    
    ExtUtils::Install   2.04    
    ExtUtils::MakeMaker 7.04    
    ExtUtils::Manifest  1.68    
    ExtUtils::ParseXS   3.24    
    File::Spec          3.60    
    JSON                2.90    
    JSON::PP            2.27300 
    Module::Build       0.4218  
    Module::Signature   0.78    
    Parse::CPAN::Meta   1.4414  
    Test::Harness       3.36    
    Test::More          1.001014
    YAML                1.15    
    YAML::Syck          1.29    
    version             0.9916  


--

Summary of my perl5 (revision 5 version 12 subversion 5) configuration:
   
  Platform:
    osname=linux, osvers=3.2.0-4-amd64, archname=x86_64-linux
    uname='linux eserte 3.2.0-4-amd64 #1 smp debian 3.2.57-3 x86_64 gnulinux '
    config_args='-ds -e -Dprefix=/opt/perl-5.12.5'
    hint=recommended, useposix=true, d_sigaction=define
    useithreads=undef, usemultiplicity=undef
    useperlio=define, d_sfio=undef, uselargefiles=define, usesocks=undef
    use64bitint=define, use64bitall=define, uselongdouble=undef
    usemymalloc=n, bincompat5005=undef
  Compiler:
    cc='cc', ccflags ='-fno-strict-aliasing -pipe -fstack-protector -I/usr/local/include -D_LARGEFILE_SOURCE -D_FILE_OFFSET_BITS=64',
    optimize='-O2',
    cppflags='-fno-strict-aliasing -pipe -fstack-protector -I/usr/local/include'
    ccversion='', gccversion='4.7.2', gccosandvers=''
    intsize=4, longsize=8, ptrsize=8, doublesize=8, byteorder=12345678
    d_longlong=define, longlongsize=8, d_longdbl=define, longdblsize=16
    ivtype='long', ivsize=8, nvtype='double', nvsize=8, Off_t='off_t', lseeksize=8
    alignbytes=8, prototype=define
  Linker and Libraries:
    ld='cc', ldflags =' -fstack-protector -L/usr/local/lib'
    libpth=/usr/local/lib /lib/x86_64-linux-gnu /lib/../lib /usr/lib/x86_64-linux-gnu /usr/lib/../lib /lib /usr/lib
    libs=-lnsl -ldb -ldl -lm -lcrypt -lutil -lc
    perllibs=-lnsl -ldl -lm -lcrypt -lutil -lc
    libc=, so=so, useshrplib=false, libperl=libperl.a
    gnulibc_version='2.13'
  Dynamic Linking:
    dlsrc=dl_dlopen.xs, dlext=so, d_dlsymun=undef, ccdlflags='-Wl,-E'
    cccdlflags='-fPIC', lddlflags='-shared -O2 -L/usr/local/lib -fstack-protector'


Characteristics of this binary (from libperl): 
  Compile-time options: PERL_DONT_CREATE_GVSV PERL_MALLOC_WRAP USE_64_BIT_ALL
                        USE_64_BIT_INT USE_LARGE_FILES USE_PERLIO
                        USE_PERL_ATOF
  Built under linux
  Compiled at May 15 2014 14:26:58
  %ENV:
    PERL5LIB="/home/cpansand/.cpan/build/2016043018/App-shcompgen-0.17-BVoUPy/blib/arch:/home/cpansand/.cpan/build/2016043018/App-shcompgen-0.17-BVoUPy/blib/lib"
    PERL5OPT=""
    PERL5_CPANPLUS_IS_RUNNING="31583"
    PERL5_CPAN_IS_RUNNING="31583"
    PERL5_CPAN_IS_RUNNING_IN_RECURSION="31097,31583"
    PERLDOC="-MPod::Perldoc::ToTextOverstrike"
    PERL_BATCH="yes"
    PERL_CANARY_STABILITY_NOPROMPT="1"
    PERL_CPAN_REPORTER_CONFIG="/var/tmp/cpansmoker-1023/2016043018/cpanreporter_002_config.ini"
    PERL_EXTUTILS_AUTOINSTALL="--defaultdeps"
    PERL_PARALLEL_SMOKER="yes"
  @INC:
    /home/cpansand/.cpan/build/2016043018/App-shcompgen-0.17-BVoUPy/blib/arch
    /home/cpansand/.cpan/build/2016043018/App-shcompgen-0.17-BVoUPy/blib/lib
    /opt/perl-5.12.5/lib/site_perl/5.12.5/x86_64-linux
    /opt/perl-5.12.5/lib/site_perl/5.12.5
    /opt/perl-5.12.5/lib/5.12.5/x86_64-linux
    /opt/perl-5.12.5/lib/5.12.5
    .