Report for MIME-tools-5.504

Back
From: metabase:user:8e716544-2d59-11e2-834d-a2b93b2f56ab
Subject: FAIL MIME-tools-5.504 v5.16.2 Mac OS X
Date: 2013-03-03T07:48:42Z

This distribution has been tested as part of the CPAN Testers
project, supporting the Perl programming language.  See
http://wiki.cpantesters.org/ for more information or email
questions to cpan-testers-discuss@perl.org


--
Dear David F. Skoll,

This is a computer-generated report for MIME-tools-5.504
on perl 5.16.2, created by CPAN-Reporter-1.2006.

Thank you for uploading your work to CPAN.  However, there was a problem
testing your distribution.

If you think this report is invalid, please consult the CPAN Testers Wiki
for suggestions on how to avoid getting FAIL reports for missing library
or binary dependencies, unsupported operating systems, and so on:

http://wiki.cpantesters.org/wiki/CPANAuthorNotes

Sections of this report:

    * Tester comments
    * Program output
    * Prerequisites
    * Environment and other context

------------------------------
TESTER COMMENTS
------------------------------

Additional comments from tester:

none provided

------------------------------
PROGRAM OUTPUT
------------------------------

Output from '/opt/local/libexec/gnubin/make test':

PERL_DL_NONLAZY=1 /opt/Perl/bin/perl "-MExtUtils::Command::MM" "-e" "test_harness(0, 'inc', 'blib/lib', 'blib/arch')" t/*.t
t/02-kwalitee.t ................... skipped: Test::Kwalitee not installed; skipping
t/02-pod-coverage.t ............... skipped: Test::Pod::Coverage disabled. TEST_POD_COVERAGE=1 if you want it.
t/02-pod.t ........................ ok
t/99-prepare.t .................... ok
t/attachment-filename-encoding.t .. ok
t/Body.t .......................... ok
t/BodyPrint.t ..................... ok
# Using gzip: 1
t/Decoder.t ....................... ok
t/EmptyPart.t ..................... ok
t/Entity.t ........................ ok
t/Filer.t ......................... ok
t/Gauntlet.t ...................... ok
t/Head.t .......................... ok
t/Misc.t .......................... ok
t/ParamVal.t ...................... ok
t/Parser.t ........................ ok
t/ParserEncoded.t ................. ok
t/ParserPreamble.t ................ ok
t/Ref.t ........................... ok
accept failed: Operation timed out at t/Smtpsend.t line 61.
# Looks like your test exited with 60 before it could output anything.
t/Smtpsend.t ...................... 
Dubious, test returned 60 (wstat 15360, 0x3c00)
Failed 9/9 subtests 
t/ticket-11901.t .................. ok
t/ticket-22684.t .................. ok
t/ticket-37139.t .................. ok
t/ticket-41632.t .................. ok
t/ticket-43439.t .................. ok
t/ticket-52924.t .................. ok
t/ticket-5462.t ................... ok
t/ticket-60931.t .................. ok
t/ticket-65681.t .................. ok
t/ticket-66025.t .................. ok
t/ticket-71041.t .................. ok
t/ticket-71677.t .................. ok
t/ticket-80433.t .................. ok
t/WordDecoder.t ................... ok
t/WordEncoder.t ................... ok
t/Words.t ......................... ok

Test Summary Report
-------------------
t/Smtpsend.t                    (Wstat: 15360 Tests: 0 Failed: 0)
  Non-zero exit status: 60
  Parse errors: Bad plan.  You planned 9 tests but ran 0.
Files=36, Tests=408, 25 wallclock secs ( 0.13 usr  0.07 sys +  2.98 cusr  0.37 csys =  3.55 CPU)
Result: FAIL
Failed 1/36 test programs. 0/408 subtests failed.
make: *** [test_dynamic] Error 255

------------------------------
PREREQUISITES
------------------------------

Prerequisite modules loaded:

requires:

    Module              Need   Have    
    ------------------- ------ --------
    File::Path          1      2.09    
    File::Spec          0.6    3.40    
    File::Temp          0.18   0.22    
    IO::File            1.13   1.14    
    IO::Handle          0      1.28    
    Mail::Field         1.05   2.12    
    Mail::Header        1.01   2.12    
    Mail::Internet      1.0203 2.12    
    MIME::Base64        2.2    3.13    
    perl                5.008  5.016002

build_requires:

    Module              Need   Have    
    ------------------- ------ --------
    ExtUtils::MakeMaker 6.42   6.64    
    Test::Deep          0      0.110   
    Test::More          0      0.98    

configure_requires:

    Module              Need   Have    
    ------------------- ------ --------
    ExtUtils::MakeMaker 6.42   6.64    


------------------------------
ENVIRONMENT AND OTHER CONTEXT
------------------------------

Environment variables:

    LANG = en_US.UTF-8
    LANGUAGE = en_US.UTF-8
    LC_ALL = en_US.UTF-8
    LC_CTYPE = C
    PATH = /opt/Perl/bin:/opt/Perl/sbin:/opt/local/bin:/opt/local/sbin:/opt/local/libexec/gnubin:/usr/local/mysql/bin:/usr/bin:/bin:/usr/sbin:/sbin:/usr/local/bin:/opt/X11/bin:/Applications/Server.app/Contents/ServerRoot/usr/bin:/Applications/Server.app/Contents/ServerRoot/usr/sbin:/usr/local/MacGPG2/bin
    PERL5LIB = 
    PERL5OPT = 
    PERL5_CPANPLUS_IS_RUNNING = 88408
    PERL5_CPAN_IS_RUNNING = 88408
    SHELL = /bin/zsh
    TERM = xterm
    TMPDIR = /var/folders/x8/dtl9x47x08b6kksc0sh2zy5h000102/T/

Perl special variables (and OS-specific diagnostics, for MSWin32):

    $^X = /opt/Perl/bin/perl
    $UID/$EUID = 1026 / 1026
    $GID = 20 20 80 1025 409 410 501 408 12 62 79 81 98 411
    $EGID = 20 20 80 1025 409 410 501 408 12 62 79 81 98 411

Perl module toolchain versions installed:

    Module              Have    
    ------------------- --------
    CPAN                1.9800  
    CPAN::Meta          2.120921
    Cwd                 3.40    
    ExtUtils::CBuilder  0.280206
    ExtUtils::Command   1.17    
    ExtUtils::Install   1.58    
    ExtUtils::MakeMaker 6.64    
    ExtUtils::Manifest  1.61    
    ExtUtils::ParseXS   3.18    
    File::Spec          3.40    
    JSON                2.53    
    JSON::PP            2.27200 
    Module::Build       0.4003  
    Module::Signature   0.70    
    Parse::CPAN::Meta   1.4404  
    Test::Harness       3.26    
    Test::More          0.98    
    YAML                0.84    
    YAML::Syck          1.22    
    version             0.9901  


--

Summary of my perl5 (revision 5 version 16 subversion 2) configuration:
   
  Platform:
    osname=darwin, osvers=12.2.0, archname=darwin-thread-multi-2level
    uname='darwin skuld.tolharadys.net 12.2.0 darwin kernel version 12.2.0: sat aug 25 00:48:52 pdt 2012; root:xnu-2050.18.24~1release_x86_64 x86_64 i386 imac12,2 darwin '
    config_args=''
    hint=recommended, useposix=true, d_sigaction=define
    useithreads=define, usemultiplicity=define
    useperlio=define, d_sfio=undef, uselargefiles=define, usesocks=undef
    use64bitint=define, use64bitall=define, uselongdouble=undef
    usemymalloc=n, bincompat5005=undef
  Compiler:
    cc='cc', ccflags ='-fno-common -DPERL_DARWIN -fno-strict-aliasing -pipe -fstack-protector -I/opt/local/include',
    optimize='-O3',
    cppflags='-fno-common -DPERL_DARWIN -fno-strict-aliasing -pipe -fstack-protector -I/opt/local/include'
    ccversion='', gccversion='4.2.1 Compatible Apple Clang 4.1 ((tags/Apple/clang-421.11.65))', gccosandvers=''
    intsize=4, longsize=8, ptrsize=8, doublesize=8, byteorder=12345678
    d_longlong=define, longlongsize=8, d_longdbl=define, longdblsize=16
    ivtype='long', ivsize=8, nvtype='double', nvsize=8, Off_t='off_t', lseeksize=8
    alignbytes=8, prototype=define
  Linker and Libraries:
    ld='env MACOSX_DEPLOYMENT_TARGET=10.3 cc', ldflags =' -fstack-protector -L/opt/local/lib'
    libpth=/opt/local/lib /usr/lib
    libs=-lgdbm -ldbm -ldl -lm -lutil -lc
    perllibs=-ldl -lm -lutil -lc
    libc=, so=dylib, useshrplib=true, libperl=libperl.dylib
    gnulibc_version=''
  Dynamic Linking:
    dlsrc=dl_dlopen.xs, dlext=bundle, d_dlsymun=undef, ccdlflags=' '
    cccdlflags=' ', lddlflags=' -bundle -undefined dynamic_lookup -L/opt/local/lib -fstack-protector'


Characteristics of this binary (from libperl): 
  Compile-time options: HAS_TIMES MULTIPLICITY PERLIO_LAYERS
                        PERL_DONT_CREATE_GVSV PERL_IMPLICIT_CONTEXT
                        PERL_MALLOC_WRAP PERL_PRESERVE_IVUV USE_64_BIT_ALL
                        USE_64_BIT_INT USE_ITHREADS USE_LARGE_FILES
                        USE_LOCALE USE_LOCALE_COLLATE USE_LOCALE_CTYPE
                        USE_LOCALE_NUMERIC USE_PERLIO USE_PERL_ATOF
  Built under darwin
  Compiled at Nov 13 2012 20:42:37
  %ENV:
    PERL5LIB=""
    PERL5OPT=""
    PERL5_CPANPLUS_IS_RUNNING="88408"
    PERL5_CPAN_IS_RUNNING="88408"
  @INC:
    /opt/Perl/lib/perl5/site_perl/5.16.2/darwin-thread-multi-2level
    /opt/Perl/lib/perl5/site_perl/5.16.2
    /opt/Perl/lib/perl5/5.16.2/darwin-thread-multi-2level
    /opt/Perl/lib/perl5/5.16.2
    /opt/Perl/lib/perl5/site_perl
    .