Report for Data-Localize-0.00019

Back
From: metabase:user:320bfe00-2aae-11df-837a-5e0a49663a4f
Subject: FAIL Data-Localize-0.00019 v5.14.0 RC0 GNU/Linux
Date: 2011-04-08T20:21:20Z

This distribution has been tested as part of the CPAN Testers
project, supporting the Perl programming language.  See
http://wiki.cpantesters.org/ for more information or email
questions to cpan-testers-discuss@perl.org


--
Dear Daisuke Maki,

This is a computer-generated report for Data-Localize-0.00019
on perl 5.14.0, created by CPAN-Reporter-1.1902.

Thank you for uploading your work to CPAN.  However, there was a problem
testing your distribution.

If you think this report is invalid, please consult the CPAN Testers Wiki
for suggestions on how to avoid getting FAIL reports for missing library
or binary dependencies, unsupported operating systems, and so on:

http://wiki.cpantesters.org/wiki/CPANAuthorNotes

Sections of this report:

    * Tester comments
    * Program output
    * Prerequisites
    * Environment and other context

------------------------------
TESTER COMMENTS
------------------------------

Additional comments from tester:

none provided

------------------------------
PROGRAM OUTPUT
------------------------------

Output from '/usr/bin/make test':

make[1]: Entering directory `/home/sand/.cpan/build/Data-Localize-0.00019-d86P8b'
PERL_DL_NONLAZY=1 /home/src/perl/repoperls/installed-perls/perl/v5.13.11-399-g7d779b2/bin/perl "-MExtUtils::Command::MM" "-e" "test_harness(0, 'inc', 'blib/lib', 'blib/arch')" t/*.t
t/01_basic.t .............. ok
t/02_namespace.t .......... ok
t/03_auto.t ............... ok
t/04_gettext.t ............ ok
t/05_maketext.t ........... ok
t/06_bdb.t ................ ok
t/07_gettext_parser.t ..... ok
t/08_multilevel.t ......... ok
t/09_load_from_storage.t .. ok
Attribute (languages) does not pass the type constraint because: Validation failed for 'ArrayRef' with value ja at t/90_formfu.t line 18
# Looks like your test exited with 255 before it could output anything.
t/90_formfu.t ............. 
Dubious, test returned 255 (wstat 65280, 0xff00)
Failed 1/1 subtests 
t/99_bad_usage.t .......... ok

Test Summary Report
-------------------
t/90_formfu.t           (Wstat: 65280 Tests: 0 Failed: 0)
  Non-zero exit status: 255
  Parse errors: Bad plan.  You planned 1 tests but ran 0.
Files=11, Tests=87,  4 wallclock secs ( 0.07 usr  0.02 sys +  1.58 cusr  0.22 csys =  1.89 CPU)
Result: FAIL
Failed 1/11 test programs. 0/87 subtests failed.
make[1]: *** [test_dynamic] Error 255
make[1]: Leaving directory `/home/sand/.cpan/build/Data-Localize-0.00019-d86P8b'

------------------------------
PREREQUISITES
------------------------------

Prerequisite modules loaded:

requires:

    Module                    Need  Have    
    ------------------------- ----- --------
    Any::Moose                0     0.13    
    Encode                    0     2.42    
    I18N::LangTags            0     0.35_01 
    I18N::LangTags::Detect    0     1.05    
    Module::Pluggable::Object 0     3.9     
    Moose                     0     1.17    
    Mouse                     0.19  0.91    
    perl                      5.008 5.014000

build_requires:

    Module                    Need  Have    
    ------------------------- ----- --------
    ExtUtils::MakeMaker       6.42  6.57_05 
    Test::More                0.94  0.98    
    Test::Requires            0     0.06    

configure_requires:

    Module                    Need  Have    
    ------------------------- ----- --------
    ExtUtils::MakeMaker       6.42  6.57_05 


------------------------------
ENVIRONMENT AND OTHER CONTEXT
------------------------------

Environment variables:

    LANG = en_US.UTF-8
    LC_TIME = de_DE.utf8
    PATH = /usr/lib/ccache:/home/sand/bin:/usr/local/bin:/usr/bin:/bin:/usr/bin/X11:/usr/games:/usr/local/perl/bin:/usr/X11/bin:/sbin:/usr/sbin
    PERL5LIB = /home/sand/.cpan/build/WAP-wbxml-1.12-J_xtWt/blib/arch:/home/sand/.cpan/build/WAP-wbxml-1.12-J_xtWt/blib/lib:/home/sand/.cpan/build/ProjectBuilder-0.11.2-FEYJLA/blib/arch:/home/sand/.cpan/build/ProjectBuilder-0.11.2-FEYJLA/blib/lib:/home/sand/.cpan/build/Devel-Declare-0.006001-ePw_tO/blib/arch:/home/sand/.cpan/build/Devel-Declare-0.006001-ePw_tO/blib/lib
    PERL5OPT = 
    PERL5_CPANPLUS_IS_RUNNING = 26004
    PERL5_CPAN_IS_RUNNING = 26004
    SHELL = /usr/bin/zsh
    TERM = screen

Perl special variables (and OS-specific diagnostics, for MSWin32):

    $^X = /home/src/perl/repoperls/installed-perls/perl/v5.13.11-399-g7d779b2/bin/perl
    $UID/$EUID = 1001 / 1001
    $GID = 1001 1001
    $EGID = 1001 1001

Perl module toolchain versions installed:

    Module              Have    
    ------------------- --------
    CPAN                1.9600  
    Cwd                 3.36    
    ExtUtils::CBuilder  0.280203
    ExtUtils::Command   1.17    
    ExtUtils::Install   1.56    
    ExtUtils::MakeMaker 6.57_05 
    ExtUtils::Manifest  1.58    
    ExtUtils::ParseXS   2.2210  
    File::Spec          3.33    
    Module::Build       0.3800  
    Module::Signature   0.66    
    Test::Harness       3.23    
    Test::More          0.98    
    YAML                0.72    
    YAML::Syck          1.17    
    version             0.88    


--

Summary of my perl5 (revision 5 version 14 subversion 0) configuration:
  Commit id: 7d779b236fc2cb0c2dbe324bda777c76494a71a5
  Platform:
    osname=linux, osvers=2.6.32-5-amd64, archname=x86_64-linux-ld
    uname='linux k81 2.6.32-5-amd64 #1 smp wed jan 12 03:40:32 utc 2011 x86_64 gnulinux '
    config_args='-Dprefix=/home/src/perl/repoperls/installed-perls/perl/v5.13.11-399-g7d779b2 -Dinstallusrbinperl=n -Uversiononly -Dusedevel -des -Ui_db -Uuseithreads -Duselongdouble -DDEBUGGING=-g'
    hint=recommended, useposix=true, d_sigaction=define
    useithreads=undef, usemultiplicity=undef
    useperlio=define, d_sfio=undef, uselargefiles=define, usesocks=undef
    use64bitint=define, use64bitall=define, uselongdouble=define
    usemymalloc=n, bincompat5005=undef
  Compiler:
    cc='cc', ccflags ='-fno-strict-aliasing -pipe -fstack-protector -I/usr/local/include -D_LARGEFILE_SOURCE -D_FILE_OFFSET_BITS=64',
    optimize='-O2 -g',
    cppflags='-fno-strict-aliasing -pipe -fstack-protector -I/usr/local/include'
    ccversion='', gccversion='4.5.2', gccosandvers=''
    intsize=4, longsize=8, ptrsize=8, doublesize=8, byteorder=12345678
    d_longlong=define, longlongsize=8, d_longdbl=define, longdblsize=16
    ivtype='long', ivsize=8, nvtype='long double', nvsize=16, Off_t='off_t', lseeksize=8
    alignbytes=16, prototype=define
  Linker and Libraries:
    ld='cc', ldflags =' -fstack-protector -L/usr/local/lib'
    libpth=/usr/local/lib /lib /usr/lib /lib64 /usr/lib64
    libs=-lnsl -lgdbm -ldb -ldl -lm -lcrypt -lutil -lc -lgdbm_compat
    perllibs=-lnsl -ldl -lm -lcrypt -lutil -lc
    libc=/lib/libc-2.11.2.so, so=so, useshrplib=false, libperl=libperl.a
    gnulibc_version='2.11.2'
  Dynamic Linking:
    dlsrc=dl_dlopen.xs, dlext=so, d_dlsymun=undef, ccdlflags='-Wl,-E'
    cccdlflags='-fPIC', lddlflags='-shared -O2 -g -L/usr/local/lib -fstack-protector'


Characteristics of this binary (from libperl): 
  Compile-time options: PERL_DONT_CREATE_GVSV PERL_MALLOC_WRAP
                        PERL_PRESERVE_IVUV PERL_USE_DEVEL USE_64_BIT_ALL
                        USE_64_BIT_INT USE_LARGE_FILES USE_LONG_DOUBLE
                        USE_PERLIO USE_PERL_ATOF
  Locally applied patches:
	RC0
  Built under linux
  Compiled at Apr  8 2011 03:12:49
  %ENV:
    PERL5LIB="/home/sand/.cpan/build/WAP-wbxml-1.12-J_xtWt/blib/arch:/home/sand/.cpan/build/WAP-wbxml-1.12-J_xtWt/blib/lib:/home/sand/.cpan/build/ProjectBuilder-0.11.2-FEYJLA/blib/arch:/home/sand/.cpan/build/ProjectBuilder-0.11.2-FEYJLA/blib/lib:/home/sand/.cpan/build/Devel-Declare-0.006001-ePw_tO/blib/arch:/home/sand/.cpan/build/Devel-Declare-0.006001-ePw_tO/blib/lib"
    PERL5OPT=""
    PERL5_CPANPLUS_IS_RUNNING="26004"
    PERL5_CPAN_IS_RUNNING="26004"
  @INC:
    /home/sand/.cpan/build/WAP-wbxml-1.12-J_xtWt/blib/arch
    /home/sand/.cpan/build/WAP-wbxml-1.12-J_xtWt/blib/lib
    /home/sand/.cpan/build/ProjectBuilder-0.11.2-FEYJLA/blib/arch
    /home/sand/.cpan/build/ProjectBuilder-0.11.2-FEYJLA/blib/lib
    /home/sand/.cpan/build/Devel-Declare-0.006001-ePw_tO/blib/arch
    /home/sand/.cpan/build/Devel-Declare-0.006001-ePw_tO/blib/lib
    /home/src/perl/repoperls/installed-perls/perl/v5.13.11-399-g7d779b2/lib/site_perl/5.14.0/x86_64-linux-ld
    /home/src/perl/repoperls/installed-perls/perl/v5.13.11-399-g7d779b2/lib/site_perl/5.14.0
    /home/src/perl/repoperls/installed-perls/perl/v5.13.11-399-g7d779b2/lib/5.14.0/x86_64-linux-ld
    /home/src/perl/repoperls/installed-perls/perl/v5.13.11-399-g7d779b2/lib/5.14.0
    .