Report for Heap-Simple-Perl-0.14

Back
From: metabase:user:314402c4-2aae-11df-837a-5e0a49663a4f
Subject: FAIL Heap-Simple-Perl-0.14 v5.13.6 FreeBSD
Date: 2010-10-24T13:22:35Z

This distribution has been tested as part of the CPAN Testers
project, supporting the Perl programming language.  See
http://wiki.cpantesters.org/ for more information or email
questions to cpan-testers-discuss@perl.org


--
Dear Ton Hospel,

This is a computer-generated report for Heap-Simple-Perl-0.14
on perl 5.13.6, created by CPAN-Reporter-1.1803.

Thank you for uploading your work to CPAN.  However, there was a problem
testing your distribution.

If you think this report is invalid, please consult the CPAN Testers Wiki
for suggestions on how to avoid getting FAIL reports for missing library
or binary dependencies, unsupported operating systems, and so on:

http://wiki.cpantesters.org/wiki/CPANAuthorNotes

Sections of this report:

    * Tester comments
    * Program output
    * Prerequisites
    * Environment and other context

------------------------------
TESTER COMMENTS
------------------------------

Additional comments from tester:

none provided

------------------------------
PROGRAM OUTPUT
------------------------------

Output from '/usr/bin/make test':

PERL_DL_NONLAZY=1 /usr/home/cpansand/var/ctps/5136/install/perl-5.13.6/bin/perl "-MExtUtils::Command::MM" "-e" "test_harness(0, 'blib/lib', 'blib/arch')" t/*.t
t/00_load.t ...... ok
t/01_basic.t ..... ok
t/02_stress.t .... ok

#   Failed test at t/03_magic.t line 101.
#          got: '2'
#     expected: '3'

#   Failed test at t/03_magic.t line 172.
#          got: '3'
#     expected: '4'
# Looks like you failed 2 tests of 47.
t/03_magic.t ..... 
Dubious, test returned 2 (wstat 512, 0x200)
Failed 2/47 subtests 
t/04_overload.t .. ok

------
Calibrating. Should take about 5 seconds
------
[[ timing ]] Insert of 300000 elements into Heap::Fibonacci
 6 wallclock secs ( 2.88 usr +  0.09 sys =  2.98 CPU) @ 100787.40/s (n=300000)
[[ timing ]] Extract 300000 elements from Heap::Fibonacci
120 wallclock secs (69.45 usr +  0.05 sys = 69.50 CPU) @ 4316.55/s (n=300000)
------
[[ timing ]] Insert of 300000 elements into Heap::Binary
 4 wallclock secs ( 3.20 usr +  0.01 sys =  3.20 CPU) @ 93658.54/s (n=300000)
[[ timing ]] Extract 300000 elements from Heap::Binary
50 wallclock secs (31.27 usr +  0.00 sys = 31.27 CPU) @ 9595.20/s (n=300000)
------
[[ timing ]] Insert of 300000 elements into Heap::Binomial
 4 wallclock secs ( 3.27 usr +  0.06 sys =  3.34 CPU) @ 89929.74/s (n=300000)
[[ timing ]] Extract 300000 elements from Heap::Binomial
88 wallclock secs (51.45 usr +  0.01 sys = 51.46 CPU) @ 5829.66/s (n=300000)
------
[[ timing ]] Insert of 300000 elements into Array::Heap2
 1 wallclock secs ( 0.26 usr +  0.00 sys =  0.26 CPU) @ 1163636.36/s (n=300000)
[[ timing ]] Extract 300000 elements from Array::Heap2
 2 wallclock secs ( 1.26 usr +  0.00 sys =  1.26 CPU) @ 238509.32/s (n=300000)
------
[[ timing ]] Insert of 300000 elements into Heap::Simple::Perl(order => '<', Hash)
 2 wallclock secs ( 1.38 usr +  0.01 sys =  1.38 CPU) @ 216949.15/s (n=300000)
[[ timing ]] Extract 300000 elements from Heap::Simple::Perl(order => '<', Hash)
21 wallclock secs (11.51 usr +  0.00 sys = 11.51 CPU) @ 26069.25/s (n=300000)
------
[[ timing ]] Insert of 300000 elements into Heap::Simple::Perl(order => '<', Array)
 2 wallclock secs ( 1.30 usr +  0.02 sys =  1.31 CPU) @ 228571.43/s (n=300000)
[[ timing ]] Extract 300000 elements from Heap::Simple::Perl(order => '<', Array)
16 wallclock secs (10.26 usr +  0.00 sys = 10.26 CPU) @ 29246.00/s (n=300000)
------
[[ timing ]] Insert of 300000 elements into Heap::Simple::Perl('<', Scalar)
 1 wallclock secs ( 1.12 usr +  0.02 sys =  1.15 CPU) @ 261224.49/s (n=300000)
[[ timing ]] Extract 300000 elements from Heap::Simple::Perl('<', Scalar)
 9 wallclock secs ( 6.55 usr +  0.00 sys =  6.55 CPU) @ 45768.77/s (n=300000)
t/99_speed.t ..... ok

Test Summary Report
-------------------
t/03_magic.t   (Wstat: 512 Tests: 47 Failed: 2)
  Failed tests:  23, 46
  Non-zero exit status: 2
Files=6, Tests=19286, 423 wallclock secs ( 3.52 usr  0.14 sys + 219.65 cusr  4.03 csys = 227.34 CPU)
Result: FAIL
Failed 1/6 test programs. 2/19286 subtests failed.
*** Error code 255

Stop in /var/tmp/CPAN-build/Heap-Simple-Perl-0.14-rFZWnL.

------------------------------
PREREQUISITES
------------------------------

Prerequisite modules loaded:

requires:

    Module              Need Have   
    ------------------- ---- -------
    Heap::Simple        0.09 0.13   
    Test::More          0.11 0.97_01

build_requires:

    Module              Need Have   
    ------------------- ---- -------
    ExtUtils::MakeMaker 0    6.57_05


------------------------------
ENVIRONMENT AND OTHER CONTEXT
------------------------------

Environment variables:

    DBIC_NO_WARN_BAD_PERL = 1
    PATH = /usr/local/bin:/usr/X11R6/bin:/usr/X11/bin:/usr/perl5.8.0/bin:/usr/bin:/bin:/usr/local/sbin:/usr/sbin:/sbin:/usr/local/pilot/bin:/home/cpansand/bin/freebsd8.0:/home/cpansand/bin/sh:/home/cpansand/bin:/usr/X386/bin:/usr/games:/home/cpansand/devel:/usr/home/e/eserte/src/perl/CPAN-Testers-ParallelSmoker/utils
    PERL5LIB = 
    PERL5OPT = 
    PERL5_CPANPLUS_IS_RUNNING = 5449
    PERL5_CPAN_IS_RUNNING = 5449
    PERL5_CPAN_IS_RUNNING_IN_RECURSION = 30193,5449
    PERL_BATCH = yes
    PERL_CPAN_REPORTER_DIR = /home/cpansand/var/ctps/5136/config/perl-5.13.6/cpanreporter
    PERL_EXTUTILS_AUTOINSTALL = --defaultdeps
    PERL_HTML_DISPLAY_CLASS = HTML::Display::Mozilla
    SHELL = /usr/local/bin/zsh
    TERM = xterm
    TMPDIR = /tmp/cpansmoker-1023

Perl special variables (and OS-specific diagnostics, for MSWin32):

    $^X = /usr/home/cpansand/var/ctps/5136/install/perl-5.13.6/bin/perl
    $UID/$EUID = 1023 / 1023
    $GID = 1023 1023
    $EGID = 1023 1023

Perl module toolchain versions installed:

    Module              Have   
    ------------------- -------
    CPAN                1.94_61
    Cwd                 3.34   
    ExtUtils::CBuilder  0.2703 
    ExtUtils::Command   1.16   
    ExtUtils::Install   1.55   
    ExtUtils::MakeMaker 6.57_05
    ExtUtils::Manifest  1.58   
    ExtUtils::ParseXS   2.2207 
    File::Spec          3.33   
    Module::Build       0.3607 
    Module::Signature   0.66   
    Test::Harness       3.22   
    Test::More          0.97_01
    YAML                n/a    
    YAML::Syck          1.15   
    version             0.83   


--

Summary of my perl5 (revision 5 version 13 subversion 6) configuration:
   
  Platform:
    osname=freebsd, osvers=8.0-release, archname=i386-freebsd
    uname='freebsd biokovo.herceg.de 8.0-release freebsd 8.0-release #0: sat nov 21 15:48:17 utc 2009 root@almeida.cse.buffalo.edu:usrobjusrsrcsysgeneric i386 '
    config_args='-ds -e -Uversiononly -Dinstallusrbinperl=n -Dusedevel -Dprefix=/home/cpansand/var/ctps/5136/install/perl-5.13.6'
    hint=recommended, useposix=true, d_sigaction=define
    useithreads=undef, usemultiplicity=undef
    useperlio=define, d_sfio=undef, uselargefiles=define, usesocks=undef
    use64bitint=undef, use64bitall=undef, uselongdouble=undef
    usemymalloc=n, bincompat5005=undef
  Compiler:
    cc='cc', ccflags ='-DHAS_FPSETMASK -DHAS_FLOATINGPOINT_H -fno-strict-aliasing -pipe -fstack-protector -I/usr/local/include',
    optimize='-O',
    cppflags='-DHAS_FPSETMASK -DHAS_FLOATINGPOINT_H -fno-strict-aliasing -pipe -fstack-protector -I/usr/local/include'
    ccversion='', gccversion='4.2.1 20070719  [FreeBSD]', gccosandvers=''
    intsize=4, longsize=4, ptrsize=4, doublesize=8, byteorder=1234
    d_longlong=define, longlongsize=8, d_longdbl=define, longdblsize=12
    ivtype='long', ivsize=4, nvtype='double', nvsize=8, Off_t='off_t', lseeksize=8
    alignbytes=4, prototype=define
  Linker and Libraries:
    ld='cc', ldflags ='-Wl,-E  -fstack-protector -L/usr/local/lib'
    libpth=/usr/lib /usr/local/lib
    libs=-lgdbm -lm -lcrypt -lutil -lc
    perllibs=-lm -lcrypt -lutil -lc
    libc=, so=so, useshrplib=false, libperl=libperl.a
    gnulibc_version=''
  Dynamic Linking:
    dlsrc=dl_dlopen.xs, dlext=so, d_dlsymun=undef, ccdlflags=' '
    cccdlflags='-DPIC -fPIC', lddlflags='-shared  -L/usr/local/lib -fstack-protector'


Characteristics of this binary (from libperl): 
  Compile-time options: PERL_DONT_CREATE_GVSV PERL_MALLOC_WRAP PERL_USE_DEVEL
                        USE_LARGE_FILES USE_PERLIO USE_PERL_ATOF
  Built under freebsd
  Compiled at Oct 21 2010 23:17:50
  %ENV:
    PERL5LIB=""
    PERL5OPT=""
    PERL5_CPANPLUS_IS_RUNNING="5449"
    PERL5_CPAN_IS_RUNNING="5449"
    PERL5_CPAN_IS_RUNNING_IN_RECURSION="30193,5449"
    PERL_BATCH="yes"
    PERL_CPAN_REPORTER_DIR="/home/cpansand/var/ctps/5136/config/perl-5.13.6/cpanreporter"
    PERL_EXTUTILS_AUTOINSTALL="--defaultdeps"
    PERL_HTML_DISPLAY_CLASS="HTML::Display::Mozilla"
  @INC:
    /home/cpansand/var/ctps/5136/install/perl-5.13.6/lib/site_perl/5.13.6/i386-freebsd
    /home/cpansand/var/ctps/5136/install/perl-5.13.6/lib/site_perl/5.13.6
    /home/cpansand/var/ctps/5136/install/perl-5.13.6/lib/5.13.6/i386-freebsd
    /home/cpansand/var/ctps/5136/install/perl-5.13.6/lib/5.13.6
    .