Report for Bot-BasicBot-Pluggable-0.98

Back
From: metabase:user:314402c4-2aae-11df-837a-5e0a49663a4f
Subject: FAIL Bot-BasicBot-Pluggable-0.98 v5.21.11 GNU/Linux
Date: 2015-04-23T16:57:02Z

This distribution has been tested as part of the CPAN Testers
project, supporting the Perl programming language.  See
http://wiki.cpantesters.org/ for more information or email
questions to cpan-testers-discuss@perl.org


--
Dear Mike Eldridge,

This is a computer-generated report for Bot-BasicBot-Pluggable-0.98
on perl 5.21.11, created by CPAN-Reporter-1.2014.

Thank you for uploading your work to CPAN.  However, there was a problem
testing your distribution.

If you think this report is invalid, please consult the CPAN Testers Wiki
for suggestions on how to avoid getting FAIL reports for missing library
or binary dependencies, unsupported operating systems, and so on:

http://wiki.cpantesters.org/wiki/CPANAuthorNotes

Sections of this report:

    * Tester comments
    * Program output
    * Prerequisites
    * Environment and other context

------------------------------
TESTER COMMENTS
------------------------------

Additional comments from tester:

none provided

------------------------------
PROGRAM OUTPUT
------------------------------

Output from './Build test':

t/00bootstrap.t ........... ok
t/01module_base.t ......... ok
Loading Auth from Bot/BasicBot/Pluggable/Module/Auth.pm at /tmpfs/.cpan-build/Bot-BasicBot-Pluggable-0.98-lkMnx6/blib/lib/Bot/BasicBot/Pluggable.pm line 106.
t/02module_auth.t ......... ok
t/03store.t ............... ok
t/03store_dbi.t ........... ok
t/03store_deep.t .......... ok
t/03store_memory.t ........ ok
t/03store_storable.t ...... ok
Loading Karma from Bot/BasicBot/Pluggable/Module/Karma.pm at /tmpfs/.cpan-build/Bot-BasicBot-Pluggable-0.98-lkMnx6/blib/lib/Bot/BasicBot/Pluggable.pm line 106.
Use of uninitialized value $param in substitution (s///) at /tmpfs/.cpan-build/Bot-BasicBot-Pluggable-0.98-lkMnx6/blib/lib/Bot/BasicBot/Pluggable/Module/Karma.pm line 66.
t/04karma.t ............... ok
Loading Infobot from Bot/BasicBot/Pluggable/Module/Infobot.pm at /tmpfs/.cpan-build/Bot-BasicBot-Pluggable-0.98-lkMnx6/blib/lib/Bot/BasicBot/Pluggable.pm line 106.
t/05infobot.t ............. ok
Loading Title from Bot/BasicBot/Pluggable/Module/Title.pm at /tmpfs/.cpan-build/Bot-BasicBot-Pluggable-0.98-lkMnx6/blib/lib/Bot/BasicBot/Pluggable.pm line 106.
Loading Infobot from Bot/BasicBot/Pluggable/Module/Infobot.pm at /tmpfs/.cpan-build/Bot-BasicBot-Pluggable-0.98-lkMnx6/blib/lib/Bot/BasicBot/Pluggable.pm line 106.
t/06title.t ............... ok
You must pass an even number of attribute options at /opt/perl-5.21.11/lib/site_perl/5.21.11/x86_64-linux/Moose/Exporter.pm line 419
	Moose::has('configfile', 'is', 'rw', 'isa', 'Str|Undef', 'default') called at /tmpfs/.cpan-build/Bot-BasicBot-Pluggable-0.98-lkMnx6/blib/lib/App/Bot/BasicBot/Pluggable.pm line 78
	require App/Bot/BasicBot/Pluggable.pm at t/07app_defaults.t line 4
	main::BEGIN at /tmpfs/.cpan-build/Bot-BasicBot-Pluggable-0.98-lkMnx6/blib/lib/App/Bot/BasicBot/Pluggable.pm line 0
	eval {...} at /tmpfs/.cpan-build/Bot-BasicBot-Pluggable-0.98-lkMnx6/blib/lib/App/Bot/BasicBot/Pluggable.pm line 0
Compilation failed in require at t/07app_defaults.t line 4.
BEGIN failed--compilation aborted at t/07app_defaults.t line 4.
# Looks like your test exited with 255 before it could output anything.
t/07app_defaults.t ........ 
Dubious, test returned 255 (wstat 65280, 0xff00)
Failed 11/11 subtests 
You must pass an even number of attribute options at /opt/perl-5.21.11/lib/site_perl/5.21.11/x86_64-linux/Moose/Exporter.pm line 419
	Moose::has('configfile', 'is', 'rw', 'isa', 'Str|Undef', 'default') called at /tmpfs/.cpan-build/Bot-BasicBot-Pluggable-0.98-lkMnx6/blib/lib/App/Bot/BasicBot/Pluggable.pm line 78
	require App/Bot/BasicBot/Pluggable.pm at t/08app_commandline.t line 4
	main::BEGIN at /tmpfs/.cpan-build/Bot-BasicBot-Pluggable-0.98-lkMnx6/blib/lib/App/Bot/BasicBot/Pluggable.pm line 0
	eval {...} at /tmpfs/.cpan-build/Bot-BasicBot-Pluggable-0.98-lkMnx6/blib/lib/App/Bot/BasicBot/Pluggable.pm line 0
Compilation failed in require at t/08app_commandline.t line 4.
BEGIN failed--compilation aborted at t/08app_commandline.t line 4.
# Looks like your test exited with 255 before it could output anything.
t/08app_commandline.t ..... 
Dubious, test returned 255 (wstat 65280, 0xff00)
Failed 10/10 subtests 
You must pass an even number of attribute options at /opt/perl-5.21.11/lib/site_perl/5.21.11/x86_64-linux/Moose/Exporter.pm line 419
	Moose::has('configfile', 'is', 'rw', 'isa', 'Str|Undef', 'default') called at /tmpfs/.cpan-build/Bot-BasicBot-Pluggable-0.98-lkMnx6/blib/lib/App/Bot/BasicBot/Pluggable.pm line 78
	require App/Bot/BasicBot/Pluggable.pm at t/09app_configfile.t line 4
	main::BEGIN at /tmpfs/.cpan-build/Bot-BasicBot-Pluggable-0.98-lkMnx6/blib/lib/App/Bot/BasicBot/Pluggable.pm line 0
	eval {...} at /tmpfs/.cpan-build/Bot-BasicBot-Pluggable-0.98-lkMnx6/blib/lib/App/Bot/BasicBot/Pluggable.pm line 0
Compilation failed in require at t/09app_configfile.t line 4.
BEGIN failed--compilation aborted at t/09app_configfile.t line 4.
# Looks like your test exited with 255 before it could output anything.
t/09app_configfile.t ...... 
Dubious, test returned 255 (wstat 65280, 0xff00)
Failed 9/9 subtests 
t/100critic.t ............. skipped: Author test.  Set $ENV{TEST_AUTHOR} to a true value to run.
t/101tidy.t ............... skipped: Author test.  Set $ENV{TEST_AUTHOR} to a true value to run.
Loading Foo from ./Foo.pm at /tmpfs/.cpan-build/Bot-BasicBot-Pluggable-0.98-lkMnx6/blib/lib/Bot/BasicBot/Pluggable.pm line 106.
Loading Bar from ./modules/Bar.pm at /tmpfs/.cpan-build/Bot-BasicBot-Pluggable-0.98-lkMnx6/blib/lib/Bot/BasicBot/Pluggable.pm line 106.
t/10modules_not_in_inc.t .. ok
t/release-pod-coverage.t .. skipped: these tests are for release candidate testing
t/release-pod-syntax.t .... skipped: these tests are for release candidate testing

Test Summary Report
-------------------
t/07app_defaults.t      (Wstat: 65280 Tests: 0 Failed: 0)
  Non-zero exit status: 255
  Parse errors: Bad plan.  You planned 11 tests but ran 0.
t/08app_commandline.t   (Wstat: 65280 Tests: 0 Failed: 0)
  Non-zero exit status: 255
  Parse errors: Bad plan.  You planned 10 tests but ran 0.
t/09app_configfile.t    (Wstat: 65280 Tests: 0 Failed: 0)
  Non-zero exit status: 255
  Parse errors: Bad plan.  You planned 9 tests but ran 0.
Files=19, Tests=218,  6 wallclock secs ( 0.08 usr  0.14 sys +  4.33 cusr  0.89 csys =  5.44 CPU)
Result: FAIL
Failed 3/19 test programs. 0/218 subtests failed.

------------------------------
PREREQUISITES
------------------------------

Prerequisite modules loaded:

requires:

    Module                       Need   Have    
    ---------------------------- ------ --------
    base                         0      2.22    
    Bot::BasicBot                0.60   0.89    
    Carp                         0      1.36    
    CGI                          0      4.15    
    Config::Find                 0      0.28    
    Crypt::SaltedHash            0.06   0.09    
    Data::Dumper                 0      2.158   
    DBI                          0      1.633   
    DBM::Deep                    0      2.0011  
    File::Copy                   0      2.30    
    File::Spec                   0      3.47    
    File::Temp                   0      0.2304  
    List::MoreUtils              0      0.410   
    Log::Log4perl                1.11   1.46    
    Log::Log4perl::Level         0      0       
    LWP::UserAgent               0      6.13    
    Module::Load                 0      0.32    
    Module::Pluggable            0      5.1     
    Moose                        0      2.1404  
    Moose::Util::TypeConstraints 0      2.1404  
    MooseX::Getopt::Dashes       0      0.68    
    MooseX::SimpleConfig         0      0.11    
    perl                         v5.8.0 5.021011
    POE                          0      1.366   
    Socket                       0      2.018   
    Storable                     0      2.51    
    strict                       0      1.09    
    Text::Unidecode              0      1.23    
    Try::Tiny                    0      0.22    
    URI                          0      1.67    
    URI::Find::Simple            0      1.06    
    URI::Title                   0      1.900   
    warnings                     0      1.32    
    XML::Feed                    0      0.52    

build_requires:

    Module                       Need   Have    
    ---------------------------- ------ --------
    DBD::SQLite                  0      1.46    
    FindBin                      0      1.51    
    Module::Build                0.3601 0.4211  
    Test::More                   0      1.001014
    YAML::XS                     0      0.59    

configure_requires:

    Module                       Need   Have    
    ---------------------------- ------ --------
    ExtUtils::MakeMaker          6.30   7.04    
    Module::Build                0.3601 0.4211  


------------------------------
ENVIRONMENT AND OTHER CONTEXT
------------------------------

Environment variables:

    DBIC_NO_WARN_BAD_PERL = 1
    LANG = C
    LC_ALL = de_DE.UTF-8
    PATH = /usr/local/bin:/usr/bin:/bin:/usr/local/sbin:/usr/sbin:/sbin:/home/eserte/bin/linux-gnu:/home/eserte/bin/sh:/home/eserte/bin:/usr/games:/home/eserte/devel:/home/eserte/src/srezic-misc/scripts
    PERL5LIB = 
    PERL5OPT = 
    PERL5_CPANPLUS_IS_RUNNING = 8649
    PERL5_CPAN_IS_RUNNING = 8649
    PERL5_CPAN_IS_RUNNING_IN_RECURSION = 19432,8649
    PERLDOC = -MPod::Perldoc::ToTextOverstrike
    PERL_BATCH = yes
    PERL_CPAN_REPORTER_CONFIG = /var/tmp/cpansmoker-1001/cpanreporter_011_config.ini
    PERL_EXTUTILS_AUTOINSTALL = --defaultdeps
    PERL_HTML_DISPLAY_CLASS = HTML::Display::Mozilla
    PERL_PARALLEL_SMOKER = yes
    SHELL = /bin/zsh
    TERM = screen
    TMPDIR = /var/tmp/cpansmoker-1001

Perl special variables (and OS-specific diagnostics, for MSWin32):

    $^X = /bbbike/perl-5.21.11/bin/perl5.21.11
    $UID/$EUID = 1001 / 1001
    $GID = 1001 109 1001
    $EGID = 1001 109 1001

Perl module toolchain versions installed:

    Module              Have    
    ------------------- --------
    CPAN                2.10    
    CPAN::Meta          2.150001
    Cwd                 3.47    
    ExtUtils::CBuilder  0.280221
    ExtUtils::Command   1.20    
    ExtUtils::Install   2.04    
    ExtUtils::MakeMaker 7.04    
    ExtUtils::Manifest  1.70    
    ExtUtils::ParseXS   3.28    
    File::Spec          3.47    
    JSON                2.90    
    JSON::PP            2.27300 
    Module::Build       0.4211  
    Module::Signature   0.78    
    Parse::CPAN::Meta   1.4414  
    Test::Harness       3.35    
    Test::More          1.001014
    YAML                1.15    
    YAML::Syck          1.29    
    version             0.9912  


--

Summary of my perl5 (revision 5 version 21 subversion 11) configuration:
   
  Platform:
    osname=linux, osvers=3.2.0-4-amd64, archname=x86_64-linux
    uname='linux eserte 3.2.0-4-amd64 #1 smp debian 3.2.65-1+deb7u2 x86_64 gnulinux '
    config_args='-ds -e -Dprefix=/opt/perl-5.21.11 -Dusedevel -Dusemallocwrap=no -Dcf_email=srezic@cpan.org'
    hint=recommended, useposix=true, d_sigaction=define
    useithreads=undef, usemultiplicity=undef
    use64bitint=define, use64bitall=define, uselongdouble=undef
    usemymalloc=n, bincompat5005=undef
  Compiler:
    cc='cc', ccflags ='-fwrapv -fno-strict-aliasing -pipe -fstack-protector -I/usr/local/include -D_LARGEFILE_SOURCE -D_FILE_OFFSET_BITS=64 -D_FORTIFY_SOURCE=2',
    optimize='-O2',
    cppflags='-fwrapv -fno-strict-aliasing -pipe -fstack-protector -I/usr/local/include'
    ccversion='', gccversion='4.7.2', gccosandvers=''
    intsize=4, longsize=8, ptrsize=8, doublesize=8, byteorder=12345678, doublekind=3
    d_longlong=define, longlongsize=8, d_longdbl=define, longdblsize=16, longdblkind=3
    ivtype='long', ivsize=8, nvtype='double', nvsize=8, Off_t='off_t', lseeksize=8
    alignbytes=8, prototype=define
  Linker and Libraries:
    ld='cc', ldflags =' -fstack-protector -L/usr/local/lib'
    libpth=/usr/local/lib /usr/lib/gcc/x86_64-linux-gnu/4.7/include-fixed /usr/include/x86_64-linux-gnu /usr/lib /lib/x86_64-linux-gnu /lib/../lib /usr/lib/x86_64-linux-gnu /usr/lib/../lib /lib
    libs=-lpthread -lnsl -ldb -ldl -lm -lcrypt -lutil -lc
    perllibs=-lpthread -lnsl -ldl -lm -lcrypt -lutil -lc
    libc=libc-2.13.so, so=so, useshrplib=false, libperl=libperl.a
    gnulibc_version='2.13'
  Dynamic Linking:
    dlsrc=dl_dlopen.xs, dlext=so, d_dlsymun=undef, ccdlflags='-Wl,-E'
    cccdlflags='-fPIC', lddlflags='-shared -O2 -L/usr/local/lib -fstack-protector'


Characteristics of this binary (from libperl): 
  Compile-time options: HAS_TIMES PERLIO_LAYERS PERL_DONT_CREATE_GVSV
                        PERL_HASH_FUNC_ONE_AT_A_TIME_HARD
                        PERL_NEW_COPY_ON_WRITE PERL_PRESERVE_IVUV
                        PERL_USE_DEVEL USE_64_BIT_ALL USE_64_BIT_INT
                        USE_LARGE_FILES USE_LOCALE USE_LOCALE_COLLATE
                        USE_LOCALE_CTYPE USE_LOCALE_NUMERIC USE_LOCALE_TIME
                        USE_PERLIO USE_PERL_ATOF
  Built under linux
  Compiled at Apr 20 2015 21:41:31
  %ENV:
    PERL5LIB=""
    PERL5OPT=""
    PERL5_CPANPLUS_IS_RUNNING="8649"
    PERL5_CPAN_IS_RUNNING="8649"
    PERL5_CPAN_IS_RUNNING_IN_RECURSION="19432,8649"
    PERLDOC="-MPod::Perldoc::ToTextOverstrike"
    PERL_BATCH="yes"
    PERL_CPAN_REPORTER_CONFIG="/var/tmp/cpansmoker-1001/cpanreporter_011_config.ini"
    PERL_EXTUTILS_AUTOINSTALL="--defaultdeps"
    PERL_HTML_DISPLAY_CLASS="HTML::Display::Mozilla"
    PERL_PARALLEL_SMOKER="yes"
  @INC:
    /opt/perl-5.21.11/lib/site_perl/5.21.11/x86_64-linux
    /opt/perl-5.21.11/lib/site_perl/5.21.11
    /opt/perl-5.21.11/lib/5.21.11/x86_64-linux
    /opt/perl-5.21.11/lib/5.21.11
    .