Report for Google-AJAX-Library-0.022

Back
From: metabase:user:320bfe00-2aae-11df-837a-5e0a49663a4f
Subject: FAIL Google-AJAX-Library-0.022 v5.17.6 GNU/Linux
Date: 2012-11-18T11:54:52Z

This distribution has been tested as part of the CPAN Testers
project, supporting the Perl programming language.  See
http://wiki.cpantesters.org/ for more information or email
questions to cpan-testers-discuss@perl.org


--
Dear Robert Krimen,

This is a computer-generated report for Google-AJAX-Library-0.022
on perl 5.17.6, created by CPAN-Reporter-1.2006.

Thank you for uploading your work to CPAN.  However, there was a problem
testing your distribution.

If you think this report is invalid, please consult the CPAN Testers Wiki
for suggestions on how to avoid getting FAIL reports for missing library
or binary dependencies, unsupported operating systems, and so on:

http://wiki.cpantesters.org/wiki/CPANAuthorNotes

Sections of this report:

    * Tester comments
    * Program output
    * Prerequisites
    * Environment and other context

------------------------------
TESTER COMMENTS
------------------------------

Additional comments from tester:

this report is from an automated smoke testing program
and was not reviewed by a human for accuracy

------------------------------
PROGRAM OUTPUT
------------------------------

Output from '/usr/bin/make test':

PERL_DL_NONLAZY=1 /tmp/basesmoker-reloperl-6dU6/bin/perl "-MExtUtils::Command::MM" "-e" "test_harness(0, 'blib/lib', 'blib/arch')" t/*.t
You are overwriting a locally defined function (file) with an accessor at /home/src/perl/repoperls/installed-perls/perl/v5.17.5-522-g10ffaf9/165a/lib/site_perl/5.17.6/x86_64-linux/Moose/Meta/Attribute.pm line 1065.
	Moose::Meta::Attribute::_process_accessors('Moose::Meta::Attribute=HASH(0x28e5368)', 'reader', 'file', undef) called at /home/src/perl/repoperls/installed-perls/perl/v5.17.5-522-g10ffaf9/165a/lib/site_perl/5.17.6/x86_64-linux/Class/MOP/Attribute.pm line 428
	Class::MOP::Attribute::install_accessors('Moose::Meta::Attribute=HASH(0x28e5368)') called at /home/src/perl/repoperls/installed-perls/perl/v5.17.5-522-g10ffaf9/165a/lib/site_perl/5.17.6/x86_64-linux/Moose/Meta/Attribute.pm line 1012
	Moose::Meta::Attribute::install_accessors('Moose::Meta::Attribute=HASH(0x28e5368)') called at /home/src/perl/repoperls/installed-perls/perl/v5.17.5-522-g10ffaf9/165a/lib/site_perl/5.17.6/x86_64-linux/Class/MOP/Class.pm line 891
	Class::MOP::Class::__ANON__() called at /home/src/perl/repoperls/installed-perls/perl/v5.17.5-522-g10ffaf9/165a/lib/site_perl/5.17.6/Try/Tiny.pm line 76
	eval {...} called at /home/src/perl/repoperls/installed-perls/perl/v5.17.5-522-g10ffaf9/165a/lib/site_perl/5.17.6/Try/Tiny.pm line 67
	Try::Tiny::try('CODE(0x28e48d0)', 'Try::Tiny::Catch=REF(0x28e4db0)') called at /home/src/perl/repoperls/installed-perls/perl/v5.17.5-522-g10ffaf9/165a/lib/site_perl/5.17.6/x86_64-linux/Class/MOP/Class.pm line 896
	Class::MOP::Class::_post_add_attribute('Moose::Meta::Class=HASH(0x2184980)', 'Moose::Meta::Attribute=HASH(0x28e5368)') called at /home/src/perl/repoperls/installed-perls/perl/v5.17.5-522-g10ffaf9/165a/lib/site_perl/5.17.6/x86_64-linux/Class/MOP/Mixin/HasAttributes.pm line 44
	Class::MOP::Mixin::HasAttributes::add_attribute('Moose::Meta::Class=HASH(0x2184980)', 'Moose::Meta::Attribute=HASH(0x28e5368)') called at /home/src/perl/repoperls/installed-perls/perl/v5.17.5-522-g10ffaf9/165a/lib/site_perl/5.17.6/x86_64-linux/Moose/Meta/Class.pm line 570
	Moose::Meta::Class::add_attribute('Moose::Meta::Class=HASH(0x2184980)', 'file', 'definition_context', 'HASH(0x14cf590)', 'is', 'ro') called at /home/src/perl/repoperls/installed-perls/perl/v5.17.5-522-g10ffaf9/165a/lib/site_perl/5.17.6/x86_64-linux/Moose.pm line 79
	Moose::has('Moose::Meta::Class=HASH(0x2184980)', 'file', 'is', 'ro') called at /home/src/perl/repoperls/installed-perls/perl/v5.17.5-522-g10ffaf9/165a/lib/site_perl/5.17.6/x86_64-linux/Moose/Exporter.pm line 382
	Moose::has('file', 'is', 'ro') called at /tmp/loop_over_bdir-PKH0e8/Google-AJAX-Library-0.022-0HpxbH/blib/lib/Google/AJAX/Library.pm line 32
	require Google/AJAX/Library.pm called at t/01-basic.t line 5
	main::BEGIN() called at /tmp/loop_over_bdir-PKH0e8/Google-AJAX-Library-0.022-0HpxbH/blib/lib/Google/AJAX/Library.pm line 0
	eval {...} called at /tmp/loop_over_bdir-PKH0e8/Google-AJAX-Library-0.022-0HpxbH/blib/lib/Google/AJAX/Library.pm line 0

#   Failed test at t/01-basic.t line 13.
#          got: '<script type="text/javascript" src="http://ajax.googleapis.com/ajax/libs/jquery/1/jquery.min.js"></script>'
#     expected: '<script src="http://ajax.googleapis.com/ajax/libs/jquery/1/jquery.min.js" type="text/javascript"></script>'
# Looks like you failed 1 test of 25.
t/01-basic.t .... 
Dubious, test returned 1 (wstat 256, 0x100)
Failed 1/25 subtests 
You are overwriting a locally defined function (file) with an accessor at /home/src/perl/repoperls/installed-perls/perl/v5.17.5-522-g10ffaf9/165a/lib/site_perl/5.17.6/x86_64-linux/Moose/Meta/Attribute.pm line 1065.
	Moose::Meta::Attribute::_process_accessors('Moose::Meta::Attribute=HASH(0x35c48e8)', 'reader', 'file', undef) called at /home/src/perl/repoperls/installed-perls/perl/v5.17.5-522-g10ffaf9/165a/lib/site_perl/5.17.6/x86_64-linux/Class/MOP/Attribute.pm line 428
	Class::MOP::Attribute::install_accessors('Moose::Meta::Attribute=HASH(0x35c48e8)') called at /home/src/perl/repoperls/installed-perls/perl/v5.17.5-522-g10ffaf9/165a/lib/site_perl/5.17.6/x86_64-linux/Moose/Meta/Attribute.pm line 1012
	Moose::Meta::Attribute::install_accessors('Moose::Meta::Attribute=HASH(0x35c48e8)') called at /home/src/perl/repoperls/installed-perls/perl/v5.17.5-522-g10ffaf9/165a/lib/site_perl/5.17.6/x86_64-linux/Class/MOP/Class.pm line 891
	Class::MOP::Class::__ANON__() called at /home/src/perl/repoperls/installed-perls/perl/v5.17.5-522-g10ffaf9/165a/lib/site_perl/5.17.6/Try/Tiny.pm line 76
	eval {...} called at /home/src/perl/repoperls/installed-perls/perl/v5.17.5-522-g10ffaf9/165a/lib/site_perl/5.17.6/Try/Tiny.pm line 67
	Try::Tiny::try('CODE(0x35c3e50)', 'Try::Tiny::Catch=REF(0x35c4300)') called at /home/src/perl/repoperls/installed-perls/perl/v5.17.5-522-g10ffaf9/165a/lib/site_perl/5.17.6/x86_64-linux/Class/MOP/Class.pm line 896
	Class::MOP::Class::_post_add_attribute('Moose::Meta::Class=HASH(0x2e644e8)', 'Moose::Meta::Attribute=HASH(0x35c48e8)') called at /home/src/perl/repoperls/installed-perls/perl/v5.17.5-522-g10ffaf9/165a/lib/site_perl/5.17.6/x86_64-linux/Class/MOP/Mixin/HasAttributes.pm line 44
	Class::MOP::Mixin::HasAttributes::add_attribute('Moose::Meta::Class=HASH(0x2e644e8)', 'Moose::Meta::Attribute=HASH(0x35c48e8)') called at /home/src/perl/repoperls/installed-perls/perl/v5.17.5-522-g10ffaf9/165a/lib/site_perl/5.17.6/x86_64-linux/Moose/Meta/Class.pm line 570
	Moose::Meta::Class::add_attribute('Moose::Meta::Class=HASH(0x2e644e8)', 'file', 'is', 'ro', 'definition_context', 'HASH(0x21ae968)') called at /home/src/perl/repoperls/installed-perls/perl/v5.17.5-522-g10ffaf9/165a/lib/site_perl/5.17.6/x86_64-linux/Moose.pm line 79
	Moose::has('Moose::Meta::Class=HASH(0x2e644e8)', 'file', 'is', 'ro') called at /home/src/perl/repoperls/installed-perls/perl/v5.17.5-522-g10ffaf9/165a/lib/site_perl/5.17.6/x86_64-linux/Moose/Exporter.pm line 382
	Moose::has('file', 'is', 'ro') called at /tmp/loop_over_bdir-PKH0e8/Google-AJAX-Library-0.022-0HpxbH/blib/lib/Google/AJAX/Library.pm line 32
	require Google/AJAX/Library.pm called at t/02-library.t line 5
	main::BEGIN() called at /tmp/loop_over_bdir-PKH0e8/Google-AJAX-Library-0.022-0HpxbH/blib/lib/Google/AJAX/Library.pm line 0
	eval {...} called at /tmp/loop_over_bdir-PKH0e8/Google-AJAX-Library-0.022-0HpxbH/blib/lib/Google/AJAX/Library.pm line 0
t/02-library.t .. ok
You are overwriting a locally defined function (file) with an accessor at /home/src/perl/repoperls/installed-perls/perl/v5.17.5-522-g10ffaf9/165a/lib/site_perl/5.17.6/x86_64-linux/Moose/Meta/Attribute.pm line 1065.
	Moose::Meta::Attribute::_process_accessors('Moose::Meta::Attribute=HASH(0x3b7dd70)', 'reader', 'file', undef) called at /home/src/perl/repoperls/installed-perls/perl/v5.17.5-522-g10ffaf9/165a/lib/site_perl/5.17.6/x86_64-linux/Class/MOP/Attribute.pm line 428
	Class::MOP::Attribute::install_accessors('Moose::Meta::Attribute=HASH(0x3b7dd70)') called at /home/src/perl/repoperls/installed-perls/perl/v5.17.5-522-g10ffaf9/165a/lib/site_perl/5.17.6/x86_64-linux/Moose/Meta/Attribute.pm line 1012
	Moose::Meta::Attribute::install_accessors('Moose::Meta::Attribute=HASH(0x3b7dd70)') called at /home/src/perl/repoperls/installed-perls/perl/v5.17.5-522-g10ffaf9/165a/lib/site_perl/5.17.6/x86_64-linux/Class/MOP/Class.pm line 891
	Class::MOP::Class::__ANON__() called at /home/src/perl/repoperls/installed-perls/perl/v5.17.5-522-g10ffaf9/165a/lib/site_perl/5.17.6/Try/Tiny.pm line 76
	eval {...} called at /home/src/perl/repoperls/installed-perls/perl/v5.17.5-522-g10ffaf9/165a/lib/site_perl/5.17.6/Try/Tiny.pm line 67
	Try::Tiny::try('CODE(0x3b7d2c0)', 'Try::Tiny::Catch=REF(0x3b7d740)') called at /home/src/perl/repoperls/installed-perls/perl/v5.17.5-522-g10ffaf9/165a/lib/site_perl/5.17.6/x86_64-linux/Class/MOP/Class.pm line 896
	Class::MOP::Class::_post_add_attribute('Moose::Meta::Class=HASH(0x341e050)', 'Moose::Meta::Attribute=HASH(0x3b7dd70)') called at /home/src/perl/repoperls/installed-perls/perl/v5.17.5-522-g10ffaf9/165a/lib/site_perl/5.17.6/x86_64-linux/Class/MOP/Mixin/HasAttributes.pm line 44
	Class::MOP::Mixin::HasAttributes::add_attribute('Moose::Meta::Class=HASH(0x341e050)', 'Moose::Meta::Attribute=HASH(0x3b7dd70)') called at /home/src/perl/repoperls/installed-perls/perl/v5.17.5-522-g10ffaf9/165a/lib/site_perl/5.17.6/x86_64-linux/Moose/Meta/Class.pm line 570
	Moose::Meta::Class::add_attribute('Moose::Meta::Class=HASH(0x341e050)', 'file', 'is', 'ro', 'definition_context', 'HASH(0x2768308)') called at /home/src/perl/repoperls/installed-perls/perl/v5.17.5-522-g10ffaf9/165a/lib/site_perl/5.17.6/x86_64-linux/Moose.pm line 79
	Moose::has('Moose::Meta::Class=HASH(0x341e050)', 'file', 'is', 'ro') called at /home/src/perl/repoperls/installed-perls/perl/v5.17.5-522-g10ffaf9/165a/lib/site_perl/5.17.6/x86_64-linux/Moose/Exporter.pm line 382
	Moose::has('file', 'is', 'ro') called at /tmp/loop_over_bdir-PKH0e8/Google-AJAX-Library-0.022-0HpxbH/blib/lib/Google/AJAX/Library.pm line 32
	require Google/AJAX/Library.pm called at t/03-fetch.t line 5
	main::BEGIN() called at /tmp/loop_over_bdir-PKH0e8/Google-AJAX-Library-0.022-0HpxbH/blib/lib/Google/AJAX/Library.pm line 0
	eval {...} called at /tmp/loop_over_bdir-PKH0e8/Google-AJAX-Library-0.022-0HpxbH/blib/lib/Google/AJAX/Library.pm line 0
t/03-fetch.t .... skipped: Not going out to http://ajax.googleapis.com to test fetching/writing

Test Summary Report
-------------------
t/01-basic.t  (Wstat: 256 Tests: 25 Failed: 1)
  Failed test:  4
  Non-zero exit status: 1
Files=3, Tests=61,  1 wallclock secs ( 0.03 usr  0.01 sys +  0.58 cusr  0.06 csys =  0.68 CPU)
Result: FAIL
Failed 1/3 test programs. 1/61 subtests failed.
make: *** [test_dynamic] Error 255

------------------------------
PREREQUISITES
------------------------------

Prerequisite modules loaded:

requires:

    Module              Need Have   
    ------------------- ---- -------
    Carp::Clan::Share   0    0.013  
    HTML::Declare       0    2.4    
    LWP::UserAgent      0    6.04   
    Moose               0    2.0604 
    Path::Class         0    0.26   
    URI                 0    1.60   

build_requires:

    Module              Need Have   
    ------------------- ---- -------
    File::Temp          0    0.22   
    Test::Most          0    0.31   

configure_requires:

    Module              Need Have   
    ------------------- ---- -------
    ExtUtils::MakeMaker 6.31 6.63_02


------------------------------
ENVIRONMENT AND OTHER CONTEXT
------------------------------

Environment variables:

    AUTOMATED_TESTING = 1
    LANG = en_US.UTF-8
    LANGUAGE = en_US:en
    PATH = /home/sand/bin:/usr/local/bin:/usr/bin:/bin:/usr/bin/X11:/usr/games:/usr/local/perl/bin:/usr/X11/bin:/sbin:/usr/sbin
    PERL5LIB = 
    PERL5OPT = 
    PERL5_CPANPLUS_IS_RUNNING = 15723
    PERL5_CPAN_IS_RUNNING = 15723
    PERL_MM_USE_DEFAULT = 1
    SHELL = /usr/bin/zsh
    TERM = screen

Perl special variables (and OS-specific diagnostics, for MSWin32):

    $^X = /tmp/basesmoker-reloperl-6dU6/bin/perl
    $UID/$EUID = 1005 / 1005
    $GID = 1005 1005
    $EGID = 1005 1005

Perl module toolchain versions installed:

    Module              Have    
    ------------------- --------
    CPAN                1.9800  
    CPAN::Meta          2.120921
    Cwd                 3.39_02 
    ExtUtils::CBuilder  0.280209
    ExtUtils::Command   1.17    
    ExtUtils::Install   1.58    
    ExtUtils::MakeMaker 6.63_02 
    ExtUtils::Manifest  1.62    
    ExtUtils::ParseXS   3.18    
    File::Spec          3.39_02 
    JSON                2.53    
    JSON::PP            2.27200 
    Module::Build       0.4003  
    Module::Signature   0.69    
    Parse::CPAN::Meta   1.4404  
    Test::Harness       3.25_01 
    Test::More          0.98    
    YAML                0.84    
    YAML::Syck          1.21    
    version             0.9901  


--

Summary of my perl5 (revision 5 version 17 subversion 6) configuration:
  Commit id: 10ffaf90349dac17b6050fa36821c8d99f5dfb87
  Platform:
    osname=linux, osvers=3.2.0-4-amd64, archname=x86_64-linux
    uname='linux k83 3.2.0-4-amd64 #1 smp debian 3.2.32-1 x86_64 gnulinux '
    config_args='-Dprefix=/home/src/perl/repoperls/installed-perls/perl/v5.17.5-522-g10ffaf9/165a -Dmyhostname=k83 -Dinstallusrbinperl=n -Uversiononly -Dusedevel -des -Ui_db -Uuseithreads -Uuselongdouble -DDEBUGGING=-g'
    hint=recommended, useposix=true, d_sigaction=define
    useithreads=undef, usemultiplicity=undef
    useperlio=define, d_sfio=undef, uselargefiles=define, usesocks=undef
    use64bitint=define, use64bitall=define, uselongdouble=undef
    usemymalloc=n, bincompat5005=undef
  Compiler:
    cc='cc', ccflags ='-fno-strict-aliasing -pipe -fstack-protector -I/usr/local/include -D_LARGEFILE_SOURCE -D_FILE_OFFSET_BITS=64',
    optimize='-O2 -g',
    cppflags='-fno-strict-aliasing -pipe -fstack-protector -I/usr/local/include'
    ccversion='', gccversion='4.7.2', gccosandvers=''
    intsize=4, longsize=8, ptrsize=8, doublesize=8, byteorder=12345678
    d_longlong=define, longlongsize=8, d_longdbl=define, longdblsize=16
    ivtype='long', ivsize=8, nvtype='double', nvsize=8, Off_t='off_t', lseeksize=8
    alignbytes=8, prototype=define
  Linker and Libraries:
    ld='cc', ldflags =' -fstack-protector -L/usr/local/lib'
    libpth=/usr/local/lib /lib/x86_64-linux-gnu /lib/../lib /usr/lib/x86_64-linux-gnu /usr/lib/../lib /lib /usr/lib
    libs=-lnsl -ldb -ldl -lm -lcrypt -lutil -lc
    perllibs=-lnsl -ldl -lm -lcrypt -lutil -lc
    libc=, so=so, useshrplib=false, libperl=libperl.a
    gnulibc_version='2.13'
  Dynamic Linking:
    dlsrc=dl_dlopen.xs, dlext=so, d_dlsymun=undef, ccdlflags='-Wl,-E'
    cccdlflags='-fPIC', lddlflags='-shared -O2 -g -L/usr/local/lib -fstack-protector'


Characteristics of this binary (from libperl): 
  Compile-time options: HAS_TIMES PERLIO_LAYERS PERL_DONT_CREATE_GVSV
                        PERL_MALLOC_WRAP PERL_PRESERVE_IVUV PERL_USE_DEVEL
                        USE_64_BIT_ALL USE_64_BIT_INT USE_LARGE_FILES
                        USE_LOCALE USE_LOCALE_COLLATE USE_LOCALE_CTYPE
                        USE_LOCALE_NUMERIC USE_PERLIO USE_PERL_ATOF
  Built under linux
  Compiled at Nov 17 2012 23:05:01
  %ENV:
    PERL5LIB=""
    PERL5OPT=""
    PERL5_CPANPLUS_IS_RUNNING="15723"
    PERL5_CPAN_IS_RUNNING="15723"
    PERL_MM_USE_DEFAULT="1"
  @INC:
    /home/src/perl/repoperls/installed-perls/perl/v5.17.5-522-g10ffaf9/165a/lib/site_perl/5.17.6/x86_64-linux
    /home/src/perl/repoperls/installed-perls/perl/v5.17.5-522-g10ffaf9/165a/lib/site_perl/5.17.6
    /home/src/perl/repoperls/installed-perls/perl/v5.17.5-522-g10ffaf9/165a/lib/5.17.6/x86_64-linux
    /home/src/perl/repoperls/installed-perls/perl/v5.17.5-522-g10ffaf9/165a/lib/5.17.6
    .