Report for ActiveRecord-Simple-0.80

Back
From: metabase:user:314402c4-2aae-11df-837a-5e0a49663a4f
Subject: FAIL ActiveRecord-Simple-0.80 v5.23.6 GNU/Linux
Date: 2016-01-18T18:17:39Z

This distribution has been tested as part of the CPAN Testers
project, supporting the Perl programming language.  See
http://wiki.cpantesters.org/ for more information or email
questions to cpan-testers-discuss@perl.org


--
Dear Alexander Ponomarev,

This is a computer-generated report for ActiveRecord-Simple-0.80
on perl 5.23.6, created by CPAN-Reporter-1.2015.

Thank you for uploading your work to CPAN.  However, there was a problem
testing your distribution.

If you think this report is invalid, please consult the CPAN Testers Wiki
for suggestions on how to avoid getting FAIL reports for missing library
or binary dependencies, unsupported operating systems, and so on:

http://wiki.cpantesters.org/wiki/CPANAuthorNotes

Sections of this report:

    * Tester comments
    * Program output
    * Prerequisites
    * Environment and other context

------------------------------
TESTER COMMENTS
------------------------------

Additional comments from tester:

none provided

------------------------------
PROGRAM OUTPUT
------------------------------

Output from '/usr/bin/make test':

PERL_DL_NONLAZY=1 "/bbbike/perl-5.23.6t/bin/perl5.23.6" "-MExtUtils::Command::MM" "-MTest::Harness" "-e" "undef *Test::Harness::Switches; test_harness(0, 'blib/lib', 'blib/arch')" t/*.t
# Testing ActiveRecord::Simple 0.80, Perl 5.023006, /bbbike/perl-5.23.6t/bin/perl5.23.6
t/00-load.t ............. ok
t/01-boilerplate.t ...... ok
t/02-pod.t .............. ok
t/03-pod-coverage.t ..... ok
t/04-manifest.t ......... skipped: Author tests not required for installation
t/05-basic.t ............ ok
t/06-accessors.t ........ ok
install_driver(SQLite) failed: Can't locate DBD/SQLite.pm in @INC (you may need to install the DBD::SQLite module) (@INC contains: /tmpfs/.cpan-build/2016011815/ActiveRecord-Simple-0.80-lVYPva/t/../lib /tmpfs/.cpan-build/2016011815/ActiveRecord-Simple-0.80-lVYPva/blib/lib /tmpfs/.cpan-build/2016011815/ActiveRecord-Simple-0.80-lVYPva/blib/arch /home/eserte/.cpan/build/2016011815/Text-Difference-0.02-gjyHM9/blib/arch /home/eserte/.cpan/build/2016011815/Text-Difference-0.02-gjyHM9/blib/lib /opt/perl-5.23.6t/lib/site_perl/5.23.6/x86_64-linux-thread-multi /opt/perl-5.23.6t/lib/site_perl/5.23.6 /opt/perl-5.23.6t/lib/5.23.6/x86_64-linux-thread-multi /opt/perl-5.23.6t/lib/5.23.6 .) at (eval 8) line 3.
Perhaps the DBD::SQLite perl module hasn't been fully installed,
or perhaps the capitalisation of 'SQLite' isn't right.
Available drivers: DBM, ExampleP, File, Gofer, Proxy, Sponge, XBase.
 at t/07-find.t line 28.
t/07-find.t ............. 
Dubious, test returned 2 (wstat 512, 0x200)
No subtests run 
install_driver(SQLite) failed: Can't locate DBD/SQLite.pm in @INC (you may need to install the DBD::SQLite module) (@INC contains: /tmpfs/.cpan-build/2016011815/ActiveRecord-Simple-0.80-lVYPva/t/../lib /tmpfs/.cpan-build/2016011815/ActiveRecord-Simple-0.80-lVYPva/blib/lib /tmpfs/.cpan-build/2016011815/ActiveRecord-Simple-0.80-lVYPva/blib/arch /home/eserte/.cpan/build/2016011815/Text-Difference-0.02-gjyHM9/blib/arch /home/eserte/.cpan/build/2016011815/Text-Difference-0.02-gjyHM9/blib/lib /opt/perl-5.23.6t/lib/site_perl/5.23.6/x86_64-linux-thread-multi /opt/perl-5.23.6t/lib/site_perl/5.23.6 /opt/perl-5.23.6t/lib/5.23.6/x86_64-linux-thread-multi /opt/perl-5.23.6t/lib/5.23.6 .) at (eval 8) line 3.
Perhaps the DBD::SQLite perl module hasn't been fully installed,
or perhaps the capitalisation of 'SQLite' isn't right.
Available drivers: DBM, ExampleP, File, Gofer, Proxy, Sponge, XBase.
 at t/08-relations.t line 68.
t/08-relations.t ........ 
Dubious, test returned 2 (wstat 512, 0x200)
No subtests run 
install_driver(SQLite) failed: Can't locate DBD/SQLite.pm in @INC (you may need to install the DBD::SQLite module) (@INC contains: /tmpfs/.cpan-build/2016011815/ActiveRecord-Simple-0.80-lVYPva/t/../lib /tmpfs/.cpan-build/2016011815/ActiveRecord-Simple-0.80-lVYPva/blib/lib /tmpfs/.cpan-build/2016011815/ActiveRecord-Simple-0.80-lVYPva/blib/arch /home/eserte/.cpan/build/2016011815/Text-Difference-0.02-gjyHM9/blib/arch /home/eserte/.cpan/build/2016011815/Text-Difference-0.02-gjyHM9/blib/lib /opt/perl-5.23.6t/lib/site_perl/5.23.6/x86_64-linux-thread-multi /opt/perl-5.23.6t/lib/site_perl/5.23.6 /opt/perl-5.23.6t/lib/5.23.6/x86_64-linux-thread-multi /opt/perl-5.23.6t/lib/5.23.6 .) at (eval 8) line 3.
Perhaps the DBD::SQLite perl module hasn't been fully installed,
or perhaps the capitalisation of 'SQLite' isn't right.
Available drivers: DBM, ExampleP, File, Gofer, Proxy, Sponge, XBase.
 at t/09-crud-methods.t line 28.
t/09-crud-methods.t ..... 
Dubious, test returned 2 (wstat 512, 0x200)
No subtests run 
t/10-sql-translator.t ... skipped: SQL::Translator is required for this test
install_driver(SQLite) failed: Can't locate DBD/SQLite.pm in @INC (you may need to install the DBD::SQLite module) (@INC contains: /tmpfs/.cpan-build/2016011815/ActiveRecord-Simple-0.80-lVYPva/t/../lib /tmpfs/.cpan-build/2016011815/ActiveRecord-Simple-0.80-lVYPva/blib/lib /tmpfs/.cpan-build/2016011815/ActiveRecord-Simple-0.80-lVYPva/blib/arch /home/eserte/.cpan/build/2016011815/Text-Difference-0.02-gjyHM9/blib/arch /home/eserte/.cpan/build/2016011815/Text-Difference-0.02-gjyHM9/blib/lib /opt/perl-5.23.6t/lib/site_perl/5.23.6/x86_64-linux-thread-multi /opt/perl-5.23.6t/lib/site_perl/5.23.6 /opt/perl-5.23.6t/lib/5.23.6/x86_64-linux-thread-multi /opt/perl-5.23.6t/lib/5.23.6 .) at (eval 8) line 3.
Perhaps the DBD::SQLite perl module hasn't been fully installed,
or perhaps the capitalisation of 'SQLite' isn't right.
Available drivers: DBM, ExampleP, File, Gofer, Proxy, Sponge, XBase.
 at /tmpfs/.cpan-build/2016011815/ActiveRecord-Simple-0.80-lVYPva/t/../lib/ActiveRecord/Simple/Connect.pm line 23.
t/11-connect.t .......... 
Dubious, test returned 2 (wstat 512, 0x200)
No subtests run 
install_driver(SQLite) failed: Can't locate DBD/SQLite.pm in @INC (you may need to install the DBD::SQLite module) (@INC contains: /tmpfs/.cpan-build/2016011815/ActiveRecord-Simple-0.80-lVYPva/t/../lib /tmpfs/.cpan-build/2016011815/ActiveRecord-Simple-0.80-lVYPva/blib/lib /tmpfs/.cpan-build/2016011815/ActiveRecord-Simple-0.80-lVYPva/blib/arch /home/eserte/.cpan/build/2016011815/Text-Difference-0.02-gjyHM9/blib/arch /home/eserte/.cpan/build/2016011815/Text-Difference-0.02-gjyHM9/blib/lib /opt/perl-5.23.6t/lib/site_perl/5.23.6/x86_64-linux-thread-multi /opt/perl-5.23.6t/lib/site_perl/5.23.6 /opt/perl-5.23.6t/lib/5.23.6/x86_64-linux-thread-multi /opt/perl-5.23.6t/lib/5.23.6 .) at (eval 5) line 3.
Perhaps the DBD::SQLite perl module hasn't been fully installed,
or perhaps the capitalisation of 'SQLite' isn't right.
Available drivers: DBM, ExampleP, File, Gofer, Proxy, Sponge, XBase.
 at /tmpfs/.cpan-build/2016011815/ActiveRecord-Simple-0.80-lVYPva/t/../lib/ActiveRecord/Simple/Connect.pm line 23.
BEGIN failed--compilation aborted at t/12-init.t line 125.
t/12-init.t ............. 
Dubious, test returned 2 (wstat 512, 0x200)
No subtests run 
install_driver(SQLite) failed: Can't locate DBD/SQLite.pm in @INC (you may need to install the DBD::SQLite module) (@INC contains: /tmpfs/.cpan-build/2016011815/ActiveRecord-Simple-0.80-lVYPva/t/../lib /tmpfs/.cpan-build/2016011815/ActiveRecord-Simple-0.80-lVYPva/blib/lib /tmpfs/.cpan-build/2016011815/ActiveRecord-Simple-0.80-lVYPva/blib/arch /home/eserte/.cpan/build/2016011815/Text-Difference-0.02-gjyHM9/blib/arch /home/eserte/.cpan/build/2016011815/Text-Difference-0.02-gjyHM9/blib/lib /opt/perl-5.23.6t/lib/site_perl/5.23.6/x86_64-linux-thread-multi /opt/perl-5.23.6t/lib/site_perl/5.23.6 /opt/perl-5.23.6t/lib/5.23.6/x86_64-linux-thread-multi /opt/perl-5.23.6t/lib/5.23.6 .) at (eval 8) line 3.
Perhaps the DBD::SQLite perl module hasn't been fully installed,
or perhaps the capitalisation of 'SQLite' isn't right.
Available drivers: DBM, ExampleP, File, Gofer, Proxy, Sponge, XBase.
 at /tmpfs/.cpan-build/2016011815/ActiveRecord-Simple-0.80-lVYPva/t/../lib/ActiveRecord/Simple/Connect.pm line 23.
t/13-migration.t ........ 
Dubious, test returned 2 (wstat 512, 0x200)
No subtests run 
install_driver(SQLite) failed: Can't locate DBD/SQLite.pm in @INC (you may need to install the DBD::SQLite module) (@INC contains: /tmpfs/.cpan-build/2016011815/ActiveRecord-Simple-0.80-lVYPva/t/../lib /tmpfs/.cpan-build/2016011815/ActiveRecord-Simple-0.80-lVYPva/blib/lib /tmpfs/.cpan-build/2016011815/ActiveRecord-Simple-0.80-lVYPva/blib/arch /home/eserte/.cpan/build/2016011815/Text-Difference-0.02-gjyHM9/blib/arch /home/eserte/.cpan/build/2016011815/Text-Difference-0.02-gjyHM9/blib/lib /opt/perl-5.23.6t/lib/site_perl/5.23.6/x86_64-linux-thread-multi /opt/perl-5.23.6t/lib/site_perl/5.23.6 /opt/perl-5.23.6t/lib/5.23.6/x86_64-linux-thread-multi /opt/perl-5.23.6t/lib/5.23.6 .) at (eval 5) line 3.
Perhaps the DBD::SQLite perl module hasn't been fully installed,
or perhaps the capitalisation of 'SQLite' isn't right.
Available drivers: DBM, ExampleP, File, Gofer, Proxy, Sponge, XBase.
 at /tmpfs/.cpan-build/2016011815/ActiveRecord-Simple-0.80-lVYPva/t/../lib/ActiveRecord/Simple/Connect.pm line 23.
BEGIN failed--compilation aborted at t/14-smart-accessors.t line 125.
t/14-smart-accessors.t .. 
Dubious, test returned 2 (wstat 512, 0x200)
No subtests run 

Test Summary Report
-------------------
t/01-boilerplate.t    (Wstat: 0 Tests: 5 Failed: 0)
  TODO passed:   1-5
t/07-find.t           (Wstat: 512 Tests: 0 Failed: 0)
  Non-zero exit status: 2
  Parse errors: No plan found in TAP output
t/08-relations.t      (Wstat: 512 Tests: 0 Failed: 0)
  Non-zero exit status: 2
  Parse errors: No plan found in TAP output
t/09-crud-methods.t   (Wstat: 512 Tests: 0 Failed: 0)
  Non-zero exit status: 2
  Parse errors: No plan found in TAP output
t/11-connect.t        (Wstat: 512 Tests: 0 Failed: 0)
  Non-zero exit status: 2
  Parse errors: No plan found in TAP output
t/12-init.t           (Wstat: 512 Tests: 0 Failed: 0)
  Non-zero exit status: 2
  Parse errors: No plan found in TAP output
t/13-migration.t      (Wstat: 512 Tests: 0 Failed: 0)
  Non-zero exit status: 2
  Parse errors: No plan found in TAP output
t/14-smart-accessors.t (Wstat: 512 Tests: 0 Failed: 0)
  Non-zero exit status: 2
  Parse errors: No plan found in TAP output
Files=15, Tests=64,  1 wallclock secs ( 0.04 usr  0.08 sys +  0.63 cusr  0.19 csys =  0.94 CPU)
Result: FAIL
Failed 7/15 test programs. 0/64 subtests failed.
make: *** [test_dynamic] Fehler 2

------------------------------
PREREQUISITES
------------------------------

Prerequisite modules loaded:

requires:

    Module              Need  Have    
    ------------------- ----- --------
    DBI                 0     1.634   
    Module::Load        0     0.32    
    perl                5.010 5.023006
    Storable            0     2.54    

build_requires:

    Module              Need  Have    
    ------------------- ----- --------
    ExtUtils::MakeMaker 0     7.10    
    Test::More          0     1.001014

configure_requires:

    Module              Need  Have    
    ------------------- ----- --------
    ExtUtils::MakeMaker 0     7.10    


------------------------------
ENVIRONMENT AND OTHER CONTEXT
------------------------------

Environment variables:

    LANG = C
    LC_ALL = de_DE.UTF-8
    PATH = /usr/local/bin:/usr/bin:/bin:/usr/local/sbin:/usr/sbin:/sbin:/home/eserte/bin/linux-gnu:/home/eserte/bin/sh:/home/eserte/bin:/usr/games:/home/eserte/devel:/home/eserte/src/srezic-misc/scripts
    PERL5LIB = /home/eserte/.cpan/build/2016011815/Text-Difference-0.02-gjyHM9/blib/arch:/home/eserte/.cpan/build/2016011815/Text-Difference-0.02-gjyHM9/blib/lib
    PERL5OPT = 
    PERL5_CPANPLUS_IS_RUNNING = 7924
    PERL5_CPAN_IS_RUNNING = 7924
    PERL5_CPAN_IS_RUNNING_IN_RECURSION = 22458,7924
    PERLDOC = -MPod::Perldoc::ToTextOverstrike
    PERL_BATCH = yes
    PERL_CANARY_STABILITY_NOPROMPT = 1
    PERL_CPAN_REPORTER_CONFIG = /var/tmp/cpansmoker-1001/2016011812/cpanreporter_000_config.ini
    PERL_EXTUTILS_AUTOINSTALL = --defaultdeps
    PERL_PARALLEL_SMOKER = yes
    SHELL = /bin/zsh
    TERM = screen
    TMPDIR = /var/tmp/cpansmoker-1001/2016011812

Perl special variables (and OS-specific diagnostics, for MSWin32):

    $^X = /bbbike/perl-5.23.6t/bin/perl5.23.6
    $UID/$EUID = 1001 / 1001
    $GID = 1001 109 1001
    $EGID = 1001 109 1001

Perl module toolchain versions installed:

    Module              Have    
    ------------------- --------
    CPAN                2.11    
    CPAN::Meta          2.150005
    Cwd                 3.60    
    ExtUtils::CBuilder  0.280224
    ExtUtils::Command   7.10    
    ExtUtils::Install   2.04    
    ExtUtils::MakeMaker 7.10    
    ExtUtils::Manifest  1.70    
    ExtUtils::ParseXS   3.30    
    File::Spec          3.60    
    JSON                2.90    
    JSON::PP            2.27300 
    Module::Build       0.4214  
    Module::Signature   n/a     
    Parse::CPAN::Meta   1.4417  
    Test::Harness       3.35    
    Test::More          1.001014
    YAML                1.15    
    YAML::Syck          1.29    
    version             0.9909  


--

Summary of my perl5 (revision 5 version 23 subversion 6) configuration:
   
  Platform:
    osname=linux, osvers=3.2.0-4-amd64, archname=x86_64-linux-thread-multi
    uname='linux eserte 3.2.0-4-amd64 #1 smp debian 3.2.68-1+deb7u6 x86_64 gnulinux '
    config_args='-ds -e -Dprefix=/opt/perl-5.23.6t -Dusedevel -Dusemallocwrap=no -Dusethreads -Dcf_email=srezic@cpan.org'
    hint=recommended, useposix=true, d_sigaction=define
    useithreads=define, usemultiplicity=define
    use64bitint=define, use64bitall=define, uselongdouble=undef
    usemymalloc=n, bincompat5005=undef
  Compiler:
    cc='cc', ccflags ='-D_REENTRANT -D_GNU_SOURCE -fwrapv -fno-strict-aliasing -pipe -fstack-protector -I/usr/local/include -D_LARGEFILE_SOURCE -D_FILE_OFFSET_BITS=64 -D_FORTIFY_SOURCE=2',
    optimize='-O2',
    cppflags='-D_REENTRANT -D_GNU_SOURCE -fwrapv -fno-strict-aliasing -pipe -fstack-protector -I/usr/local/include'
    ccversion='', gccversion='4.7.2', gccosandvers=''
    intsize=4, longsize=8, ptrsize=8, doublesize=8, byteorder=12345678, doublekind=3
    d_longlong=define, longlongsize=8, d_longdbl=define, longdblsize=16, longdblkind=3
    ivtype='long', ivsize=8, nvtype='double', nvsize=8, Off_t='off_t', lseeksize=8
    alignbytes=8, prototype=define
  Linker and Libraries:
    ld='cc', ldflags =' -fstack-protector -L/usr/local/lib'
    libpth=/usr/local/lib /usr/lib/gcc/x86_64-linux-gnu/4.7/include-fixed /usr/include/x86_64-linux-gnu /usr/lib /lib/x86_64-linux-gnu /lib/../lib /usr/lib/x86_64-linux-gnu /usr/lib/../lib /lib
    libs=-lpthread -lnsl -ldb -ldl -lm -lcrypt -lutil -lc
    perllibs=-lpthread -lnsl -ldl -lm -lcrypt -lutil -lc
    libc=libc-2.13.so, so=so, useshrplib=false, libperl=libperl.a
    gnulibc_version='2.13'
  Dynamic Linking:
    dlsrc=dl_dlopen.xs, dlext=so, d_dlsymun=undef, ccdlflags='-Wl,-E'
    cccdlflags='-fPIC', lddlflags='-shared -O2 -L/usr/local/lib -fstack-protector'


Characteristics of this binary (from libperl): 
  Compile-time options: HAS_TIMES MULTIPLICITY PERLIO_LAYERS
                        PERL_COPY_ON_WRITE PERL_DONT_CREATE_GVSV
                        PERL_HASH_FUNC_ONE_AT_A_TIME_HARD
                        PERL_IMPLICIT_CONTEXT PERL_PRESERVE_IVUV
                        PERL_USE_DEVEL USE_64_BIT_ALL USE_64_BIT_INT
                        USE_ITHREADS USE_LARGE_FILES USE_LOCALE
                        USE_LOCALE_COLLATE USE_LOCALE_CTYPE
                        USE_LOCALE_NUMERIC USE_LOCALE_TIME USE_PERLIO
                        USE_PERL_ATOF USE_REENTRANT_API
  Built under linux
  Compiled at Dec 22 2015 19:57:28
  %ENV:
    PERL5LIB="/home/eserte/.cpan/build/2016011815/Text-Difference-0.02-gjyHM9/blib/arch:/home/eserte/.cpan/build/2016011815/Text-Difference-0.02-gjyHM9/blib/lib"
    PERL5OPT=""
    PERL5_CPANPLUS_IS_RUNNING="7924"
    PERL5_CPAN_IS_RUNNING="7924"
    PERL5_CPAN_IS_RUNNING_IN_RECURSION="22458,7924"
    PERLDOC="-MPod::Perldoc::ToTextOverstrike"
    PERL_BATCH="yes"
    PERL_CANARY_STABILITY_NOPROMPT="1"
    PERL_CPAN_REPORTER_CONFIG="/var/tmp/cpansmoker-1001/2016011812/cpanreporter_000_config.ini"
    PERL_EXTUTILS_AUTOINSTALL="--defaultdeps"
    PERL_PARALLEL_SMOKER="yes"
  @INC:
    /home/eserte/.cpan/build/2016011815/Text-Difference-0.02-gjyHM9/blib/arch
    /home/eserte/.cpan/build/2016011815/Text-Difference-0.02-gjyHM9/blib/lib
    /opt/perl-5.23.6t/lib/site_perl/5.23.6/x86_64-linux-thread-multi
    /opt/perl-5.23.6t/lib/site_perl/5.23.6
    /opt/perl-5.23.6t/lib/5.23.6/x86_64-linux-thread-multi
    /opt/perl-5.23.6t/lib/5.23.6
    .