Report for Dist-Zilla-Role-Stash-Plugins-1.005

Back
From: metabase:user:320bfe00-2aae-11df-837a-5e0a49663a4f
Subject: FAIL Dist-Zilla-Role-Stash-Plugins-1.005 v5.17.6 GNU/Linux
Date: 2012-11-25T10:13:28Z

This distribution has been tested as part of the CPAN Testers
project, supporting the Perl programming language.  See
http://wiki.cpantesters.org/ for more information or email
questions to cpan-testers-discuss@perl.org


--
Dear Randy Stauner,

This is a computer-generated report for Dist-Zilla-Role-Stash-Plugins-1.005
on perl 5.17.6, created by CPAN-Reporter-1.2006.

Thank you for uploading your work to CPAN.  However, there was a problem
testing your distribution.

If you think this report is invalid, please consult the CPAN Testers Wiki
for suggestions on how to avoid getting FAIL reports for missing library
or binary dependencies, unsupported operating systems, and so on:

http://wiki.cpantesters.org/wiki/CPANAuthorNotes

Sections of this report:

    * Tester comments
    * Program output
    * Prerequisites
    * Environment and other context

------------------------------
TESTER COMMENTS
------------------------------

Additional comments from tester:

this report is from an automated smoke testing program
and was not reviewed by a human for accuracy

------------------------------
PROGRAM OUTPUT
------------------------------

Output from '/usr/bin/make test':

PERL_DL_NONLAZY=1 /home/sand/src/perl/repoperls/installed-perls/perl/v5.17.6-2-g5814c91/127e/bin/perl "-MExtUtils::Command::MM" "-e" "test_harness(0, 'blib/lib', 'blib/arch')" t/*.t
t/00-compile.t ................ ok
# 
# 
# perl: v5.17.6 (wanted 5.006) on linux from /home/sand/src/perl/repoperls/installed-perls/perl/v5.17.6-2-g5814c91/127e/bin/perl
# 
# Config::MVP::Slicer                           => 0.302      (want any version)
# Dist::Zilla::Role::DynamicConfig              => 1.002      (want any version)
# Dist::Zilla::Role::Plugin                     => 4.300028   (want any version)
# Dist::Zilla::Role::Stash                      => 4.300028   (want any version)
# Dist::Zilla::Tester                           => 4.300028   (want any version)
# ExtUtils::MakeMaker                           => 6.6302     (want 6.30)   
# File::Find                                    => 1.23       (want any version)
# File::Temp                                    => 0.22       (want any version)
# Moose                                         => 2.0604     (want any version)
# Moose::Role                                   => 2.0604     (want any version)
# Test::MockObject                              => 1.20120301 (want any version)
# Test::More                                    => 0.98       (want 0.88)   
# strict                                        => 1.07       (want any version)
# warnings                                      => 1.15       (want any version)
# 
# Thanks for using my code.  I hope it works for you.
# If not, please try and include this output in the bug report.
# That will help me reproduce the issue and solve you problem.
# 
t/000-report-versions-tiny.t .. ok
Attribute (separator) does not pass the type constraint because: Validation failed for 'Str' with value undef at constructor Config::MVP::Slicer::new (defined at /home/src/perl/repoperls/installed-perls/perl/v5.17.6-2-g5814c91/127e/lib/site_perl/5.17.6/Config/MVP/Slicer.pm line 202) line 80, <GEN2> line 15.
	Config::MVP::Slicer::new('Config::MVP::Slicer', 'HASH(0x5ce0d38)') called at /tmp/loop_over_bdir-8HlnF_/Dist-Zilla-Role-Stash-Plugins-1.005-M2pZkB/blib/lib/Dist/Zilla/Role/Stash/Plugins.pm line 57
	Dist::Zilla::Role::Stash::Plugins::__ANON__('Dist::Zilla::Stash::Test=HASH(0x5ce0ea0)') called at /home/src/perl/repoperls/installed-perls/perl/v5.17.6-2-g5814c91/127e/lib/site_perl/5.17.6/x86_64-linux-ld/Class/MOP/Mixin/AttributeCore.pm line 45
	Class::MOP::Mixin::AttributeCore::default('Moose::Meta::Attribute=HASH(0x5cdda00)', 'Dist::Zilla::Stash::Test=HASH(0x5ce0ea0)') called at /home/src/perl/repoperls/installed-perls/perl/v5.17.6-2-g5814c91/127e/lib/site_perl/5.17.6/x86_64-linux-ld/Moose/Meta/Attribute.pm line 520
	Moose::Meta::Attribute::initialize_instance_slot('Moose::Meta::Attribute=HASH(0x5cdda00)', 'Moose::Meta::Instance=HASH(0x5cd6488)', 'Dist::Zilla::Stash::Test=HASH(0x5ce0ea0)', 'HASH(0x5cde018)') called at /home/src/perl/repoperls/installed-perls/perl/v5.17.6-2-g5814c91/127e/lib/site_perl/5.17.6/x86_64-linux-ld/Class/MOP/Class.pm line 525
	Class::MOP::Class::_construct_instance('Moose::Meta::Class=HASH(0x5c36620)', 'HASH(0x5cde018)') called at /home/src/perl/repoperls/installed-perls/perl/v5.17.6-2-g5814c91/127e/lib/site_perl/5.17.6/x86_64-linux-ld/Class/MOP/Class.pm line 498
	Class::MOP::Class::new_object('Moose::Meta::Class=HASH(0x5c36620)', 'HASH(0x5cde018)') called at /home/src/perl/repoperls/installed-perls/perl/v5.17.6-2-g5814c91/127e/lib/site_perl/5.17.6/x86_64-linux-ld/Moose/Meta/Class.pm line 274
	Moose::Meta::Class::new_object('Moose::Meta::Class=HASH(0x5c36620)', 'HASH(0x5cde018)') called at /home/src/perl/repoperls/installed-perls/perl/v5.17.6-2-g5814c91/127e/lib/site_perl/5.17.6/x86_64-linux-ld/Moose/Object.pm line 28
	Moose::Object::new('Dist::Zilla::Stash::Test', 'HASH(0x43400d8)') called at /home/src/perl/repoperls/installed-perls/perl/v5.17.6-2-g5814c91/127e/lib/site_perl/5.17.6/Dist/Zilla/Role/Stash.pm line 24
	Dist::Zilla::Role::Stash::stash_from_config('Dist::Zilla::Stash::Test', '%Test', 'HASH(0x43400d8)', 'Dist::Zilla::MVP::Section=HASH(0x5c46488)') called at /home/src/perl/repoperls/installed-perls/perl/v5.17.6-2-g5814c91/127e/lib/site_perl/5.17.6/Dist/Zilla/Role/Stash.pm line 14
	Dist::Zilla::Role::Stash::register_component('Dist::Zilla::Stash::Test', '%Test', 'HASH(0x43400d8)', 'Dist::Zilla::MVP::Section=HASH(0x5c46488)') called at /home/src/perl/repoperls/installed-perls/perl/v5.17.6-2-g5814c91/127e/lib/site_perl/5.17.6/Dist/Zilla/MVP/Section.pm line 48
	Class::MOP::Class:::after('Dist::Zilla::MVP::Section=HASH(0x5c46488)') called at /home/src/perl/repoperls/installed-perls/perl/v5.17.6-2-g5814c91/127e/lib/site_perl/5.17.6/x86_64-linux-ld/Class/MOP/Method/Wrapped.pm line 63
	Class::MOP::Method::Wrapped::__ANON__('Dist::Zilla::MVP::Section=HASH(0x5c46488)') called at /home/src/perl/repoperls/installed-perls/perl/v5.17.6-2-g5814c91/127e/lib/site_perl/5.17.6/x86_64-linux-ld/Class/MOP/Method/Wrapped.pm line 91
	Dist::Zilla::MVP::Section::finalize('Dist::Zilla::MVP::Section=HASH(0x5c46488)') called at /home/src/perl/repoperls/installed-perls/perl/v5.17.6-2-g5814c91/127e/lib/site_perl/5.17.6/Config/MVP/Assembler.pm line 78
	Config::MVP::Assembler::end_section('Dist::Zilla::MVP::Assembler::Zilla=HASH(0x5b9b900)') called at /home/src/perl/repoperls/installed-perls/perl/v5.17.6-2-g5814c91/127e/lib/site_perl/5.17.6/x86_64-linux-ld/Class/MOP/Method/Wrapped.pm line 56
	Class::MOP::Method::Wrapped::__ANON__('Dist::Zilla::MVP::Assembler::Zilla=HASH(0x5b9b900)') called at /home/src/perl/repoperls/installed-perls/perl/v5.17.6-2-g5814c91/127e/lib/site_perl/5.17.6/x86_64-linux-ld/Class/MOP/Method/Wrapped.pm line 91
	Dist::Zilla::MVP::Assembler::end_section('Dist::Zilla::MVP::Assembler::Zilla=HASH(0x5b9b900)') called at /home/src/perl/repoperls/installed-perls/perl/v5.17.6-2-g5814c91/127e/lib/site_perl/5.17.6/Config/MVP/Assembler.pm line 87
	Config::MVP::Assembler::change_section('Dist::Zilla::MVP::Assembler::Zilla=HASH(0x5b9b900)', '=Test::Plugin', '=Test::Plugin') called at /home/src/perl/repoperls/installed-perls/perl/v5.17.6-2-g5814c91/127e/lib/site_perl/5.17.6/Config/MVP/Reader/INI.pm line 49
	Config::MVP::Reader::INI::INIReader::change_section('Config::MVP::Reader::INI::INIReader=HASH(0x5c35cf0)', '=Test::Plugin') called at /home/src/perl/repoperls/installed-perls/perl/v5.17.6-2-g5814c91/127e/lib/site_perl/5.17.6/Config/INI/Reader.pm line 34
	Config::INI::Reader::read_handle('Config::MVP::Reader::INI::INIReader=HASH(0x5c35cf0)', 'IO::File=GLOB(0x5c35d38)') called at /home/src/perl/repoperls/installed-perls/perl/v5.17.6-2-g5814c91/127e/lib/site_perl/5.17.6/Mixin/Linewise/Readers.pm line 85
	Mixin::Linewise::Readers::__ANON__() called at /home/src/perl/repoperls/installed-perls/perl/v5.17.6-2-g5814c91/127e/lib/site_perl/5.17.6/Config/MVP/Reader/INI.pm line 21
	Config::MVP::Reader::INI::read_into_assembler('Config::MVP::Reader::INI=HASH(0x5c35c90)', '/tmp/loop_over_bdir-8HlnF_/Dist-Zilla-Role-Stash-Plugins-1.00...', 'Dist::Zilla::MVP::Assembler::Zilla=HASH(0x5b9b900)') called at /home/src/perl/repoperls/installed-perls/perl/v5.17.6-2-g5814c91/127e/lib/site_perl/5.17.6/Config/MVP/Reader.pm line 19
	Config::MVP::Reader::read_config('Config::MVP::Reader::INI=HASH(0x5c35c90)', '/tmp/loop_over_bdir-8HlnF_/Dist-Zilla-Role-Stash-Plugins-1.00...', 'HASH(0x5c35990)') called at /home/src/perl/repoperls/installed-perls/perl/v5.17.6-2-g5814c91/127e/lib/site_perl/5.17.6/Config/MVP/Reader/Finder.pm line 87
	Config::MVP::Reader::Finder::read_config('Dist::Zilla::MVP::Reader::Finder', 'Path::Class::File=HASH(0x5c35960)', 'HASH(0x5c35990)') called at /home/src/perl/repoperls/installed-perls/perl/v5.17.6-2-g5814c91/127e/lib/site_perl/5.17.6/Dist/Zilla/Dist/Builder.pm line 221
	Dist::Zilla::Dist::Builder::__ANON__() called at /home/src/perl/repoperls/installed-perls/perl/v5.17.6-2-g5814c91/127e/lib/site_perl/5.17.6/Try/Tiny.pm line 76
	eval {...} called at /home/src/perl/repoperls/installed-perls/perl/v5.17.6-2-g5814c91/127e/lib/site_perl/5.17.6/Try/Tiny.pm line 67
	Try::Tiny::try('CODE(0x4e5a878)', 'Try::Tiny::Catch=REF(0x5ad27a0)') called at /home/src/perl/repoperls/installed-perls/perl/v5.17.6-2-g5814c91/127e/lib/site_perl/5.17.6/Dist/Zilla/Dist/Builder.pm line 245
	Dist::Zilla::Dist::Builder::_load_config('Dist::Zilla::Tester::_Builder', 'HASH(0x5b9b258)') called at /home/src/perl/repoperls/installed-perls/perl/v5.17.6-2-g5814c91/127e/lib/site_perl/5.17.6/Dist/Zilla/Dist/Builder.pm line 27
	Dist::Zilla::Dist::Builder::from_config('Dist::Zilla::Tester::_Builder', 'HASH(0x44bd7b8)') called at /home/src/perl/repoperls/installed-perls/perl/v5.17.6-2-g5814c91/127e/lib/site_perl/5.17.6/Dist/Zilla/Tester.pm line 144
	Class::MOP::Class:::around('CODE(0x2765e38)', 'Dist::Zilla::Tester::_Builder', 'HASH(0x44bd7b8)', 'HASH(0x3d73528)') called at /home/src/perl/repoperls/installed-perls/perl/v5.17.6-2-g5814c91/127e/lib/site_perl/5.17.6/x86_64-linux-ld/Class/MOP/Method/Wrapped.pm line 162
	Class::MOP::Method::Wrapped::__ANON__('Dist::Zilla::Tester::_Builder', 'HASH(0x44bd7b8)', 'HASH(0x3d73528)') called at /home/src/perl/repoperls/installed-perls/perl/v5.17.6-2-g5814c91/127e/lib/site_perl/5.17.6/x86_64-linux-ld/Class/MOP/Method/Wrapped.pm line 91
	Dist::Zilla::Tester::_Builder::from_config('Dist::Zilla::Tester::_Builder', 'HASH(0x44bd7b8)', 'HASH(0x3d73528)') called at /home/src/perl/repoperls/installed-perls/perl/v5.17.6-2-g5814c91/127e/lib/site_perl/5.17.6/Dist/Zilla/Tester.pm line 31
	Dist::Zilla::Tester::from_config('Dist::Zilla::Tester', 'HASH(0x44bd7b8)', 'HASH(0x3d73528)') called at t/ini-config.t line 49
# Tests were run but no plan was declared and done_testing() was not seen.
t/ini-config.t ................ 
Dubious, test returned 255 (wstat 65280, 0xff00)
All 1 subtests passed 
Attribute (config) does not pass the type constraint because: Validation failed for 'HashRef' with value undef at constructor Config::MVP::Slicer::new (defined at /home/src/perl/repoperls/installed-perls/perl/v5.17.6-2-g5814c91/127e/lib/site_perl/5.17.6/Config/MVP/Slicer.pm line 202) line 31, <GEN0> line 15.
	Config::MVP::Slicer::new('Config::MVP::Slicer', 'HASH(0x5835bc8)') called at /tmp/loop_over_bdir-8HlnF_/Dist-Zilla-Role-Stash-Plugins-1.005-M2pZkB/blib/lib/Dist/Zilla/Role/Stash/Plugins.pm line 57
	Dist::Zilla::Role::Stash::Plugins::__ANON__('Dist::Zilla::Stash::Test=HASH(0x5835cb8)') called at /home/src/perl/repoperls/installed-perls/perl/v5.17.6-2-g5814c91/127e/lib/site_perl/5.17.6/x86_64-linux-ld/Class/MOP/Mixin/AttributeCore.pm line 45
	Class::MOP::Mixin::AttributeCore::default('Moose::Meta::Attribute=HASH(0x58813e8)', 'Dist::Zilla::Stash::Test=HASH(0x5835cb8)') called at /home/src/perl/repoperls/installed-perls/perl/v5.17.6-2-g5814c91/127e/lib/site_perl/5.17.6/x86_64-linux-ld/Moose/Meta/Attribute.pm line 520
	Moose::Meta::Attribute::initialize_instance_slot('Moose::Meta::Attribute=HASH(0x58813e8)', 'Moose::Meta::Instance=HASH(0x58be000)', 'Dist::Zilla::Stash::Test=HASH(0x5835cb8)', 'HASH(0x5835af0)') called at /home/src/perl/repoperls/installed-perls/perl/v5.17.6-2-g5814c91/127e/lib/site_perl/5.17.6/x86_64-linux-ld/Class/MOP/Class.pm line 525
	Class::MOP::Class::_construct_instance('Moose::Meta::Class=HASH(0x53825b8)', 'HASH(0x5835af0)') called at /home/src/perl/repoperls/installed-perls/perl/v5.17.6-2-g5814c91/127e/lib/site_perl/5.17.6/x86_64-linux-ld/Class/MOP/Class.pm line 498
	Class::MOP::Class::new_object('Moose::Meta::Class=HASH(0x53825b8)', 'HASH(0x5835af0)') called at /home/src/perl/repoperls/installed-perls/perl/v5.17.6-2-g5814c91/127e/lib/site_perl/5.17.6/x86_64-linux-ld/Moose/Meta/Class.pm line 274
	Moose::Meta::Class::new_object('Moose::Meta::Class=HASH(0x53825b8)', 'HASH(0x5835af0)') called at /home/src/perl/repoperls/installed-perls/perl/v5.17.6-2-g5814c91/127e/lib/site_perl/5.17.6/x86_64-linux-ld/Moose/Object.pm line 28
	Moose::Object::new('Dist::Zilla::Stash::Test', 'HASH(0x4136348)') called at /home/src/perl/repoperls/installed-perls/perl/v5.17.6-2-g5814c91/127e/lib/site_perl/5.17.6/Dist/Zilla/Role/Stash.pm line 24
	Dist::Zilla::Role::Stash::stash_from_config('Dist::Zilla::Stash::Test', '%Test', 'HASH(0x4136348)', 'Dist::Zilla::MVP::Section=HASH(0x572e780)') called at /home/src/perl/repoperls/installed-perls/perl/v5.17.6-2-g5814c91/127e/lib/site_perl/5.17.6/Dist/Zilla/Role/Stash.pm line 14
	Dist::Zilla::Role::Stash::register_component('Dist::Zilla::Stash::Test', '%Test', 'HASH(0x4136348)', 'Dist::Zilla::MVP::Section=HASH(0x572e780)') called at /home/src/perl/repoperls/installed-perls/perl/v5.17.6-2-g5814c91/127e/lib/site_perl/5.17.6/Dist/Zilla/MVP/Section.pm line 48
	Class::MOP::Class:::after('Dist::Zilla::MVP::Section=HASH(0x572e780)') called at /home/src/perl/repoperls/installed-perls/perl/v5.17.6-2-g5814c91/127e/lib/site_perl/5.17.6/x86_64-linux-ld/Class/MOP/Method/Wrapped.pm line 63
	Class::MOP::Method::Wrapped::__ANON__('Dist::Zilla::MVP::Section=HASH(0x572e780)') called at /home/src/perl/repoperls/installed-perls/perl/v5.17.6-2-g5814c91/127e/lib/site_perl/5.17.6/x86_64-linux-ld/Class/MOP/Method/Wrapped.pm line 91
	Dist::Zilla::MVP::Section::finalize('Dist::Zilla::MVP::Section=HASH(0x572e780)') called at /home/src/perl/repoperls/installed-perls/perl/v5.17.6-2-g5814c91/127e/lib/site_perl/5.17.6/Config/MVP/Assembler.pm line 78
	Config::MVP::Assembler::end_section('Dist::Zilla::MVP::Assembler::Zilla=HASH(0x3c38168)') called at /home/src/perl/repoperls/installed-perls/perl/v5.17.6-2-g5814c91/127e/lib/site_perl/5.17.6/x86_64-linux-ld/Class/MOP/Method/Wrapped.pm line 56
	Class::MOP::Method::Wrapped::__ANON__('Dist::Zilla::MVP::Assembler::Zilla=HASH(0x3c38168)') called at /home/src/perl/repoperls/installed-perls/perl/v5.17.6-2-g5814c91/127e/lib/site_perl/5.17.6/x86_64-linux-ld/Class/MOP/Method/Wrapped.pm line 91
	Dist::Zilla::MVP::Assembler::end_section('Dist::Zilla::MVP::Assembler::Zilla=HASH(0x3c38168)') called at /home/src/perl/repoperls/installed-perls/perl/v5.17.6-2-g5814c91/127e/lib/site_perl/5.17.6/Config/MVP/Assembler.pm line 87
	Config::MVP::Assembler::change_section('Dist::Zilla::MVP::Assembler::Zilla=HASH(0x3c38168)', '=Test::Plugin', '=Test::Plugin') called at /home/src/perl/repoperls/installed-perls/perl/v5.17.6-2-g5814c91/127e/lib/site_perl/5.17.6/Config/MVP/Reader/INI.pm line 49
	Config::MVP::Reader::INI::INIReader::change_section('Config::MVP::Reader::INI::INIReader=HASH(0x410afb8)', '=Test::Plugin') called at /home/src/perl/repoperls/installed-perls/perl/v5.17.6-2-g5814c91/127e/lib/site_perl/5.17.6/Config/INI/Reader.pm line 34
	Config::INI::Reader::read_handle('Config::MVP::Reader::INI::INIReader=HASH(0x410afb8)', 'IO::File=GLOB(0x410af70)') called at /home/src/perl/repoperls/installed-perls/perl/v5.17.6-2-g5814c91/127e/lib/site_perl/5.17.6/Mixin/Linewise/Readers.pm line 85
	Mixin::Linewise::Readers::__ANON__() called at /home/src/perl/repoperls/installed-perls/perl/v5.17.6-2-g5814c91/127e/lib/site_perl/5.17.6/Config/MVP/Reader/INI.pm line 21
	Config::MVP::Reader::INI::read_into_assembler('Config::MVP::Reader::INI=HASH(0x4136978)', '/tmp/loop_over_bdir-8HlnF_/Dist-Zilla-Role-Stash-Plugins-1.00...', 'Dist::Zilla::MVP::Assembler::Zilla=HASH(0x3c38168)') called at /home/src/perl/repoperls/installed-perls/perl/v5.17.6-2-g5814c91/127e/lib/site_perl/5.17.6/Config/MVP/Reader.pm line 19
	Config::MVP::Reader::read_config('Config::MVP::Reader::INI=HASH(0x4136978)', '/tmp/loop_over_bdir-8HlnF_/Dist-Zilla-Role-Stash-Plugins-1.00...', 'HASH(0x413dbc0)') called at /home/src/perl/repoperls/installed-perls/perl/v5.17.6-2-g5814c91/127e/lib/site_perl/5.17.6/Config/MVP/Reader/Finder.pm line 87
	Config::MVP::Reader::Finder::read_config('Dist::Zilla::MVP::Reader::Finder', 'Path::Class::File=HASH(0x413d020)', 'HASH(0x413dbc0)') called at /home/src/perl/repoperls/installed-perls/perl/v5.17.6-2-g5814c91/127e/lib/site_perl/5.17.6/Dist/Zilla/Dist/Builder.pm line 221
	Dist::Zilla::Dist::Builder::__ANON__() called at /home/src/perl/repoperls/installed-perls/perl/v5.17.6-2-g5814c91/127e/lib/site_perl/5.17.6/Try/Tiny.pm line 76
	eval {...} called at /home/src/perl/repoperls/installed-perls/perl/v5.17.6-2-g5814c91/127e/lib/site_perl/5.17.6/Try/Tiny.pm line 67
	Try::Tiny::try('CODE(0x3c38150)', 'Try::Tiny::Catch=REF(0x410aee0)') called at /home/src/perl/repoperls/installed-perls/perl/v5.17.6-2-g5814c91/127e/lib/site_perl/5.17.6/Dist/Zilla/Dist/Builder.pm line 245
	Dist::Zilla::Dist::Builder::_load_config('Dist::Zilla::Tester::_Builder', 'HASH(0x397bf50)') called at /home/src/perl/repoperls/installed-perls/perl/v5.17.6-2-g5814c91/127e/lib/site_perl/5.17.6/Dist/Zilla/Dist/Builder.pm line 27
	Dist::Zilla::Dist::Builder::from_config('Dist::Zilla::Tester::_Builder', 'HASH(0x12d9e98)') called at /home/src/perl/repoperls/installed-perls/perl/v5.17.6-2-g5814c91/127e/lib/site_perl/5.17.6/Dist/Zilla/Tester.pm line 144
	Class::MOP::Class:::around('CODE(0x260ed30)', 'Dist::Zilla::Tester::_Builder', 'HASH(0x12d9e98)', 'HASH(0x12ee6c8)') called at /home/src/perl/repoperls/installed-perls/perl/v5.17.6-2-g5814c91/127e/lib/site_perl/5.17.6/x86_64-linux-ld/Class/MOP/Method/Wrapped.pm line 162
	Class::MOP::Method::Wrapped::__ANON__('Dist::Zilla::Tester::_Builder', 'HASH(0x12d9e98)', 'HASH(0x12ee6c8)') called at /home/src/perl/repoperls/installed-perls/perl/v5.17.6-2-g5814c91/127e/lib/site_perl/5.17.6/x86_64-linux-ld/Class/MOP/Method/Wrapped.pm line 91
	Dist::Zilla::Tester::_Builder::from_config('Dist::Zilla::Tester::_Builder', 'HASH(0x12d9e98)', 'HASH(0x12ee6c8)') called at /home/src/perl/repoperls/installed-perls/perl/v5.17.6-2-g5814c91/127e/lib/site_perl/5.17.6/Dist/Zilla/Tester.pm line 31
	Dist::Zilla::Tester::from_config('Dist::Zilla::Tester', 'HASH(0x12d9e98)', 'HASH(0x12ee6c8)') called at t/plugin.t line 18
t/plugin.t .................... 
Dubious, test returned 255 (wstat 65280, 0xff00)
No subtests run 

Test Summary Report
-------------------
t/ini-config.t              (Wstat: 65280 Tests: 1 Failed: 0)
  Non-zero exit status: 255
  Parse errors: No plan found in TAP output
t/plugin.t                  (Wstat: 65280 Tests: 0 Failed: 0)
  Non-zero exit status: 255
  Parse errors: No plan found in TAP output
Files=4, Tests=3,  4 wallclock secs ( 0.03 usr  0.01 sys +  3.67 cusr  0.22 csys =  3.93 CPU)
Result: FAIL
Failed 2/4 test programs. 0/3 subtests failed.
make: *** [test_dynamic] Error 255

------------------------------
PREREQUISITES
------------------------------

Prerequisite modules loaded:

requires:

    Module                           Need Have      
    -------------------------------- ---- ----------
    Config::MVP::Slicer              0    0.302     
    Dist::Zilla::Role::DynamicConfig 0    1.002     
    Dist::Zilla::Role::Stash         0    4.300028  
    Moose::Role                      0    2.0604    
    strict                           0    1.07      
    warnings                         0    1.15      

build_requires:

    Module                           Need Have      
    -------------------------------- ---- ----------
    Dist::Zilla::Role::Plugin        0    4.300028  
    Dist::Zilla::Tester              0    4.300028  
    File::Find                       0    1.23      
    File::Temp                       0    0.22      
    Moose                            0    2.0604    
    Test::MockObject                 0    1.20120301
    Test::More                       0.88 0.98      

configure_requires:

    Module                           Need Have      
    -------------------------------- ---- ----------
    ExtUtils::MakeMaker              6.30 6.63_02   


------------------------------
ENVIRONMENT AND OTHER CONTEXT
------------------------------

Environment variables:

    AUTOMATED_TESTING = 1
    LANG = en_US.UTF-8
    LANGUAGE = en_US:en
    PATH = /home/sand/bin:/usr/local/bin:/usr/bin:/bin:/usr/bin/X11:/usr/games:/usr/local/perl/bin:/usr/X11/bin:/sbin:/usr/sbin
    PERL5LIB = 
    PERL5OPT = 
    PERL5_CPANPLUS_IS_RUNNING = 11943
    PERL5_CPAN_IS_RUNNING = 11943
    PERL_MM_USE_DEFAULT = 1
    SHELL = /usr/bin/zsh
    TERM = screen

Perl special variables (and OS-specific diagnostics, for MSWin32):

    $^X = /home/sand/src/perl/repoperls/installed-perls/perl/v5.17.6-2-g5814c91/127e/bin/perl
    $UID/$EUID = 1005 / 1005
    $GID = 1005 1005
    $EGID = 1005 1005

Perl module toolchain versions installed:

    Module              Have    
    ------------------- --------
    CPAN                1.99_51 
    CPAN::Meta          2.120921
    Cwd                 3.39_02 
    ExtUtils::CBuilder  0.280209
    ExtUtils::Command   1.17    
    ExtUtils::Install   1.58    
    ExtUtils::MakeMaker 6.63_02 
    ExtUtils::Manifest  1.62    
    ExtUtils::ParseXS   3.18    
    File::Spec          3.39_02 
    JSON                2.53    
    JSON::PP            2.27200 
    Module::Build       0.4003  
    Module::Signature   0.69    
    Parse::CPAN::Meta   1.4404  
    Test::Harness       3.25_01 
    Test::More          0.98    
    YAML                0.84    
    YAML::Syck          1.21    
    version             0.9901  


--

Summary of my perl5 (revision 5 version 17 subversion 6) configuration:
  Commit id: 5814c912cf563c76f7bbbede9fb436a41e48509b
  Platform:
    osname=linux, osvers=3.2.0-4-amd64, archname=x86_64-linux-ld
    uname='linux k83 3.2.0-4-amd64 #1 smp debian 3.2.32-1 x86_64 gnulinux '
    config_args='-Dprefix=/home/src/perl/repoperls/installed-perls/perl/v5.17.6-2-g5814c91/127e -Dmyhostname=k83 -Dinstallusrbinperl=n -Uversiononly -Dusedevel -des -Ui_db -Uuseithreads -Duselongdouble -DDEBUGGING=-g'
    hint=recommended, useposix=true, d_sigaction=define
    useithreads=undef, usemultiplicity=undef
    useperlio=define, d_sfio=undef, uselargefiles=define, usesocks=undef
    use64bitint=define, use64bitall=define, uselongdouble=define
    usemymalloc=n, bincompat5005=undef
  Compiler:
    cc='cc', ccflags ='-fno-strict-aliasing -pipe -fstack-protector -I/usr/local/include -D_LARGEFILE_SOURCE -D_FILE_OFFSET_BITS=64',
    optimize='-O2 -g',
    cppflags='-fno-strict-aliasing -pipe -fstack-protector -I/usr/local/include'
    ccversion='', gccversion='4.7.2', gccosandvers=''
    intsize=4, longsize=8, ptrsize=8, doublesize=8, byteorder=12345678
    d_longlong=define, longlongsize=8, d_longdbl=define, longdblsize=16
    ivtype='long', ivsize=8, nvtype='long double', nvsize=16, Off_t='off_t', lseeksize=8
    alignbytes=16, prototype=define
  Linker and Libraries:
    ld='cc', ldflags =' -fstack-protector -L/usr/local/lib'
    libpth=/usr/local/lib /lib/x86_64-linux-gnu /lib/../lib /usr/lib/x86_64-linux-gnu /usr/lib/../lib /lib /usr/lib
    libs=-lnsl -ldb -ldl -lm -lcrypt -lutil -lc
    perllibs=-lnsl -ldl -lm -lcrypt -lutil -lc
    libc=, so=so, useshrplib=false, libperl=libperl.a
    gnulibc_version='2.13'
  Dynamic Linking:
    dlsrc=dl_dlopen.xs, dlext=so, d_dlsymun=undef, ccdlflags='-Wl,-E'
    cccdlflags='-fPIC', lddlflags='-shared -O2 -g -L/usr/local/lib -fstack-protector'


Characteristics of this binary (from libperl): 
  Compile-time options: HAS_TIMES PERLIO_LAYERS PERL_DONT_CREATE_GVSV
                        PERL_MALLOC_WRAP PERL_PRESERVE_IVUV PERL_USE_DEVEL
                        USE_64_BIT_ALL USE_64_BIT_INT USE_LARGE_FILES
                        USE_LOCALE USE_LOCALE_COLLATE USE_LOCALE_CTYPE
                        USE_LOCALE_NUMERIC USE_LONG_DOUBLE USE_PERLIO
                        USE_PERL_ATOF
  Built under linux
  Compiled at Nov 21 2012 01:36:05
  %ENV:
    PERL5LIB=""
    PERL5OPT=""
    PERL5_CPANPLUS_IS_RUNNING="11943"
    PERL5_CPAN_IS_RUNNING="11943"
    PERL_MM_USE_DEFAULT="1"
  @INC:
    /home/src/perl/repoperls/installed-perls/perl/v5.17.6-2-g5814c91/127e/lib/site_perl/5.17.6/x86_64-linux-ld
    /home/src/perl/repoperls/installed-perls/perl/v5.17.6-2-g5814c91/127e/lib/site_perl/5.17.6
    /home/src/perl/repoperls/installed-perls/perl/v5.17.6-2-g5814c91/127e/lib/5.17.6/x86_64-linux-ld
    /home/src/perl/repoperls/installed-perls/perl/v5.17.6-2-g5814c91/127e/lib/5.17.6
    .