Back
From: metabase:user:314402c4-2aae-11df-837a-5e0a49663a4f
Subject: FAIL HTML-FormFu-2.02 v5.22.0 FreeBSD
Date: 2016-06-02T19:32:29Z
This distribution has been tested as part of the CPAN Testers
project, supporting the Perl programming language. See
http://wiki.cpantesters.org/ for more information or email
questions to cpan-testers-discuss@perl.org
--
Dear Nigel Metheringham,
This is a computer-generated report for HTML-FormFu-2.02
on perl 5.22.0, created by CPAN-Reporter-1.2016.
Thank you for uploading your work to CPAN. However, there was a problem
testing your distribution.
If you think this report is invalid, please consult the CPAN Testers Wiki
for suggestions on how to avoid getting FAIL reports for missing library
or binary dependencies, unsupported operating systems, and so on:
http://wiki.cpantesters.org/wiki/CPANAuthorNotes
Sections of this report:
* Tester comments
* Program output
* Prerequisites
* Environment and other context
------------------------------
TESTER COMMENTS
------------------------------
Additional comments from tester:
none provided
------------------------------
PROGRAM OUTPUT
------------------------------
Output from '/usr/bin/make test':
Skip blib/lib/auto/share/dist/HTML-FormFu/templates/tt/xhtml/recaptcha (unchanged)
Skip blib/lib/auto/share/dist/HTML-FormFu/templates/tt/xhtml/non_block (unchanged)
Skip blib/lib/auto/share/dist/HTML-FormFu/templates/tt/xhtml/field_layout (unchanged)
Skip blib/lib/auto/share/dist/HTML-FormFu/templates/tt/xhtml/end_form (unchanged)
Skip blib/lib/auto/share/dist/HTML-FormFu/templates/tt/xhtml/start_block (unchanged)
Skip blib/lib/auto/share/dist/HTML-FormFu/templates/tt/xhtml/block (unchanged)
Skip blib/lib/auto/share/dist/HTML-FormFu/templates/tt/xhtml/field_layout_multi_field (unchanged)
Skip blib/lib/auto/share/dist/HTML-FormFu/templates/tt/xhtml/field_layout_label_text (unchanged)
Skip blib/lib/auto/share/dist/HTML-FormFu/templates/tt/xhtml/field_layout_field (unchanged)
Skip blib/lib/auto/share/dist/HTML-FormFu/templates/tt/xhtml/field_layout_select_field (unchanged)
Skip blib/lib/auto/share/dist/HTML-FormFu/templates/tt/xhtml/field_layout_errors (unchanged)
Skip blib/lib/auto/share/dist/HTML-FormFu/templates/tt/xhtml/repeatable (unchanged)
Skip blib/lib/auto/share/dist/HTML-FormFu/templates/tt/xhtml/field_layout_textarea_field (unchanged)
Skip blib/lib/auto/share/dist/HTML-FormFu/templates/tt/xhtml/field_layout_javascript (unchanged)
Skip blib/lib/auto/share/dist/HTML-FormFu/templates/tt/xhtml/start_form (unchanged)
Skip blib/lib/auto/share/dist/HTML-FormFu/templates/tt/xhtml/field_layout_parser (unchanged)
Skip blib/lib/auto/share/dist/HTML-FormFu/templates/tt/xhtml/field_layout_label_field (unchanged)
Skip blib/lib/auto/share/dist/HTML-FormFu/templates/tt/xhtml/field (unchanged)
Skip blib/lib/auto/share/dist/HTML-FormFu/templates/tt/xhtml/field_layout_comment (unchanged)
Skip blib/lib/auto/share/dist/HTML-FormFu/templates/tt/xhtml/field_layout_block (unchanged)
Skip blib/lib/auto/share/dist/HTML-FormFu/templates/tt/xhtml/field_layout_label (unchanged)
Skip blib/lib/auto/share/dist/HTML-FormFu/templates/tt/xhtml/field_layout_checkboxgroup_field (unchanged)
Skip blib/lib/auto/share/dist/HTML-FormFu/templates/tt/xhtml/field_layout_contentbutton_field (unchanged)
Skip blib/lib/auto/share/dist/HTML-FormFu/templates/tt/xhtml/end_block (unchanged)
Skip blib/lib/auto/share/dist/HTML-FormFu/templates/tt/xhtml/form (unchanged)
PERL_DL_NONLAZY=1 "/usr/perl5.22.0p/bin/perl" "-MExtUtils::Command::MM" "-MTest::Harness" "-e" "undef *Test::Harness::Switches; test_harness(0, 'blib/lib', 'blib/arch')" t/*.t
# Failed test 'exact number not there'
# at t-aggregate/deflators/formatnumber.t line 24.
# '<form action="" method="post">
# <div>
# <input name="foo" type="text" value="10002300,12300000" />
# </div>
# </form>
# '
# matches '(?^:10002300.123)'
# Looks like you failed 1 test of 1.
# Failed test 'Tests for t-aggregate/deflators/formatnumber.t'
# at /usr/perl5.22.0p/lib/site_perl/5.22.0/Test/Aggregate/Nested.pm line 229.
# Looks like you failed 1 test of 402.
t/aggregate.t ..................
Dubious, test returned 1 (wstat 256, 0x100)
Failed 1/402 subtests
t/author-critic.t .............. skipped: these tests are for testing by the author
t/author-eol.t ................. skipped: these tests are for testing by the author
t/author-pod-syntax.t .......... skipped: these tests are for testing by the author
t/elements-file_post.t ......... ok
t/nested-elements-file_post.t .. ok
t/release-distmeta.t ........... skipped: these tests are for release candidate testing
t/release-kwalitee.t ........... skipped: these tests are for release candidate testing
Test Summary Report
-------------------
t/aggregate.t (Wstat: 256 Tests: 402 Failed: 1)
Failed test: 94
Non-zero exit status: 1
Files=8, Tests=435, 9 wallclock secs ( 0.06 usr 0.30 sys + 4.41 cusr 0.55 csys = 5.32 CPU)
Result: FAIL
Failed 1/8 test programs. 1/435 subtests failed.
*** Error code 255
Stop.
make: stopped in /home/cpansand/.cpan/build/2016060209/HTML-FormFu-2.02-utr5zo
------------------------------
PREREQUISITES
------------------------------
Prerequisite modules loaded:
requires:
Module Need Have
-------------------------- ------ ----------
Carp 0 1.38
Class::MOP::Method 0 2.1803
Clone 0.31 0.38
Config::Any 0.18 0.27
Cwd 0 3.60
Data::Visitor 0.26 0.30
Data::Visitor::Callback 0 0.30
DateTime 0.54 1.26
DateTime::Format::Builder 0.7901 0.81
DateTime::Format::Natural 0 1.03
DateTime::Format::Strptime 1.2000 1.67
DateTime::Locale 0.45 1.02
Email::Valid 0 1.200
Encode 0 2.84
Exporter 5.57 5.72
Fatal 0 2.29
File::Copy 0 2.30
File::Find 0 1.29
File::ShareDir 0 1.102
File::Spec 0 3.60
File::Temp 0 0.2304
Hash::Flatten 0 1.19
HTML::Scrubber 0 0.14
HTML::TokeParser::Simple 3.14 3.16
HTTP::Headers 1.64 6.11
IO::File 0 1.16
List::MoreUtils 0 0.415
List::Util 0 1.45
Locale::Maketext 0 1.26
Module::Pluggable 0 5.1
Moose 1.00 2.1803
Moose::Role 0 2.1803
Moose::Util 0 2.1803
MooseX::Aliases 0 0.11
Number::Format 0 1.73
Path::Class::File 0 0.35
perl 5.010 5.022000
Readonly 0 2.04
Regexp::Common 0 2016060101
Scalar::Util 0 1.45
Storable 0 2.53
Task::Weaken 0 1.04
YAML::XS 0.32 0.62
build_requires:
Module Need Have
-------------------------- ------ ----------
CGI 3.37 4.28
ExtUtils::MakeMaker 0 7.18
POSIX 0 1.53
Test::Aggregate::Nested 0.371 0.372
Test::Exception 0 0.43
Test::Memory::Cycle 0 1.04
Test::More 0.92 1.302015
configure_requires:
Module Need Have
-------------------------- ------ ----------
ExtUtils::MakeMaker 0 7.18
File::ShareDir::Install 0.06 0.10
------------------------------
ENVIRONMENT AND OTHER CONTEXT
------------------------------
Environment variables:
LC_ALL = de_DE.ISO8859-1
PATH = /usr/local/bin:/usr/bin:/bin:/usr/local/sbin:/usr/sbin:/sbin:/home/cpansand/bin/freebsd10.1:/home/cpansand/bin/sh:/home/cpansand/bin:/usr/games:/home/cpansand/devel:/home/eserte/src/srezic-misc/scripts
PERL5LIB = /home/cpansand/.cpan/build/2016060209/fotofix-1.80-XvBjwt/blib/arch:/home/cpansand/.cpan/build/2016060209/fotofix-1.80-XvBjwt/blib/lib
PERL5OPT =
PERL5_CPANPLUS_IS_RUNNING = 86575
PERL5_CPAN_IS_RUNNING = 86575
PERL5_CPAN_IS_RUNNING_IN_RECURSION = 86543,86575
PERLDOC = -MPod::Perldoc::ToTextOverstrike
PERL_BATCH = yes
PERL_CANARY_STABILITY_NOPROMPT = 1
PERL_CPAN_REPORTER_CONFIG = /var/tmp/cpansmoker-1023/2016060209/cpanreporter_000_config.ini
PERL_EXTUTILS_AUTOINSTALL = --defaultdeps
SHELL = /usr/local/bin/zsh
TERM = screen
TMPDIR = /var/tmp/cpansmoker-1023/2016060209
Perl special variables (and OS-specific diagnostics, for MSWin32):
$^X = /usr/perl5.22.0p/bin/perl
$UID/$EUID = 1023 / 1023
$GID = 1023 1023
$EGID = 1023 1023
Perl module toolchain versions installed:
Module Have
------------------- --------
CPAN 2.11
CPAN::Meta 2.150005
Cwd 3.60
ExtUtils::CBuilder 0.280224
ExtUtils::Command 7.18
ExtUtils::Install 2.04
ExtUtils::MakeMaker 7.18
ExtUtils::Manifest 1.70
ExtUtils::ParseXS 3.28
File::Spec 3.60
JSON 2.90
JSON::PP 2.27300
Module::Build 0.4214
Module::Signature 0.79
Parse::CPAN::Meta 1.4417
Test::Harness 3.35
Test::More 1.302015
YAML 1.15
YAML::Syck 1.29
version 0.9917
--
Summary of my perl5 (revision 5 version 22 subversion 0) configuration:
Platform:
osname=freebsd, osvers=10.1-release, archname=amd64-freebsd
uname='freebsd cvrsnica-freebsd-101.herceg.de 10.1-release freebsd 10.1-release #0 r274401: tue nov 11 21:02:49 utc 2014 root@releng1.nyi.freebsd.org:usrobjusrsrcsysgeneric amd64 '
config_args='-ds -e -Dprefix=/usr/perl5.22.0p -Dcf_email=srezic@cpan.org'
hint=recommended, useposix=true, d_sigaction=define
useithreads=undef, usemultiplicity=undef
use64bitint=define, use64bitall=define, uselongdouble=undef
usemymalloc=n, bincompat5005=undef
Compiler:
cc='cc', ccflags ='-DHAS_FPSETMASK -DHAS_FLOATINGPOINT_H -fno-strict-aliasing -pipe -fstack-protector -I/usr/local/include -D_FORTIFY_SOURCE=2',
optimize='-O',
cppflags='-DHAS_FPSETMASK -DHAS_FLOATINGPOINT_H -fno-strict-aliasing -pipe -fstack-protector -I/usr/local/include'
ccversion='', gccversion='4.2.1 Compatible FreeBSD Clang 3.4.1 (tags/RELEASE_34/dot1-final 208032)', gccosandvers=''
intsize=4, longsize=8, ptrsize=8, doublesize=8, byteorder=12345678, doublekind=3
d_longlong=define, longlongsize=8, d_longdbl=define, longdblsize=16, longdblkind=3
ivtype='long', ivsize=8, nvtype='double', nvsize=8, Off_t='off_t', lseeksize=8
alignbytes=8, prototype=define
Linker and Libraries:
ld='cc', ldflags ='-pthread -Wl,-E -fstack-protector -L/usr/local/lib'
libpth=/usr/lib /usr/local/lib /usr/include/clang/3.4.1 /usr/lib
libs=-lpthread -lgdbm -lm -lcrypt -lutil -lc
perllibs=-lpthread -lm -lcrypt -lutil -lc
libc=, so=so, useshrplib=false, libperl=libperl.a
gnulibc_version=''
Dynamic Linking:
dlsrc=dl_dlopen.xs, dlext=so, d_dlsymun=undef, ccdlflags=' '
cccdlflags='-DPIC -fPIC', lddlflags='-shared -L/usr/local/lib -fstack-protector'
Characteristics of this binary (from libperl):
Compile-time options: HAS_TIMES PERLIO_LAYERS PERL_DONT_CREATE_GVSV
PERL_HASH_FUNC_ONE_AT_A_TIME_HARD PERL_MALLOC_WRAP
PERL_NEW_COPY_ON_WRITE PERL_PRESERVE_IVUV
USE_64_BIT_ALL USE_64_BIT_INT USE_LARGE_FILES
USE_LOCALE USE_LOCALE_COLLATE USE_LOCALE_CTYPE
USE_LOCALE_NUMERIC USE_LOCALE_TIME USE_PERLIO
USE_PERL_ATOF
Built under freebsd
Compiled at Jun 1 2015 20:19:01
%ENV:
PERL5LIB="/home/cpansand/.cpan/build/2016060209/fotofix-1.80-XvBjwt/blib/arch:/home/cpansand/.cpan/build/2016060209/fotofix-1.80-XvBjwt/blib/lib"
PERL5OPT=""
PERL5_CPANPLUS_IS_RUNNING="86575"
PERL5_CPAN_IS_RUNNING="86575"
PERL5_CPAN_IS_RUNNING_IN_RECURSION="86543,86575"
PERLDOC="-MPod::Perldoc::ToTextOverstrike"
PERL_BATCH="yes"
PERL_CANARY_STABILITY_NOPROMPT="1"
PERL_CPAN_REPORTER_CONFIG="/var/tmp/cpansmoker-1023/2016060209/cpanreporter_000_config.ini"
PERL_EXTUTILS_AUTOINSTALL="--defaultdeps"
@INC:
/home/cpansand/.cpan/build/2016060209/fotofix-1.80-XvBjwt/blib/arch
/home/cpansand/.cpan/build/2016060209/fotofix-1.80-XvBjwt/blib/lib
/usr/perl5.22.0p/lib/site_perl/5.22.0/amd64-freebsd
/usr/perl5.22.0p/lib/site_perl/5.22.0
/usr/perl5.22.0p/lib/5.22.0/amd64-freebsd
/usr/perl5.22.0p/lib/5.22.0
.