Back
From: metabase:user:320bfe00-2aae-11df-837a-5e0a49663a4f
Subject: FAIL App-bmkpasswd-1.082004 v5.10.1 GNU/Linux
Date: 2013-04-06T02:50:29Z
This distribution has been tested as part of the CPAN Testers
project, supporting the Perl programming language. See
http://wiki.cpantesters.org/ for more information or email
questions to cpan-testers-discuss@perl.org
--
Dear Jon Portnoy,
This is a computer-generated report for App-bmkpasswd-1.082004
on perl 5.10.1, created by CPAN-Reporter-1.2009.
Thank you for uploading your work to CPAN. However, there was a problem
testing your distribution.
If you think this report is invalid, please consult the CPAN Testers Wiki
for suggestions on how to avoid getting FAIL reports for missing library
or binary dependencies, unsupported operating systems, and so on:
http://wiki.cpantesters.org/wiki/CPANAuthorNotes
Sections of this report:
* Tester comments
* Program output
* Prerequisites
* Environment and other context
------------------------------
TESTER COMMENTS
------------------------------
Additional comments from tester:
this report is from an automated smoke testing program
and was not reviewed by a human for accuracy
------------------------------
PROGRAM OUTPUT
------------------------------
Output from '/usr/bin/make test':
PERL_DL_NONLAZY=1 /home/sand/src/perl/repoperls/installed-perls/perl/perl-5.10.1/eae2/bin/perl "-MExtUtils::Command::MM" "-e" "test_harness(0, 'blib/lib', 'blib/arch')" t/*.t
# Prerequisite Report:
# Version Module
# -------- -----------------------
# 0.25 Bytes::Random::Secure
# 1.26 Carp
# 0.009 Crypt::Eksblowfish
# missing Crypt::Passwd::XS
# 5.68 Exporter
# 6.65_01 ExtUtils::MakeMaker
# 2.39 Getopt::Long
# 1.004 Math::Random::ISAAC::XS
# 2.30 Term::ReadKey
# 0.98 Test::More
# 1.9725 Time::HiRes
# 0.12 Try::Tiny
# 1.004004 strictures
t/00-report-prereqs.t ..... ok
The crypt() function is unimplemented due to excessive paranoia. at /tmp/loop_over_bdir-30963-NRZdlb/App-bmkpasswd-1.082004-ERx2lv/blib/lib/App/bmkpasswd.pm line 152.
# Looks like you planned 5 tests but ran 1.
# Looks like your test exited with 255 just after 1.
t/01_md5.t ................
Dubious, test returned 255 (wstat 65280, 0xff00)
Failed 4/5 subtests
t/02_bcrypt.t ............. ok
The crypt() function is unimplemented due to excessive paranoia. at /tmp/loop_over_bdir-30963-NRZdlb/App-bmkpasswd-1.082004-ERx2lv/blib/lib/App/bmkpasswd.pm line 59.
# Looks like you planned 9 tests but ran 1.
# Looks like your test exited with 2 just after 1.
t/03_sha.t ................
Dubious, test returned 2 (wstat 512, 0x200)
Failed 8/9 subtests
t/release-pod-coverage.t .. skipped: these tests are for release candidate testing
t/release-pod-syntax.t .... skipped: these tests are for release candidate testing
Test Summary Report
-------------------
t/01_md5.t (Wstat: 65280 Tests: 1 Failed: 0)
Non-zero exit status: 255
Parse errors: Bad plan. You planned 5 tests but ran 1.
t/03_sha.t (Wstat: 512 Tests: 1 Failed: 0)
Non-zero exit status: 2
Parse errors: Bad plan. You planned 9 tests but ran 1.
Files=6, Tests=11, 1 wallclock secs ( 0.03 usr 0.02 sys + 0.29 cusr 0.05 csys = 0.39 CPU)
Result: FAIL
Failed 2/6 test programs. 0/11 subtests failed.
make: *** [test_dynamic] Error 255
------------------------------
PREREQUISITES
------------------------------
Prerequisite modules loaded:
requires:
Module Need Have
--------------------- ----- --------
Bytes::Random::Secure 0.24 0.25
Carp 0 1.26
Crypt::Eksblowfish 0.003 0.009
Exporter 0 5.68
Getopt::Long 2.24 2.39
strictures 1 1.004004
Term::ReadKey 2.30 2.30
Time::HiRes 0 1.9725
Try::Tiny 0.12 0.12
build_requires:
Module Need Have
--------------------- ----- --------
Test::More 0.88 0.98
configure_requires:
Module Need Have
--------------------- ----- --------
ExtUtils::MakeMaker 6.30 6.65_01
------------------------------
ENVIRONMENT AND OTHER CONTEXT
------------------------------
Environment variables:
AUTOMATED_TESTING = 1
LANG = en_US.UTF-8
LANGUAGE = en_US:en
PATH = /usr/lib/ccache:/home/sand/bin:/usr/local/bin:/usr/bin:/bin:/usr/bin/X11:/usr/games:/usr/local/perl/bin:/usr/X11/bin:/sbin:/usr/sbin
PERL5LIB =
PERL5OPT =
PERL5_CPANPLUS_IS_RUNNING = 30964
PERL5_CPAN_IS_RUNNING = 30964
PERL_MM_USE_DEFAULT = 1
SHELL = /usr/bin/zsh
TERM = screen
Perl special variables (and OS-specific diagnostics, for MSWin32):
$^X = /home/sand/src/perl/repoperls/installed-perls/perl/perl-5.10.1/eae2/bin/perl
$UID/$EUID = 1005 / 1005
$GID = 1005 1005
$EGID = 1005 1005
Perl module toolchain versions installed:
Module Have
------------------- --------
CPAN 2.00
CPAN::Meta 2.130880
Cwd 3.40
ExtUtils::CBuilder 0.280205
ExtUtils::Command 1.16
ExtUtils::Install 1.54
ExtUtils::MakeMaker 6.65_01
ExtUtils::Manifest 1.60
ExtUtils::ParseXS 3.18
File::Spec 3.40
JSON 2.56
JSON::PP 2.27202
Module::Build 0.4004
Module::Signature 0.70
Parse::CPAN::Meta 1.4404
Test::Harness 3.26
Test::More 0.98
YAML 0.84
YAML::Syck 1.25
version 0.9902
--
Summary of my perl5 (revision 5 version 10 subversion 1) configuration:
Commit id: 5348debf9fd57fc15c26529386769684fab96e57
Platform:
osname=linux, osvers=3.2.0-4-amd64, archname=x86_64-linux
uname='linux k83 3.2.0-4-amd64 #1 smp debian 3.2.35-2 x86_64 gnulinux '
config_args='-Dprefix=/home/src/perl/repoperls/installed-perls/perl/perl-5.10.1/eae2 -Dmyhostname=k83 -Dinstallusrbinperl=n -Uversiononly -Dusedevel -des -Ui_db -Uuseithreads -Uuselongdouble -DDEBUGGING=-g -Dusedl -Ddlsrc=dl_dlopen.xs'
hint=recommended, useposix=true, d_sigaction=define
useithreads=undef, usemultiplicity=undef
useperlio=define, d_sfio=undef, uselargefiles=define, usesocks=undef
use64bitint=define, use64bitall=define, uselongdouble=undef
usemymalloc=n, bincompat5005=undef
Compiler:
cc='cc', ccflags ='-fno-strict-aliasing -pipe -fstack-protector -I/usr/local/include -D_LARGEFILE_SOURCE -D_FILE_OFFSET_BITS=64',
optimize='-O2 -g',
cppflags='-fno-strict-aliasing -pipe -fstack-protector -I/usr/local/include'
ccversion='', gccversion='4.7.2', gccosandvers=''
intsize=4, longsize=8, ptrsize=8, doublesize=8, byteorder=12345678
d_longlong=define, longlongsize=8, d_longdbl=define, longdblsize=16
ivtype='long', ivsize=8, nvtype='double', nvsize=8, Off_t='off_t', lseeksize=8
alignbytes=8, prototype=define
Linker and Libraries:
ld='cc', ldflags =' -fstack-protector -L/usr/local/lib'
libpth=/usr/local/lib /lib /usr/lib
libs=
perllibs=
libc=, so=so, useshrplib=false, libperl=libperl.a
gnulibc_version='2.13'
Dynamic Linking:
dlsrc=dl_dlopen.xs, dlext=so, d_dlsymun=undef, ccdlflags='-Wl,-E'
cccdlflags='-fPIC', lddlflags='-shared -O2 -g -L/usr/local/lib -fstack-protector'
Characteristics of this binary (from libperl):
Compile-time options: PERL_DONT_CREATE_GVSV PERL_MALLOC_WRAP PERL_USE_DEVEL
USE_64_BIT_ALL USE_64_BIT_INT USE_LARGE_FILES
USE_PERLIO
Built under linux
Compiled at Feb 3 2013 06:52:34
%ENV:
PERL5LIB=""
PERL5OPT=""
PERL5_CPANPLUS_IS_RUNNING="30964"
PERL5_CPAN_IS_RUNNING="30964"
PERL_MM_USE_DEFAULT="1"
@INC:
/home/src/perl/repoperls/installed-perls/perl/perl-5.10.1/eae2/lib/5.10.1/x86_64-linux
/home/src/perl/repoperls/installed-perls/perl/perl-5.10.1/eae2/lib/5.10.1
/home/src/perl/repoperls/installed-perls/perl/perl-5.10.1/eae2/lib/site_perl/5.10.1/x86_64-linux
/home/src/perl/repoperls/installed-perls/perl/perl-5.10.1/eae2/lib/site_perl/5.10.1
.