Report for TBX-XCS-0.05

Back
From: metabase:user:30f4dfbe-2aae-11df-837a-5e0a49663a4f
Subject: FAIL TBX-XCS-0.05 v5.10.0 GNU/Linux
Date: 2013-11-16T13:26:43Z

This distribution has been tested as part of the CPAN Testers
project, supporting the Perl programming language.  See
http://wiki.cpantesters.org/ for more information or email
questions to cpan-testers-discuss@perl.org


--
Dear BYU TRG,

This is a computer-generated report for TBX-XCS-0.05
on perl 5.10.0, created by CPAN-Reporter-1.2010.

Thank you for uploading your work to CPAN.  However, there was a problem
testing your distribution.

If you think this report is invalid, please consult the CPAN Testers Wiki
for suggestions on how to avoid getting FAIL reports for missing library
or binary dependencies, unsupported operating systems, and so on:

http://wiki.cpantesters.org/wiki/CPANAuthorNotes

Sections of this report:

    * Tester comments
    * Program output
    * Prerequisites
    * Environment and other context

------------------------------
TESTER COMMENTS
------------------------------

Additional comments from tester:

this report is from an automated smoke testing program
and was not reviewed by a human for accuracy

------------------------------
PROGRAM OUTPUT
------------------------------

Output from './Build test':

t/0-use.t ..................... ok
t/00-compile.t ................ ok
# I"m in Tiny.pm right now
# 
v-string in use/require non-portable at /home/njh/perl5/perlbrew/perls/perl-5.10.0/lib/site_perl/5.10.0/File/Slurp.pm line 3.
# 
# Generated by Dist::Zilla::Plugin::ReportVersions::Tiny v1.08
# perl: 5.010000 (wanted 5.010) on linux from /home/njh/perl5/perlbrew/perls/perl-5.10.0/bin/perl
# 
# Carp                                          => 1.32       (want any version)
# Data::Dumper                                  => 2.145      (want any version)
# Exporter::Easy                                => 0.16       (want any version)
# File::Find                                    => 1.12       (want any version)
# File::Slurp                                   => 9999.19    (want any version)
# File::Temp                                    => 0.2301     (want any version)
# FindBin                                       => 1.49       (want any version)
# JSON                                          => 2.59       (want any version)
# Module::Build                                 => 0.4007     (want 0.3601) 
# Path::Tiny                                    => 0.034      (want any version)
# Pod::Coverage::TrustPod                       => module not found. (want any version)
# Test::Base                                    => 0.60       (want any version)
# Test::CPAN::Meta                              => module not found. (want any version)
# Test::Exception                               => 0.32       (want any version)
# Test::More                                    => 0.98       (want 0.88)   
# Test::NoWarnings                              => 1.04       (want any version)
# Test::Pod                                     => 1.48       (want 1.41)   
# Test::Pod::Coverage                           => 1.08       (want 1.08)   
# Test::Warn                                    => 0.24       (want any version)
# XML::Twig                                     => 3.44       (want any version)
# feature                                       => 1.11       (want any version)
# strict                                        => 1.04       (want any version)
# version                                       => 0.9904     (want 0.9901) 
# warnings                                      => 1.06       (want any version)
# 
# Thanks for using my code.  I hope it works for you.
# If not, please try and include this output in the bug report.
# That will help me reproduce the issue and solve your problem.
# 
t/000-report-versions-tiny.t .. ok

#   Failed test 'no warnings'
#   at /home/njh/perl5/perlbrew/perls/perl-5.10.0/lib/site_perl/5.10.0/Test/NoWarnings.pm line 45.
# There were 1 warning(s)
# 	Previous test 0 ''
# 	v-string in use/require non-portable at /home/njh/perl5/perlbrew/perls/perl-5.10.0/lib/site_perl/5.10.0/File/Slurp.pm line 3.
#  at /home/njh/perl5/perlbrew/perls/perl-5.10.0/lib/site_perl/5.10.0/File/Slurp.pm line 3.
# 	File::Slurp::BEGIN() called at /home/njh/perl5/perlbrew/perls/perl-5.10.0/lib/site_perl/5.10.0/File/Slurp.pm line 3
# 	eval {...} called at /home/njh/perl5/perlbrew/perls/perl-5.10.0/lib/site_perl/5.10.0/File/Slurp.pm line 3
# 	require File/Slurp.pm called at t/01-data.t line 10
# 	main::BEGIN() called at /home/njh/perl5/perlbrew/perls/perl-5.10.0/lib/site_perl/5.10.0/File/Slurp.pm line 3
# 	eval {...} called at /home/njh/perl5/perlbrew/perls/perl-5.10.0/lib/site_perl/5.10.0/File/Slurp.pm line 3
# 
# Looks like you failed 1 test of 11.
t/01-data.t ................... 
Dubious, test returned 1 (wstat 256, 0x100)
Failed 1/11 subtests 
t/02-warnings.t ............... ok

#   Failed test 'no warnings'
#   at /home/njh/perl5/perlbrew/perls/perl-5.10.0/lib/site_perl/5.10.0/Test/NoWarnings.pm line 45.
# There were 1 warning(s)
# 	Previous test 0 ''
# 	v-string in use/require non-portable at /home/njh/perl5/perlbrew/perls/perl-5.10.0/lib/site_perl/5.10.0/File/Slurp.pm line 3.
#  at /home/njh/perl5/perlbrew/perls/perl-5.10.0/lib/site_perl/5.10.0/File/Slurp.pm line 3.
# 	File::Slurp::BEGIN() called at /home/njh/perl5/perlbrew/perls/perl-5.10.0/lib/site_perl/5.10.0/File/Slurp.pm line 3
# 	eval {...} called at /home/njh/perl5/perlbrew/perls/perl-5.10.0/lib/site_perl/5.10.0/File/Slurp.pm line 3
# 	require File/Slurp.pm called at t/03-JSON_serialize.t line 11
# 	main::BEGIN() called at /home/njh/perl5/perlbrew/perls/perl-5.10.0/lib/site_perl/5.10.0/File/Slurp.pm line 3
# 	eval {...} called at /home/njh/perl5/perlbrew/perls/perl-5.10.0/lib/site_perl/5.10.0/File/Slurp.pm line 3
# 
# Looks like you failed 1 test of 2.
t/03-JSON_serialize.t ......... 
Dubious, test returned 1 (wstat 256, 0x100)
Failed 1/2 subtests 
t/04-JSON_deserialize.t ....... ok
t/05-JSON_warnings.t .......... ok

Test Summary Report
-------------------
t/01-data.t                 (Wstat: 256 Tests: 11 Failed: 1)
  Failed test:  11
  Non-zero exit status: 1
t/03-JSON_serialize.t       (Wstat: 256 Tests: 2 Failed: 1)
  Failed test:  2
  Non-zero exit status: 1
Files=8, Tests=54,  1 wallclock secs ( 0.02 usr  0.02 sys +  0.77 cusr  0.06 csys =  0.87 CPU)
Result: FAIL
Failed 2/8 test programs. 2/54 subtests failed.

------------------------------
PREREQUISITES
------------------------------

Prerequisite modules loaded:

requires:

    Module           Need   Have    
    ---------------- ------ --------
    Carp             0      1.32    
    Data::Dumper     0      2.145   
    Exporter::Easy   0      0.16    
    feature          0      1.11    
    JSON             0      2.59    
    perl             5.010  5.010000
    strict           0      1.04    
    warnings         0      1.06    
    XML::Twig        0      3.44    

build_requires:

    Module           Need   Have    
    ---------------- ------ --------
    File::Find       0      1.12    
    File::Slurp      0      9999.19 
    File::Temp       0      0.2301  
    FindBin          0      1.49    
    Module::Build    0.3601 0.4007  
    Path::Tiny       0      0.034   
    Test::Base       0      0.60    
    Test::Exception  0      0.32    
    Test::More       0.88   0.98    
    Test::NoWarnings 0      1.04    
    Test::Warn       0      0.24    

configure_requires:

    Module           Need   Have    
    ---------------- ------ --------
    Module::Build    0.3601 0.4007  


------------------------------
ENVIRONMENT AND OTHER CONTEXT
------------------------------

Environment variables:

    AUTOMATED_TESTING = 1
    LANG = en_GB.UTF-8
    LANGUAGE = en_GB:en
    LD_LIBRARY_PATH = /usr/local/lib::
    PATH = /home/njh/perl5/perlbrew/bin:/home/njh/perl5/perlbrew/perls/perl-5.10.0/bin:/home/njh/perl5/perlbrew/bin:/usr/local/bin:/usr/bin:/bin:/usr/local/games:/usr/games:/home/njh/bin:/sbin
    PERL5LIB = /home/njh/.cpan/build/Exporter-Easy-0.16-ret1Qc/blib/arch:/home/njh/.cpan/build/Exporter-Easy-0.16-ret1Qc/blib/lib:/home/njh/.cpan/build/Test-Base-0.60-ffnfME/blib/arch:/home/njh/.cpan/build/Test-Base-0.60-ffnfME/blib/lib:/home/njh/.cpan/build/Spiffy-0.31-BkXp8d/blib/arch:/home/njh/.cpan/build/Spiffy-0.31-BkXp8d/blib/lib
    PERL5OPT = 
    PERL5_CPANPLUS_IS_RUNNING = 13312
    PERL5_CPAN_IS_RUNNING = 13312
    PERL5_MINISMOKEBOX = 0.56
    PERLBREW_BASHRC_VERSION = 0.58
    PERLBREW_HOME = /home/njh/.perlbrew
    PERLBREW_MANPATH = /home/njh/perl5/perlbrew/perls/perl-5.10.0/man
    PERLBREW_PATH = /home/njh/perl5/perlbrew/bin:/home/njh/perl5/perlbrew/perls/perl-5.10.0/bin
    PERLBREW_PERL = perl-5.10.0
    PERLBREW_ROOT = /home/njh/perl5/perlbrew
    PERLBREW_VERSION = 0.66
    PERL_EXTUTILS_AUTOINSTALL = --defaultdeps
    PERL_MM_USE_DEFAULT = 1
    SHELL = /bin/bash
    TERM = linux

Perl special variables (and OS-specific diagnostics, for MSWin32):

    $^X = /home/njh/perl5/perlbrew/perls/perl-5.10.0/bin/perl
    $UID/$EUID = 1000 / 1000
    $GID = 1000 24 25 29 30 44 46 108 112 1000
    $EGID = 1000 24 25 29 30 44 46 108 112 1000

Perl module toolchain versions installed:

    Module              Have    
    ------------------- --------
    CPAN                2.00    
    CPAN::Meta          2.132830
    Cwd                 3.40    
    ExtUtils::CBuilder  0.280212
    ExtUtils::Command   1.18    
    ExtUtils::Install   1.54    
    ExtUtils::MakeMaker 6.80    
    ExtUtils::Manifest  1.63    
    ExtUtils::ParseXS   3.22    
    File::Spec          3.40    
    JSON                2.59    
    JSON::PP            2.27202 
    Module::Build       0.4007  
    Module::Signature   0.73    
    Parse::CPAN::Meta   1.4409  
    Test::Harness       3.29    
    Test::More          0.98    
    YAML                0.84    
    YAML::Syck          1.27    
    version             0.9904  


--

Summary of my perl5 (revision 5 version 10 subversion 0) configuration:
  Platform:
    osname=linux, osvers=3.2.0-4-amd64, archname=x86_64-linux-thread-multi
    uname='linux nigelhorne.force9.co.uk 3.2.0-4-amd64 #1 smp debian 3.2.32-1 x86_64 gnulinux '
    config_args='-de -Dprefix=/home/njh/perl5/perlbrew/perls/perl-5.10.0 -Duseithreads -Dusemultiplicity -Accflags=-O2 -W -Wformat=2 -Wswitch -Wshadow -Wwrite-strings -Wuninitialized -Wall -pipe -mtune=native -march=native -fomit-frame-pointer -mfpmath=sse -pedantic -D_FORTIFY_SOURCE=2 -Wpointer-arith -Wstrict-prototypes -fstack-protector -Wstack-protector -Wextra -Wbad-function-cast -Wcast-align -Wcast-qual -Wdisabled-optimization -Wendif-labels -Wfloat-equal -Wformat-nonliteral -Winline -Wmissing-declarations -Wmissing-prototypes -Wnested-externs -Wpointer-arith -Wundef -Wformat-security -Aeval:scriptdir=/home/njh/perl5/perlbrew/perls/perl-5.10.0/bin'
    hint=recommended, useposix=true, d_sigaction=define
    useithreads=define, usemultiplicity=define
    useperlio=define, d_sfio=undef, uselargefiles=define, usesocks=undef
    use64bitint=define, use64bitall=define, uselongdouble=undef
    usemymalloc=n, bincompat5005=undef
  Compiler:
    cc='cc', ccflags ='-D_REENTRANT -D_GNU_SOURCE -O2 -W -Wformat=2 -Wswitch -Wshadow -Wwrite-strings -Wuninitialized -Wall -pipe -mtune=native -march=native -fomit-frame-pointer -mfpmath=sse -pedantic -D_FORTIFY_SOURCE=2 -Wpointer-arith -Wstrict-prototypes -fstack-protector -Wstack-protector -Wextra -Wbad-function-cast -Wcast-align -Wcast-qual -Wdisabled-optimization -Wendif-labels -Wfloat-equal -Wformat-nonliteral -Winline -Wmissing-declarations -Wmissing-prototypes -Wnested-externs -Wpointer-arith -Wundef -Wformat-security -fno-strict-aliasing -I/usr/local/include -D_LARGEFILE_SOURCE -D_FILE_OFFSET_BITS=64',
    optimize='-O2',
    cppflags='-D_REENTRANT -D_GNU_SOURCE -O2 -W -Wformat=2 -Wswitch -Wshadow -Wwrite-strings -Wuninitialized -Wall -pipe -mtune=native -march=native -fomit-frame-pointer -mfpmath=sse -pedantic -D_FORTIFY_SOURCE=2 -Wpointer-arith -Wstrict-prototypes -fstack-protector -Wstack-protector -Wextra -Wbad-function-cast -Wcast-align -Wcast-qual -Wdisabled-optimization -Wendif-labels -Wfloat-equal -Wformat-nonliteral -Winline -Wmissing-declarations -Wmissing-prototypes -Wnested-externs -Wpointer-arith -Wundef -Wformat-security -fno-strict-aliasing -I/usr/local/include'
    ccversion='', gccversion='4.7.2', gccosandvers=''
    intsize=4, longsize=8, ptrsize=8, doublesize=8, byteorder=12345678
    d_longlong=define, longlongsize=8, d_longdbl=define, longdblsize=16
    ivtype='long', ivsize=8, nvtype='double', nvsize=8, Off_t='off_t', lseeksize=8
    alignbytes=8, prototype=define
  Linker and Libraries:
    ld='cc', ldflags =' -L/usr/local/lib'
    libpth=/usr/local/lib /lib/x86_64-linux-gnu /lib/../lib /usr/lib/x86_64-linux-gnu /usr/lib/../lib /lib /usr/lib
    libs=-lnsl -lgdbm -ldb -ldl -lm -lcrypt -lutil -lpthread -lc -lgdbm_compat
    perllibs=-lnsl -ldl -lm -lcrypt -lutil -lpthread -lc -lgdbm_compat
    libc=, so=so, useshrplib=false, libperl=libperl.a
    gnulibc_version='2.13'
  Dynamic Linking:
    dlsrc=dl_dlopen.xs, dlext=so, d_dlsymun=undef, ccdlflags='-Wl,-E'
    cccdlflags='-fPIC', lddlflags='-shared -O2 -L/usr/local/lib'


Characteristics of this binary (from libperl): 
  Compile-time options: MULTIPLICITY PERL_DONT_CREATE_GVSV
                        PERL_IMPLICIT_CONTEXT PERL_MALLOC_WRAP USE_64_BIT_ALL
                        USE_64_BIT_INT USE_ITHREADS USE_LARGE_FILES
                        USE_PERLIO USE_REENTRANT_API
  Built under linux
  Compiled at Mar  4 2013 20:42:58
  %ENV:
    PERL5LIB="/home/njh/.cpan/build/Exporter-Easy-0.16-ret1Qc/blib/arch:/home/njh/.cpan/build/Exporter-Easy-0.16-ret1Qc/blib/lib:/home/njh/.cpan/build/Test-Base-0.60-ffnfME/blib/arch:/home/njh/.cpan/build/Test-Base-0.60-ffnfME/blib/lib:/home/njh/.cpan/build/Spiffy-0.31-BkXp8d/blib/arch:/home/njh/.cpan/build/Spiffy-0.31-BkXp8d/blib/lib"
    PERL5OPT=""
    PERL5_CPANPLUS_IS_RUNNING="13312"
    PERL5_CPAN_IS_RUNNING="13312"
    PERL5_MINISMOKEBOX="0.56"
    PERLBREW_BASHRC_VERSION="0.58"
    PERLBREW_HOME="/home/njh/.perlbrew"
    PERLBREW_MANPATH="/home/njh/perl5/perlbrew/perls/perl-5.10.0/man"
    PERLBREW_PATH="/home/njh/perl5/perlbrew/bin:/home/njh/perl5/perlbrew/perls/perl-5.10.0/bin"
    PERLBREW_PERL="perl-5.10.0"
    PERLBREW_ROOT="/home/njh/perl5/perlbrew"
    PERLBREW_VERSION="0.66"
    PERL_EXTUTILS_AUTOINSTALL="--defaultdeps"
    PERL_MM_USE_DEFAULT="1"
  @INC:
    /home/njh/.cpan/build/Exporter-Easy-0.16-ret1Qc/blib/arch
    /home/njh/.cpan/build/Exporter-Easy-0.16-ret1Qc/blib/lib
    /home/njh/.cpan/build/Test-Base-0.60-ffnfME/blib/arch
    /home/njh/.cpan/build/Test-Base-0.60-ffnfME/blib/lib
    /home/njh/.cpan/build/Spiffy-0.31-BkXp8d/blib/arch
    /home/njh/.cpan/build/Spiffy-0.31-BkXp8d/blib/lib
    /home/njh/perl5/perlbrew/perls/perl-5.10.0/lib/5.10.0/x86_64-linux-thread-multi
    /home/njh/perl5/perlbrew/perls/perl-5.10.0/lib/5.10.0
    /home/njh/perl5/perlbrew/perls/perl-5.10.0/lib/site_perl/5.10.0/x86_64-linux-thread-multi
    /home/njh/perl5/perlbrew/perls/perl-5.10.0/lib/site_perl/5.10.0
    .