Report for MooseX-LazyRequire-0.08

Back
From: metabase:user:320bfe00-2aae-11df-837a-5e0a49663a4f
Subject: FAIL MooseX-LazyRequire-0.08 v5.17.6 GNU/Linux
Date: 2012-11-25T05:41:14Z

This distribution has been tested as part of the CPAN Testers
project, supporting the Perl programming language.  See
http://wiki.cpantesters.org/ for more information or email
questions to cpan-testers-discuss@perl.org


--
Dear Karen Etheridge,

This is a computer-generated report for MooseX-LazyRequire-0.08
on perl 5.17.6, created by CPAN-Reporter-1.2006.

Thank you for uploading your work to CPAN.  However, there was a problem
testing your distribution.

If you think this report is invalid, please consult the CPAN Testers Wiki
for suggestions on how to avoid getting FAIL reports for missing library
or binary dependencies, unsupported operating systems, and so on:

http://wiki.cpantesters.org/wiki/CPANAuthorNotes

Sections of this report:

    * Tester comments
    * Program output
    * Prerequisites
    * Environment and other context

------------------------------
TESTER COMMENTS
------------------------------

Additional comments from tester:

this report is from an automated smoke testing program
and was not reviewed by a human for accuracy

------------------------------
PROGRAM OUTPUT
------------------------------

Output from '/usr/bin/make test':

PERL_DL_NONLAZY=1 /home/sand/src/perl/repoperls/installed-perls/perl/v5.17.6-2-g5814c91/127e/bin/perl "-MExtUtils::Command::MM" "-e" "test_harness(0, 'blib/lib', 'blib/arch')" t/*.t
t/00-check-deps.t ................ ok
t/00-compile.t ................... ok

#   Failed test at t/basic.t line 29.
#          got: 'Attribute bar must be provided before calling reader at /tmp/loop_over_bdir-cZFE64/MooseX-LazyRequire-0.08-NMTcv5/blib/lib/MooseX/LazyRequire/Meta/Attribute/Trait/LazyRequire.pm line 40.
# 	MooseX::LazyRequire::Meta::Attribute::Trait::LazyRequire::__ANON__('Foo=HASH(0xfa91d0)') called at reader Foo::bar (defined at t/basic.t line 11) line 6
# 	Foo::bar('Foo=HASH(0xfa91d0)') called at t/basic.t line 21
# 	Foo::_build_baz('Foo=HASH(0xfa91d0)') called at /home/src/perl/repoperls/installed-perls/perl/v5.17.6-2-g5814c91/127e/lib/site_perl/5.17.6/x86_64-linux-ld/Moose/Meta/Attribute.pm line 545
# 	Moose::Meta::Attribute::_call_builder('Moose::Meta::Class::__ANON__::SERIAL::1=HASH(0x20cecb0)', 'Foo=HASH(0xfa91d0)') called at /home/src/perl/repoperls/installed-perls/perl/v5.17.6-2-g5814c91/127e/lib/site_perl/5.17.6/x86_64-linux-ld/Moose/Meta/Attribute.pm line 524
# 	Moose::Meta::Attribute::initialize_instance_slot('Moose::Meta::Class::__ANON__::SERIAL::1=HASH(0x20cecb0)', 'Moose::Meta::Instance=HASH(0xfa8c90)', 'Foo=HASH(0xfa91d0)', 'HASH(0xfa9140)') called at /home/src/perl/repoperls/installed-perls/perl/v5.17.6-2-g5814c91/127e/lib/site_perl/5.17.6/x86_64-linux-ld/Class/MOP/Class.pm line 525
# 	Class::MOP::Class::_construct_instance('Moose::Meta::Class=HASH(0x1f8dd98)', 'HASH(0xfa9140)') called at /home/src/perl/repoperls/installed-perls/perl/v5.17.6-2-g5814c91/127e/lib/site_perl/5.17.6/x86_64-linux-ld/Class/MOP/Class.pm line 498
# 	Class::MOP::Class::new_object('Moose::Meta::Class=HASH(0x1f8dd98)', 'HASH(0xfa9140)') called at /home/src/perl/repoperls/installed-perls/perl/v5.17.6-2-g5814c91/127e/lib/site_perl/5.17.6/x86_64-linux-ld/Moose/Meta/Class.pm line 274
# 	Moose::Meta::Class::new_object('Moose::Meta::Class=HASH(0x1f8dd98)', 'HASH(0xfa9140)') called at /home/src/perl/repoperls/installed-perls/perl/v5.17.6-2-g5814c91/127e/lib/site_perl/5.17.6/x86_64-linux-ld/Moose/Object.pm line 28
# 	Moose::Object::new('Foo', 'bar', 42) called at t/basic.t line 27
# 	main::__ANON__() called at /home/src/perl/repoperls/installed-perls/perl/v5.17.6-2-g5814c91/127e/lib/site_perl/5.17.6/Test/Fatal.pm line 23
# 	Test::Fatal::__ANON__() called at /home/src/perl/repoperls/installed-perls/perl/v5.17.6-2-g5814c91/127e/lib/site_perl/5.17.6/Try/Tiny.pm line 71
# 	eval {...} called at /home/src/perl/repoperls/installed-perls/perl/v5.17.6-2-g5814c91/127e/lib/site_perl/5.17.6/Try/Tiny.pm line 67
# 	Try::Tiny::try('CODE(0xfa17f0)', 'Try::Tiny::Catch=REF(0xfa93b0)') called at /home/src/perl/repoperls/installed-perls/perl/v5.17.6-2-g5814c91/127e/lib/site_perl/5.17.6/Test/Fatal.pm line 30
# 	Test::Fatal::exception('CODE(0x20c3a50)') called at t/basic.t line 29
# '
#     expected: undef
Can't call method "baz" on an undefined value at t/basic.t line 30.
# Tests were run but no plan was declared and done_testing() was not seen.
t/basic.t ........................ 
Dubious, test returned 255 (wstat 65280, 0xff00)
Failed 1/1 subtests 
t/release-changes_has_content.t .. skipped: these tests are for release candidate testing
t/release-cpan-changes.t ......... skipped: these tests are for release candidate testing
t/release-distmeta.t ............. skipped: these tests are for release candidate testing
t/release-eol.t .................. skipped: these tests are for release candidate testing
t/release-minimum-version.t ...... skipped: these tests are for release candidate testing
t/release-no-tabs.t .............. skipped: these tests are for release candidate testing
t/release-pod-coverage.t ......... skipped: these tests are for release candidate testing
t/release-pod-linkcheck.t ........ skipped: these tests are for release candidate testing
t/release-pod-no404s.t ........... skipped: these tests are for release candidate testing
t/release-pod-syntax.t ........... skipped: these tests are for release candidate testing
Use of uninitialized value $this in pattern match (m//) at t/rt76054_inheritance.t line 38.
t/rt76054_inheritance.t .......... ok

Test Summary Report
-------------------
t/basic.t                      (Wstat: 65280 Tests: 1 Failed: 1)
  Failed test:  1
  Non-zero exit status: 255
  Parse errors: No plan found in TAP output
Files=14, Tests=19,  2 wallclock secs ( 0.05 usr  0.02 sys +  1.22 cusr  0.16 csys =  1.45 CPU)
Result: FAIL
Failed 1/14 test programs. 1/19 subtests failed.
make: *** [test_dynamic] Error 255

------------------------------
PREREQUISITES
------------------------------

Prerequisite modules loaded:

requires:

    Module               Need  Have   
    -------------------- ----- -------
    aliased              0.30  0.30   
    Carp                 0     1.28   
    Moose                0.94  2.0604 
    Moose::Exporter      0     2.0604 
    Moose::Role          0     2.0604 
    MooseX::Types::Moose 0     0.35   
    namespace::autoclean 0     0.13   

build_requires:

    Module               Need  Have   
    -------------------- ----- -------
    File::Find           0     1.23   
    File::Temp           0     0.22   
    strict               0     1.07   
    Test::CheckDeps      0.002 0.002  
    Test::Fatal          0     0.010  
    Test::More           0.88  0.98   
    warnings             0     1.15   

configure_requires:

    Module               Need  Have   
    -------------------- ----- -------
    ExtUtils::MakeMaker  6.30  6.63_02


------------------------------
ENVIRONMENT AND OTHER CONTEXT
------------------------------

Environment variables:

    AUTOMATED_TESTING = 1
    LANG = en_US.UTF-8
    LANGUAGE = en_US:en
    PATH = /home/sand/bin:/usr/local/bin:/usr/bin:/bin:/usr/bin/X11:/usr/games:/usr/local/perl/bin:/usr/X11/bin:/sbin:/usr/sbin
    PERL5LIB = 
    PERL5OPT = 
    PERL5_CPANPLUS_IS_RUNNING = 1792
    PERL5_CPAN_IS_RUNNING = 1792
    PERL_MM_USE_DEFAULT = 1
    SHELL = /usr/bin/zsh
    TERM = screen

Perl special variables (and OS-specific diagnostics, for MSWin32):

    $^X = /home/sand/src/perl/repoperls/installed-perls/perl/v5.17.6-2-g5814c91/127e/bin/perl
    $UID/$EUID = 1005 / 1005
    $GID = 1005 1005
    $EGID = 1005 1005

Perl module toolchain versions installed:

    Module              Have    
    ------------------- --------
    CPAN                1.99_51 
    CPAN::Meta          2.120921
    Cwd                 3.39_02 
    ExtUtils::CBuilder  0.280209
    ExtUtils::Command   1.17    
    ExtUtils::Install   1.58    
    ExtUtils::MakeMaker 6.63_02 
    ExtUtils::Manifest  1.62    
    ExtUtils::ParseXS   3.18    
    File::Spec          3.39_02 
    JSON                2.53    
    JSON::PP            2.27200 
    Module::Build       0.4003  
    Module::Signature   0.69    
    Parse::CPAN::Meta   1.4404  
    Test::Harness       3.25_01 
    Test::More          0.98    
    YAML                0.84    
    YAML::Syck          1.21    
    version             0.9901  


--

Summary of my perl5 (revision 5 version 17 subversion 6) configuration:
  Commit id: 5814c912cf563c76f7bbbede9fb436a41e48509b
  Platform:
    osname=linux, osvers=3.2.0-4-amd64, archname=x86_64-linux-ld
    uname='linux k83 3.2.0-4-amd64 #1 smp debian 3.2.32-1 x86_64 gnulinux '
    config_args='-Dprefix=/home/src/perl/repoperls/installed-perls/perl/v5.17.6-2-g5814c91/127e -Dmyhostname=k83 -Dinstallusrbinperl=n -Uversiononly -Dusedevel -des -Ui_db -Uuseithreads -Duselongdouble -DDEBUGGING=-g'
    hint=recommended, useposix=true, d_sigaction=define
    useithreads=undef, usemultiplicity=undef
    useperlio=define, d_sfio=undef, uselargefiles=define, usesocks=undef
    use64bitint=define, use64bitall=define, uselongdouble=define
    usemymalloc=n, bincompat5005=undef
  Compiler:
    cc='cc', ccflags ='-fno-strict-aliasing -pipe -fstack-protector -I/usr/local/include -D_LARGEFILE_SOURCE -D_FILE_OFFSET_BITS=64',
    optimize='-O2 -g',
    cppflags='-fno-strict-aliasing -pipe -fstack-protector -I/usr/local/include'
    ccversion='', gccversion='4.7.2', gccosandvers=''
    intsize=4, longsize=8, ptrsize=8, doublesize=8, byteorder=12345678
    d_longlong=define, longlongsize=8, d_longdbl=define, longdblsize=16
    ivtype='long', ivsize=8, nvtype='long double', nvsize=16, Off_t='off_t', lseeksize=8
    alignbytes=16, prototype=define
  Linker and Libraries:
    ld='cc', ldflags =' -fstack-protector -L/usr/local/lib'
    libpth=/usr/local/lib /lib/x86_64-linux-gnu /lib/../lib /usr/lib/x86_64-linux-gnu /usr/lib/../lib /lib /usr/lib
    libs=-lnsl -ldb -ldl -lm -lcrypt -lutil -lc
    perllibs=-lnsl -ldl -lm -lcrypt -lutil -lc
    libc=, so=so, useshrplib=false, libperl=libperl.a
    gnulibc_version='2.13'
  Dynamic Linking:
    dlsrc=dl_dlopen.xs, dlext=so, d_dlsymun=undef, ccdlflags='-Wl,-E'
    cccdlflags='-fPIC', lddlflags='-shared -O2 -g -L/usr/local/lib -fstack-protector'


Characteristics of this binary (from libperl): 
  Compile-time options: HAS_TIMES PERLIO_LAYERS PERL_DONT_CREATE_GVSV
                        PERL_MALLOC_WRAP PERL_PRESERVE_IVUV PERL_USE_DEVEL
                        USE_64_BIT_ALL USE_64_BIT_INT USE_LARGE_FILES
                        USE_LOCALE USE_LOCALE_COLLATE USE_LOCALE_CTYPE
                        USE_LOCALE_NUMERIC USE_LONG_DOUBLE USE_PERLIO
                        USE_PERL_ATOF
  Built under linux
  Compiled at Nov 21 2012 01:36:05
  %ENV:
    PERL5LIB=""
    PERL5OPT=""
    PERL5_CPANPLUS_IS_RUNNING="1792"
    PERL5_CPAN_IS_RUNNING="1792"
    PERL_MM_USE_DEFAULT="1"
  @INC:
    /home/src/perl/repoperls/installed-perls/perl/v5.17.6-2-g5814c91/127e/lib/site_perl/5.17.6/x86_64-linux-ld
    /home/src/perl/repoperls/installed-perls/perl/v5.17.6-2-g5814c91/127e/lib/site_perl/5.17.6
    /home/src/perl/repoperls/installed-perls/perl/v5.17.6-2-g5814c91/127e/lib/5.17.6/x86_64-linux-ld
    /home/src/perl/repoperls/installed-perls/perl/v5.17.6-2-g5814c91/127e/lib/5.17.6
    .