Report for Devel-Declare-0.006010

Back
From: metabase:user:553c21ce-8d47-11df-9de5-e28c4c42590d
Subject: FAIL Devel-Declare-0.006010 v5.14.2 GNU/Linux
Date: 2012-02-08T00:49:15Z

This distribution has been tested as part of the CPAN Testers
project, supporting the Perl programming language.  See
http://wiki.cpantesters.org/ for more information or email
questions to cpan-testers-discuss@perl.org


--
Dear Andrew Main (Zefram),

This is a computer-generated report for Devel-Declare-0.006010
on perl 5.14.2, created by CPAN-Reporter-1.2003.

Thank you for uploading your work to CPAN.  However, there was a problem
testing your distribution.

If you think this report is invalid, please consult the CPAN Testers Wiki
for suggestions on how to avoid getting FAIL reports for missing library
or binary dependencies, unsupported operating systems, and so on:

http://wiki.cpantesters.org/wiki/CPANAuthorNotes

Sections of this report:

    * Tester comments
    * Program output
    * Prerequisites
    * Environment and other context

------------------------------
TESTER COMMENTS
------------------------------

Additional comments from tester:

none provided

------------------------------
PROGRAM OUTPUT
------------------------------

Output from 'make test':

PERL_DL_NONLAZY=1 /home/ioan/perl5/perlbrew/perls/perl-5.14.2/bin/perl "-MExtUtils::Command::MM" "-e" "test_harness(0, 'inc', 'blib/lib', 'blib/arch')" t/*.t
t/block_size.t ................. 
Failed 3/3 subtests 
t/00load.t ..................... ok
t/combi.t ...................... 
No subtests run 
t/build_sub_installer.t ........ ok
t/early0.t ..................... 
Failed 1/1 subtests 
t/ctx-simple.t ................. 
No subtests run 
t/ctx-simple-like-mxms.t ....... 
Failed 20/20 subtests 
t/early1.t ..................... 
Failed 1/1 subtests 
t/fail.t ....................... 
No subtests run 
t/devel_callparser.t ........... skipped: Devel::CallParser unavailable
t/eval.t ....................... 
No subtests run 
t/early2.t ..................... ok
t/filter0.t .................... 
Failed 2/2 subtests 
t/load_module.t ................ 
Failed 1/1 subtests 
t/filter1.t .................... 
Failed 2/2 subtests 
t/lines.t ...................... skipped: Can't locate B/Compiling.pm in @INC (@INC contains: /home/ioan/.local/share/.cpan/build/Devel-Declare-0.006010-Rd29xN/inc /home/ioan/.local/share/.cpan/build/Devel-Declare-0.006010-Rd29xN/blib/lib /home/ioan/.local/share/.cpan/build/Devel-Declare-0.006010-Rd29xN/blib/arch /home/ioan/perl5/perlbrew/perls/perl-5.14.2/lib/site_perl/5.14.2/x86_64-linux-thread-multi /home/ioan/perl5/perlbrew/perls/perl-5.14.2/lib/site_perl/5.14.2 /home/ioan/perl5/perlbrew/perls/perl-5.14.2/lib/5.14.2/x86_64-linux-thread-multi /home/ioan/perl5/perlbrew/perls/perl-5.14.2/lib/5.14.2 .) at (eval 4) line 2.

#   Failed test 'replaced line string visible in debug lines'
#   at t/debug.t line 33.
#                   ''
#     doesn't match '(?^:method new {}, sub {my \$self = shift;)'
# Looks like you failed 1 test of 1.
t/debug.t ...................... 
Dubious, test returned 1 (wstat 256, 0x100)
Failed 1/1 subtests 
t/method.t ..................... 
No subtests run 
t/method-installer-runtime.t ... 
Failed 2/2 subtests 
t/methinstaller-simple.t ....... 
No subtests run 
t/method-no-semi.t ............. 
No subtests run 
t/new.t ........................ 
No subtests run 
t/method-installer-redefine.t .. 
Failed 4/4 subtests 
t/no-bareword.t ................ 
No subtests run 
t/multiline-proto.t ............ 
Failed 1/1 subtests 
t/padstuff.t ................... 
No subtests run 
t/pack.t ....................... 
No subtests run 
t/proto.t ...................... 
No subtests run 
t/quote.t ...................... 
Failed 15/15 subtests 
t/sugar.t ...................... 
No subtests run 
t/scanstr.t .................... 
Failed 10/10 subtests 
t/simple.t ..................... 
No subtests run 
t/scanstr_fail.t ............... 
Failed 1/1 subtests 
t/statement.t .................. 
No subtests run 

Test Summary Report
-------------------
t/block_size.t               (Wstat: 11 Tests: 0 Failed: 0)
  Non-zero wait status: 11
  Parse errors: Bad plan.  You planned 3 tests but ran 0.
t/combi.t                    (Wstat: 11 Tests: 0 Failed: 0)
  Non-zero wait status: 11
  Parse errors: No plan found in TAP output
t/early0.t                   (Wstat: 11 Tests: 0 Failed: 0)
  Non-zero wait status: 11
  Parse errors: Bad plan.  You planned 1 tests but ran 0.
t/ctx-simple.t               (Wstat: 11 Tests: 0 Failed: 0)
  Non-zero wait status: 11
  Parse errors: No plan found in TAP output
t/ctx-simple-like-mxms.t     (Wstat: 11 Tests: 0 Failed: 0)
  Non-zero wait status: 11
  Parse errors: Bad plan.  You planned 20 tests but ran 0.
t/early1.t                   (Wstat: 11 Tests: 0 Failed: 0)
  Non-zero wait status: 11
  Parse errors: Bad plan.  You planned 1 tests but ran 0.
t/fail.t                     (Wstat: 11 Tests: 0 Failed: 0)
  Non-zero wait status: 11
  Parse errors: No plan found in TAP output
t/eval.t                     (Wstat: 11 Tests: 0 Failed: 0)
  Non-zero wait status: 11
  Parse errors: No plan found in TAP output
t/filter0.t                  (Wstat: 11 Tests: 0 Failed: 0)
  Non-zero wait status: 11
  Parse errors: Bad plan.  You planned 2 tests but ran 0.
t/load_module.t              (Wstat: 11 Tests: 0 Failed: 0)
  Non-zero wait status: 11
  Parse errors: Bad plan.  You planned 1 tests but ran 0.
t/filter1.t                  (Wstat: 11 Tests: 0 Failed: 0)
  Non-zero wait status: 11
  Parse errors: Bad plan.  You planned 2 tests but ran 0.
t/debug.t                    (Wstat: 256 Tests: 1 Failed: 1)
  Failed test:  1
  Non-zero exit status: 1
t/method.t                   (Wstat: 11 Tests: 0 Failed: 0)
  Non-zero wait status: 11
  Parse errors: No plan found in TAP output
t/method-installer-runtime.t (Wstat: 11 Tests: 0 Failed: 0)
  Non-zero wait status: 11
  Parse errors: Bad plan.  You planned 2 tests but ran 0.
t/methinstaller-simple.t     (Wstat: 11 Tests: 0 Failed: 0)
  Non-zero wait status: 11
  Parse errors: No plan found in TAP output
t/method-no-semi.t           (Wstat: 11 Tests: 0 Failed: 0)
  Non-zero wait status: 11
  Parse errors: No plan found in TAP output
t/new.t                      (Wstat: 11 Tests: 0 Failed: 0)
  Non-zero wait status: 11
  Parse errors: No plan found in TAP output
t/method-installer-redefine.t (Wstat: 11 Tests: 0 Failed: 0)
  Non-zero wait status: 11
  Parse errors: Bad plan.  You planned 4 tests but ran 0.
t/no-bareword.t              (Wstat: 11 Tests: 0 Failed: 0)
  Non-zero wait status: 11
  Parse errors: No plan found in TAP output
t/multiline-proto.t          (Wstat: 11 Tests: 0 Failed: 0)
  Non-zero wait status: 11
  Parse errors: Bad plan.  You planned 1 tests but ran 0.
t/padstuff.t                 (Wstat: 11 Tests: 0 Failed: 0)
  Non-zero wait status: 11
  Parse errors: No plan found in TAP output
t/pack.t                     (Wstat: 11 Tests: 0 Failed: 0)
  Non-zero wait status: 11
  Parse errors: No plan found in TAP output
t/proto.t                    (Wstat: 11 Tests: 0 Failed: 0)
  Non-zero wait status: 11
  Parse errors: No plan found in TAP output
t/quote.t                    (Wstat: 11 Tests: 0 Failed: 0)
  Non-zero wait status: 11
  Parse errors: Bad plan.  You planned 15 tests but ran 0.
t/sugar.t                    (Wstat: 11 Tests: 0 Failed: 0)
  Non-zero wait status: 11
  Parse errors: No plan found in TAP output
t/scanstr.t                  (Wstat: 11 Tests: 0 Failed: 0)
  Non-zero wait status: 11
  Parse errors: Bad plan.  You planned 10 tests but ran 0.
t/simple.t                   (Wstat: 11 Tests: 0 Failed: 0)
  Non-zero wait status: 11
  Parse errors: No plan found in TAP output
t/scanstr_fail.t             (Wstat: 11 Tests: 0 Failed: 0)
  Non-zero wait status: 11
  Parse errors: Bad plan.  You planned 1 tests but ran 0.
t/statement.t                (Wstat: 11 Tests: 0 Failed: 0)
  Non-zero wait status: 11
  Parse errors: No plan found in TAP output
Files=34, Tests=5,  0 wallclock secs ( 0.12 usr  0.06 sys +  0.97 cusr  0.19 csys =  1.34 CPU)
Result: FAIL
Failed 29/34 test programs. 1/5 subtests failed.
make: *** [test_dynamic] Error 255

------------------------------
PREREQUISITES
------------------------------

Prerequisite modules loaded:

requires:

    Module               Need     Have    
    -------------------- -------- --------
    B::Hooks::EndOfScope 0.05     0.09    
    B::Hooks::OP::Check  0.19     0.19    
    perl                 5.008001 5.014002
    Scalar::Util         1.11     1.23    
    Sub::Name            0        0.05    

build_requires:

    Module               Need     Have    
    -------------------- -------- --------
    B::Hooks::OP::Check  0.19     0.19    
    ExtUtils::Depends    0.302    0.304   
    ExtUtils::MakeMaker  6.62     6.62    
    Test::More           0.88     0.98    
    Test::Warn           0        0.23    

configure_requires:

    Module               Need     Have    
    -------------------- -------- --------
    B::Hooks::OP::Check  0.19     0.19    
    ExtUtils::Depends    0.302    0.304   
    ExtUtils::MakeMaker  6.62     6.62    


------------------------------
ENVIRONMENT AND OTHER CONTEXT
------------------------------

Environment variables:

    LANG = en_GB.utf8
    LC_MEASUREMENT = en_GB.utf8
    LC_MONETARY = en_GB.utf8
    LC_NUMERIC = en_GB.utf8
    LC_TIME = en_GB.utf8
    PATH = /home/ioan/perl5/perlbrew/bin:/home/ioan/perl5/perlbrew/perls/perl-5.14.2/bin:/home/ioan/bin:/usr/local/bin:/usr/bin:/bin:/usr/local/sbin:/sbin:/usr/sbin:/usr/X11R6/bin:/usr/games
    PATH_WITHOUT_PERLBREW = /home/ioan/bin:/usr/local/bin:/usr/bin:/bin:/usr/local/sbin:/sbin:/usr/sbin:/usr/X11R6/bin:/usr/games
    PERL5LIB = 
    PERL5OPT = 
    PERL5_CPANPLUS_IS_RUNNING = 26889
    PERL5_CPAN_IS_RUNNING = 26889
    PERLBREW_HOME = /home/ioan/.perlbrew
    PERLBREW_PATH = /home/ioan/perl5/perlbrew/bin:/home/ioan/perl5/perlbrew/perls/perl-5.14.2/bin
    PERLBREW_PERL = perl-5.14.2
    PERLBREW_ROOT = /home/ioan/perl5/perlbrew
    PERLBREW_VERSION = 0.31
    PERL_CPANM_DEV = 1
    SHELL = /bin/zsh
    TERM = xterm

Perl special variables (and OS-specific diagnostics, for MSWin32):

    $^X = /home/ioan/perl5/perlbrew/perls/perl-5.14.2/bin/perl
    $UID/$EUID = 1001 / 1001
    $GID = 1001 4 27 46 114 122 997 998 999 1001
    $EGID = 1001 4 27 46 114 122 997 998 999 1001

Perl module toolchain versions installed:

    Module              Have    
    ------------------- --------
    CPAN                1.9800  
    CPAN::Meta          2.120351
    Cwd                 3.36    
    ExtUtils::CBuilder  0.280203
    ExtUtils::Command   1.17    
    ExtUtils::Install   1.56    
    ExtUtils::MakeMaker 6.62    
    ExtUtils::Manifest  1.60    
    ExtUtils::ParseXS   3.11    
    File::Spec          3.33    
    JSON                2.53    
    JSON::PP            2.27200 
    Module::Build       0.3800  
    Module::Signature   0.68    
    Parse::CPAN::Meta   1.4401  
    Test::Harness       3.23    
    Test::More          0.98    
    YAML                0.78    
    YAML::Syck          1.19    
    version             0.96    


--

Summary of my perl5 (revision 5 version 14 subversion 2) configuration:
   
  Platform:
    osname=linux, osvers=3.1.0-1-amd64, archname=x86_64-linux-thread-multi
    uname='linux zeratul 3.1.0-1-amd64 #1 smp mon nov 14 08:02:25 utc 2011 x86_64 gnulinux '
    config_args='-de -Dprefix=/home/ioan/perl5/perlbrew/perls/perl-5.14.2 -Duseithreads -Dcc=clang -Uuselargefiles'
    hint=recommended, useposix=true, d_sigaction=define
    useithreads=define, usemultiplicity=define
    useperlio=define, d_sfio=undef, uselargefiles=undef, usesocks=undef
    use64bitint=define, use64bitall=define, uselongdouble=undef
    usemymalloc=n, bincompat5005=undef
  Compiler:
    cc='clang', ccflags ='-D_REENTRANT -D_GNU_SOURCE -fno-strict-aliasing -pipe -fstack-protector -I/usr/local/include',
    optimize='-O2',
    cppflags='-D_REENTRANT -D_GNU_SOURCE -fno-strict-aliasing -pipe -fstack-protector -I/usr/local/include'
    ccversion='', gccversion='4.2.1 Compatible Clang Compiler', gccosandvers=''
    intsize=4, longsize=8, ptrsize=8, doublesize=8, byteorder=12345678
    d_longlong=define, longlongsize=8, d_longdbl=define, longdblsize=16
    ivtype='long', ivsize=8, nvtype='double', nvsize=8, Off_t='off_t', lseeksize=8
    alignbytes=8, prototype=define
  Linker and Libraries:
    ld='clang', ldflags =' -fstack-protector -L/usr/local/lib'
    libpth=/usr/local/lib /lib/x86_64-linux-gnu /lib/../lib /usr/lib/x86_64-linux-gnu /usr/lib/../lib /lib /usr/lib
    libs=-lnsl -ldb -ldl -lm -lcrypt -lutil -lpthread -lc
    perllibs=-lnsl -ldl -lm -lcrypt -lutil -lpthread -lc
    libc=, so=so, useshrplib=false, libperl=libperl.a
    gnulibc_version='2.13'
  Dynamic Linking:
    dlsrc=dl_dlopen.xs, dlext=so, d_dlsymun=undef, ccdlflags='-Wl,-E'
    cccdlflags='-fPIC', lddlflags='-shared -O2 -L/usr/local/lib -fstack-protector'


Characteristics of this binary (from libperl): 
  Compile-time options: MULTIPLICITY PERL_DONT_CREATE_GVSV
                        PERL_IMPLICIT_CONTEXT PERL_MALLOC_WRAP
                        PERL_PRESERVE_IVUV USE_64_BIT_ALL USE_64_BIT_INT
                        USE_ITHREADS USE_PERLIO USE_PERL_ATOF
                        USE_REENTRANT_API
  Built under linux
  Compiled at Dec  1 2011 01:10:05
  %ENV:
    PERL5LIB=""
    PERL5OPT=""
    PERL5_CPANPLUS_IS_RUNNING="26889"
    PERL5_CPAN_IS_RUNNING="26889"
    PERLBREW_HOME="/home/ioan/.perlbrew"
    PERLBREW_PATH="/home/ioan/perl5/perlbrew/bin:/home/ioan/perl5/perlbrew/perls/perl-5.14.2/bin"
    PERLBREW_PERL="perl-5.14.2"
    PERLBREW_ROOT="/home/ioan/perl5/perlbrew"
    PERLBREW_VERSION="0.31"
    PERL_CPANM_DEV="1"
  @INC:
    /home/ioan/perl5/perlbrew/perls/perl-5.14.2/lib/site_perl/5.14.2/x86_64-linux-thread-multi
    /home/ioan/perl5/perlbrew/perls/perl-5.14.2/lib/site_perl/5.14.2
    /home/ioan/perl5/perlbrew/perls/perl-5.14.2/lib/5.14.2/x86_64-linux-thread-multi
    /home/ioan/perl5/perlbrew/perls/perl-5.14.2/lib/5.14.2
    .