Report for Scrappy-0.94112090

Back
From: metabase:user:320bfe00-2aae-11df-837a-5e0a49663a4f
Subject: FAIL Scrappy-0.94112090 v5.17.6 GNU/Linux
Date: 2012-12-18T19:47:16Z

This distribution has been tested as part of the CPAN Testers
project, supporting the Perl programming language.  See
http://wiki.cpantesters.org/ for more information or email
questions to cpan-testers-discuss@perl.org


--
Dear ANAIO,

This is a computer-generated report for Scrappy-0.94112090
on perl 5.17.6, created by CPAN-Reporter-1.2008.

Thank you for uploading your work to CPAN.  However, there was a problem
testing your distribution.

If you think this report is invalid, please consult the CPAN Testers Wiki
for suggestions on how to avoid getting FAIL reports for missing library
or binary dependencies, unsupported operating systems, and so on:

http://wiki.cpantesters.org/wiki/CPANAuthorNotes

Sections of this report:

    * Tester comments
    * Program output
    * Prerequisites
    * Environment and other context

------------------------------
TESTER COMMENTS
------------------------------

Additional comments from tester:

this report is from an automated smoke testing program
and was not reviewed by a human for accuracy

------------------------------
PROGRAM OUTPUT
------------------------------

Output from '/usr/bin/make test':

Skip blib/lib/auto/share/dist/Scrappy/support/safari.txt (unchanged)
Skip blib/lib/auto/share/dist/Scrappy/support/firefox.txt (unchanged)
Skip blib/lib/auto/share/dist/Scrappy/support/opera.txt (unchanged)
Skip blib/lib/auto/share/dist/Scrappy/support/chrome.txt (unchanged)
Skip blib/lib/auto/share/dist/Scrappy/support/explorer.txt (unchanged)
PERL_DL_NONLAZY=1 /home/sand/src/perl/repoperls/installed-perls/perl/v5.17.6/9980/bin/perl "-MExtUtils::Command::MM" "-e" "test_harness(0, 'blib/lib', 'blib/arch')" t/*.t
Can't use an undefined value as an ARRAY reference at /tmp/loop_over_bdir-7WbzNV/Scrappy-0.94112090-ZvNJhY/blib/lib/Scrappy/Plugin.pm line 21.
# Looks like you planned 12 tests but ran 1.
# Looks like your test exited with 255 just after 1.
t/00_load_scrappy.t ..................... 
Dubious, test returned 255 (wstat 65280, 0xff00)
Failed 11/12 subtests 
t/00_test_function_back.t ............... skipped: env var TEST_LIVE not set, live testing is not enabled
t/00_test_function_content.t ............ skipped: env var TEST_LIVE not set, live testing is not enabled
t/00_test_function_control.t ............ skipped: env var TEST_LIVE not set, live testing is not enabled
t/00_test_function_cookies.t ............ skipped: env var TEST_LIVE not set, live testing is not enabled
t/00_test_function_crawl.t .............. skipped: env var TEST_LIVE not set, live testing is not enabled
t/00_test_function_debug.t .............. skipped: env var TEST_LIVE not set, live testing is not enabled
t/00_test_function_domain.t ............. skipped: env var TEST_LIVE not set, live testing is not enabled
t/00_test_function_download.t ........... skipped: env var TEST_LIVE not set, live testing is not enabled
t/00_test_function_form.t ............... skipped: env var TEST_LIVE not set, live testing is not enabled
t/00_test_function_get.t ................ skipped: env var TEST_LIVE not set, live testing is not enabled
t/00_test_function_log.t ................ skipped: env var TEST_LIVE not set, live testing is not enabled
t/00_test_function_logger.t ............. skipped: env var TEST_LIVE not set, live testing is not enabled
t/00_test_function_page_content_type.t .. skipped: env var TEST_LIVE not set, live testing is not enabled
t/00_test_function_page_data.t .......... skipped: env var TEST_LIVE not set, live testing is not enabled
t/00_test_function_page_ishtml.t ........ skipped: env var TEST_LIVE not set, live testing is not enabled
t/00_test_function_page_loaded.t ........ skipped: env var TEST_LIVE not set, live testing is not enabled
t/00_test_function_page_match.t ......... skipped: env var TEST_LIVE not set, live testing is not enabled
t/00_test_function_page_reload.t ........ skipped: env var TEST_LIVE not set, live testing is not enabled
t/00_test_function_page_status.t ........ skipped: env var TEST_LIVE not set, live testing is not enabled
t/00_test_function_page_text.t .......... skipped: env var TEST_LIVE not set, live testing is not enabled
t/00_test_function_page_title.t ......... skipped: env var TEST_LIVE not set, live testing is not enabled
t/00_test_function_parser.t ............. skipped: env var TEST_LIVE not set, live testing is not enabled
t/00_test_function_pause.t .............. skipped: env var TEST_LIVE not set, live testing is not enabled
t/00_test_function_plugin.t ............. skipped: env var TEST_LIVE not set, live testing is not enabled
t/00_test_function_plugins.t ............ skipped: env var TEST_LIVE not set, live testing is not enabled
t/00_test_function_post.t ............... skipped: env var TEST_LIVE not set, live testing is not enabled
t/00_test_function_proxy.t .............. skipped: env var TEST_LIVE not set, live testing is not enabled
t/00_test_function_queue.t .............. skipped: env var TEST_LIVE not set, live testing is not enabled
t/00_test_function_request_denied.t ..... skipped: env var TEST_LIVE not set, live testing is not enabled
t/00_test_function_response.t ........... skipped: env var TEST_LIVE not set, live testing is not enabled
t/00_test_function_select.t ............. skipped: env var TEST_LIVE not set, live testing is not enabled
t/00_test_function_session.t ............ skipped: env var TEST_LIVE not set, live testing is not enabled
t/00_test_function_stash.t .............. skipped: env var TEST_LIVE not set, live testing is not enabled
t/00_test_function_store.t .............. skipped: env var TEST_LIVE not set, live testing is not enabled
t/00_test_function_url.t ................ skipped: env var TEST_LIVE not set, live testing is not enabled
t/00_test_function_user_agent.t ......... skipped: env var TEST_LIVE not set, live testing is not enabled
t/00_test_function_worker.t ............. skipped: env var TEST_LIVE not set, live testing is not enabled
t/01_load_scrappy.t ..................... ok

Test Summary Report
-------------------
t/00_load_scrappy.t                   (Wstat: 65280 Tests: 1 Failed: 0)
  Non-zero exit status: 255
  Parse errors: Bad plan.  You planned 12 tests but ran 1.
Files=39, Tests=9,  9 wallclock secs ( 0.07 usr  0.06 sys +  5.08 cusr  0.64 csys =  5.85 CPU)
Result: FAIL
Failed 1/39 test programs. 0/9 subtests failed.
make: *** [test_dynamic] Error 255

------------------------------
PREREQUISITES
------------------------------

Prerequisite modules loaded:

requires:

    Module                   Need Have   
    ------------------------ ---- -------
    Array::Unique            0    0.08   
    Cwd                      0    3.39_02
    Data::Dumper             0    2.139  
    DateTime                 0    0.78   
    DateTime::Format::SQLite 0    0.11   
    File::Find::Rule         0    0.33   
    File::ShareDir           0    1.03   
    File::Slurp              0    9999.19
    File::Util               0    3.32   
    HTML::TreeBuilder        0    5.900  
    Moose                    0    2.0604 
    Parallel::ForkManager    0    0.7.9  
    String::TT               0    0.03   
    Template                 0    2.24   
    Test::More               0    0.98   
    Try::Tiny                0    0.11   
    URI                      0    1.60   
    Web::Scraper             0    0.37   
    WWW::Mechanize           0    1.72   
    YAML::Syck               0    1.22_01

configure_requires:

    Module                   Need Have   
    ------------------------ ---- -------
    ExtUtils::MakeMaker      6.30 6.64   
    File::ShareDir::Install  0.03 0.04   


------------------------------
ENVIRONMENT AND OTHER CONTEXT
------------------------------

Environment variables:

    AUTOMATED_TESTING = 1
    LANG = en_US.UTF-8
    LANGUAGE = en_US:en
    PATH = /usr/lib/ccache:/home/sand/bin:/usr/local/bin:/usr/bin:/bin:/usr/bin/X11:/usr/games:/usr/local/perl/bin:/usr/X11/bin:/sbin:/usr/sbin
    PERL5LIB = 
    PERL5OPT = 
    PERL5_CPANPLUS_IS_RUNNING = 2394
    PERL5_CPAN_IS_RUNNING = 2394
    PERL_MM_USE_DEFAULT = 1
    SHELL = /usr/bin/zsh
    TERM = screen

Perl special variables (and OS-specific diagnostics, for MSWin32):

    $^X = /home/sand/src/perl/repoperls/installed-perls/perl/v5.17.6/9980/bin/perl
    $UID/$EUID = 1005 / 1005
    $GID = 1005 1005
    $EGID = 1005 1005

Perl module toolchain versions installed:

    Module              Have    
    ------------------- --------
    CPAN                1.9800  
    CPAN::Meta          2.120921
    Cwd                 3.39_02 
    ExtUtils::CBuilder  0.280209
    ExtUtils::Command   1.17    
    ExtUtils::Install   1.58    
    ExtUtils::MakeMaker 6.64    
    ExtUtils::Manifest  1.62    
    ExtUtils::ParseXS   3.18    
    File::Spec          3.39_02 
    JSON                2.53    
    JSON::PP            2.27200 
    Module::Build       0.4003  
    Module::Signature   0.69    
    Parse::CPAN::Meta   1.4404  
    Test::Harness       3.25_01 
    Test::More          0.98    
    YAML                0.84    
    YAML::Syck          1.22_01 
    version             0.9901  


--

Summary of my perl5 (revision 5 version 17 subversion 6) configuration:
  Commit id: 15c17f169ef0db20cf821f6005d06ec88d93d250
  Platform:
    osname=linux, osvers=3.2.0-4-amd64, archname=x86_64-linux-thread-multi
    uname='linux k83 3.2.0-4-amd64 #1 smp debian 3.2.32-1 x86_64 gnulinux '
    config_args='-Dprefix=/home/src/perl/repoperls/installed-perls/perl/v5.17.6/9980 -Dmyhostname=k83 -Dinstallusrbinperl=n -Uversiononly -Dusedevel -des -Ui_db -Duseithreads -Uuselongdouble -DDEBUGGING=-g'
    hint=recommended, useposix=true, d_sigaction=define
    useithreads=define, usemultiplicity=define
    useperlio=define, d_sfio=undef, uselargefiles=define, usesocks=undef
    use64bitint=define, use64bitall=define, uselongdouble=undef
    usemymalloc=n, bincompat5005=undef
  Compiler:
    cc='cc', ccflags ='-D_REENTRANT -D_GNU_SOURCE -fno-strict-aliasing -pipe -fstack-protector -I/usr/local/include -D_LARGEFILE_SOURCE -D_FILE_OFFSET_BITS=64',
    optimize='-O2 -g',
    cppflags='-D_REENTRANT -D_GNU_SOURCE -fno-strict-aliasing -pipe -fstack-protector -I/usr/local/include'
    ccversion='', gccversion='4.7.2', gccosandvers=''
    intsize=4, longsize=8, ptrsize=8, doublesize=8, byteorder=12345678
    d_longlong=define, longlongsize=8, d_longdbl=define, longdblsize=16
    ivtype='long', ivsize=8, nvtype='double', nvsize=8, Off_t='off_t', lseeksize=8
    alignbytes=8, prototype=define
  Linker and Libraries:
    ld='cc', ldflags =' -fstack-protector -L/usr/local/lib'
    libpth=/usr/local/lib /lib/x86_64-linux-gnu /lib/../lib /usr/lib/x86_64-linux-gnu /usr/lib/../lib /lib /usr/lib
    libs=-lnsl -ldb -ldl -lm -lcrypt -lutil -lpthread -lc
    perllibs=-lnsl -ldl -lm -lcrypt -lutil -lpthread -lc
    libc=, so=so, useshrplib=false, libperl=libperl.a
    gnulibc_version='2.13'
  Dynamic Linking:
    dlsrc=dl_dlopen.xs, dlext=so, d_dlsymun=undef, ccdlflags='-Wl,-E'
    cccdlflags='-fPIC', lddlflags='-shared -O2 -g -L/usr/local/lib -fstack-protector'


Characteristics of this binary (from libperl): 
  Compile-time options: HAS_TIMES MULTIPLICITY PERLIO_LAYERS
                        PERL_DONT_CREATE_GVSV PERL_IMPLICIT_CONTEXT
                        PERL_MALLOC_WRAP PERL_PRESERVE_IVUV PERL_USE_DEVEL
                        USE_64_BIT_ALL USE_64_BIT_INT USE_ITHREADS
                        USE_LARGE_FILES USE_LOCALE USE_LOCALE_COLLATE
                        USE_LOCALE_CTYPE USE_LOCALE_NUMERIC USE_PERLIO
                        USE_PERL_ATOF USE_REENTRANT_API
  Built under linux
  Compiled at Nov 21 2012 01:15:28
  %ENV:
    PERL5LIB=""
    PERL5OPT=""
    PERL5_CPANPLUS_IS_RUNNING="2394"
    PERL5_CPAN_IS_RUNNING="2394"
    PERL_MM_USE_DEFAULT="1"
  @INC:
    /home/src/perl/repoperls/installed-perls/perl/v5.17.6/9980/lib/site_perl/5.17.6/x86_64-linux-thread-multi
    /home/src/perl/repoperls/installed-perls/perl/v5.17.6/9980/lib/site_perl/5.17.6
    /home/src/perl/repoperls/installed-perls/perl/v5.17.6/9980/lib/5.17.6/x86_64-linux-thread-multi
    /home/src/perl/repoperls/installed-perls/perl/v5.17.6/9980/lib/5.17.6
    .