Report for Net-IMAP-Simple-1.2030

Back
From: metabase:user:e7b34f46-36ca-11e0-a826-945c7ca43f85
Subject: FAIL Net-IMAP-Simple-1.2030 v5.14.2 GNU/Linux
Date: 2012-02-20T04:16:52Z

This distribution has been tested as part of the CPAN Testers
project, supporting the Perl programming language.  See
http://wiki.cpantesters.org/ for more information or email
questions to cpan-testers-discuss@perl.org


--
Dear Paul Miller,

This is a computer-generated report for Net-IMAP-Simple-1.2030
on perl 5.14.2, created by CPAN-Reporter-1.2003.

Thank you for uploading your work to CPAN.  However, there was a problem
testing your distribution.

If you think this report is invalid, please consult the CPAN Testers Wiki
for suggestions on how to avoid getting FAIL reports for missing library
or binary dependencies, unsupported operating systems, and so on:

http://wiki.cpantesters.org/wiki/CPANAuthorNotes

Sections of this report:

    * Tester comments
    * Program output
    * Prerequisites
    * Environment and other context

------------------------------
TESTER COMMENTS
------------------------------

Additional comments from tester:

none provided

------------------------------
PROGRAM OUTPUT
------------------------------

Output from '/usr/bin/make test':

PERL_DL_NONLAZY=1 /home/tom/perl5/perlbrew/perls/perl-5.14.2/bin/perl "-MExtUtils::Command::MM" "-e" "test_harness(0, 'blib/lib', 'blib/arch')" t/*.t
t/01_load.t .......................... ok
7* OK inc/Net/IMAP/Server.pm (1.27)8t/07_select_and_examine.t ............ 
Failed 21/23 subtests 
7* OK inc/Net/IMAP/Server.pm (1.27)8t/08_selectalot.t .................... 
Failed 3/3 subtests 
7* OK inc/Net/IMAP/Server.pm (1.27)8# Failed test 1 in t/09_concurrent_connections_new.t at line 19
#  t/09_concurrent_connections_new.t line 19 is:     ok( $c->() );
# Failed test 2 in t/09_concurrent_connections_new.t at line 20
#  t/09_concurrent_connections_new.t line 20 is:     ok( $c->() );
# Failed test 3 in t/09_concurrent_connections_new.t at line 21
#  t/09_concurrent_connections_new.t line 21 is:     ok( $c->() );
# Failed test 4 in t/09_concurrent_connections_new.t at line 22
#  t/09_concurrent_connections_new.t line 22 is:     ok( $c->() );
t/09_concurrent_connections_new.t .... 
Failed 4/5 subtests 
7* OK inc/Net/IMAP/Server.pm (1.27)8t/10_list.t .......................... 
Failed 5/5 subtests 
7* OK inc/Net/IMAP/Server.pm (1.27)8t/11_mailboxes.t ..................... 
Failed 2/2 subtests 
7* OK inc/Net/IMAP/Server.pm (1.27)8t/15_flags.t ......................... 
Failed 52/52 subtests 
7* OK inc/Net/IMAP/Server.pm (1.27)8t/16_exotic_flags.t .................. 
Failed 4/4 subtests 
7* OK inc/Net/IMAP/Server.pm (1.27)8t/17_status_and_select.t ............. 
Failed 8/8 subtests 
7* OK inc/Net/IMAP/Server.pm (1.27)8t/19_readline_callback.t ............. 
Failed 2/2 subtests 
7* OK inc/Net/IMAP/Server.pm (1.27)8t/22_copy_multiple.t ................. 
Failed 5/5 subtests 
7* OK inc/Net/IMAP/Server.pm (1.27)8t/22_uidcopy_multiple.t .............. 
Failed 5/5 subtests 
7* OK inc/Net/IMAP/Server.pm (1.27)8t/23_delete_multiple.t ............... 
Failed 8/8 subtests 
7* OK inc/Net/IMAP/Server.pm (1.27)8t/35_imap_results_in_message_body.t .. 
Failed 1/1 subtests 
t/42_preauth_with_command.t .......... ok
7* OK inc/Net/IMAP/Server.pm (1.27)8t/45_search.t ........................ 
Failed 14/14 subtests 
7* OK inc/Net/IMAP/Server.pm (1.27)8t/50_body_summary.t .................. 
Failed 11/11 subtests 
7* OK inc/Net/IMAP/Server.pm (1.27)8t/55_uid_stuff.t ..................... 
Failed 7/7 subtests 
7* OK inc/Net/IMAP/Server.pm (1.27)8t/60_fetch_with_grammar.t ............ 
Failed 8/8 subtests 
t/70_list2range.t .................... ok
7* OK inc/Net/IMAP/Server.pm (1.27)8t/75_back_and_forth.t ................ 
Failed 13/13 subtests 
t/critic.t ........................... skipped: Author test.  Set $ENV{TEST_AUTHOR} to true to run.
t/pod.t .............................. skipped: Author test.  Set $ENV{TEST_AUTHOR} to true to run.
t/pod_coverage.t ..................... skipped: Author test.  Set $ENV{TEST_AUTHOR} to true to run.

Test Summary Report
-------------------
t/07_select_and_examine.t          (Wstat: 0 Tests: 2 Failed: 0)
  Parse errors: Bad plan.  You planned 23 tests but ran 2.
t/08_selectalot.t                  (Wstat: 0 Tests: 0 Failed: 0)
  Parse errors: Bad plan.  You planned 3 tests but ran 0.
t/09_concurrent_connections_new.t  (Wstat: 0 Tests: 5 Failed: 4)
  Failed tests:  1-4
t/10_list.t                        (Wstat: 0 Tests: 0 Failed: 0)
  Parse errors: Bad plan.  You planned 5 tests but ran 0.
t/11_mailboxes.t                   (Wstat: 0 Tests: 0 Failed: 0)
  Parse errors: Bad plan.  You planned 2 tests but ran 0.
t/15_flags.t                       (Wstat: 0 Tests: 0 Failed: 0)
  Parse errors: Bad plan.  You planned 52 tests but ran 0.
t/16_exotic_flags.t                (Wstat: 0 Tests: 0 Failed: 0)
  Parse errors: Bad plan.  You planned 4 tests but ran 0.
t/17_status_and_select.t           (Wstat: 0 Tests: 0 Failed: 0)
  Parse errors: Bad plan.  You planned 8 tests but ran 0.
t/19_readline_callback.t           (Wstat: 0 Tests: 0 Failed: 0)
  Parse errors: Bad plan.  You planned 2 tests but ran 0.
t/22_copy_multiple.t               (Wstat: 0 Tests: 0 Failed: 0)
  Parse errors: Bad plan.  You planned 5 tests but ran 0.
t/22_uidcopy_multiple.t            (Wstat: 0 Tests: 0 Failed: 0)
  Parse errors: Bad plan.  You planned 5 tests but ran 0.
t/23_delete_multiple.t             (Wstat: 0 Tests: 0 Failed: 0)
  Parse errors: Bad plan.  You planned 8 tests but ran 0.
t/35_imap_results_in_message_body.t (Wstat: 0 Tests: 0 Failed: 0)
  Parse errors: Bad plan.  You planned 1 tests but ran 0.
t/45_search.t                      (Wstat: 0 Tests: 0 Failed: 0)
  Parse errors: Bad plan.  You planned 14 tests but ran 0.
t/50_body_summary.t                (Wstat: 0 Tests: 0 Failed: 0)
  Parse errors: Bad plan.  You planned 11 tests but ran 0.
t/55_uid_stuff.t                   (Wstat: 0 Tests: 0 Failed: 0)
  Parse errors: Bad plan.  You planned 7 tests but ran 0.
t/60_fetch_with_grammar.t          (Wstat: 0 Tests: 0 Failed: 0)
  Parse errors: Bad plan.  You planned 8 tests but ran 0.
t/75_back_and_forth.t              (Wstat: 0 Tests: 0 Failed: 0)
  Parse errors: Bad plan.  You planned 13 tests but ran 0.
Files=24, Tests=11, 114 wallclock secs ( 0.19 usr  0.00 sys +  3.58 cusr  0.72 csys =  4.49 CPU)
Result: FAIL
Failed 18/24 test programs. 4/11 subtests failed.
make: *** [test_dynamic] Error 255

------------------------------
PREREQUISITES
------------------------------

Prerequisite modules loaded:

requires:

    Module                     Need  Have      
    -------------------------- ----- ----------
    IO::Select                 0     1.20      
    IO::Socket                 0     1.32      
    Parse::RecDescent          0     1.967003  
    perl                       5.008 5.014002  

build_requires:

    Module                     Need  Have      
    -------------------------- ----- ----------
    ExtUtils::MakeMaker        0     6.62      

configure_requires:

    Module                     Need  Have      
    -------------------------- ----- ----------
    Class::Accessor            0     0.34      
    Coro                       0     6.07      
    DateTime                   0     0.72      
    DateTime::Format::Mail     0     0.3001    
    DateTime::Format::Strptime 0     1.5000    
    Email::Address             0     1.895     
    Email::MIME                1.862 1.910     
    Email::MIME::ContentType   0     1.015     
    Email::Simple              1.999 2.101     
    Encode::IMAPUTF7           0     1.05      
    List::MoreUtils            0     0.33      
    MIME::Base64               0     3.13      
    Net::Server::Coro          0.3   1.2       
    Net::SSLeay                0     1.42      
    Regexp::Common             0     2011121001
    Test::More                 0     0.98      
    UNIVERSAL::require         0     0.13      


------------------------------
ENVIRONMENT AND OTHER CONTEXT
------------------------------

Environment variables:

    LANG = en_GB.UTF-8
    LANGUAGE = en_GB:en
    LD_LIBRARY_PATH = /home/tom/local/lib:
    PATH = /home/tom/.cpan/bin:/home/tom/perl5/perlbrew/bin:/home/tom/perl5/perlbrew/perls/perl-5.14.2/bin:/home/tom/etc/cpan/bin:/home/tom/local/bin:/home/tom/.cpan/bin:/home/tom/etc/cpan/bin:/home/tom/local/bin:/usr/local/sbin:/usr/local/bin:/usr/sbin:/usr/bin:/sbin:/bin:/usr/games
    PATH_WITHOUT_PERLBREW = /home/tom/etc/cpan/bin:/home/tom/local/bin:/home/tom/.cpan/bin:/home/tom/etc/cpan/bin:/home/tom/local/bin:/usr/local/sbin:/usr/local/bin:/usr/sbin:/usr/bin:/sbin:/bin:/usr/games
    PERL5LIB = /home/tom/.cpan:/home/tom/.cpan/lib:/home/tom/.cpan/lib/perl5:/home/tom/.cpan/lib/perl5/site_perl:/home/tom/.cpan/lib/perl5/5.10.0/i486-linux-gnu-thread-multi:/home/tom/.cpan:/home/tom/.cpan/lib:/home/tom/.cpan/lib/perl5:/home/tom/.cpan/lib/perl5/site_perl:/home/tom/.cpan/lib/perl5/5.10.0/i486-linux-gnu-thread-multi:
    PERL5OPT = 
    PERL5_CPANPLUS_IS_RUNNING = 9936
    PERL5_CPAN_IS_RUNNING = 9936
    PERLBREW_HOME = /home/tom/.perlbrew
    PERLBREW_PATH = /home/tom/perl5/perlbrew/bin:/home/tom/perl5/perlbrew/perls/perl-5.14.2/bin
    PERLBREW_PERL = perl-5.14.2
    PERLBREW_ROOT = /home/tom/perl5/perlbrew
    PERLBREW_VERSION = 0.29
    PERL_LWP_SSL_VERIFY_HOSTNAME = 0
    PERL_MM_USE_DEFAULT = 1
    SHELL = /bin/bash
    TERM = screen

Perl special variables (and OS-specific diagnostics, for MSWin32):

    $^X = /home/tom/perl5/perlbrew/perls/perl-5.14.2/bin/perl
    $UID/$EUID = 1000 / 1000
    $GID = 1000 0 4 6 20 24 29 46 105 119 122 125 1000
    $EGID = 1000 0 4 6 20 24 29 46 105 119 122 125 1000

Perl module toolchain versions installed:

    Module              Have    
    ------------------- --------
    CPAN                1.9800  
    CPAN::Meta          2.120351
    Cwd                 3.36    
    ExtUtils::CBuilder  0.280203
    ExtUtils::Command   1.17    
    ExtUtils::Install   1.56    
    ExtUtils::MakeMaker 6.62    
    ExtUtils::Manifest  1.60    
    ExtUtils::ParseXS   3.15    
    File::Spec          3.33    
    JSON                2.53    
    JSON::PP            2.27200 
    Module::Build       0.3800  
    Module::Signature   0.68    
    Parse::CPAN::Meta   1.4401  
    Test::Harness       3.23    
    Test::More          0.98    
    YAML                0.78    
    YAML::Syck          1.19    
    version             0.95    


--

Summary of my perl5 (revision 5 version 14 subversion 2) configuration:
   
  Platform:
    osname=linux, osvers=2.6.35-30-generic, archname=x86_64-linux
    uname='linux roku 2.6.35-30-generic #56-ubuntu smp mon jul 11 20:01:08 utc 2011 x86_64 gnulinux '
    config_args='-de -Dprefix=/home/tom/perl5/perlbrew/perls/perl-5.14.2'
    hint=recommended, useposix=true, d_sigaction=define
    useithreads=undef, usemultiplicity=undef
    useperlio=define, d_sfio=undef, uselargefiles=define, usesocks=undef
    use64bitint=define, use64bitall=define, uselongdouble=undef
    usemymalloc=n, bincompat5005=undef
  Compiler:
    cc='cc', ccflags ='-fno-strict-aliasing -pipe -fstack-protector -I/usr/local/include -D_LARGEFILE_SOURCE -D_FILE_OFFSET_BITS=64',
    optimize='-O2',
    cppflags='-fno-strict-aliasing -pipe -fstack-protector -I/usr/local/include'
    ccversion='', gccversion='4.4.5', gccosandvers=''
    intsize=4, longsize=8, ptrsize=8, doublesize=8, byteorder=12345678
    d_longlong=define, longlongsize=8, d_longdbl=define, longdblsize=16
    ivtype='long', ivsize=8, nvtype='double', nvsize=8, Off_t='off_t', lseeksize=8
    alignbytes=8, prototype=define
  Linker and Libraries:
    ld='cc', ldflags =' -fstack-protector -L/usr/local/lib'
    libpth=/usr/local/lib /lib/../lib /usr/lib/../lib /lib /usr/lib /usr/lib/x86_64-linux-gnu /lib64 /usr/lib64
    libs=-lnsl -lgdbm -ldb -ldl -lm -lcrypt -lutil -lc -lgdbm_compat
    perllibs=-lnsl -ldl -lm -lcrypt -lutil -lc
    libc=/lib/libc-2.12.1.so, so=so, useshrplib=false, libperl=libperl.a
    gnulibc_version='2.12.1'
  Dynamic Linking:
    dlsrc=dl_dlopen.xs, dlext=so, d_dlsymun=undef, ccdlflags='-Wl,-E'
    cccdlflags='-fPIC', lddlflags='-shared -O2 -L/usr/local/lib -fstack-protector'


Characteristics of this binary (from libperl): 
  Compile-time options: PERL_DONT_CREATE_GVSV PERL_MALLOC_WRAP
                        PERL_PRESERVE_IVUV USE_64_BIT_ALL USE_64_BIT_INT
                        USE_LARGE_FILES USE_PERLIO USE_PERL_ATOF
  Built under linux
  Compiled at Oct  3 2011 02:24:00
  %ENV:
    PERL5LIB="/home/tom/.cpan:/home/tom/.cpan/lib:/home/tom/.cpan/lib/perl5:/home/tom/.cpan/lib/perl5/site_perl:/home/tom/.cpan/lib/perl5/5.10.0/i486-linux-gnu-thread-multi:/home/tom/.cpan:/home/tom/.cpan/lib:/home/tom/.cpan/lib/perl5:/home/tom/.cpan/lib/perl5/site_perl:/home/tom/.cpan/lib/perl5/5.10.0/i486-linux-gnu-thread-multi:"
    PERL5OPT=""
    PERL5_CPANPLUS_IS_RUNNING="9936"
    PERL5_CPAN_IS_RUNNING="9936"
    PERLBREW_HOME="/home/tom/.perlbrew"
    PERLBREW_PATH="/home/tom/perl5/perlbrew/bin:/home/tom/perl5/perlbrew/perls/perl-5.14.2/bin"
    PERLBREW_PERL="perl-5.14.2"
    PERLBREW_ROOT="/home/tom/perl5/perlbrew"
    PERLBREW_VERSION="0.29"
    PERL_LWP_SSL_VERIFY_HOSTNAME="0"
    PERL_MM_USE_DEFAULT="1"
  @INC:
    /home/tom/.cpan
    /home/tom/.cpan/lib
    /home/tom/.cpan/lib/perl5
    /home/tom/.cpan/lib/perl5/site_perl
    /home/tom/.cpan/lib/perl5/5.10.0/i486-linux-gnu-thread-multi
    /home/tom/.cpan
    /home/tom/.cpan/lib
    /home/tom/.cpan/lib/perl5
    /home/tom/.cpan/lib/perl5/site_perl
    /home/tom/.cpan/lib/perl5/5.10.0/i486-linux-gnu-thread-multi
    /home/tom/perl5/perlbrew/perls/perl-5.14.2/lib/site_perl/5.14.2/x86_64-linux
    /home/tom/perl5/perlbrew/perls/perl-5.14.2/lib/site_perl/5.14.2
    /home/tom/perl5/perlbrew/perls/perl-5.14.2/lib/5.14.2/x86_64-linux
    /home/tom/perl5/perlbrew/perls/perl-5.14.2/lib/5.14.2
    .