Report for App-ipchgmon-1.0.2

Back
From: metabase:user:320bfe00-2aae-11df-837a-5e0a49663a4f
Subject: FAIL App-ipchgmon-1.0.2 5.26.3 GNU/Linux
Date: 2022-10-14T23:48:34Z

This distribution has been tested as part of the CPAN Testers
project, supporting the Perl programming language.  See
http://wiki.cpantesters.org/ for more information or email
questions to cpan-testers-discuss@perl.org


--
Dear John Davies,

This is a computer-generated report for App-ipchgmon-1.0.2
on perl 5.26.3, created by CPAN-Reporter-1.2018.

Thank you for uploading your work to CPAN.  However, there was a problem
testing your distribution.

If you think this report is invalid, please consult the CPAN Testers Wiki
for suggestions on how to avoid getting FAIL reports for missing library
or binary dependencies, unsupported operating systems, and so on:

http://wiki.cpantesters.org/wiki/CPANAuthorNotes

Sections of this report:

    * Tester comments
    * Program output
    * Prerequisites
    * Environment and other context

------------------------------
TESTER COMMENTS
------------------------------

Additional comments from tester:

this report is from an automated smoke testing program
and was not reviewed by a human for accuracy

------------------------------
PROGRAM OUTPUT
------------------------------

Output from '/usr/bin/make test':

PERL_DL_NONLAZY=1 "/home/sand/src/perl/repoperls/installed-perls/host/k93msid/v5.26.3/da1c/bin/perl" "-MExtUtils::Command::MM" "-MTest::Harness" "-e" "undef *Test::Harness::Switches; test_harness(0, 'blib/lib', 'blib/arch')" t/*.t

    #   Failed test 'Usage found'
    #   at t/00-modulino.t line 64.
    #                   'Can't locate DateTime.pm in @INC (you may need to install the DateTime module) (@INC contains: /tmp/loop_over_bdir-1524166-ljYX0P/App-ipchgmon-1.0.2-0/blib/lib /tmp/loop_over_bdir-1524166-ljYX0P/App-ipchgmon-1.0.2-0/blib/arch /etc/perl /usr/local/lib/x86_64-linux-gnu/perl/5.34.0 /usr/local/share/perl/5.34.0 /usr/lib/x86_64-linux-gnu/perl5/5.34 /usr/share/perl5 /usr/lib/x86_64-linux-gnu/perl-base /usr/lib/x86_64-linux-gnu/perl/5.34 /usr/share/perl/5.34 /usr/local/lib/site_perl .) at /tmp/loop_over_bdir-1524166-ljYX0P/App-ipchgmon-1.0.2-0/bin/../lib/App/ipchgmon.pm line 8.
    # BEGIN failed--compilation aborted at /tmp/loop_over_bdir-1524166-ljYX0P/App-ipchgmon-1.0.2-0/bin/../lib/App/ipchgmon.pm line 8.
    # 
    # '
    #     doesn't match '(?^m:Usage:)'

    #   Failed test 'Arguments found'
    #   at t/00-modulino.t line 65.
    #                   'Can't locate DateTime.pm in @INC (you may need to install the DateTime module) (@INC contains: /tmp/loop_over_bdir-1524166-ljYX0P/App-ipchgmon-1.0.2-0/blib/lib /tmp/loop_over_bdir-1524166-ljYX0P/App-ipchgmon-1.0.2-0/blib/arch /etc/perl /usr/local/lib/x86_64-linux-gnu/perl/5.34.0 /usr/local/share/perl/5.34.0 /usr/lib/x86_64-linux-gnu/perl5/5.34 /usr/share/perl5 /usr/lib/x86_64-linux-gnu/perl-base /usr/lib/x86_64-linux-gnu/perl/5.34 /usr/share/perl/5.34 /usr/local/lib/site_perl .) at /tmp/loop_over_bdir-1524166-ljYX0P/App-ipchgmon-1.0.2-0/bin/../lib/App/ipchgmon.pm line 8.
    # BEGIN failed--compilation aborted at /tmp/loop_over_bdir-1524166-ljYX0P/App-ipchgmon-1.0.2-0/bin/../lib/App/ipchgmon.pm line 8.
    # 
    # '
    #     doesn't match '(?^m:Arguments:)'

    #   Failed test 'Options found'
    #   at t/00-modulino.t line 66.
    #                   'Can't locate DateTime.pm in @INC (you may need to install the DateTime module) (@INC contains: /tmp/loop_over_bdir-1524166-ljYX0P/App-ipchgmon-1.0.2-0/blib/lib /tmp/loop_over_bdir-1524166-ljYX0P/App-ipchgmon-1.0.2-0/blib/arch /etc/perl /usr/local/lib/x86_64-linux-gnu/perl/5.34.0 /usr/local/share/perl/5.34.0 /usr/lib/x86_64-linux-gnu/perl5/5.34 /usr/share/perl5 /usr/lib/x86_64-linux-gnu/perl-base /usr/lib/x86_64-linux-gnu/perl/5.34 /usr/share/perl/5.34 /usr/local/lib/site_perl .) at /tmp/loop_over_bdir-1524166-ljYX0P/App-ipchgmon-1.0.2-0/bin/../lib/App/ipchgmon.pm line 8.
    # BEGIN failed--compilation aborted at /tmp/loop_over_bdir-1524166-ljYX0P/App-ipchgmon-1.0.2-0/bin/../lib/App/ipchgmon.pm line 8.
    # 
    # '
    #     doesn't match '(?^m:Options:)'

    #   Failed test 'Help found'
    #   at t/00-modulino.t line 67.
    #                   'Can't locate DateTime.pm in @INC (you may need to install the DateTime module) (@INC contains: /tmp/loop_over_bdir-1524166-ljYX0P/App-ipchgmon-1.0.2-0/blib/lib /tmp/loop_over_bdir-1524166-ljYX0P/App-ipchgmon-1.0.2-0/blib/arch /etc/perl /usr/local/lib/x86_64-linux-gnu/perl/5.34.0 /usr/local/share/perl/5.34.0 /usr/lib/x86_64-linux-gnu/perl5/5.34 /usr/share/perl5 /usr/lib/x86_64-linux-gnu/perl-base /usr/lib/x86_64-linux-gnu/perl/5.34 /usr/share/perl/5.34 /usr/local/lib/site_perl .) at /tmp/loop_over_bdir-1524166-ljYX0P/App-ipchgmon-1.0.2-0/bin/../lib/App/ipchgmon.pm line 8.
    # BEGIN failed--compilation aborted at /tmp/loop_over_bdir-1524166-ljYX0P/App-ipchgmon-1.0.2-0/bin/../lib/App/ipchgmon.pm line 8.
    # 
    # '
    #     doesn't match '(?^m:--help)'

    #   Failed test 'Man found'
    #   at t/00-modulino.t line 68.
    #                   'Can't locate DateTime.pm in @INC (you may need to install the DateTime module) (@INC contains: /tmp/loop_over_bdir-1524166-ljYX0P/App-ipchgmon-1.0.2-0/blib/lib /tmp/loop_over_bdir-1524166-ljYX0P/App-ipchgmon-1.0.2-0/blib/arch /etc/perl /usr/local/lib/x86_64-linux-gnu/perl/5.34.0 /usr/local/share/perl/5.34.0 /usr/lib/x86_64-linux-gnu/perl5/5.34 /usr/share/perl5 /usr/lib/x86_64-linux-gnu/perl-base /usr/lib/x86_64-linux-gnu/perl/5.34 /usr/share/perl/5.34 /usr/local/lib/site_perl .) at /tmp/loop_over_bdir-1524166-ljYX0P/App-ipchgmon-1.0.2-0/bin/../lib/App/ipchgmon.pm line 8.
    # BEGIN failed--compilation aborted at /tmp/loop_over_bdir-1524166-ljYX0P/App-ipchgmon-1.0.2-0/bin/../lib/App/ipchgmon.pm line 8.
    # 
    # '
    #     doesn't match '(?^m:--man)'

    #   Failed test 'Versions found'
    #   at t/00-modulino.t line 69.
    #                   'Can't locate DateTime.pm in @INC (you may need to install the DateTime module) (@INC contains: /tmp/loop_over_bdir-1524166-ljYX0P/App-ipchgmon-1.0.2-0/blib/lib /tmp/loop_over_bdir-1524166-ljYX0P/App-ipchgmon-1.0.2-0/blib/arch /etc/perl /usr/local/lib/x86_64-linux-gnu/perl/5.34.0 /usr/local/share/perl/5.34.0 /usr/lib/x86_64-linux-gnu/perl5/5.34 /usr/share/perl5 /usr/lib/x86_64-linux-gnu/perl-base /usr/lib/x86_64-linux-gnu/perl/5.34 /usr/share/perl/5.34 /usr/local/lib/site_perl .) at /tmp/loop_over_bdir-1524166-ljYX0P/App-ipchgmon-1.0.2-0/bin/../lib/App/ipchgmon.pm line 8.
    # BEGIN failed--compilation aborted at /tmp/loop_over_bdir-1524166-ljYX0P/App-ipchgmon-1.0.2-0/bin/../lib/App/ipchgmon.pm line 8.
    # 
    # '
    #     doesn't match '(?^m:--versions)'
    # Looks like you failed 6 tests of 8.

#   Failed test 'Help gives sane output'
#   at t/00-modulino.t line 19.

    #   Failed test 'NAME found'
    #   at t/00-modulino.t line 23.
    #                   'Can't locate DateTime.pm in @INC (you may need to install the DateTime module) (@INC contains: /tmp/loop_over_bdir-1524166-ljYX0P/App-ipchgmon-1.0.2-0/blib/lib /tmp/loop_over_bdir-1524166-ljYX0P/App-ipchgmon-1.0.2-0/blib/arch /etc/perl /usr/local/lib/x86_64-linux-gnu/perl/5.34.0 /usr/local/share/perl/5.34.0 /usr/lib/x86_64-linux-gnu/perl5/5.34 /usr/share/perl5 /usr/lib/x86_64-linux-gnu/perl-base /usr/lib/x86_64-linux-gnu/perl/5.34 /usr/share/perl/5.34 /usr/local/lib/site_perl .) at /tmp/loop_over_bdir-1524166-ljYX0P/App-ipchgmon-1.0.2-0/bin/../lib/App/ipchgmon.pm line 8.
    # BEGIN failed--compilation aborted at /tmp/loop_over_bdir-1524166-ljYX0P/App-ipchgmon-1.0.2-0/bin/../lib/App/ipchgmon.pm line 8.
    # 
    # '
    #     doesn't match '(?^m:NAME)'

    #   Failed test 'SYNOPSIS found'
    #   at t/00-modulino.t line 24.
    #                   'Can't locate DateTime.pm in @INC (you may need to install the DateTime module) (@INC contains: /tmp/loop_over_bdir-1524166-ljYX0P/App-ipchgmon-1.0.2-0/blib/lib /tmp/loop_over_bdir-1524166-ljYX0P/App-ipchgmon-1.0.2-0/blib/arch /etc/perl /usr/local/lib/x86_64-linux-gnu/perl/5.34.0 /usr/local/share/perl/5.34.0 /usr/lib/x86_64-linux-gnu/perl5/5.34 /usr/share/perl5 /usr/lib/x86_64-linux-gnu/perl-base /usr/lib/x86_64-linux-gnu/perl/5.34 /usr/share/perl/5.34 /usr/local/lib/site_perl .) at /tmp/loop_over_bdir-1524166-ljYX0P/App-ipchgmon-1.0.2-0/bin/../lib/App/ipchgmon.pm line 8.
    # BEGIN failed--compilation aborted at /tmp/loop_over_bdir-1524166-ljYX0P/App-ipchgmon-1.0.2-0/bin/../lib/App/ipchgmon.pm line 8.
    # 
    # '
    #     doesn't match '(?^m:SYNOPSIS)'

    #   Failed test 'DESCRIPTION found'
    #   at t/00-modulino.t line 25.
    #                   'Can't locate DateTime.pm in @INC (you may need to install the DateTime module) (@INC contains: /tmp/loop_over_bdir-1524166-ljYX0P/App-ipchgmon-1.0.2-0/blib/lib /tmp/loop_over_bdir-1524166-ljYX0P/App-ipchgmon-1.0.2-0/blib/arch /etc/perl /usr/local/lib/x86_64-linux-gnu/perl/5.34.0 /usr/local/share/perl/5.34.0 /usr/lib/x86_64-linux-gnu/perl5/5.34 /usr/share/perl5 /usr/lib/x86_64-linux-gnu/perl-base /usr/lib/x86_64-linux-gnu/perl/5.34 /usr/share/perl/5.34 /usr/local/lib/site_perl .) at /tmp/loop_over_bdir-1524166-ljYX0P/App-ipchgmon-1.0.2-0/bin/../lib/App/ipchgmon.pm line 8.
    # BEGIN failed--compilation aborted at /tmp/loop_over_bdir-1524166-ljYX0P/App-ipchgmon-1.0.2-0/bin/../lib/App/ipchgmon.pm line 8.
    # 
    # '
    #     doesn't match '(?^m:DESCRIPTION)'

    #   Failed test 'ARGUMENTS found'
    #   at t/00-modulino.t line 26.
    #                   'Can't locate DateTime.pm in @INC (you may need to install the DateTime module) (@INC contains: /tmp/loop_over_bdir-1524166-ljYX0P/App-ipchgmon-1.0.2-0/blib/lib /tmp/loop_over_bdir-1524166-ljYX0P/App-ipchgmon-1.0.2-0/blib/arch /etc/perl /usr/local/lib/x86_64-linux-gnu/perl/5.34.0 /usr/local/share/perl/5.34.0 /usr/lib/x86_64-linux-gnu/perl5/5.34 /usr/share/perl5 /usr/lib/x86_64-linux-gnu/perl-base /usr/lib/x86_64-linux-gnu/perl/5.34 /usr/share/perl/5.34 /usr/local/lib/site_perl .) at /tmp/loop_over_bdir-1524166-ljYX0P/App-ipchgmon-1.0.2-0/bin/../lib/App/ipchgmon.pm line 8.
    # BEGIN failed--compilation aborted at /tmp/loop_over_bdir-1524166-ljYX0P/App-ipchgmon-1.0.2-0/bin/../lib/App/ipchgmon.pm line 8.
    # 
    # '
    #     doesn't match '(?^m:ARGUMENTS)'

    #   Failed test 'OPTIONS found'
    #   at t/00-modulino.t line 27.
    #                   'Can't locate DateTime.pm in @INC (you may need to install the DateTime module) (@INC contains: /tmp/loop_over_bdir-1524166-ljYX0P/App-ipchgmon-1.0.2-0/blib/lib /tmp/loop_over_bdir-1524166-ljYX0P/App-ipchgmon-1.0.2-0/blib/arch /etc/perl /usr/local/lib/x86_64-linux-gnu/perl/5.34.0 /usr/local/share/perl/5.34.0 /usr/lib/x86_64-linux-gnu/perl5/5.34 /usr/share/perl5 /usr/lib/x86_64-linux-gnu/perl-base /usr/lib/x86_64-linux-gnu/perl/5.34 /usr/share/perl/5.34 /usr/local/lib/site_perl .) at /tmp/loop_over_bdir-1524166-ljYX0P/App-ipchgmon-1.0.2-0/bin/../lib/App/ipchgmon.pm line 8.
    # BEGIN failed--compilation aborted at /tmp/loop_over_bdir-1524166-ljYX0P/App-ipchgmon-1.0.2-0/bin/../lib/App/ipchgmon.pm line 8.
    # 
    # '
    #     doesn't match '(?^m:OPTIONS)'

    #   Failed test 'COPYRIGHT found'
    #   at t/00-modulino.t line 28.
    #                   'Can't locate DateTime.pm in @INC (you may need to install the DateTime module) (@INC contains: /tmp/loop_over_bdir-1524166-ljYX0P/App-ipchgmon-1.0.2-0/blib/lib /tmp/loop_over_bdir-1524166-ljYX0P/App-ipchgmon-1.0.2-0/blib/arch /etc/perl /usr/local/lib/x86_64-linux-gnu/perl/5.34.0 /usr/local/share/perl/5.34.0 /usr/lib/x86_64-linux-gnu/perl5/5.34 /usr/share/perl5 /usr/lib/x86_64-linux-gnu/perl-base /usr/lib/x86_64-linux-gnu/perl/5.34 /usr/share/perl/5.34 /usr/local/lib/site_perl .) at /tmp/loop_over_bdir-1524166-ljYX0P/App-ipchgmon-1.0.2-0/bin/../lib/App/ipchgmon.pm line 8.
    # BEGIN failed--compilation aborted at /tmp/loop_over_bdir-1524166-ljYX0P/App-ipchgmon-1.0.2-0/bin/../lib/App/ipchgmon.pm line 8.
    # 
    # '
    #     doesn't match '(?^m:COPYRIGHT)'
    # Looks like you failed 6 tests of 8.

#   Failed test 'Man gives sane output'
#   at t/00-modulino.t line 31.

    #   Failed test 'Pod::Usage found'
    #   at t/00-modulino.t line 35.
    #                   'Can't locate DateTime.pm in @INC (you may need to install the DateTime module) (@INC contains: /tmp/loop_over_bdir-1524166-ljYX0P/App-ipchgmon-1.0.2-0/blib/lib /tmp/loop_over_bdir-1524166-ljYX0P/App-ipchgmon-1.0.2-0/blib/arch /etc/perl /usr/local/lib/x86_64-linux-gnu/perl/5.34.0 /usr/local/share/perl/5.34.0 /usr/lib/x86_64-linux-gnu/perl5/5.34 /usr/share/perl5 /usr/lib/x86_64-linux-gnu/perl-base /usr/lib/x86_64-linux-gnu/perl/5.34 /usr/share/perl/5.34 /usr/local/lib/site_perl .) at /tmp/loop_over_bdir-1524166-ljYX0P/App-ipchgmon-1.0.2-0/bin/../lib/App/ipchgmon.pm line 8.
    # BEGIN failed--compilation aborted at /tmp/loop_over_bdir-1524166-ljYX0P/App-ipchgmon-1.0.2-0/bin/../lib/App/ipchgmon.pm line 8.
    # 
    # '
    #     doesn't match '(?^m:Pod::Usage)'

    #   Failed test 'Getopt::Long found'
    #   at t/00-modulino.t line 36.
    #                   'Can't locate DateTime.pm in @INC (you may need to install the DateTime module) (@INC contains: /tmp/loop_over_bdir-1524166-ljYX0P/App-ipchgmon-1.0.2-0/blib/lib /tmp/loop_over_bdir-1524166-ljYX0P/App-ipchgmon-1.0.2-0/blib/arch /etc/perl /usr/local/lib/x86_64-linux-gnu/perl/5.34.0 /usr/local/share/perl/5.34.0 /usr/lib/x86_64-linux-gnu/perl5/5.34 /usr/share/perl5 /usr/lib/x86_64-linux-gnu/perl-base /usr/lib/x86_64-linux-gnu/perl/5.34 /usr/share/perl/5.34 /usr/local/lib/site_perl .) at /tmp/loop_over_bdir-1524166-ljYX0P/App-ipchgmon-1.0.2-0/bin/../lib/App/ipchgmon.pm line 8.
    # BEGIN failed--compilation aborted at /tmp/loop_over_bdir-1524166-ljYX0P/App-ipchgmon-1.0.2-0/bin/../lib/App/ipchgmon.pm line 8.
    # 
    # '
    #     doesn't match '(?^m:Getopt::Long)'

    #   Failed test 'Data::Dumper found'
    #   at t/00-modulino.t line 37.
    #                   'Can't locate DateTime.pm in @INC (you may need to install the DateTime module) (@INC contains: /tmp/loop_over_bdir-1524166-ljYX0P/App-ipchgmon-1.0.2-0/blib/lib /tmp/loop_over_bdir-1524166-ljYX0P/App-ipchgmon-1.0.2-0/blib/arch /etc/perl /usr/local/lib/x86_64-linux-gnu/perl/5.34.0 /usr/local/share/perl/5.34.0 /usr/lib/x86_64-linux-gnu/perl5/5.34 /usr/share/perl5 /usr/lib/x86_64-linux-gnu/perl-base /usr/lib/x86_64-linux-gnu/perl/5.34 /usr/share/perl/5.34 /usr/local/lib/site_perl .) at /tmp/loop_over_bdir-1524166-ljYX0P/App-ipchgmon-1.0.2-0/bin/../lib/App/ipchgmon.pm line 8.
    # BEGIN failed--compilation aborted at /tmp/loop_over_bdir-1524166-ljYX0P/App-ipchgmon-1.0.2-0/bin/../lib/App/ipchgmon.pm line 8.
    # 
    # '
    #     doesn't match '(?^m:Data::Dumper)'

    #   Failed test 'Data::Validate::IP found'
    #   at t/00-modulino.t line 38.
    #                   'Can't locate DateTime.pm in @INC (you may need to install the DateTime module) (@INC contains: /tmp/loop_over_bdir-1524166-ljYX0P/App-ipchgmon-1.0.2-0/blib/lib /tmp/loop_over_bdir-1524166-ljYX0P/App-ipchgmon-1.0.2-0/blib/arch /etc/perl /usr/local/lib/x86_64-linux-gnu/perl/5.34.0 /usr/local/share/perl/5.34.0 /usr/lib/x86_64-linux-gnu/perl5/5.34 /usr/share/perl5 /usr/lib/x86_64-linux-gnu/perl-base /usr/lib/x86_64-linux-gnu/perl/5.34 /usr/share/perl/5.34 /usr/local/lib/site_perl .) at /tmp/loop_over_bdir-1524166-ljYX0P/App-ipchgmon-1.0.2-0/bin/../lib/App/ipchgmon.pm line 8.
    # BEGIN failed--compilation aborted at /tmp/loop_over_bdir-1524166-ljYX0P/App-ipchgmon-1.0.2-0/bin/../lib/App/ipchgmon.pm line 8.
    # 
    # '
    #     doesn't match '(?^m:Data::Validate::IP)'

    #   Failed test 'Data::Validate::Email found'
    #   at t/00-modulino.t line 39.
    #                   'Can't locate DateTime.pm in @INC (you may need to install the DateTime module) (@INC contains: /tmp/loop_over_bdir-1524166-ljYX0P/App-ipchgmon-1.0.2-0/blib/lib /tmp/loop_over_bdir-1524166-ljYX0P/App-ipchgmon-1.0.2-0/blib/arch /etc/perl /usr/local/lib/x86_64-linux-gnu/perl/5.34.0 /usr/local/share/perl/5.34.0 /usr/lib/x86_64-linux-gnu/perl5/5.34 /usr/share/perl5 /usr/lib/x86_64-linux-gnu/perl-base /usr/lib/x86_64-linux-gnu/perl/5.34 /usr/share/perl/5.34 /usr/local/lib/site_perl .) at /tmp/loop_over_bdir-1524166-ljYX0P/App-ipchgmon-1.0.2-0/bin/../lib/App/ipchgmon.pm line 8.
    # BEGIN failed--compilation aborted at /tmp/loop_over_bdir-1524166-ljYX0P/App-ipchgmon-1.0.2-0/bin/../lib/App/ipchgmon.pm line 8.
    # 
    # '
    #     doesn't match '(?^m:Data::Validate::Email)'

    #   Failed test 'DateTime::Format::Strptime found'
    #   at t/00-modulino.t line 41.
    #                   'Can't locate DateTime.pm in @INC (you may need to install the DateTime module) (@INC contains: /tmp/loop_over_bdir-1524166-ljYX0P/App-ipchgmon-1.0.2-0/blib/lib /tmp/loop_over_bdir-1524166-ljYX0P/App-ipchgmon-1.0.2-0/blib/arch /etc/perl /usr/local/lib/x86_64-linux-gnu/perl/5.34.0 /usr/local/share/perl/5.34.0 /usr/lib/x86_64-linux-gnu/perl5/5.34 /usr/share/perl5 /usr/lib/x86_64-linux-gnu/perl-base /usr/lib/x86_64-linux-gnu/perl/5.34 /usr/share/perl/5.34 /usr/local/lib/site_perl .) at /tmp/loop_over_bdir-1524166-ljYX0P/App-ipchgmon-1.0.2-0/bin/../lib/App/ipchgmon.pm line 8.
    # BEGIN failed--compilation aborted at /tmp/loop_over_bdir-1524166-ljYX0P/App-ipchgmon-1.0.2-0/bin/../lib/App/ipchgmon.pm line 8.
    # 
    # '
    #     doesn't match '(?^m:DateTime::Format::Strptime)'

    #   Failed test 'Email::Sender::Transport::SMTP found'
    #   at t/00-modulino.t line 42.
    #                   'Can't locate DateTime.pm in @INC (you may need to install the DateTime module) (@INC contains: /tmp/loop_over_bdir-1524166-ljYX0P/App-ipchgmon-1.0.2-0/blib/lib /tmp/loop_over_bdir-1524166-ljYX0P/App-ipchgmon-1.0.2-0/blib/arch /etc/perl /usr/local/lib/x86_64-linux-gnu/perl/5.34.0 /usr/local/share/perl/5.34.0 /usr/lib/x86_64-linux-gnu/perl5/5.34 /usr/share/perl5 /usr/lib/x86_64-linux-gnu/perl-base /usr/lib/x86_64-linux-gnu/perl/5.34 /usr/share/perl/5.34 /usr/local/lib/site_perl .) at /tmp/loop_over_bdir-1524166-ljYX0P/App-ipchgmon-1.0.2-0/bin/../lib/App/ipchgmon.pm line 8.
    # BEGIN failed--compilation aborted at /tmp/loop_over_bdir-1524166-ljYX0P/App-ipchgmon-1.0.2-0/bin/../lib/App/ipchgmon.pm line 8.
    # 
    # '
    #     doesn't match '(?^m:Email::Sender::Transport::SMTP)'

    #   Failed test 'Email::Stuffer found'
    #   at t/00-modulino.t line 43.
    #                   'Can't locate DateTime.pm in @INC (you may need to install the DateTime module) (@INC contains: /tmp/loop_over_bdir-1524166-ljYX0P/App-ipchgmon-1.0.2-0/blib/lib /tmp/loop_over_bdir-1524166-ljYX0P/App-ipchgmon-1.0.2-0/blib/arch /etc/perl /usr/local/lib/x86_64-linux-gnu/perl/5.34.0 /usr/local/share/perl/5.34.0 /usr/lib/x86_64-linux-gnu/perl5/5.34 /usr/share/perl5 /usr/lib/x86_64-linux-gnu/perl-base /usr/lib/x86_64-linux-gnu/perl/5.34 /usr/share/perl/5.34 /usr/local/lib/site_perl .) at /tmp/loop_over_bdir-1524166-ljYX0P/App-ipchgmon-1.0.2-0/bin/../lib/App/ipchgmon.pm line 8.
    # BEGIN failed--compilation aborted at /tmp/loop_over_bdir-1524166-ljYX0P/App-ipchgmon-1.0.2-0/bin/../lib/App/ipchgmon.pm line 8.
    # 
    # '
    #     doesn't match '(?^m:Email::Stuffer)'

    #   Failed test 'LWP::Online found'
    #   at t/00-modulino.t line 44.
    #                   'Can't locate DateTime.pm in @INC (you may need to install the DateTime module) (@INC contains: /tmp/loop_over_bdir-1524166-ljYX0P/App-ipchgmon-1.0.2-0/blib/lib /tmp/loop_over_bdir-1524166-ljYX0P/App-ipchgmon-1.0.2-0/blib/arch /etc/perl /usr/local/lib/x86_64-linux-gnu/perl/5.34.0 /usr/local/share/perl/5.34.0 /usr/lib/x86_64-linux-gnu/perl5/5.34 /usr/share/perl5 /usr/lib/x86_64-linux-gnu/perl-base /usr/lib/x86_64-linux-gnu/perl/5.34 /usr/share/perl/5.34 /usr/local/lib/site_perl .) at /tmp/loop_over_bdir-1524166-ljYX0P/App-ipchgmon-1.0.2-0/bin/../lib/App/ipchgmon.pm line 8.
    # BEGIN failed--compilation aborted at /tmp/loop_over_bdir-1524166-ljYX0P/App-ipchgmon-1.0.2-0/bin/../lib/App/ipchgmon.pm line 8.
    # 
    # '
    #     doesn't match '(?^m:LWP::Online)'

    #   Failed test 'LWP::UserAgent found'
    #   at t/00-modulino.t line 45.
    #                   'Can't locate DateTime.pm in @INC (you may need to install the DateTime module) (@INC contains: /tmp/loop_over_bdir-1524166-ljYX0P/App-ipchgmon-1.0.2-0/blib/lib /tmp/loop_over_bdir-1524166-ljYX0P/App-ipchgmon-1.0.2-0/blib/arch /etc/perl /usr/local/lib/x86_64-linux-gnu/perl/5.34.0 /usr/local/share/perl/5.34.0 /usr/lib/x86_64-linux-gnu/perl5/5.34 /usr/share/perl5 /usr/lib/x86_64-linux-gnu/perl-base /usr/lib/x86_64-linux-gnu/perl/5.34 /usr/share/perl/5.34 /usr/local/lib/site_perl .) at /tmp/loop_over_bdir-1524166-ljYX0P/App-ipchgmon-1.0.2-0/bin/../lib/App/ipchgmon.pm line 8.
    # BEGIN failed--compilation aborted at /tmp/loop_over_bdir-1524166-ljYX0P/App-ipchgmon-1.0.2-0/bin/../lib/App/ipchgmon.pm line 8.
    # 
    # '
    #     doesn't match '(?^m:LWP::UserAgent)'

    #   Failed test 'Socket found'
    #   at t/00-modulino.t line 46.
    #                   'Can't locate DateTime.pm in @INC (you may need to install the DateTime module) (@INC contains: /tmp/loop_over_bdir-1524166-ljYX0P/App-ipchgmon-1.0.2-0/blib/lib /tmp/loop_over_bdir-1524166-ljYX0P/App-ipchgmon-1.0.2-0/blib/arch /etc/perl /usr/local/lib/x86_64-linux-gnu/perl/5.34.0 /usr/local/share/perl/5.34.0 /usr/lib/x86_64-linux-gnu/perl5/5.34 /usr/share/perl5 /usr/lib/x86_64-linux-gnu/perl-base /usr/lib/x86_64-linux-gnu/perl/5.34 /usr/share/perl/5.34 /usr/local/lib/site_perl .) at /tmp/loop_over_bdir-1524166-ljYX0P/App-ipchgmon-1.0.2-0/bin/../lib/App/ipchgmon.pm line 8.
    # BEGIN failed--compilation aborted at /tmp/loop_over_bdir-1524166-ljYX0P/App-ipchgmon-1.0.2-0/bin/../lib/App/ipchgmon.pm line 8.
    # 
    # '
    #     doesn't match '(?^m:Socket)'

    #   Failed test 'Text::CSV found'
    #   at t/00-modulino.t line 47.
    #                   'Can't locate DateTime.pm in @INC (you may need to install the DateTime module) (@INC contains: /tmp/loop_over_bdir-1524166-ljYX0P/App-ipchgmon-1.0.2-0/blib/lib /tmp/loop_over_bdir-1524166-ljYX0P/App-ipchgmon-1.0.2-0/blib/arch /etc/perl /usr/local/lib/x86_64-linux-gnu/perl/5.34.0 /usr/local/share/perl/5.34.0 /usr/lib/x86_64-linux-gnu/perl5/5.34 /usr/share/perl5 /usr/lib/x86_64-linux-gnu/perl-base /usr/lib/x86_64-linux-gnu/perl/5.34 /usr/share/perl/5.34 /usr/local/lib/site_perl .) at /tmp/loop_over_bdir-1524166-ljYX0P/App-ipchgmon-1.0.2-0/bin/../lib/App/ipchgmon.pm line 8.
    # BEGIN failed--compilation aborted at /tmp/loop_over_bdir-1524166-ljYX0P/App-ipchgmon-1.0.2-0/bin/../lib/App/ipchgmon.pm line 8.
    # 
    # '
    #     doesn't match '(?^m:Text::CSV)'

    #   Failed test 'strict found'
    #   at t/00-modulino.t line 48.
    #                   'Can't locate DateTime.pm in @INC (you may need to install the DateTime module) (@INC contains: /tmp/loop_over_bdir-1524166-ljYX0P/App-ipchgmon-1.0.2-0/blib/lib /tmp/loop_over_bdir-1524166-ljYX0P/App-ipchgmon-1.0.2-0/blib/arch /etc/perl /usr/local/lib/x86_64-linux-gnu/perl/5.34.0 /usr/local/share/perl/5.34.0 /usr/lib/x86_64-linux-gnu/perl5/5.34 /usr/share/perl5 /usr/lib/x86_64-linux-gnu/perl-base /usr/lib/x86_64-linux-gnu/perl/5.34 /usr/share/perl/5.34 /usr/local/lib/site_perl .) at /tmp/loop_over_bdir-1524166-ljYX0P/App-ipchgmon-1.0.2-0/bin/../lib/App/ipchgmon.pm line 8.
    # BEGIN failed--compilation aborted at /tmp/loop_over_bdir-1524166-ljYX0P/App-ipchgmon-1.0.2-0/bin/../lib/App/ipchgmon.pm line 8.
    # 
    # '
    #     doesn't match '(?^m:strict)'

    #   Failed test 'Perl found'
    #   at t/00-modulino.t line 49.
    #                   'Can't locate DateTime.pm in @INC (you may need to install the DateTime module) (@INC contains: /tmp/loop_over_bdir-1524166-ljYX0P/App-ipchgmon-1.0.2-0/blib/lib /tmp/loop_over_bdir-1524166-ljYX0P/App-ipchgmon-1.0.2-0/blib/arch /etc/perl /usr/local/lib/x86_64-linux-gnu/perl/5.34.0 /usr/local/share/perl/5.34.0 /usr/lib/x86_64-linux-gnu/perl5/5.34 /usr/share/perl5 /usr/lib/x86_64-linux-gnu/perl-base /usr/lib/x86_64-linux-gnu/perl/5.34 /usr/share/perl/5.34 /usr/local/lib/site_perl .) at /tmp/loop_over_bdir-1524166-ljYX0P/App-ipchgmon-1.0.2-0/bin/../lib/App/ipchgmon.pm line 8.
    # BEGIN failed--compilation aborted at /tmp/loop_over_bdir-1524166-ljYX0P/App-ipchgmon-1.0.2-0/bin/../lib/App/ipchgmon.pm line 8.
    # 
    # '
    #     doesn't match '(?^m:Perl)'

    #   Failed test 'OS found'
    #   at t/00-modulino.t line 50.
    #                   'Can't locate DateTime.pm in @INC (you may need to install the DateTime module) (@INC contains: /tmp/loop_over_bdir-1524166-ljYX0P/App-ipchgmon-1.0.2-0/blib/lib /tmp/loop_over_bdir-1524166-ljYX0P/App-ipchgmon-1.0.2-0/blib/arch /etc/perl /usr/local/lib/x86_64-linux-gnu/perl/5.34.0 /usr/local/share/perl/5.34.0 /usr/lib/x86_64-linux-gnu/perl5/5.34 /usr/share/perl5 /usr/lib/x86_64-linux-gnu/perl-base /usr/lib/x86_64-linux-gnu/perl/5.34 /usr/share/perl/5.34 /usr/local/lib/site_perl .) at /tmp/loop_over_bdir-1524166-ljYX0P/App-ipchgmon-1.0.2-0/bin/../lib/App/ipchgmon.pm line 8.
    # BEGIN failed--compilation aborted at /tmp/loop_over_bdir-1524166-ljYX0P/App-ipchgmon-1.0.2-0/bin/../lib/App/ipchgmon.pm line 8.
    # 
    # '
    #     doesn't match '(?^m:OS)'
    # Looks like you failed 15 tests of 18.

#   Failed test 'Versions gives sane output'
#   at t/00-modulino.t line 53.

    #   Failed test 'Usage found'
    #   at t/00-modulino.t line 64.
    #                   'Can't locate DateTime.pm in @INC (you may need to install the DateTime module) (@INC contains: /tmp/loop_over_bdir-1524166-ljYX0P/App-ipchgmon-1.0.2-0/blib/lib /tmp/loop_over_bdir-1524166-ljYX0P/App-ipchgmon-1.0.2-0/blib/arch /etc/perl /usr/local/lib/x86_64-linux-gnu/perl/5.34.0 /usr/local/share/perl/5.34.0 /usr/lib/x86_64-linux-gnu/perl5/5.34 /usr/share/perl5 /usr/lib/x86_64-linux-gnu/perl-base /usr/lib/x86_64-linux-gnu/perl/5.34 /usr/share/perl/5.34 /usr/local/lib/site_perl .) at /tmp/loop_over_bdir-1524166-ljYX0P/App-ipchgmon-1.0.2-0/bin/../lib/App/ipchgmon.pm line 8.
    # BEGIN failed--compilation aborted at /tmp/loop_over_bdir-1524166-ljYX0P/App-ipchgmon-1.0.2-0/bin/../lib/App/ipchgmon.pm line 8.
    # 
    # '
    #     doesn't match '(?^m:Usage:)'

    #   Failed test 'Arguments found'
    #   at t/00-modulino.t line 65.
    #                   'Can't locate DateTime.pm in @INC (you may need to install the DateTime module) (@INC contains: /tmp/loop_over_bdir-1524166-ljYX0P/App-ipchgmon-1.0.2-0/blib/lib /tmp/loop_over_bdir-1524166-ljYX0P/App-ipchgmon-1.0.2-0/blib/arch /etc/perl /usr/local/lib/x86_64-linux-gnu/perl/5.34.0 /usr/local/share/perl/5.34.0 /usr/lib/x86_64-linux-gnu/perl5/5.34 /usr/share/perl5 /usr/lib/x86_64-linux-gnu/perl-base /usr/lib/x86_64-linux-gnu/perl/5.34 /usr/share/perl/5.34 /usr/local/lib/site_perl .) at /tmp/loop_over_bdir-1524166-ljYX0P/App-ipchgmon-1.0.2-0/bin/../lib/App/ipchgmon.pm line 8.
    # BEGIN failed--compilation aborted at /tmp/loop_over_bdir-1524166-ljYX0P/App-ipchgmon-1.0.2-0/bin/../lib/App/ipchgmon.pm line 8.
    # 
    # '
    #     doesn't match '(?^m:Arguments:)'

    #   Failed test 'Options found'
    #   at t/00-modulino.t line 66.
    #                   'Can't locate DateTime.pm in @INC (you may need to install the DateTime module) (@INC contains: /tmp/loop_over_bdir-1524166-ljYX0P/App-ipchgmon-1.0.2-0/blib/lib /tmp/loop_over_bdir-1524166-ljYX0P/App-ipchgmon-1.0.2-0/blib/arch /etc/perl /usr/local/lib/x86_64-linux-gnu/perl/5.34.0 /usr/local/share/perl/5.34.0 /usr/lib/x86_64-linux-gnu/perl5/5.34 /usr/share/perl5 /usr/lib/x86_64-linux-gnu/perl-base /usr/lib/x86_64-linux-gnu/perl/5.34 /usr/share/perl/5.34 /usr/local/lib/site_perl .) at /tmp/loop_over_bdir-1524166-ljYX0P/App-ipchgmon-1.0.2-0/bin/../lib/App/ipchgmon.pm line 8.
    # BEGIN failed--compilation aborted at /tmp/loop_over_bdir-1524166-ljYX0P/App-ipchgmon-1.0.2-0/bin/../lib/App/ipchgmon.pm line 8.
    # 
    # '
    #     doesn't match '(?^m:Options:)'

    #   Failed test 'Help found'
    #   at t/00-modulino.t line 67.
    #                   'Can't locate DateTime.pm in @INC (you may need to install the DateTime module) (@INC contains: /tmp/loop_over_bdir-1524166-ljYX0P/App-ipchgmon-1.0.2-0/blib/lib /tmp/loop_over_bdir-1524166-ljYX0P/App-ipchgmon-1.0.2-0/blib/arch /etc/perl /usr/local/lib/x86_64-linux-gnu/perl/5.34.0 /usr/local/share/perl/5.34.0 /usr/lib/x86_64-linux-gnu/perl5/5.34 /usr/share/perl5 /usr/lib/x86_64-linux-gnu/perl-base /usr/lib/x86_64-linux-gnu/perl/5.34 /usr/share/perl/5.34 /usr/local/lib/site_perl .) at /tmp/loop_over_bdir-1524166-ljYX0P/App-ipchgmon-1.0.2-0/bin/../lib/App/ipchgmon.pm line 8.
    # BEGIN failed--compilation aborted at /tmp/loop_over_bdir-1524166-ljYX0P/App-ipchgmon-1.0.2-0/bin/../lib/App/ipchgmon.pm line 8.
    # 
    # '
    #     doesn't match '(?^m:--help)'

    #   Failed test 'Man found'
    #   at t/00-modulino.t line 68.
    #                   'Can't locate DateTime.pm in @INC (you may need to install the DateTime module) (@INC contains: /tmp/loop_over_bdir-1524166-ljYX0P/App-ipchgmon-1.0.2-0/blib/lib /tmp/loop_over_bdir-1524166-ljYX0P/App-ipchgmon-1.0.2-0/blib/arch /etc/perl /usr/local/lib/x86_64-linux-gnu/perl/5.34.0 /usr/local/share/perl/5.34.0 /usr/lib/x86_64-linux-gnu/perl5/5.34 /usr/share/perl5 /usr/lib/x86_64-linux-gnu/perl-base /usr/lib/x86_64-linux-gnu/perl/5.34 /usr/share/perl/5.34 /usr/local/lib/site_perl .) at /tmp/loop_over_bdir-1524166-ljYX0P/App-ipchgmon-1.0.2-0/bin/../lib/App/ipchgmon.pm line 8.
    # BEGIN failed--compilation aborted at /tmp/loop_over_bdir-1524166-ljYX0P/App-ipchgmon-1.0.2-0/bin/../lib/App/ipchgmon.pm line 8.
    # 
    # '
    #     doesn't match '(?^m:--man)'

    #   Failed test 'Versions found'
    #   at t/00-modulino.t line 69.
    #                   'Can't locate DateTime.pm in @INC (you may need to install the DateTime module) (@INC contains: /tmp/loop_over_bdir-1524166-ljYX0P/App-ipchgmon-1.0.2-0/blib/lib /tmp/loop_over_bdir-1524166-ljYX0P/App-ipchgmon-1.0.2-0/blib/arch /etc/perl /usr/local/lib/x86_64-linux-gnu/perl/5.34.0 /usr/local/share/perl/5.34.0 /usr/lib/x86_64-linux-gnu/perl5/5.34 /usr/share/perl5 /usr/lib/x86_64-linux-gnu/perl-base /usr/lib/x86_64-linux-gnu/perl/5.34 /usr/share/perl/5.34 /usr/local/lib/site_perl .) at /tmp/loop_over_bdir-1524166-ljYX0P/App-ipchgmon-1.0.2-0/bin/../lib/App/ipchgmon.pm line 8.
    # BEGIN failed--compilation aborted at /tmp/loop_over_bdir-1524166-ljYX0P/App-ipchgmon-1.0.2-0/bin/../lib/App/ipchgmon.pm line 8.
    # 
    # '
    #     doesn't match '(?^m:--versions)'
    # Looks like you failed 6 tests of 8.

#   Failed test 'Nonsense gives help'
#   at t/00-modulino.t line 58.
# Looks like you failed 4 tests of 5.
t/00-modulino.t ........... 
Dubious, test returned 4 (wstat 1024, 0x400)
Failed 4/5 subtests 

    #   Failed test 'Argument error message appears for file'
    #   at t/10-options.t line 38.
    #                   'Can't locate DateTime.pm in @INC (you may need to install the DateTime module) (@INC contains: /tmp/loop_over_bdir-1524166-ljYX0P/App-ipchgmon-1.0.2-0/blib/lib /tmp/loop_over_bdir-1524166-ljYX0P/App-ipchgmon-1.0.2-0/blib/arch /etc/perl /usr/local/lib/x86_64-linux-gnu/perl/5.34.0 /usr/local/share/perl/5.34.0 /usr/lib/x86_64-linux-gnu/perl5/5.34 /usr/share/perl5 /usr/lib/x86_64-linux-gnu/perl-base /usr/lib/x86_64-linux-gnu/perl/5.34 /usr/share/perl/5.34 /usr/local/lib/site_perl .) at /tmp/loop_over_bdir-1524166-ljYX0P/App-ipchgmon-1.0.2-0/bin/../lib/App/ipchgmon.pm line 8.
    # BEGIN failed--compilation aborted at /tmp/loop_over_bdir-1524166-ljYX0P/App-ipchgmon-1.0.2-0/bin/../lib/App/ipchgmon.pm line 8.
    # 
    # '
    #     doesn't match '(?^m:requires an argument)'
Unable to delete /tmp/loop_over_bdir-1524166-ljYX0P/App-ipchgmon-1.0.2-0/t/test.txt at end of tests. at t/10-options.t line 39.
    # Looks like you failed 1 test of 2.

#   Failed test 'File option is valid'
#   at t/10-options.t line 41.

    #   Failed test 'Argument error message appears for email'
    #   at t/10-options.t line 46.
    #                   'Can't locate DateTime.pm in @INC (you may need to install the DateTime module) (@INC contains: /tmp/loop_over_bdir-1524166-ljYX0P/App-ipchgmon-1.0.2-0/blib/lib /tmp/loop_over_bdir-1524166-ljYX0P/App-ipchgmon-1.0.2-0/blib/arch /etc/perl /usr/local/lib/x86_64-linux-gnu/perl/5.34.0 /usr/local/share/perl/5.34.0 /usr/lib/x86_64-linux-gnu/perl5/5.34 /usr/share/perl5 /usr/lib/x86_64-linux-gnu/perl-base /usr/lib/x86_64-linux-gnu/perl/5.34 /usr/share/perl/5.34 /usr/local/lib/site_perl .) at /tmp/loop_over_bdir-1524166-ljYX0P/App-ipchgmon-1.0.2-0/bin/../lib/App/ipchgmon.pm line 8.
    # BEGIN failed--compilation aborted at /tmp/loop_over_bdir-1524166-ljYX0P/App-ipchgmon-1.0.2-0/bin/../lib/App/ipchgmon.pm line 8.
    # 
    # '
    #     doesn't match '(?^m:requires an argument)'
    # Looks like you failed 1 test of 4.

#   Failed test 'Email option is valid'
#   at t/10-options.t line 52.

    #   Failed test 'Argument error message appears for mailserver'
    #   at t/10-options.t line 57.
    #                   'Can't locate DateTime.pm in @INC (you may need to install the DateTime module) (@INC contains: /tmp/loop_over_bdir-1524166-ljYX0P/App-ipchgmon-1.0.2-0/blib/lib /tmp/loop_over_bdir-1524166-ljYX0P/App-ipchgmon-1.0.2-0/blib/arch /etc/perl /usr/local/lib/x86_64-linux-gnu/perl/5.34.0 /usr/local/share/perl/5.34.0 /usr/lib/x86_64-linux-gnu/perl5/5.34 /usr/share/perl5 /usr/lib/x86_64-linux-gnu/perl-base /usr/lib/x86_64-linux-gnu/perl/5.34 /usr/share/perl/5.34 /usr/local/lib/site_perl .) at /tmp/loop_over_bdir-1524166-ljYX0P/App-ipchgmon-1.0.2-0/bin/../lib/App/ipchgmon.pm line 8.
    # BEGIN failed--compilation aborted at /tmp/loop_over_bdir-1524166-ljYX0P/App-ipchgmon-1.0.2-0/bin/../lib/App/ipchgmon.pm line 8.
    # 
    # '
    #     doesn't match '(?^m:requires an argument)'

    #   Failed test 'Not numeric error message for mailserver'
    #   at t/10-options.t line 63.
    #                   'Can't locate DateTime.pm in @INC (you may need to install the DateTime module) (@INC contains: /tmp/loop_over_bdir-1524166-ljYX0P/App-ipchgmon-1.0.2-0/blib/lib /tmp/loop_over_bdir-1524166-ljYX0P/App-ipchgmon-1.0.2-0/blib/arch /etc/perl /usr/local/lib/x86_64-linux-gnu/perl/5.34.0 /usr/local/share/perl/5.34.0 /usr/lib/x86_64-linux-gnu/perl5/5.34 /usr/share/perl5 /usr/lib/x86_64-linux-gnu/perl-base /usr/lib/x86_64-linux-gnu/perl/5.34 /usr/share/perl/5.34 /usr/local/lib/site_perl .) at /tmp/loop_over_bdir-1524166-ljYX0P/App-ipchgmon-1.0.2-0/bin/../lib/App/ipchgmon.pm line 8.
    # BEGIN failed--compilation aborted at /tmp/loop_over_bdir-1524166-ljYX0P/App-ipchgmon-1.0.2-0/bin/../lib/App/ipchgmon.pm line 8.
    # 
    # '
    #     doesn't match '(?^m:number expected)'

    #   Failed test 'mailport option invalid without mailserver'
    #   at t/10-options.t line 65.
    #                   'Can't locate DateTime.pm in @INC (you may need to install the DateTime module) (@INC contains: /tmp/loop_over_bdir-1524166-ljYX0P/App-ipchgmon-1.0.2-0/blib/lib /tmp/loop_over_bdir-1524166-ljYX0P/App-ipchgmon-1.0.2-0/blib/arch /etc/perl /usr/local/lib/x86_64-linux-gnu/perl/5.34.0 /usr/local/share/perl/5.34.0 /usr/lib/x86_64-linux-gnu/perl5/5.34 /usr/share/perl5 /usr/lib/x86_64-linux-gnu/perl-base /usr/lib/x86_64-linux-gnu/perl/5.34 /usr/share/perl/5.34 /usr/local/lib/site_perl .) at /tmp/loop_over_bdir-1524166-ljYX0P/App-ipchgmon-1.0.2-0/bin/../lib/App/ipchgmon.pm line 8.
    # BEGIN failed--compilation aborted at /tmp/loop_over_bdir-1524166-ljYX0P/App-ipchgmon-1.0.2-0/bin/../lib/App/ipchgmon.pm line 8.
    # 
    # '
    #     doesn't match '(?^m:Invalid option combination)'
    # Looks like you failed 3 tests of 5.

#   Failed test 'Mailport option is valid'
#   at t/10-options.t line 67.

    #   Failed test 'Argument error message appears for leeway'
    #   at t/10-options.t line 72.
    #                   'Can't locate DateTime.pm in @INC (you may need to install the DateTime module) (@INC contains: /tmp/loop_over_bdir-1524166-ljYX0P/App-ipchgmon-1.0.2-0/blib/lib /tmp/loop_over_bdir-1524166-ljYX0P/App-ipchgmon-1.0.2-0/blib/arch /etc/perl /usr/local/lib/x86_64-linux-gnu/perl/5.34.0 /usr/local/share/perl/5.34.0 /usr/lib/x86_64-linux-gnu/perl5/5.34 /usr/share/perl5 /usr/lib/x86_64-linux-gnu/perl-base /usr/lib/x86_64-linux-gnu/perl/5.34 /usr/share/perl/5.34 /usr/local/lib/site_perl .) at /tmp/loop_over_bdir-1524166-ljYX0P/App-ipchgmon-1.0.2-0/bin/../lib/App/ipchgmon.pm line 8.
    # BEGIN failed--compilation aborted at /tmp/loop_over_bdir-1524166-ljYX0P/App-ipchgmon-1.0.2-0/bin/../lib/App/ipchgmon.pm line 8.
    # 
    # '
    #     doesn't match '(?^m:requires an argument)'

    #   Failed test 'Not numeric error message for mailserver'
    #   at t/10-options.t line 78.
    #                   'Can't locate DateTime.pm in @INC (you may need to install the DateTime module) (@INC contains: /tmp/loop_over_bdir-1524166-ljYX0P/App-ipchgmon-1.0.2-0/blib/lib /tmp/loop_over_bdir-1524166-ljYX0P/App-ipchgmon-1.0.2-0/blib/arch /etc/perl /usr/local/lib/x86_64-linux-gnu/perl/5.34.0 /usr/local/share/perl/5.34.0 /usr/lib/x86_64-linux-gnu/perl5/5.34 /usr/share/perl5 /usr/lib/x86_64-linux-gnu/perl-base /usr/lib/x86_64-linux-gnu/perl/5.34 /usr/share/perl/5.34 /usr/local/lib/site_perl .) at /tmp/loop_over_bdir-1524166-ljYX0P/App-ipchgmon-1.0.2-0/bin/../lib/App/ipchgmon.pm line 8.
    # BEGIN failed--compilation aborted at /tmp/loop_over_bdir-1524166-ljYX0P/App-ipchgmon-1.0.2-0/bin/../lib/App/ipchgmon.pm line 8.
    # 
    # '
    #     doesn't match '(?^m:number expected)'
    # Looks like you failed 2 tests of 4.

#   Failed test 'Leeway option is valid'
#   at t/10-options.t line 79.

    #   Failed test 'Argument error message appears for server'
    #   at t/10-options.t line 87.
    #                   'Can't locate DateTime.pm in @INC (you may need to install the DateTime module) (@INC contains: /tmp/loop_over_bdir-1524166-ljYX0P/App-ipchgmon-1.0.2-0/blib/lib /tmp/loop_over_bdir-1524166-ljYX0P/App-ipchgmon-1.0.2-0/blib/arch /etc/perl /usr/local/lib/x86_64-linux-gnu/perl/5.34.0 /usr/local/share/perl/5.34.0 /usr/lib/x86_64-linux-gnu/perl5/5.34 /usr/share/perl5 /usr/lib/x86_64-linux-gnu/perl-base /usr/lib/x86_64-linux-gnu/perl/5.34 /usr/share/perl/5.34 /usr/local/lib/site_perl .) at /tmp/loop_over_bdir-1524166-ljYX0P/App-ipchgmon-1.0.2-0/bin/../lib/App/ipchgmon.pm line 8.
    # BEGIN failed--compilation aborted at /tmp/loop_over_bdir-1524166-ljYX0P/App-ipchgmon-1.0.2-0/bin/../lib/App/ipchgmon.pm line 8.
    # 
    # '
    #     doesn't match '(?^m:requires an argument)'
    # Looks like you failed 1 test of 3.

#   Failed test 'Server option is valid'
#   at t/10-options.t line 94.

    #   Failed test 'Argument error message appears for mailserver'
    #   at t/10-options.t line 87.
    #                   'Can't locate DateTime.pm in @INC (you may need to install the DateTime module) (@INC contains: /tmp/loop_over_bdir-1524166-ljYX0P/App-ipchgmon-1.0.2-0/blib/lib /tmp/loop_over_bdir-1524166-ljYX0P/App-ipchgmon-1.0.2-0/blib/arch /etc/perl /usr/local/lib/x86_64-linux-gnu/perl/5.34.0 /usr/local/share/perl/5.34.0 /usr/lib/x86_64-linux-gnu/perl5/5.34 /usr/share/perl5 /usr/lib/x86_64-linux-gnu/perl-base /usr/lib/x86_64-linux-gnu/perl/5.34 /usr/share/perl/5.34 /usr/local/lib/site_perl .) at /tmp/loop_over_bdir-1524166-ljYX0P/App-ipchgmon-1.0.2-0/bin/../lib/App/ipchgmon.pm line 8.
    # BEGIN failed--compilation aborted at /tmp/loop_over_bdir-1524166-ljYX0P/App-ipchgmon-1.0.2-0/bin/../lib/App/ipchgmon.pm line 8.
    # 
    # '
    #     doesn't match '(?^m:requires an argument)'
    # Looks like you failed 1 test of 3.

#   Failed test 'Mailserver option is valid'
#   at t/10-options.t line 94.

    #   Failed test 'Argument error message appears for mailfrom'
    #   at t/10-options.t line 87.
    #                   'Can't locate DateTime.pm in @INC (you may need to install the DateTime module) (@INC contains: /tmp/loop_over_bdir-1524166-ljYX0P/App-ipchgmon-1.0.2-0/blib/lib /tmp/loop_over_bdir-1524166-ljYX0P/App-ipchgmon-1.0.2-0/blib/arch /etc/perl /usr/local/lib/x86_64-linux-gnu/perl/5.34.0 /usr/local/share/perl/5.34.0 /usr/lib/x86_64-linux-gnu/perl5/5.34 /usr/share/perl5 /usr/lib/x86_64-linux-gnu/perl-base /usr/lib/x86_64-linux-gnu/perl/5.34 /usr/share/perl/5.34 /usr/local/lib/site_perl .) at /tmp/loop_over_bdir-1524166-ljYX0P/App-ipchgmon-1.0.2-0/bin/../lib/App/ipchgmon.pm line 8.
    # BEGIN failed--compilation aborted at /tmp/loop_over_bdir-1524166-ljYX0P/App-ipchgmon-1.0.2-0/bin/../lib/App/ipchgmon.pm line 8.
    # 
    # '
    #     doesn't match '(?^m:requires an argument)'
    # Looks like you failed 1 test of 3.

#   Failed test 'Mailfrom option is valid'
#   at t/10-options.t line 94.

    #   Failed test 'Argument error message appears for mailsubject'
    #   at t/10-options.t line 87.
    #                   'Can't locate DateTime.pm in @INC (you may need to install the DateTime module) (@INC contains: /tmp/loop_over_bdir-1524166-ljYX0P/App-ipchgmon-1.0.2-0/blib/lib /tmp/loop_over_bdir-1524166-ljYX0P/App-ipchgmon-1.0.2-0/blib/arch /etc/perl /usr/local/lib/x86_64-linux-gnu/perl/5.34.0 /usr/local/share/perl/5.34.0 /usr/lib/x86_64-linux-gnu/perl5/5.34 /usr/share/perl5 /usr/lib/x86_64-linux-gnu/perl-base /usr/lib/x86_64-linux-gnu/perl/5.34 /usr/share/perl/5.34 /usr/local/lib/site_perl .) at /tmp/loop_over_bdir-1524166-ljYX0P/App-ipchgmon-1.0.2-0/bin/../lib/App/ipchgmon.pm line 8.
    # BEGIN failed--compilation aborted at /tmp/loop_over_bdir-1524166-ljYX0P/App-ipchgmon-1.0.2-0/bin/../lib/App/ipchgmon.pm line 8.
    # 
    # '
    #     doesn't match '(?^m:requires an argument)'
    # Looks like you failed 1 test of 3.

#   Failed test 'Mailsubject option is valid'
#   at t/10-options.t line 94.

    #   Failed test 'Argument error message appears for dnsname'
    #   at t/10-options.t line 87.
    #                   'Can't locate DateTime.pm in @INC (you may need to install the DateTime module) (@INC contains: /tmp/loop_over_bdir-1524166-ljYX0P/App-ipchgmon-1.0.2-0/blib/lib /tmp/loop_over_bdir-1524166-ljYX0P/App-ipchgmon-1.0.2-0/blib/arch /etc/perl /usr/local/lib/x86_64-linux-gnu/perl/5.34.0 /usr/local/share/perl/5.34.0 /usr/lib/x86_64-linux-gnu/perl5/5.34 /usr/share/perl5 /usr/lib/x86_64-linux-gnu/perl-base /usr/lib/x86_64-linux-gnu/perl/5.34 /usr/share/perl/5.34 /usr/local/lib/site_perl .) at /tmp/loop_over_bdir-1524166-ljYX0P/App-ipchgmon-1.0.2-0/bin/../lib/App/ipchgmon.pm line 8.
    # BEGIN failed--compilation aborted at /tmp/loop_over_bdir-1524166-ljYX0P/App-ipchgmon-1.0.2-0/bin/../lib/App/ipchgmon.pm line 8.
    # 
    # '
    #     doesn't match '(?^m:requires an argument)'
    # Looks like you failed 1 test of 3.

#   Failed test 'Dnsname option is valid'
#   at t/10-options.t line 94.
# Looks like you failed 9 tests of 13.
t/10-options.t ............ 
Dubious, test returned 9 (wstat 2304, 0x900)
Failed 9/13 subtests 
# file [/tmp/loop_over_bdir-1524166-ljYX0P/App-ipchgmon-1.0.2-0/t/test.txt] does not exist

#   Failed test 'File should be created if it doesn't exist ...'
#   at t/20-file.t line 21.
# file [/tmp/loop_over_bdir-1524166-ljYX0P/App-ipchgmon-1.0.2-0/t/test.txt] does not exist

#   Failed test '... and should contain something.'
#   at t/20-file.t line 22.
Unable to delete /tmp/loop_over_bdir-1524166-ljYX0P/App-ipchgmon-1.0.2-0/t/test.txt at end of tests. at t/20-file.t line 24.
# Looks like you failed 2 tests of 3.
t/20-file.t ............... 
Dubious, test returned 2 (wstat 512, 0x200)
Failed 2/3 subtests 
t/22-new-ip.t ............. ok
t/24-read-file.t .......... ok
t/26-check-changes.t ...... ok
t/28-nslookup.t ........... ok
t/30-last.t ............... ok
t/32-check-dns.t .......... ok
t/34-single-ip-version.t .. ok
No IPv6 address. You may need to run with the --4 option. at t/50-ip-via-web.t line 21.
t/50-ip-via-web.t ......... ok
t/51-ip-validation.t ...... ok

#   Failed test 'Reject if single email address malformed'
#   at t/60-email-address.t line 14.
#                   'Can't locate DateTime.pm in @INC (you may need to install the DateTime module) (@INC contains: /tmp/loop_over_bdir-1524166-ljYX0P/App-ipchgmon-1.0.2-0/blib/lib /tmp/loop_over_bdir-1524166-ljYX0P/App-ipchgmon-1.0.2-0/blib/arch /etc/perl /usr/local/lib/x86_64-linux-gnu/perl/5.34.0 /usr/local/share/perl/5.34.0 /usr/lib/x86_64-linux-gnu/perl5/5.34 /usr/share/perl5 /usr/lib/x86_64-linux-gnu/perl-base /usr/lib/x86_64-linux-gnu/perl/5.34 /usr/share/perl/5.34 /usr/local/lib/site_perl .) at /tmp/loop_over_bdir-1524166-ljYX0P/App-ipchgmon-1.0.2-0/bin/../lib/App/ipchgmon.pm line 8.
# BEGIN failed--compilation aborted at /tmp/loop_over_bdir-1524166-ljYX0P/App-ipchgmon-1.0.2-0/bin/../lib/App/ipchgmon.pm line 8.
# 
# '
#     doesn't match '(?^m:Invalid email)'

#   Failed test 'Rejected if second email address invalid'
#   at t/60-email-address.t line 20.
#                   'Can't locate DateTime.pm in @INC (you may need to install the DateTime module) (@INC contains: /tmp/loop_over_bdir-1524166-ljYX0P/App-ipchgmon-1.0.2-0/blib/lib /tmp/loop_over_bdir-1524166-ljYX0P/App-ipchgmon-1.0.2-0/blib/arch /etc/perl /usr/local/lib/x86_64-linux-gnu/perl/5.34.0 /usr/local/share/perl/5.34.0 /usr/lib/x86_64-linux-gnu/perl5/5.34 /usr/share/perl5 /usr/lib/x86_64-linux-gnu/perl-base /usr/lib/x86_64-linux-gnu/perl/5.34 /usr/share/perl/5.34 /usr/local/lib/site_perl .) at /tmp/loop_over_bdir-1524166-ljYX0P/App-ipchgmon-1.0.2-0/bin/../lib/App/ipchgmon.pm line 8.
# BEGIN failed--compilation aborted at /tmp/loop_over_bdir-1524166-ljYX0P/App-ipchgmon-1.0.2-0/bin/../lib/App/ipchgmon.pm line 8.
# 
# '
#     doesn't match '(?^m:Invalid email)'

#   Failed test 'Rejected if first email address (of two) invalid'
#   at t/60-email-address.t line 23.
#                   'Can't locate DateTime.pm in @INC (you may need to install the DateTime module) (@INC contains: /tmp/loop_over_bdir-1524166-ljYX0P/App-ipchgmon-1.0.2-0/blib/lib /tmp/loop_over_bdir-1524166-ljYX0P/App-ipchgmon-1.0.2-0/blib/arch /etc/perl /usr/local/lib/x86_64-linux-gnu/perl/5.34.0 /usr/local/share/perl/5.34.0 /usr/lib/x86_64-linux-gnu/perl5/5.34 /usr/share/perl5 /usr/lib/x86_64-linux-gnu/perl-base /usr/lib/x86_64-linux-gnu/perl/5.34 /usr/share/perl/5.34 /usr/local/lib/site_perl .) at /tmp/loop_over_bdir-1524166-ljYX0P/App-ipchgmon-1.0.2-0/bin/../lib/App/ipchgmon.pm line 8.
# BEGIN failed--compilation aborted at /tmp/loop_over_bdir-1524166-ljYX0P/App-ipchgmon-1.0.2-0/bin/../lib/App/ipchgmon.pm line 8.
# 
# '
#     doesn't match '(?^m:Invalid email)'
# Looks like you failed 3 tests of 4.
t/60-email-address.t ...... 
Dubious, test returned 3 (wstat 768, 0x300)
Failed 3/4 subtests 
t/62-email-delivery.t ..... ok
t/63-email-transport.t .... ok

Test Summary Report
-------------------
t/00-modulino.t         (Wstat: 1024 (exited 4) Tests: 5 Failed: 4)
  Failed tests:  2-5
  Non-zero exit status: 4
t/10-options.t          (Wstat: 2304 (exited 9) Tests: 13 Failed: 9)
  Failed tests:  5-13
  Non-zero exit status: 9
t/20-file.t             (Wstat: 512 (exited 2) Tests: 3 Failed: 2)
  Failed tests:  2-3
  Non-zero exit status: 2
t/60-email-address.t    (Wstat: 768 (exited 3) Tests: 4 Failed: 3)
  Failed tests:  1, 3-4
  Non-zero exit status: 3
Files=15, Tests=122, 27 wallclock secs ( 0.09 usr  0.02 sys +  8.78 cusr  2.09 csys = 10.98 CPU)
Result: FAIL
Failed 4/15 test programs. 18/122 subtests failed.
make: *** [Makefile:911: test_dynamic] Error 255

------------------------------
PREREQUISITES
------------------------------

Prerequisite modules loaded:

requires:

    Module                         Need Have      
    ------------------------------ ---- ----------
    Data::Dumper                   0    2.183     
    Data::Validate::Email          0    0.06      
    Data::Validate::IP             0    0.30      
    DateTime                       0    1.58      
    DateTime::Format::Strptime     0    1.79      
    Email::Sender::Transport::SMTP 0    2.500     
    Email::Stuffer                 0    0.018     
    feature                        0    1.47      
    File::Find                     0    1.34      
    FindBin                        0    1.51      
    Getopt::Long                   0    2.52      
    LWP::Online                    0    1.08      
    LWP::UserAgent                 0    6.67      
    Pod::Usage                     0    1.69      
    Socket                         0    2.034     
    strict                         0    1.11      
    Text::CSV                      0    2.02      
    warnings                       0    1.37      

build_requires:

    Module                         Need Have      
    ------------------------------ ---- ----------
    ExtUtils::MakeMaker            0    7.64      
    lib                            0    0.64      
    Regexp::Common                 0    2017060201
    Test::Exception                0    0.43      
    Test::File                     0    1.992     
    Test::MockModule               0    0.177.0   
    Test::More                     0    1.302191  

configure_requires:

    Module                         Need Have      
    ------------------------------ ---- ----------
    ExtUtils::MakeMaker            0    7.64      


------------------------------
ENVIRONMENT AND OTHER CONTEXT
------------------------------

Environment variables:

    AUTOMATED_TESTING = 1
    LANG = en_US.UTF-8
    LANGUAGE = en_US:en
    PATH = /home/sand/bin:/usr/local/bin:/usr/bin:/bin:/usr/games:/usr/local/perl/bin:/usr/X11/bin:/sbin:/usr/sbin
    PERL5LIB = 
    PERL5OPT = 
    PERL5_CPANPLUS_IS_RUNNING = 1099120
    PERL5_CPAN_IS_RUNNING = 1099120
    PERL_CANARY_STABILITY_NOPROMPT = 1
    PERL_MM_USE_DEFAULT = 1
    PERL_USE_UNSAFE_INC = 1
    SHELL = /usr/bin/zsh
    TERM = screen

Perl special variables (and OS-specific diagnostics, for MSWin32):

    $^X = /home/sand/src/perl/repoperls/installed-perls/host/k93msid/v5.26.3/da1c/bin/perl
    $UID/$EUID = 1005 / 1005
    $GID = 1005 1005
    $EGID = 1005 1005

Perl module toolchain versions installed:

    Module              Have    
    ------------------- --------
    CPAN                2.34    
    CPAN::Meta          2.150010
    Cwd                 3.75    
    ExtUtils::CBuilder  0.280236
    ExtUtils::Command   7.64    
    ExtUtils::Install   2.06    
    ExtUtils::MakeMaker 7.64    
    ExtUtils::Manifest  1.70    
    ExtUtils::ParseXS   3.44    
    File::Spec          3.75    
    JSON                4.10    
    JSON::PP            4.09    
    Module::Build       0.4231  
    Module::Signature   0.88    
    Parse::CPAN::Meta   2.150010
    Test::Harness       3.44    
    Test::More          1.302191
    YAML                1.30    
    YAML::Syck          1.34    
    version             0.9929  


--

Summary of my perl5 (revision 5 version 26 subversion 3) configuration:
  Derived from: 92583df5dc9b9edbcd4a9649f753e180b9729590
  Platform:
    osname=linux
    osvers=5.16.0-5-amd64
    archname=x86_64-linux
    uname='linux k93msid 5.16.0-5-amd64 #1 smp preempt debian 5.16.14-1 (2022-03-15) x86_64 gnulinux '
    config_args='-Dprefix=/home/sand/src/perl/repoperls/installed-perls/host/k93msid/v5.26.3/da1c -Dmyhostname=k93msid -Dinstallusrbinperl=n -Uversiononly -Dusedevel -des -Ui_db -Dlibswanted=cl pthread socket inet nsl gdbm dbm malloc dl ld sun m crypt sec util c cposix posix ucb BSD gdbm_compat -Uuseithreads -Uuselongdouble -DEBUGGING=-g'
    hint=recommended
    useposix=true
    d_sigaction=define
    useithreads=undef
    usemultiplicity=undef
    use64bitint=define
    use64bitall=define
    uselongdouble=undef
    usemymalloc=n
    default_inc_excludes_dot=define
    bincompat5005=undef
  Compiler:
    cc='cc'
    ccflags ='-fwrapv -fno-strict-aliasing -pipe -fstack-protector-strong -I/usr/local/include -D_LARGEFILE_SOURCE -D_FILE_OFFSET_BITS=64 -D_FORTIFY_SOURCE=2'
    optimize='-O2 -g'
    cppflags='-fwrapv -fno-strict-aliasing -pipe -fstack-protector-strong -I/usr/local/include'
    ccversion=''
    gccversion='11.2.0'
    gccosandvers=''
    intsize=4
    longsize=8
    ptrsize=8
    doublesize=8
    byteorder=12345678
    doublekind=3
    d_longlong=define
    longlongsize=8
    d_longdbl=define
    longdblsize=16
    longdblkind=3
    ivtype='long'
    ivsize=8
    nvtype='double'
    nvsize=8
    Off_t='off_t'
    lseeksize=8
    alignbytes=8
    prototype=define
  Linker and Libraries:
    ld='cc'
    ldflags =' -fstack-protector-strong -L/usr/local/lib'
    libpth=/usr/local/lib /usr/include/x86_64-linux-gnu /usr/lib /lib/x86_64-linux-gnu /lib/../lib /usr/lib/x86_64-linux-gnu /usr/lib/../lib /lib
    libs=-lpthread -lnsl -ldl -lm -lcrypt -lutil -lc
    perllibs=-lpthread -lnsl -ldl -lm -lcrypt -lutil -lc
    libc=libc-2.33.so
    so=so
    useshrplib=false
    libperl=libperl.a
    gnulibc_version='2.33'
  Dynamic Linking:
    dlsrc=dl_dlopen.xs
    dlext=so
    d_dlsymun=undef
    ccdlflags='-Wl,-E'
    cccdlflags='-fPIC'
    lddlflags='-shared -O2 -g -L/usr/local/lib -fstack-protector-strong'


Characteristics of this binary (from libperl): 
  Compile-time options:
    HAS_TIMES
    PERLIO_LAYERS
    PERL_COPY_ON_WRITE
    PERL_DONT_CREATE_GVSV
    PERL_MALLOC_WRAP
    PERL_OP_PARENT
    PERL_PRESERVE_IVUV
    PERL_USE_DEVEL
    USE_64_BIT_ALL
    USE_64_BIT_INT
    USE_LARGE_FILES
    USE_LOCALE
    USE_LOCALE_COLLATE
    USE_LOCALE_CTYPE
    USE_LOCALE_NUMERIC
    USE_LOCALE_TIME
    USE_PERLIO
    USE_PERL_ATOF
  Locally applied patches:
    uncommitted-changes
  Built under linux
  Compiled at Mar 19 2022 19:32:42
  %ENV:
    PERL5LIB=""
    PERL5OPT=""
    PERL5_CPANPLUS_IS_RUNNING="1099120"
    PERL5_CPAN_IS_RUNNING="1099120"
    PERL_CANARY_STABILITY_NOPROMPT="1"
    PERL_MM_USE_DEFAULT="1"
    PERL_USE_UNSAFE_INC="1"
  @INC:
    /home/sand/src/perl/repoperls/installed-perls/host/k93msid/v5.26.3/da1c/lib/site_perl/5.26.3/x86_64-linux
    /home/sand/src/perl/repoperls/installed-perls/host/k93msid/v5.26.3/da1c/lib/site_perl/5.26.3
    /home/sand/src/perl/repoperls/installed-perls/host/k93msid/v5.26.3/da1c/lib/5.26.3/x86_64-linux
    /home/sand/src/perl/repoperls/installed-perls/host/k93msid/v5.26.3/da1c/lib/5.26.3
    .