Back
From: metabase:user:314402c4-2aae-11df-837a-5e0a49663a4f
Subject: FAIL XML-Grammar-Vered-0.0.7 v5.18.2 FreeBSD
Date: 2014-02-01T14:32:34Z
This distribution has been tested as part of the CPAN Testers
project, supporting the Perl programming language. See
http://wiki.cpantesters.org/ for more information or email
questions to cpan-testers-discuss@perl.org
--
Dear Shlomi Fish,
This is a computer-generated report for XML-Grammar-Vered-0.0.7
on perl 5.18.2, created by CPAN-Reporter-1.2010.
Thank you for uploading your work to CPAN. However, there was a problem
testing your distribution.
If you think this report is invalid, please consult the CPAN Testers Wiki
for suggestions on how to avoid getting FAIL reports for missing library
or binary dependencies, unsupported operating systems, and so on:
http://wiki.cpantesters.org/wiki/CPANAuthorNotes
Sections of this report:
* Tester comments
* Program output
* Prerequisites
* Environment and other context
------------------------------
TESTER COMMENTS
------------------------------
Additional comments from tester:
none provided
------------------------------
PROGRAM OUTPUT
------------------------------
Output from './Build test':
t/00-compile.t .............. ok
#
#
# Compiled against libxml2 version: 20800
# Running libxml2 version: 20800
#
t/00-libxml-basic.t ......... ok
Compiled against: libxslt 10128, libxml2 20800
Running: libxslt 10128, libxml2 20800
Compiled with EXSLT: yes
t/00-libxslt-basic.t ........ ok
t/release-cpan-changes.t .... skipped: these tests are for release candidate testing
t/release-pod-coverage.t .... skipped: these tests are for release candidate testing
t/release-pod-syntax.t ...... skipped: these tests are for release candidate testing
t/release-trailing-space.t .. skipped: these tests are for release candidate testing
runtime error: file extradata/vered-xml-to-docbook.xslt element attribute
xsl:attribute: Cannot add attributes to an element if children have been already added to the element.
runtime error: file extradata/vered-xml-to-docbook.xslt element attribute
xsl:attribute: Cannot add attributes to an element if children have been already added to the element.
runtime error: file extradata/vered-xml-to-docbook.xslt element attribute
xsl:attribute: Cannot add attributes to an element if children have been already added to the element.
runtime error: file extradata/vered-xml-to-docbook.xslt element attribute
xsl:attribute: Cannot add attributes to an element if children have been already added to the element.
runtime error: file extradata/vered-xml-to-docbook.xslt element attribute
xsl:attribute: Cannot add attributes to an element if children have been already added to the element.
runtime error: file extradata/vered-xml-to-docbook.xslt element attribute
xsl:attribute: Cannot add attributes to an element if children have been already added to the element.
runtime error: file extradata/vered-xml-to-docbook.xslt element attribute
xsl:attribute: Cannot add attributes to an element if children have been already added to the element.
runtime error: file extradata/vered-xml-to-docbook.xslt element attribute
xsl:attribute: Cannot add attributes to an element if children have been already added to the element.
runtime error: file extradata/vered-xml-to-docbook.xslt element attribute
xsl:attribute: Cannot add attributes to an element if children have been already added to the element.
runtime error: file extradata/vered-xml-to-docbook.xslt element attribute
xsl:attribute: Cannot add attributes to an element if children have been already added to the element.
runtime error: file extradata/vered-xml-to-docbook.xslt element attribute
xsl:attribute: Cannot add attributes to an element if children have been already added to the element.
runtime error: file extradata/vered-xml-to-docbook.xslt element attribute
xsl:attribute: Cannot add attributes to an element if children have been already added to the element.
runtime error: file extradata/vered-xml-to-docbook.xslt element attribute
xsl:attribute: Cannot add attributes to an element if children have been already added to the element.
runtime error: file extradata/vered-xml-to-docbook.xslt element attribute
xsl:attribute: Cannot add attributes to an element if children have been already added to the element.
runtime error: file extradata/vered-xml-to-docbook.xslt element attribute
xsl:attribute: Cannot add attributes to an element if children have been already added to the element.
runtime error: file extradata/vered-xml-to-docbook.xslt element attribute
xsl:attribute: Cannot add attributes to an element if children have been already added to the element.
runtime error: file extradata/vered-xml-to-docbook.xslt element attribute
xsl:attribute: Cannot add attributes to an element if children have been already added to the element.
runtime error: file extradata/vered-xml-to-docbook.xslt element attribute
xsl:attribute: Cannot add attributes to an element if children have been already added to the element.
runtime error: file extradata/vered-xml-to-docbook.xslt element attribute
xsl:attribute: Cannot add attributes to an element if children have been already added to the element.
runtime error: file extradata/vered-xml-to-docbook.xslt element attribute
xsl:attribute: Cannot add attributes to an element if children have been already added to the element.
runtime error: file extradata/vered-xml-to-docbook.xslt element attribute
xsl:attribute: Cannot add attributes to an element if children have been already added to the element.
runtime error: file extradata/vered-xml-to-docbook.xslt element attribute
xsl:attribute: Cannot add attributes to an element if children have been already added to the element.
runtime error: file extradata/vered-xml-to-docbook.xslt element attribute
xsl:attribute: Cannot add attributes to an element if children have been already added to the element.
runtime error: file extradata/vered-xml-to-docbook.xslt element attribute
xsl:attribute: Cannot add attributes to an element if children have been already added to the element.
runtime error: file extradata/vered-xml-to-docbook.xslt element attribute
xsl:attribute: Cannot add attributes to an element if children have been already added to the element.
runtime error: file extradata/vered-xml-to-docbook.xslt element attribute
xsl:attribute: Cannot add attributes to an element if children have been already added to the element.
runtime error: file extradata/vered-xml-to-docbook.xslt element attribute
xsl:attribute: Cannot add attributes to an element if children have been already added to the element.
runtime error: file extradata/vered-xml-to-docbook.xslt element attribute
xsl:attribute: Cannot add attributes to an element if children have been already added to the element.
runtime error: file extradata/vered-xml-to-docbook.xslt element attribute
xsl:attribute: Cannot add attributes to an element if children have been already added to the element.
runtime error: file extradata/vered-xml-to-docbook.xslt element attribute
xsl:attribute: Cannot add attributes to an element if children have been already added to the element.
runtime error: file extradata/vered-xml-to-docbook.xslt element attribute
xsl:attribute: Cannot add attributes to an element if children have been already added to the element.
runtime error: file extradata/vered-xml-to-docbook.xslt element attribute
xsl:attribute: Cannot add attributes to an element if children have been already added to the element.
runtime error: file extradata/vered-xml-to-docbook.xslt element attribute
xsl:attribute: Cannot add attributes to an element if children have been already added to the element.
runtime error: file extradata/vered-xml-to-docbook.xslt element attribute
xsl:attribute: Cannot add attributes to an element if children have been already added to the element.
runtime error: file extradata/vered-xml-to-docbook.xslt element attribute
xsl:attribute: Cannot add attributes to an element if children have been already added to the element.
runtime error: file extradata/vered-xml-to-docbook.xslt element attribute
xsl:attribute: Cannot add attributes to an element if children have been already added to the element.
runtime error: file extradata/vered-xml-to-docbook.xslt element attribute
xsl:attribute: Cannot add attributes to an element if children have been already added to the element.
runtime error: file extradata/vered-xml-to-docbook.xslt element attribute
xsl:attribute: Cannot add attributes to an element if children have been already added to the element.
runtime error: file extradata/vered-xml-to-docbook.xslt element attribute
xsl:attribute: Cannot add attributes to an element if children have been already added to the element.
runtime error: file extradata/vered-xml-to-docbook.xslt element attribute
xsl:attribute: Cannot add attributes to an element if children have been already added to the element.
runtime error: file extradata/vered-xml-to-docbook.xslt element attribute
xsl:attribute: Cannot add attributes to an element if children have been already added to the element.
runtime error: file extradata/vered-xml-to-docbook.xslt element attribute
xsl:attribute: Cannot add attributes to an element if children have been already added to the element.
runtime error: file extradata/vered-xml-to-docbook.xslt element attribute
xsl:attribute: Cannot add attributes to an element if children have been already added to the element.
runtime error: file extradata/vered-xml-to-docbook.xslt element attribute
xsl:attribute: Cannot add attributes to an element if children have been already added to the element.
runtime error: file extradata/vered-xml-to-docbook.xslt element attribute
xsl:attribute: Cannot add attributes to an element if children have been already added to the element.
runtime error: file extradata/vered-xml-to-docbook.xslt element attribute
xsl:attribute: Cannot add attributes to an element if children have been already added to the element.
runtime error: file extradata/vered-xml-to-docbook.xslt element attribute
xsl:attribute: Cannot add attributes to an element if children have been already added to the element.
runtime error: file extradata/vered-xml-to-docbook.xslt element attribute
xsl:attribute: Cannot add attributes to an element if children have been already added to the element.
runtime error: file extradata/vered-xml-to-docbook.xslt element attribute
xsl:attribute: Cannot add attributes to an element if children have been already added to the element.
runtime error: file extradata/vered-xml-to-docbook.xslt element attribute
xsl:attribute: Cannot add attributes to an element if children have been already added to the element.
runtime error: file extradata/vered-xml-to-docbook.xslt element attribute
xsl:attribute: Cannot add attributes to an element if children have been already added to the element.
runtime error: file extradata/vered-xml-to-docbook.xslt element attribute
xsl:attribute: Cannot add attributes to an element if children have been already added to the element.
runtime error: file extradata/vered-xml-to-docbook.xslt element attribute
xsl:attribute: Cannot add attributes to an element if children have been already added to the element.
runtime error: file extradata/vered-xml-to-docbook.xslt element attribute
xsl:attribute: Cannot add attributes to an element if children have been already added to the element.
runtime error: file extradata/vered-xml-to-docbook.xslt element attribute
xsl:attribute: Cannot add attributes to an element if children have been already added to the element.
runtime error: file extradata/vered-xml-to-docbook.xslt element attribute
xsl:attribute: Cannot add attributes to an element if children have been already added to the element.
runtime error: file extradata/vered-xml-to-docbook.xslt element attribute
xsl:attribute: Cannot add attributes to an element if children have been already added to the element.
runtime error: file extradata/vered-xml-to-docbook.xslt element attribute
xsl:attribute: Cannot add attributes to an element if children have been already added to the element.
runtime error: file extradata/vered-xml-to-docbook.xslt element attribute
xsl:attribute: Cannot add attributes to an element if children have been already added to the element.
runtime error: file extradata/vered-xml-to-docbook.xslt element attribute
xsl:attribute: Cannot add attributes to an element if children have been already added to the element.
runtime error: file extradata/vered-xml-to-docbook.xslt element attribute
xsl:attribute: Cannot add attributes to an element if children have been already added to the element.
runtime error: file extradata/vered-xml-to-docbook.xslt element attribute
xsl:attribute: Cannot add attributes to an element if children have been already added to the element.
runtime error: file extradata/vered-xml-to-docbook.xslt element attribute
xsl:attribute: Cannot add attributes to an element if children have been already added to the element.
runtime error: file extradata/vered-xml-to-docbook.xslt element attribute
xsl:attribute: Cannot add attributes to an element if children have been already added to the element.
runtime error: file extradata/vered-xml-to-docbook.xslt element attribute
xsl:attribute: Cannot add attributes to an element if children have been already added to the element.
runtime error: file extradata/vered-xml-to-docbook.xslt element attribute
xsl:attribute: Cannot add attributes to an element if children have been already added to the element.
runtime error: file extradata/vered-xml-to-docbook.xslt element attribute
xsl:attribute: Cannot add attributes to an element if children have been already added to the element.
runtime error: file extradata/vered-xml-to-docbook.xslt element attribute
xsl:attribute: Cannot add attributes to an element if children have been already added to the element.
runtime error: file extradata/vered-xml-to-docbook.xslt element attribute
xsl:attribute: Cannot add attributes to an element if children have been already added to the element.
runtime error: file extradata/vered-xml-to-docbook.xslt element attribute
xsl:attribute: Cannot add attributes to an element if children have been already added to the element.
runtime error: file extradata/vered-xml-to-docbook.xslt element attribute
xsl:attribute: Cannot add attributes to an element if children have been already added to the element.
runtime error: file extradata/vered-xml-to-docbook.xslt element attribute
xsl:attribute: Cannot add attributes to an element if children have been already added to the element.
at /usr/perl5.18.2/lib/site_perl/5.18.2/XML/GrammarBase/Role/XSLT/Global.pm line 118.
# Looks like your test exited with 255 before it could output anything.
t/xslt.t ....................
Dubious, test returned 255 (wstat 65280, 0xff00)
Failed 5/5 subtests
Test Summary Report
-------------------
t/xslt.t (Wstat: 65280 Tests: 0 Failed: 0)
Non-zero exit status: 255
Parse errors: Bad plan. You planned 5 tests but ran 0.
Files=8, Tests=8, 1 wallclock secs ( 0.02 usr 0.03 sys + 0.72 cusr 0.18 csys = 0.95 CPU)
Result: FAIL
Failed 1/8 test programs. 0/8 subtests failed.
------------------------------
PREREQUISITES
------------------------------
Prerequisite modules loaded:
requires:
Module Need Have
------------------------------- ------ --------
autodie 0 2.23
File::ShareDir 1.00 1.03
MooX 0 0.101
perl 5.008 5.018002
strict 0 1.07
warnings 0 1.18
XML::GrammarBase::Role::RelaxNG v0.2.2 0.2.2
XML::GrammarBase::Role::XSLT v0.2.2 0.2.2
build_requires:
Module Need Have
------------------------------- ------ --------
File::Spec 0 3.40
File::Temp 0 0.2304
IO::Handle 0 1.34
IPC::Open3 0 1.13
Module::Build 0.3601 0.4204
Test::More 0 1.001002
Test::XML::Ordered 0 0.0.8
vars 0 1.03
XML::LibXML 0 2.0109
XML::LibXSLT 0 1.84
configure_requires:
Module Need Have
------------------------------- ------ --------
Module::Build 0.3601 0.4204
------------------------------
ENVIRONMENT AND OTHER CONTEXT
------------------------------
Environment variables:
DBIC_NO_WARN_BAD_PERL = 1
PATH = /usr/local/bin:/usr/bin:/bin:/usr/local/sbin:/usr/sbin:/sbin:/home/cpansand/bin/freebsd9.1:/home/cpansand/bin/sh:/home/cpansand/bin:/usr/games:/home/cpansand/devel:/usr/home/eserte/work/srezic-misc/scripts
PERL5LIB =
PERL5OPT =
PERL5_CPANPLUS_IS_RUNNING = 87820
PERL5_CPAN_IS_RUNNING = 87820
PERL5_CPAN_IS_RUNNING_IN_RECURSION = 87798,87820
PERLDOC = -MPod::Perldoc::ToTextOverstrike
PERL_BATCH = yes
PERL_CPAN_REPORTER_CONFIG = /var/tmp/cpansmoker-1023/oCFR_pKqIR_config.ini
PERL_EXTUTILS_AUTOINSTALL = --defaultdeps
PERL_HTML_DISPLAY_CLASS = HTML::Display::Mozilla
SHELL = /usr/local/bin/zsh
TERM = screen
TMPDIR = /var/tmp/cpansmoker-1023
Perl special variables (and OS-specific diagnostics, for MSWin32):
$^X = /usr/perl5.18.2/bin/perl
$UID/$EUID = 1023 / 1023
$GID = 1023 1023
$EGID = 1023 1023
Perl module toolchain versions installed:
Module Have
------------------- --------
CPAN 2.00
CPAN::Meta 2.133380
Cwd 3.40
ExtUtils::CBuilder 0.280210
ExtUtils::Command 1.17
ExtUtils::Install 1.59
ExtUtils::MakeMaker 6.88
ExtUtils::Manifest 1.63
ExtUtils::ParseXS 3.22
File::Spec 3.40
JSON 2.90
JSON::PP 2.27203
Module::Build 0.4204
Module::Signature 0.73
Parse::CPAN::Meta 1.4405
Test::Harness 3.30
Test::More 1.001002
YAML 0.88
YAML::Syck 1.27
version 0.9907
--
Summary of my perl5 (revision 5 version 18 subversion 2) configuration:
Platform:
osname=freebsd, osvers=9.2-release, archname=amd64-freebsd
uname='freebsd cvrsnica-freebsd-92 9.2-release freebsd 9.2-release #0 r255898: thu sep 26 22:50:31 utc 2013 root@bake.isc.freebsd.org:usrobjusrsrcsysgeneric amd64 '
config_args='-ds -e -Dprefix=/usr/perl5.18.2'
hint=recommended, useposix=true, d_sigaction=define
useithreads=undef, usemultiplicity=undef
useperlio=define, d_sfio=undef, uselargefiles=define, usesocks=undef
use64bitint=define, use64bitall=define, uselongdouble=undef
usemymalloc=n, bincompat5005=undef
Compiler:
cc='cc', ccflags ='-DHAS_FPSETMASK -DHAS_FLOATINGPOINT_H -fno-strict-aliasing -pipe -fstack-protector -I/usr/local/include',
optimize='-O',
cppflags='-DHAS_FPSETMASK -DHAS_FLOATINGPOINT_H -fno-strict-aliasing -pipe -fstack-protector -I/usr/local/include'
ccversion='', gccversion='4.2.1 20070831 patched [FreeBSD]', gccosandvers=''
intsize=4, longsize=8, ptrsize=8, doublesize=8, byteorder=12345678
d_longlong=define, longlongsize=8, d_longdbl=define, longdblsize=16
ivtype='long', ivsize=8, nvtype='double', nvsize=8, Off_t='off_t', lseeksize=8
alignbytes=8, prototype=define
Linker and Libraries:
ld='cc', ldflags ='-Wl,-E -fstack-protector -L/usr/local/lib'
libpth=/usr/lib /usr/local/lib
libs=-lgdbm -lm -lcrypt -lutil -lc
perllibs=-lm -lcrypt -lutil -lc
libc=, so=so, useshrplib=false, libperl=libperl.a
gnulibc_version=''
Dynamic Linking:
dlsrc=dl_dlopen.xs, dlext=so, d_dlsymun=undef, ccdlflags=' '
cccdlflags='-DPIC -fPIC', lddlflags='-shared -L/usr/local/lib -fstack-protector'
Characteristics of this binary (from libperl):
Compile-time options: HAS_TIMES PERLIO_LAYERS PERL_DONT_CREATE_GVSV
PERL_HASH_FUNC_ONE_AT_A_TIME_HARD PERL_MALLOC_WRAP
PERL_PRESERVE_IVUV PERL_SAWAMPERSAND USE_64_BIT_ALL
USE_64_BIT_INT USE_LARGE_FILES USE_LOCALE
USE_LOCALE_COLLATE USE_LOCALE_CTYPE
USE_LOCALE_NUMERIC USE_PERLIO USE_PERL_ATOF
Built under freebsd
Compiled at Jan 7 2014 08:05:52
%ENV:
PERL5LIB=""
PERL5OPT=""
PERL5_CPANPLUS_IS_RUNNING="87820"
PERL5_CPAN_IS_RUNNING="87820"
PERL5_CPAN_IS_RUNNING_IN_RECURSION="87798,87820"
PERLDOC="-MPod::Perldoc::ToTextOverstrike"
PERL_BATCH="yes"
PERL_CPAN_REPORTER_CONFIG="/var/tmp/cpansmoker-1023/oCFR_pKqIR_config.ini"
PERL_EXTUTILS_AUTOINSTALL="--defaultdeps"
PERL_HTML_DISPLAY_CLASS="HTML::Display::Mozilla"
@INC:
/usr/perl5.18.2/lib/site_perl/5.18.2/amd64-freebsd
/usr/perl5.18.2/lib/site_perl/5.18.2
/usr/perl5.18.2/lib/5.18.2/amd64-freebsd
/usr/perl5.18.2/lib/5.18.2
.