Report for XML-Filter-Dispatcher-0.52

Back
From: metabase:user:30ae4450-2aae-11df-837a-5e0a49663a4f
Subject: FAIL XML-Filter-Dispatcher-0.52 v5.18.1 
Date: 2014-03-07T18:15:13Z

This distribution has been tested as part of the CPAN Testers
project, supporting the Perl programming language.  See
http://wiki.cpantesters.org/ for more information or email
questions to cpan-testers-discuss@perl.org


--
Dear Barrie Slaymaker,

This is a computer-generated report for XML-Filter-Dispatcher-0.52
on perl 5.18.1, created by CPAN-Reporter-1.2010_01.

Thank you for uploading your work to CPAN.  However, there was a problem
testing your distribution.

If you think this report is invalid, please consult the CPAN Testers Wiki
for suggestions on how to avoid getting FAIL reports for missing library
or binary dependencies, unsupported operating systems, and so on:

http://wiki.cpantesters.org/wiki/CPANAuthorNotes

Sections of this report:

    * Tester comments
    * Program output
    * Prerequisites
    * Environment and other context

------------------------------
TESTER COMMENTS
------------------------------

Additional comments from tester:

this report is from an automated smoke testing program
and was not reviewed by a human for accuracy

------------------------------
PROGRAM OUTPUT
------------------------------

Output from 'C:\strawberry181\c\bin\dmake.exe test':

C:\strawberry181\perl\bin\perl.exe -MExtUtils::Command -e cp -- bin/xfd_dump blib\script\xfd_dump
pl2bat.bat blib\script\xfd_dump
C:\strawberry181\perl\bin\perl.exe "-MExtUtils::Command::MM" "-e" "test_harness(0, 'blib\lib', 'blib\arch')" t/*.t
Undefined subroutine &XFD::is_tracing called at (eval 38) line 17.
t/builder.t ........ 
Dubious, test returned 255 (wstat 65280, 0xff00)
Failed 25/25 subtests 
Use of uninitialized value in numeric gt (>) at C:\strawberry181\cpan\build\XML-Filter-Dispatcher-0.52-ugrXM8\blib\lib/XML/Filter/Dispatcher/Compiler.pm line 288.
Use of uninitialized value in numeric gt (>) at C:\strawberry181\cpan\build\XML-Filter-Dispatcher-0.52-ugrXM8\blib\lib/XML/Filter/Dispatcher/Compiler.pm line 288.
t/compiler.t ....... ok
Undefined subroutine &XFD::is_tracing called at (eval 41) line 91.
t/filter.t ......... 
Dubious, test returned 255 (wstat 65280, 0xff00)
Failed 21/21 subtests 
Undefined subroutine &XFD::is_tracing called at (eval 38) line 12.
t/hash.t ........... 
Dubious, test returned 255 (wstat 65280, 0xff00)
Failed 21/27 subtests 
t/helpfulerrors.t .. ok
Undefined subroutine &XFD::is_tracing called at (eval 40) line 29.
t/namespaces.t ..... 
Dubious, test returned 255 (wstat 65280, 0xff00)
Failed 16/16 subtests 
t/nothing.t ........ ok
Undefined subroutine &XFD::is_tracing called at (eval 38) line 14.
t/order.t .......... 
Dubious, test returned 255 (wstat 65280, 0xff00)
Failed 4/4 subtests 
Undefined subroutine &XFD::is_tracing called at (eval 39) line 14.
t/postponements.t .. 
Dubious, test returned 255 (wstat 65280, 0xff00)
Failed 9/9 subtests 
Undefined subroutine &XFD::is_tracing called at (eval 38) line 14.
t/stooges.t ........ 
Dubious, test returned 255 (wstat 65280, 0xff00)
Failed 9/9 subtests 
Undefined subroutine &XFD::is_tracing called at (eval 38) line 12.
t/struct.t ......... 
Dubious, test returned 255 (wstat 65280, 0xff00)
Failed 22/29 subtests 
Undefined subroutine &XFD::is_tracing called at (eval 40) line 74.
t/synopsis.t ....... 
Dubious, test returned 255 (wstat 65280, 0xff00)
Failed 8/8 subtests 
t/useless.t ........ ok
Undefined subroutine &XFD::is_tracing called at (eval 37) line 12.
t/vars.t ........... 
Dubious, test returned 255 (wstat 65280, 0xff00)
Failed 11/13 subtests 
Undefined subroutine &XFD::is_tracing called at (eval 40) line 13.
t/xpath.t .......... 
Dubious, test returned 255 (wstat 65280, 0xff00)
Failed 542/542 subtests 
Undefined subroutine &XFD::is_tracing called at (eval 28) line 16.
t/xstack.t ......... 
Dubious, test returned 25 (wstat 6400, 0x1900)
Failed 16/16 subtests 

Test Summary Report
-------------------
t/builder.t      (Wstat: 65280 Tests: 0 Failed: 0)
  Non-zero exit status: 255
  Parse errors: Bad plan.  You planned 25 tests but ran 0.
t/filter.t       (Wstat: 65280 Tests: 0 Failed: 0)
  Non-zero exit status: 255
  Parse errors: Bad plan.  You planned 21 tests but ran 0.
t/hash.t         (Wstat: 65280 Tests: 6 Failed: 0)
  Non-zero exit status: 255
  Parse errors: Bad plan.  You planned 27 tests but ran 6.
t/namespaces.t   (Wstat: 65280 Tests: 0 Failed: 0)
  Non-zero exit status: 255
  Parse errors: Bad plan.  You planned 16 tests but ran 0.
t/order.t        (Wstat: 65280 Tests: 0 Failed: 0)
  Non-zero exit status: 255
  Parse errors: Bad plan.  You planned 4 tests but ran 0.
t/postponements.t (Wstat: 65280 Tests: 0 Failed: 0)
  Non-zero exit status: 255
  Parse errors: Bad plan.  You planned 9 tests but ran 0.
t/stooges.t      (Wstat: 65280 Tests: 0 Failed: 0)
  Non-zero exit status: 255
  Parse errors: Bad plan.  You planned 9 tests but ran 0.
t/struct.t       (Wstat: 65280 Tests: 7 Failed: 0)
  Non-zero exit status: 255
  Parse errors: Bad plan.  You planned 29 tests but ran 7.
t/synopsis.t     (Wstat: 65280 Tests: 0 Failed: 0)
  Non-zero exit status: 255
  Parse errors: Bad plan.  You planned 8 tests but ran 0.
t/vars.t         (Wstat: 65280 Tests: 2 Failed: 0)
  Non-zero exit status: 255
  Parse errors: Bad plan.  You planned 13 tests but ran 2.
t/xpath.t        (Wstat: 65280 Tests: 0 Failed: 0)
  Non-zero exit status: 255
  Parse errors: Bad plan.  You planned 542 tests but ran 0.
t/xstack.t       (Wstat: 6400 Tests: 0 Failed: 0)
  Non-zero exit status: 25
  Parse errors: Bad plan.  You planned 16 tests but ran 0.
Files=16, Tests=37,  6 wallclock secs ( 0.08 usr +  0.12 sys =  0.20 CPU)
Result: FAIL
Failed 12/16 test programs. 0/37 subtests failed.
dmake.exe:  Warning: -- Target [blib\script\xfd_dump] was made but the time stamp has not been updated.
dmake.exe:  Error code 153, while making 'test_dynamic'

------------------------------
PREREQUISITES
------------------------------

Prerequisite modules loaded:

requires:

    Module                     Need Have
    -------------------------- ---- ----
    XML::NamespaceSupport      0    1.11
    XML::SAX::Base             0    1.08
    XML::SAX::EventMethodMaker 0    0.46
    XML::SAX::ParserFactory    0    1.01

build_requires:

    Module                     Need Have
    -------------------------- ---- ----
    ExtUtils::MakeMaker        0    6.72


------------------------------
ENVIRONMENT AND OTHER CONTEXT
------------------------------

Environment variables:

    AUTOMATED_TESTING = 1
    COMSPEC = C:\WINDOWS\system32\cmd.exe
    NUMBER_OF_PROCESSORS = 1
    PATH = C:\Program Files\Far Manager\;C:\WINDOWS\system32;C:\WINDOWS;C:\WINDOWS\System32\Wbem;C:\strawberry181\c\bin;C:\strawberry181\perl\site\bin;C:\strawberry181\perl\bin
    PERL5LIB = C:\strawberry181\cpan\build\XML-SAX-Machines-0.46-5c3ljc/blib/arch;C:\strawberry181\cpan\build\XML-SAX-Machines-0.46-5c3ljc/blib/lib
    PERL5OPT = 
    PERL5_CPANPLUS_IS_RUNNING = 1552
    PERL5_CPAN_IS_RUNNING = 1552
    PERL5_CPAN_IS_RUNNING_IN_RECURSION = 820,1552
    PERL_CR_SMOKER_CURRENT = Chart-Sequence-0.002
    PERL_EXTUTILS_AUTOINSTALL = --defaultdeps
    PERL_HASH_SEED = 0x11111111
    PERL_MM_USE_DEFAULT = 1
    PROCESSOR_IDENTIFIER = x86 Family 16 Model 5 Stepping 3, AuthenticAMD
    TEMP = C:\DOCUME~1\c\LOCALS~1\Temp
    TERM = dumb

Perl special variables (and OS-specific diagnostics, for MSWin32):

    $^X = C:\strawberry181\perl\bin\perl.exe
    $UID/$EUID = 0 / 0
    $GID = 0
    $EGID = 0
    Win32::GetOSName = WinXP/.Net
    Win32::GetOSVersion = Service Pack 3, 5, 1, 2600, 2, 3, 0, 256, 1
    Win32::FsType = NTFS
    Win32::IsAdminUser = 1

Perl module toolchain versions installed:

    Module              Have    
    ------------------- --------
    CPAN                2.00    
    CPAN::Meta          2.132140
    Cwd                 3.40    
    ExtUtils::CBuilder  0.280210
    ExtUtils::Command   1.17    
    ExtUtils::Install   1.59    
    ExtUtils::MakeMaker 6.72    
    ExtUtils::Manifest  1.63    
    ExtUtils::ParseXS   3.22    
    File::Spec          3.40    
    JSON                2.59    
    JSON::PP            2.27202 
    Module::Build       0.4204  
    Module::Signature   n/a     
    Parse::CPAN::Meta   1.4405  
    Test::Harness       3.30    
    Test::More          1.001002
    YAML                0.88    
    YAML::Syck          1.27    
    version             0.9902  


--

Summary of my perl5 (revision 5 version 18 subversion 1) configuration:
   
  Platform:
    osname=MSWin32, osvers=4.0, archname=MSWin32-x86-multi-thread-64int
    uname='Win32 strawberry-perl 5.18.1.1 #1 Tue Aug 13 19:20:13 2013 i386'
    config_args='undef'
    hint=recommended, useposix=true, d_sigaction=undef
    useithreads=define, usemultiplicity=define
    useperlio=define, d_sfio=undef, uselargefiles=define, usesocks=undef
    use64bitint=define, use64bitall=undef, uselongdouble=undef
    usemymalloc=n, bincompat5005=undef
  Compiler:
    cc='gcc', ccflags =' -s -O2 -DWIN32  -DPERL_TEXTMODE_SCRIPTS -DPERL_IMPLICIT_CONTEXT -DPERL_IMPLICIT_SYS -DUSE_PERLIO -fno-strict-aliasing -mms-bitfields',
    optimize='-s -O2',
    cppflags='-DWIN32'
    ccversion='', gccversion='4.7.3', gccosandvers=''
    intsize=4, longsize=4, ptrsize=4, doublesize=8, byteorder=12345678
    d_longlong=define, longlongsize=8, d_longdbl=define, longdblsize=12
    ivtype='long long', ivsize=8, nvtype='double', nvsize=8, Off_t='long long', lseeksize=8
    alignbytes=8, prototype=define
  Linker and Libraries:
    ld='g++', ldflags ='-s -L"C:\strawberry181\perl\lib\CORE" -L"C:\strawberry181\c\lib"'
    libpth=C:\strawberry181\c\lib C:\strawberry181\c\i686-w64-mingw32\lib
    libs=-lmoldname -lkernel32 -luser32 -lgdi32 -lwinspool -lcomdlg32 -ladvapi32 -lshell32 -lole32 -loleaut32 -lnetapi32 -luuid -lws2_32 -lmpr -lwinmm -lversion -lodbc32 -lodbccp32 -lcomctl32
    perllibs=-lmoldname -lkernel32 -luser32 -lgdi32 -lwinspool -lcomdlg32 -ladvapi32 -lshell32 -lole32 -loleaut32 -lnetapi32 -luuid -lws2_32 -lmpr -lwinmm -lversion -lodbc32 -lodbccp32 -lcomctl32
    libc=, so=dll, useshrplib=true, libperl=libperl518.a
    gnulibc_version=''
  Dynamic Linking:
    dlsrc=dl_win32.xs, dlext=dll, d_dlsymun=undef, ccdlflags=' '
    cccdlflags=' ', lddlflags='-mdll -s -L"C:\strawberry181\perl\lib\CORE" -L"C:\strawberry181\c\lib"'


Characteristics of this binary (from libperl): 
  Compile-time options: HAS_TIMES HAVE_INTERP_INTERN MULTIPLICITY
                        PERLIO_LAYERS PERL_DONT_CREATE_GVSV
                        PERL_HASH_FUNC_ONE_AT_A_TIME_HARD
                        PERL_IMPLICIT_CONTEXT PERL_IMPLICIT_SYS
                        PERL_MALLOC_WRAP PERL_PRESERVE_IVUV PERL_SAWAMPERSAND
                        USE_64_BIT_INT USE_ITHREADS USE_LARGE_FILES
                        USE_LOCALE USE_LOCALE_COLLATE USE_LOCALE_CTYPE
                        USE_LOCALE_NUMERIC USE_PERLIO USE_PERL_ATOF
  Built under MSWin32
  Compiled at Aug 13 2013 19:29:16
  %ENV:
    PERL5LIB="C:\strawberry181\cpan\build\XML-SAX-Machines-0.46-5c3ljc/blib/arch;C:\strawberry181\cpan\build\XML-SAX-Machines-0.46-5c3ljc/blib/lib"
    PERL5_CPANPLUS_IS_RUNNING="1552"
    PERL5_CPAN_IS_RUNNING="1552"
    PERL5_CPAN_IS_RUNNING_IN_RECURSION="820,1552"
    PERL_CR_SMOKER_CURRENT="Chart-Sequence-0.002"
    PERL_EXTUTILS_AUTOINSTALL="--defaultdeps"
    PERL_HASH_SEED="0x11111111"
    PERL_MM_USE_DEFAULT="1"
  @INC:
    C:\strawberry181\cpan\build\XML-SAX-Machines-0.46-5c3ljc/blib/arch
    C:\strawberry181\cpan\build\XML-SAX-Machines-0.46-5c3ljc/blib/lib
    C:/strawberry181/perl/site/lib
    C:/strawberry181/perl/vendor/lib
    C:/strawberry181/perl/lib
    .