Report for Inline-CPP-0.34_002

Back
From: metabase:user:30977d10-2aae-11df-837a-5e0a49663a4f
Subject: FAIL Inline-CPP-0.34_002 v5.15.2 GNU/Linux
Date: 2012-02-18T06:42:11Z

This distribution has been tested as part of the CPAN Testers
project, supporting the Perl programming language.  See
http://wiki.cpantesters.org/ for more information or email
questions to cpan-testers-discuss@perl.org


--
Dear David J. Oswald,

This is a computer-generated report for Inline-CPP-0.34_002
on perl 5.15.2, created by CPAN-Reporter-1.2004.

Thank you for uploading your work to CPAN.  However, there was a problem
testing your distribution.

If you think this report is invalid, please consult the CPAN Testers Wiki
for suggestions on how to avoid getting FAIL reports for missing library
or binary dependencies, unsupported operating systems, and so on:

http://wiki.cpantesters.org/wiki/CPANAuthorNotes

Sections of this report:

    * Tester comments
    * Program output
    * Prerequisites
    * Environment and other context

------------------------------
TESTER COMMENTS
------------------------------

Additional comments from tester:

this report is from an automated smoke testing program
and was not reviewed by a human for accuracy

------------------------------
PROGRAM OUTPUT
------------------------------

Output from '/usr/bin/make test':

make[1]: Entering directory `/home/trushel/cpan/build/5.15.2/Inline-CPP-0.34_002-DFFyz2/grammar'
make[1]: Leaving directory `/home/trushel/cpan/build/5.15.2/Inline-CPP-0.34_002-DFFyz2/grammar'
PERL_DL_NONLAZY=1 /home/trushel/perl/perl5152/bin/perl "-MExtUtils::Command::MM" "-e" "test_harness(0, 'blib/lib', 'blib/arch')" t/*.t
t/00load_prereqs.t .. ok
make[1]: Entering directory `/home/trushel/.Inline/build/_01basic_t_5cd2b57'
/home/trushel/perl/perl5152/bin/perl /home/trushel/perl/perl5152/lib/site_perl/5.15.2/ExtUtils/xsubpp  -typemap "/home/trushel/perl/perl5152/lib/5.15.2/ExtUtils/typemap" -typemap "/home/trushel/.Inline/build/_01basic_t_5cd2b57/CPP.map"   _01basic_t_5cd2b57.xs > _01basic_t_5cd2b57.xsc && mv _01basic_t_5cd2b57.xsc _01basic_t_5cd2b57.c
g++ -c  -I"/home/trushel/cpan/build/5.15.2/Inline-CPP-0.34_002-DFFyz2/t" -fno-strict-aliasing -pipe -fstack-protector -I/usr/local/include -D_LARGEFILE_SOURCE -D_FILE_OFFSET_BITS=64 -O2   -DVERSION=\"0.00\" -DXS_VERSION=\"0.00\" -fPIC "-I/home/trushel/perl/perl5152/lib/5.15.2/x86_64-linux/CORE"   _01basic_t_5cd2b57.c
_01basic_t_5cd2b57.c:211: error: invalid use of ‘static’ in linkage specification
_01basic_t_5cd2b57.c:212: error: invalid use of ‘static’ in linkage specification
_01basic_t_5cd2b57.c:236: error: invalid use of ‘static’ in linkage specification
_01basic_t_5cd2b57.c:237: error: invalid use of ‘static’ in linkage specification
_01basic_t_5cd2b57.c:263: error: invalid use of ‘static’ in linkage specification
_01basic_t_5cd2b57.c:264: error: invalid use of ‘static’ in linkage specification
_01basic_t_5cd2b57.c:290: error: invalid use of ‘static’ in linkage specification
_01basic_t_5cd2b57.c:291: error: invalid use of ‘static’ in linkage specification
_01basic_t_5cd2b57.c:317: error: invalid use of ‘static’ in linkage specification
_01basic_t_5cd2b57.c:318: error: invalid use of ‘static’ in linkage specification
make[1]: *** [_01basic_t_5cd2b57.o] Error 1
make[1]: Leaving directory `/home/trushel/.Inline/build/_01basic_t_5cd2b57'

A problem was encountered while attempting to compile and install your Inline
CPP code. The command that failed was:
  make > out.make 2>&1

The build directory was:
/home/trushel/.Inline/build/_01basic_t_5cd2b57

To debug the problem, cd to the build directory, and inspect the output files.

 at t/01basic.t line 31
BEGIN failed--compilation aborted at t/01basic.t line 65.
t/01basic.t ......... 
Dubious, test returned 2 (wstat 512, 0x200)
Failed 10/10 subtests 
make[1]: Entering directory `/home/trushel/.Inline/build/_02prefix_t_4ede4fb'
/home/trushel/perl/perl5152/bin/perl /home/trushel/perl/perl5152/lib/site_perl/5.15.2/ExtUtils/xsubpp  -typemap "/home/trushel/perl/perl5152/lib/5.15.2/ExtUtils/typemap" -typemap "/home/trushel/.Inline/build/_02prefix_t_4ede4fb/CPP.map"   _02prefix_t_4ede4fb.xs > _02prefix_t_4ede4fb.xsc && mv _02prefix_t_4ede4fb.xsc _02prefix_t_4ede4fb.c
g++ -c  -I"/home/trushel/cpan/build/5.15.2/Inline-CPP-0.34_002-DFFyz2/t" -fno-strict-aliasing -pipe -fstack-protector -I/usr/local/include -D_LARGEFILE_SOURCE -D_FILE_OFFSET_BITS=64 -O2   -DVERSION=\"0.00\" -DXS_VERSION=\"0.00\" -fPIC "-I/home/trushel/perl/perl5152/lib/5.15.2/x86_64-linux/CORE"   _02prefix_t_4ede4fb.c
_02prefix_t_4ede4fb.c:185: error: invalid use of ‘static’ in linkage specification
_02prefix_t_4ede4fb.c:186: error: invalid use of ‘static’ in linkage specification
_02prefix_t_4ede4fb.c:212: error: invalid use of ‘static’ in linkage specification
_02prefix_t_4ede4fb.c:213: error: invalid use of ‘static’ in linkage specification
_02prefix_t_4ede4fb.c:231: error: invalid use of ‘static’ in linkage specification
_02prefix_t_4ede4fb.c:232: error: invalid use of ‘static’ in linkage specification
_02prefix_t_4ede4fb.c:255: error: invalid use of ‘static’ in linkage specification
_02prefix_t_4ede4fb.c:256: error: invalid use of ‘static’ in linkage specification
make[1]: *** [_02prefix_t_4ede4fb.o] Error 1
make[1]: Leaving directory `/home/trushel/.Inline/build/_02prefix_t_4ede4fb'

A problem was encountered while attempting to compile and install your Inline
CPP code. The command that failed was:
  make > out.make 2>&1

The build directory was:
/home/trushel/.Inline/build/_02prefix_t_4ede4fb

To debug the problem, cd to the build directory, and inspect the output files.

 at t/02prefix.t line 0
INIT failed--call queue aborted.
t/02prefix.t ........ 
Dubious, test returned 2 (wstat 512, 0x200)
Failed 4/4 subtests 

Test Summary Report
-------------------
t/01basic.t       (Wstat: 512 Tests: 0 Failed: 0)
  Non-zero exit status: 2
  Parse errors: Bad plan.  You planned 10 tests but ran 0.
t/02prefix.t      (Wstat: 512 Tests: 0 Failed: 0)
  Non-zero exit status: 2
  Parse errors: Bad plan.  You planned 4 tests but ran 0.
Files=3, Tests=2,  2 wallclock secs ( 0.03 usr  0.00 sys +  2.37 cusr  0.38 csys =  2.78 CPU)
Result: FAIL
Failed 2/3 test programs. 0/2 subtests failed.
make: *** [test_dynamic] Error 2

------------------------------
PREREQUISITES
------------------------------

Prerequisite modules loaded:

requires:

    Module              Need Have    
    ------------------- ---- --------
    Inline              0.50 0.50_01 
    Inline::C           0.50 0.50_01 
    Parse::RecDescent   0    1.967006

build_requires:

    Module              Need Have    
    ------------------- ---- --------
    ExtUtils::MakeMaker 0    6.63_02 

configure_requires:

    Module              Need Have    
    ------------------- ---- --------
    ExtUtils::MakeMaker 0    6.63_02 


------------------------------
ENVIRONMENT AND OTHER CONTEXT
------------------------------

Environment variables:

    AUTOMATED_TESTING = 1
    LANG = en_US.UTF-8
    PATH = /usr/local/sbin:/usr/local/bin:/usr/sbin:/usr/bin:/sbin:/bin
    PERL5LIB = 
    PERL5OPT = 
    PERL5_CPANPLUS_IS_RUNNING = 16194
    PERL5_CPAN_IS_RUNNING = 16194
    PERL5_CPAN_IS_RUNNING_IN_RECURSION = 17828,16194
    PERL_CR_SMOKER_CURRENT = Inline-CPP-0.34_002
    PERL_EXTUTILS_AUTOINSTALL = --defaultdeps
    PERL_MM_USE_DEFAULT = 1
    SHELL = /bin/bash
    TERM = xterm

Perl special variables (and OS-specific diagnostics, for MSWin32):

    $^X = /home/trushel/perl/perl5152/bin/perl
    $UID/$EUID = 138375 / 138375
    $GID = 5762 4 20 21 24 25 26 30 44 46 104 105 119 122 431 5762
    $EGID = 5762 4 20 21 24 25 26 30 44 46 104 105 119 122 431 5762

Perl module toolchain versions installed:

    Module              Have    
    ------------------- --------
    CPAN                1.9800  
    CPAN::Meta          2.120351
    Cwd                 3.39_01 
    ExtUtils::CBuilder  0.280202
    ExtUtils::Command   1.17    
    ExtUtils::Install   1.54    
    ExtUtils::MakeMaker 6.63_02 
    ExtUtils::Manifest  1.60    
    ExtUtils::ParseXS   3.15    
    File::Spec          3.39_01 
    JSON                2.53    
    JSON::PP            2.27200 
    Module::Build       0.39_02 
    Module::Signature   n/a     
    Parse::CPAN::Meta   1.4402  
    Test::Harness       3.23    
    Test::More          0.98    
    YAML                0.80    
    YAML::Syck          1.20    
    version             0.96    


--

Summary of my perl5 (revision 5 version 15 subversion 2) configuration:
   
  Platform:
    osname=linux, osvers=2.6.32-33-generic, archname=x86_64-linux
    uname='linux trushel-glaptop 2.6.32-33-generic #72-ubuntu smp fri jul 29 21:07:13 utc 2011 x86_64 gnulinux '
    config_args=''
    hint=recommended, useposix=true, d_sigaction=define
    useithreads=undef, usemultiplicity=undef
    useperlio=define, d_sfio=undef, uselargefiles=define, usesocks=undef
    use64bitint=define, use64bitall=define, uselongdouble=undef
    usemymalloc=n, bincompat5005=undef
  Compiler:
    cc='cc', ccflags ='-fno-strict-aliasing -pipe -fstack-protector -I/usr/local/include -D_LARGEFILE_SOURCE -D_FILE_OFFSET_BITS=64',
    optimize='-O2',
    cppflags='-fno-strict-aliasing -pipe -fstack-protector -I/usr/local/include'
    ccversion='', gccversion='4.4.3', gccosandvers=''
    intsize=4, longsize=8, ptrsize=8, doublesize=8, byteorder=12345678
    d_longlong=define, longlongsize=8, d_longdbl=define, longdblsize=16
    ivtype='long', ivsize=8, nvtype='double', nvsize=8, Off_t='off_t', lseeksize=8
    alignbytes=8, prototype=define
  Linker and Libraries:
    ld='cc', ldflags =' -fstack-protector -L/usr/local/lib'
    libpth=/usr/local/lib /lib/../lib /usr/lib/../lib /lib /usr/lib /usr/lib/x86_64-linux-gnu /lib64 /usr/lib64
    libs=-lnsl -ldb -ldl -lm -lcrypt -lutil -lc
    perllibs=-lnsl -ldl -lm -lcrypt -lutil -lc
    libc=/lib/libc-2.11.1.so, so=so, useshrplib=false, libperl=libperl.a
    gnulibc_version='2.11.1'
  Dynamic Linking:
    dlsrc=dl_dlopen.xs, dlext=so, d_dlsymun=undef, ccdlflags='-Wl,-E'
    cccdlflags='-fPIC', lddlflags='-shared -O2 -L/usr/local/lib -fstack-protector'


Characteristics of this binary (from libperl): 
  Compile-time options: HAS_TIMES PERLIO_LAYERS PERL_DONT_CREATE_GVSV
                        PERL_MALLOC_WRAP PERL_PRESERVE_IVUV USE_64_BIT_ALL
                        USE_64_BIT_INT USE_LARGE_FILES USE_LOCALE
                        USE_LOCALE_COLLATE USE_LOCALE_CTYPE
                        USE_LOCALE_NUMERIC USE_PERLIO USE_PERL_ATOF
  Built under linux
  Compiled at Aug 22 2011 22:49:36
  %ENV:
    PERL5LIB=""
    PERL5OPT=""
    PERL5_CPANPLUS_IS_RUNNING="16194"
    PERL5_CPAN_IS_RUNNING="16194"
    PERL5_CPAN_IS_RUNNING_IN_RECURSION="17828,16194"
    PERL_CR_SMOKER_CURRENT="Inline-CPP-0.34_002"
    PERL_EXTUTILS_AUTOINSTALL="--defaultdeps"
    PERL_MM_USE_DEFAULT="1"
  @INC:
    /home/trushel/perl/perl5152/lib/site_perl/5.15.2/x86_64-linux
    /home/trushel/perl/perl5152/lib/site_perl/5.15.2
    /home/trushel/perl/perl5152/lib/5.15.2/x86_64-linux
    /home/trushel/perl/perl5152/lib/5.15.2
    .