Report for Dist-Zilla-Plugin-Test-EOL-0.18

Back
From: metabase:user:320bfe00-2aae-11df-837a-5e0a49663a4f
Subject: FAIL Dist-Zilla-Plugin-Test-EOL-0.18 v5.21.7 GNU/Linux
Date: 2015-06-27T22:56:03Z

This distribution has been tested as part of the CPAN Testers
project, supporting the Perl programming language.  See
http://wiki.cpantesters.org/ for more information or email
questions to cpan-testers-discuss@perl.org


--
Dear Karen Etheridge,

This is a computer-generated report for Dist-Zilla-Plugin-Test-EOL-0.18
on perl 5.21.7, created by CPAN-Reporter-1.2014.

Thank you for uploading your work to CPAN.  However, there was a problem
testing your distribution.

If you think this report is invalid, please consult the CPAN Testers Wiki
for suggestions on how to avoid getting FAIL reports for missing library
or binary dependencies, unsupported operating systems, and so on:

http://wiki.cpantesters.org/wiki/CPANAuthorNotes

Sections of this report:

    * Tester comments
    * Program output
    * Prerequisites
    * Environment and other context

------------------------------
TESTER COMMENTS
------------------------------

Additional comments from tester:

this report is from an automated smoke testing program
and was not reviewed by a human for accuracy

------------------------------
PROGRAM OUTPUT
------------------------------

Output from './Build test':

# 
# Versions for all modules listed in MYMETA.json (including optional ones):
# 
# === Configure Requires ===
# 
#     Module               Want  Have
#     ------------------- ----- -----
#     Module::Build::Tiny 0.039 0.039
# 
# === Test Requires ===
# 
#     Module               Want         Have
#     ------------------- ----- ------------
#     ExtUtils::MakeMaker   any      7.05_23
#     File::Spec            any         3.53
#     File::pushd           any        1.009
#     FindBin               any         1.51
#     Test::DZil            any        5.037
#     Test::Deep            any        0.117
#     Test::EOL             any          1.5
#     Test::More           0.88 1.302007_001
#     Test::Warnings      0.009        0.021
#     if                    any       0.0603
# 
# === Test Recommends ===
# 
#     Module         Want     Have
#     ---------- -------- --------
#     CPAN::Meta 2.120900 2.150005
# 
# === Runtime Requires ===
# 
#     Module                             Want     Have
#     --------------------------------- ----- --------
#     Data::Section                     0.004 0.200006
#     Dist::Zilla::File::InMemory         any    5.037
#     Dist::Zilla::Role::FileFinderUser   any    5.037
#     Dist::Zilla::Role::FileGatherer     any    5.037
#     Dist::Zilla::Role::FileMunger       any    5.037
#     Dist::Zilla::Role::PrereqSource     any    5.037
#     Dist::Zilla::Role::TextTemplate     any    5.037
#     Moose                               any   2.1405
#     Moose::Util::TypeConstraints        any   2.1405
#     Path::Tiny                          any    0.068
#     Sub::Exporter::ForMethods           any 0.100051
#     namespace::autoclean                any     0.26
#     strict                              any     1.09
#     warnings                            any     1.29
# 
# === Other Modules ===
# 
#     Module                    Have
#     --------------------- --------
#     CPAN::Meta::Validator 2.150005
#     Pod::Coverage             0.23
# 
t/00-report-prereqs.t .. ok
Use of uninitialized value $p_root in concatenation (.) or string at /home/sand/src/perl/repoperls/installed-perls/perl/v5.21.7/9ab7/lib/site_perl/5.21.7/P/Core/Bootstrap.pm line 118.
t/01-basic.t ........... ok

#   Failed test 'deprecation warning was seen'
#   at (eval 3) line 125.
# Comparing $data as a SuperBag
# Missing: 1 reference
# Looks like you failed 1 test of 11.
t/02-eoltests.t ........ 
Dubious, test returned 1 (wstat 256, 0x100)
Failed 1/11 subtests 
Use of uninitialized value $p_root in concatenation (.) or string at /home/sand/src/perl/repoperls/installed-perls/perl/v5.21.7/9ab7/lib/site_perl/5.21.7/P/Core/Bootstrap.pm line 118.
t/03-finder.t .......... ok
Use of uninitialized value $p_root in concatenation (.) or string at /home/sand/src/perl/repoperls/installed-perls/perl/v5.21.7/9ab7/lib/site_perl/5.21.7/P/Core/Bootstrap.pm line 118.
t/04-filename.t ........ ok
t/eol.t ................ ok
t/zzz-check-breaks.t ... ok

Test Summary Report
-------------------
t/02-eoltests.t      (Wstat: 256 Tests: 11 Failed: 1)
  Failed test:  11
  Non-zero exit status: 1
Files=7, Tests=49, 14 wallclock secs ( 0.03 usr  0.08 sys +  7.41 cusr  0.78 csys =  8.30 CPU)
Result: FAIL

------------------------------
PREREQUISITES
------------------------------

Prerequisite modules loaded:

requires:

    Module                            Need  Have        
    --------------------------------- ----- ------------
    Data::Section                     0.004 0.200006    
    Dist::Zilla::File::InMemory       0     5.037       
    Dist::Zilla::Role::FileFinderUser 0     5.037       
    Dist::Zilla::Role::FileGatherer   0     5.037       
    Dist::Zilla::Role::FileMunger     0     5.037       
    Dist::Zilla::Role::PrereqSource   0     5.037       
    Dist::Zilla::Role::TextTemplate   0     5.037       
    Moose                             0     2.1405      
    Moose::Util::TypeConstraints      0     2.1405      
    namespace::autoclean              0     0.26        
    Path::Tiny                        0     0.068       
    perl                              5.006 5.021007    
    strict                            0     1.09        
    Sub::Exporter::ForMethods         0     0.100051    
    warnings                          0     1.29        

build_requires:

    Module                            Need  Have        
    --------------------------------- ----- ------------
    ExtUtils::MakeMaker               0     7.05_23     
    File::pushd                       0     1.009       
    File::Spec                        0     3.53        
    FindBin                           0     1.51        
    if                                0     0.0603      
    perl                              5.006 5.021007    
    Test::Deep                        0     0.117       
    Test::DZil                        0     5.037       
    Test::EOL                         0     1.5         
    Test::More                        0.88  1.302007_001
    Test::Warnings                    0.009 0.021       

configure_requires:

    Module                            Need  Have        
    --------------------------------- ----- ------------
    Module::Build::Tiny               0.039 0.039       
    perl                              5.006 5.021007    


------------------------------
ENVIRONMENT AND OTHER CONTEXT
------------------------------

Environment variables:

    AUTOMATED_TESTING = 1
    LANG = en_US.UTF-8
    LANGUAGE = en_US:en
    PATH = /home/sand/bin:/usr/local/bin:/usr/bin:/bin:/usr/games:/usr/local/perl/bin:/usr/X11/bin:/sbin:/usr/sbin
    PERL5LIB = 
    PERL5OPT = 
    PERL5_CPANPLUS_IS_RUNNING = 4850
    PERL5_CPAN_IS_RUNNING = 4850
    PERL_MM_USE_DEFAULT = 1
    SHELL = /usr/bin/zsh
    TERM = screen

Perl special variables (and OS-specific diagnostics, for MSWin32):

    $^X = /home/sand/src/perl/repoperls/installed-perls/perl/v5.21.7/9ab7/bin/perl
    $UID/$EUID = 1005 / 1005
    $GID = 1005 1005
    $EGID = 1005 1005

Perl module toolchain versions installed:

    Module              Have        
    ------------------- ------------
    CPAN                2.10        
    CPAN::Meta          2.150005    
    Cwd                 3.54        
    ExtUtils::CBuilder  0.280223    
    ExtUtils::Command   7.05_23     
    ExtUtils::Install   2.04        
    ExtUtils::MakeMaker 7.05_23     
    ExtUtils::Manifest  1.70        
    ExtUtils::ParseXS   3.27        
    File::Spec          3.53        
    JSON                2.90        
    JSON::PP            2.27300     
    Module::Build       0.4214      
    Module::Signature   0.79        
    Parse::CPAN::Meta   1.4417      
    Test::Harness       3.35        
    Test::More          1.302007_001
    YAML                1.15        
    YAML::Syck          1.29        
    version             0.9909      


--

Summary of my perl5 (revision 5 version 21 subversion 7) configuration:
  Commit id: 846dac6786c1ada87b95d0268c0a9772a4bd04fc
  Platform:
    osname=linux, osvers=4.0.0-2-amd64, archname=x86_64-linux
    uname='linux k83 4.0.0-2-amd64 #1 smp debian 4.0.5-1 (2015-06-16) x86_64 gnulinux '
    config_args='-Dprefix=/home/sand/src/perl/repoperls/installed-perls/perl/v5.21.7/9ab7 -Dmyhostname=k83 -Dinstallusrbinperl=n -Uversiononly -Dusedevel -des -Ui_db -Uuseithreads -Uuselongdouble'
    hint=recommended, useposix=true, d_sigaction=define
    useithreads=undef, usemultiplicity=undef
    use64bitint=define, use64bitall=define, uselongdouble=undef
    usemymalloc=n, bincompat5005=undef
  Compiler:
    cc='cc', ccflags ='-fwrapv -fno-strict-aliasing -pipe -fstack-protector-strong -I/usr/local/include -D_LARGEFILE_SOURCE -D_FILE_OFFSET_BITS=64 -D_FORTIFY_SOURCE=2',
    optimize='-O2',
    cppflags='-fwrapv -fno-strict-aliasing -pipe -fstack-protector-strong -I/usr/local/include'
    ccversion='', gccversion='4.9.2', gccosandvers=''
    intsize=4, longsize=8, ptrsize=8, doublesize=8, byteorder=12345678, doublekind=3
    d_longlong=define, longlongsize=8, d_longdbl=define, longdblsize=16, longdblkind=3
    ivtype='long', ivsize=8, nvtype='double', nvsize=8, Off_t='off_t', lseeksize=8
    alignbytes=8, prototype=define
  Linker and Libraries:
    ld='cc', ldflags =' -fstack-protector-strong -L/usr/local/lib'
    libpth=/usr/local/lib /usr/lib/gcc/x86_64-linux-gnu/4.9/include-fixed /usr/include/x86_64-linux-gnu /usr/lib /lib/x86_64-linux-gnu /lib/../lib /usr/lib/x86_64-linux-gnu /usr/lib/../lib /lib
    libs=-lnsl -lgdbm -ldb -ldl -lm -lcrypt -lutil -lc -lpthread -lgdbm_compat
    perllibs=-lnsl -ldl -lm -lcrypt -lutil -lc -lpthread
    libc=libc-2.19.so, so=so, useshrplib=false, libperl=libperl.a
    gnulibc_version='2.19'
  Dynamic Linking:
    dlsrc=dl_dlopen.xs, dlext=so, d_dlsymun=undef, ccdlflags='-Wl,-E'
    cccdlflags='-fPIC', lddlflags='-shared -O2 -L/usr/local/lib -fstack-protector-strong'


Characteristics of this binary (from libperl): 
  Compile-time options: HAS_TIMES PERLIO_LAYERS PERL_DONT_CREATE_GVSV
                        PERL_HASH_FUNC_ONE_AT_A_TIME_HARD PERL_MALLOC_WRAP
                        PERL_NEW_COPY_ON_WRITE PERL_PRESERVE_IVUV
                        PERL_USE_DEVEL USE_64_BIT_ALL USE_64_BIT_INT
                        USE_LARGE_FILES USE_LOCALE USE_LOCALE_COLLATE
                        USE_LOCALE_CTYPE USE_LOCALE_NUMERIC USE_LOCALE_TIME
                        USE_PERLIO USE_PERL_ATOF
  Built under linux
  Compiled at Jun 21 2015 15:59:34
  %ENV:
    PERL5LIB=""
    PERL5OPT=""
    PERL5_CPANPLUS_IS_RUNNING="4850"
    PERL5_CPAN_IS_RUNNING="4850"
    PERL_MM_USE_DEFAULT="1"
  @INC:
    /home/sand/src/perl/repoperls/installed-perls/perl/v5.21.7/9ab7/lib/site_perl/5.21.7/x86_64-linux
    /home/sand/src/perl/repoperls/installed-perls/perl/v5.21.7/9ab7/lib/site_perl/5.21.7
    /home/sand/src/perl/repoperls/installed-perls/perl/v5.21.7/9ab7/lib/5.21.7/x86_64-linux
    /home/sand/src/perl/repoperls/installed-perls/perl/v5.21.7/9ab7/lib/5.21.7
    .