Report for DBD-Pg-3.6.0

Back
From: metabase:user:320bfe00-2aae-11df-837a-5e0a49663a4f
Subject: FAIL DBD-Pg-3.6.0 v5.25.9 GNU/Linux
Date: 2017-04-18T05:55:54Z

This distribution has been tested as part of the CPAN Testers
project, supporting the Perl programming language.  See
http://wiki.cpantesters.org/ for more information or email
questions to cpan-testers-discuss@perl.org


--
Dear Greg Sabino Mullane,

This is a computer-generated report for DBD-Pg-3.6.0
on perl 5.25.9, created by CPAN-Reporter-1.2018.

Thank you for uploading your work to CPAN.  However, there was a problem
testing your distribution.

If you think this report is invalid, please consult the CPAN Testers Wiki
for suggestions on how to avoid getting FAIL reports for missing library
or binary dependencies, unsupported operating systems, and so on:

http://wiki.cpantesters.org/wiki/CPANAuthorNotes

Sections of this report:

    * Tester comments
    * Program output
    * Prerequisites
    * Environment and other context

------------------------------
TESTER COMMENTS
------------------------------

Additional comments from tester:

this report is from an automated smoke testing program
and was not reviewed by a human for accuracy

------------------------------
PROGRAM OUTPUT
------------------------------

Output from '/usr/bin/make test':

"/home/sand/src/perl/repoperls/installed-perls/host/k93msid/v5.25.9/276a/bin/perl" -MExtUtils::Command::MM -e 'cp_nonempty' -- Pg.bs blib/arch/auto/DBD/Pg/Pg.bs 644
PGINITDB="/usr/lib/postgresql/9.6/bin/initdb" PERL_DL_NONLAZY=1 "/home/sand/src/perl/repoperls/installed-perls/host/k93msid/v5.25.9/276a/bin/perl" "-MExtUtils::Command::MM" "-MTest::Harness" "-e" "undef *Test::Harness::Switches; test_harness(0, 'blib/lib', 'blib/arch')" t/*.t
t/00_signature.t .... skipped: Set the environment variable TEST_SIGNATURE to enable this test
t/00basic.t ......... ok
Please wait, creating new database for testing
# 
# DBI                         Version 1.636
# DBD::Pg                     Version 3.6.0
# Perl                        Version 5.25.9
# OS                          linux
# PostgreSQL (compiled)       90602
# PostgreSQL (target)         90602
# PostgreSQL (reported)       PostgreSQL 9.6.2 on x86_64-pc-linux-gnu, compiled by gcc (Debian 6.3.0-10) 6.3.0 20170321, 64-bit
# Default port                5432
# DBI_DSN                     dbi:Pg:db="postgres";port=5440;host=<pwd>/dbdpg_test_database/data/socket
# DBI_USER                    postgres
# Test schema                 dbd_pg_testschema
# LANG                        C
# array_nulls                 on
# backslash_quote             safe_encoding
# client_encoding             UTF8
# server_encoding             UTF8
# standard_conforming_strings on
# Adjusted:                   initdb
t/01connect.t ....... ok
t/01constants.t ..... ok
t/02attribs.t ....... ok
t/03dbmethod.t ...... ok
t/03smethod.t ....... ok
t/04misc.t .......... ok
t/06bytea.t ......... ok
t/07copy.t .......... ok
t/08async.t ......... ok
t/09arrays.t ........ ok
*** Error in `/home/sand/src/perl/repoperls/installed-perls/host/k93msid/v5.25.9/276a/bin/perl': free(): invalid next size (fast): 0x000056550b09cd60 ***
======= Backtrace: =========
/lib/x86_64-linux-gnu/libc.so.6(+0x70bcb)[0x7fd83554abcb]
/lib/x86_64-linux-gnu/libc.so.6(+0x76f96)[0x7fd835550f96]
/lib/x86_64-linux-gnu/libc.so.6(+0x7778e)[0x7fd83555178e]
/home/sand/src/perl/repoperls/installed-perls/host/k93msid/v5.25.9/276a/bin/perl(Perl_sv_clear+0xa4e)[0x5655089b03be]
/home/sand/src/perl/repoperls/installed-perls/host/k93msid/v5.25.9/276a/bin/perl(Perl_sv_free2+0x75)[0x5655089b0b05]
/home/sand/src/perl/repoperls/installed-perls/host/k93msid/v5.25.9/276a/bin/perl(Perl_pad_swipe+0x148)[0x565508916748]
/home/sand/src/perl/repoperls/installed-perls/host/k93msid/v5.25.9/276a/bin/perl(Perl_op_clear+0x1ed)[0x56550889678d]
/home/sand/src/perl/repoperls/installed-perls/host/k93msid/v5.25.9/276a/bin/perl(Perl_op_free+0x183)[0x565508896ce3]
/home/sand/src/perl/repoperls/installed-perls/host/k93msid/v5.25.9/276a/bin/perl(Perl_op_free+0x14b)[0x565508896cab]
/home/sand/src/perl/repoperls/installed-perls/host/k93msid/v5.25.9/276a/bin/perl(perl_destruct+0x297)[0x5655088c4f17]
/home/sand/src/perl/repoperls/installed-perls/host/k93msid/v5.25.9/276a/bin/perl(main+0x105)[0x565508892605]
/lib/x86_64-linux-gnu/libc.so.6(__libc_start_main+0xf1)[0x7fd8354fa2b1]
/home/sand/src/perl/repoperls/installed-perls/host/k93msid/v5.25.9/276a/bin/perl(_start+0x2a)[0x56550889268a]
======= Memory map: ========
565508864000-565508b8b000 r-xp 00000000 00:26 21340595                   /home/sand/src/perl/repoperls/installed-perls/host/k93msid/v5.25.9/276a/bin/perl
565508d8a000-565508d90000 r--p 00326000 00:26 21340595                   /home/sand/src/perl/repoperls/installed-perls/host/k93msid/v5.25.9/276a/bin/perl
565508d90000-565508d93000 rw-p 0032c000 00:26 21340595                   /home/sand/src/perl/repoperls/installed-perls/host/k93msid/v5.25.9/276a/bin/perl
56550a726000-56550b28d000 rw-p 00000000 00:00 0                          [heap]
7fd82c000000-7fd82c021000 rw-p 00000000 00:00 0 
7fd82c021000-7fd830000000 ---p 00000000 00:00 0 
7fd8305e6000-7fd8305fc000 r-xp 00000000 ca:01 659141                     /lib/x86_64-linux-gnu/libgcc_s.so.1
7fd8305fc000-7fd8307fb000 ---p 00016000 ca:01 659141                     /lib/x86_64-linux-gnu/libgcc_s.so.1
7fd8307fb000-7fd8307fc000 r--p 00015000 ca:01 659141                     /lib/x86_64-linux-gnu/libgcc_s.so.1
7fd8307fc000-7fd8307fd000 rw-p 00016000 ca:01 659141                     /lib/x86_64-linux-gnu/libgcc_s.so.1
7fd8307fd000-7fd830807000 r-xp 00000000 ca:01 659160                     /lib/x86_64-linux-gnu/libnss_files-2.24.so
7fd830807000-7fd830a07000 ---p 0000a000 ca:01 659160                     /lib/x86_64-linux-gnu/libnss_files-2.24.so
7fd830a07000-7fd830a08000 r--p 0000a000 ca:01 659160                     /lib/x86_64-linux-gnu/libnss_files-2.24.so
7fd830a08000-7fd830a09000 rw-p 0000b000 ca:01 659160                     /lib/x86_64-linux-gnu/libnss_files-2.24.so
7fd830a09000-7fd830a0f000 rw-p 00000000 00:00 0 
7fd830a0f000-7fd830a1a000 r-xp 00000000 ca:01 659162                     /lib/x86_64-linux-gnu/libnss_nis-2.24.so
7fd830a1a000-7fd830c19000 ---p 0000b000 ca:01 659162                     /lib/x86_64-linux-gnu/libnss_nis-2.24.so
7fd830c19000-7fd830c1a000 r--p 0000a000 ca:01 659162                     /lib/x86_64-linux-gnu/libnss_nis-2.24.so
7fd830c1a000-7fd830c1b000 rw-p 0000b000 ca:01 659162                     /lib/x86_64-linux-gnu/libnss_nis-2.24.so
7fd830c1b000-7fd830c22000 r-xp 00000000 ca:01 659158                     /lib/x86_64-linux-gnu/libnss_compat-2.24.so
7fd830c22000-7fd830e21000 ---p 00007000 ca:01 659158                     /lib/x86_64-linux-gnu/libnss_compat-2.24.so
7fd830e21000-7fd830e22000 r--p 00006000 ca:01 659158                     /lib/x86_64-linux-gnu/libnss_compat-2.24.so
7fd830e22000-7fd830e23000 rw-p 00007000 ca:01 659158                     /lib/x86_64-linux-gnu/libnss_compat-2.24.so
7fd830e23000-7fd830e28000 r-xp 00000000 00:26 21341362                   /home/sand/src/perl/repoperls/installed-perls/host/k93msid/v5.25.9/276a/lib/5.25.9/x86_64-linux-thread-multi/auto/Cwd/Cwd.so
7fd830e28000-7fd831028000 ---p 00005000 00:26 21341362                   /home/sand/src/perl/repoperls/installed-perls/host/k93msid/v5.25.9/276a/lib/5.25.9/x86_64-linux-thread-multi/auto/Cwd/Cwd.so
7fd831028000-7fd831029000 r--p 00005000 00:26 21341362                   /home/sand/src/perl/repoperls/installed-perls/host/k93msid/v5.25.9/276a/lib/5.25.9/x86_64-linux-thread-multi/auto/Cwd/Cwd.so
7fd831029000-7fd83102a000 rw-p 00006000 00:26 21341362                   /home/sand/src/perl/repoperls/installed-perls/host/k93msid/v5.25.9/276a/lib/5.25.9/x86_64-linux-thread-multi/auto/Cwd/Cwd.so
7fd83102a000-7fd831039000 r-xp 00000000 00:26 21341360                   /home/sand/src/perl/repoperls/installed-perls/host/k93msid/v5.25.9/276a/lib/5.25.9/x86_64-linux-thread-multi/auto/Data/Dumper/Dumper.so
7fd831039000-7fd831238000 ---p 0000f000 00:26 21341360                   /home/sand/src/perl/repoperls/installed-perls/host/k93msid/v5.25.9/276a/lib/5.25.9/x86_64-linux-thread-multi/auto/Data/Dumper/Dumper.so
7fd831238000-7fd831239000 r--p 0000e000 00:26 21341360                   /home/sand/src/perl/repoperls/installed-perls/host/k93msid/v5.25.9/276a/lib/5.25.9/x86_64-linux-thread-multi/auto/Data/Dumper/Dumper.so
7fd831239000-7fd83123a000 rw-p 0000f000 00:26 21341360                   /home/sand/src/perl/repoperls/installed-perls/host/k93msid/v5.25.9/276a/lib/5.25.9/x86_64-linux-thread-multi/auto/Data/Dumper/Dumper.so
7fd83123a000-7fd831241000 r-xp 00000000 ca:01 791107                     /usr/lib/x86_64-linux-gnu/libffi.so.6.0.4
7fd831241000-7fd831441000 ---p 00007000 ca:01 791107                     /usr/lib/x86_64-linux-gnu/libffi.so.6.0.4
7fd831441000-7fd831442000 r--p 00007000 ca:01 791107                     /usr/lib/x86_64-linux-gnu/libffi.so.6.0.4
7fd831442000-7fd831443000 rw-p 00008000 ca:01 791107                     /usr/lib/x86_64-linux-gnu/libffi.so.6.0.4
7fd831443000-7fd8314c4000 r-xp 00000000 ca:01 797412                     /usr/lib/x86_64-linux-gnu/libgmp.so.10.3.2
7fd8314c4000-7fd8316c4000 ---p 00081000 ca:01 797412                     /usr/lib/x86_64-linux-gnu/libgmp.so.10.3.2
7fd8316c4000-7fd8316c5000 r--p 00081000 ca:01 797412                     /usr/lib/x86_64-linux-gnu/libgmp.so.10.3.2
7fd8316c5000-7fd8316c6000 rw-p 00082000 ca:01 797412                     /usr/lib/x86_64-linux-gnu/libgmp.so.10.3.2
7fd8316c6000-7fd8316f9000 r-xp 00000000 ca:01 788180                     /usr/lib/x86_64-linux-gnu/libhogweed.so.4.3
7fd8316f9000-7fd8318f9000 ---p 00033000 ca:01 788180                     /usr/lib/x86_64-linux-gnu/libhogweed.so.4.3
7fd8318f9000-7fd8318fa000 r--p 00033000 ca:01 788180                     /usr/lib/x86_64-linux-gnu/libhogweed.so.4.3
7fd8318fa000-7fd8318fb000 rw-p 00034000 ca:01 788180                     /usr/lib/x86_64-linux-gnu/libhogweed.so.4.3
7fd8318fb000-7fd831930000 r-xp 00000000 ca:01 788182                     /usr/lib/x86_64-linux-gnu/libnettle.so.6.3
7fd831930000-7fd831b2f000 ---p 00035000 ca:01 788182                     /usr/lib/x86_64-linux-gnu/libnettle.so.6.3
7fd831b2f000-7fd831b31000 r--p 00034000 ca:01 788182                     /usr/lib/x86_64-linux-gnu/libnettle.so.6.3
7fd831b31000-7fd831b32000 rw-p 00036000 ca:01 788182                     /usr/lib/x86_64-linux-gnu/libnettle.so.6.3
7fd831b32000-7fd831b43000 r-xp 00000000 ca:01 788186                     /usr/lib/x86_64-linux-gnu/libtasn1.so.6.5.3
7fd831b43000-7fd831d43000 ---p 00011000 ca:01 788186                     /usr/lib/x86_64-linux-gnu/libtasn1.so.6.5.3
7fd831d43000-7fd831d44000 r--p 00011000 ca:01 788186                     /usr/lib/x86_64-linux-gnu/libtasn1.so.6.5.3
7fd831d44000-7fd831d45000 rw-p 00012000 ca:01 788186                     /usr/lib/x86_64-linux-gnu/libtasn1.so.6.5.3
7fd831d45000-7fd831d77000 r-xp 00000000 ca:01 655537                     /lib/x86_64-linux-gnu/libidn.so.11.6.16
7fd831d77000-7fd831f77000 ---p 00032000 ca:01 655537                     /lib/x86_64-linux-gnu/libidn.so.11.6.16
7fd831f77000-7fd831f78000 r--p 00032000 ca:01 655537                     /lib/x86_64-linux-gnu/libidn.so.11.6.16
7fd831f78000-7fd831f79000 rw-p 00033000 ca:01 655537                     /lib/x86_64-linux-gnu/libidn.so.11.6.16
7fd831f79000-7fd831fd3000 r-xp 00000000 ca:01 788184                     /usr/lib/x86_64-linux-gnu/libp11-kit.so.0.2.0
7fd831fd3000-7fd8321d2000 ---p 0005a000 ca:01 788184                     /usr/lib/x86_64-linux-gnu/libp11-kit.so.0.2.0
7fd8321d2000-7fd8321dc000 r--p 00059000 ca:01 788184                     /usr/lib/x86_64-linux-gnu/libp11-kit.so.0.2.0
7fd8321dc000-7fd8321de000 rw-p 00063000 ca:01 788184                     /usr/lib/x86_64-linux-gnu/libp11-kit.so.0.2.0
7fd8321de000-7fd8321f7000 r-xp 00000000 ca:01 661909                     /lib/x86_64-linux-gnu/libz.so.1.2.8
7fd8321f7000-7fd8323f6000 ---p 00019000 ca:01 661909                     /lib/x86_64-linux-gnu/libz.so.1.2.8
7fd8323f6000-7fd8323f7000 r--p 00018000 ca:01 661909                     /lib/x86_64-linux-gnu/libz.so.1.2.8
7fd8323f7000-7fd8323f8000 rw-p 00019000 ca:01 661909                     /lib/x86_64-linux-gnu/libz.so.1.2.8
7fd8323f8000-7fd832582000 r-xp 00000000 ca:01 791125                     /usr/lib/x86_64-linux-gnu/libgnutls.so.30.13.1
7fd832582000-7fd832782000 ---p 0018a000 ca:01 791125                     /usr/lib/x86_64-linux-gnu/libgnutls.so.30.13.1
7fd832782000-7fd83278f000 r--p 0018a000 ca:01 791125                     /usr/lib/x86_64-linux-gnu/libgnutls.so.30.13.1
7fd83278f000-7fd832790000 rw-p 00197000 ca:01 791125                     /usr/lib/x86_64-linux-gnu/libgnutls.so.30.13.1
7fd832790000-7fd832791000 rw-p 00000000 00:00 0 
7fd832791000-7fd8327ab000 r-xp 00000000 ca:01 790788                     /usr/lib/x86_64-linux-gnu/libsasl2.so.2.0.25
7fd8327ab000-7fd8329aa000 ---p 0001a000 ca:01 790788                     /usr/lib/x86_64-linux-gnu/libsasl2.so.2.0.25
7fd8329aa000-7fd8329ab000 r--p 00019000 ca:01 790788                     /usr/lib/x86_64-linux-gnu/libsasl2.so.2.0.25
7fd8329ab000-7fd8329ac000 rw-p 0001a000 ca:01 790788                     /usr/lib/x86_64-linux-gnu/libsasl2.so.2.0.25
7fd8329ac000-7fd8329b9000 r-xp 00000000 ca:01 793562                     /usr/lib/x86_64-linux-gnu/liblber-2.4.so.2.10.7
7fd8329b9000-7fd832bb9000 ---p 0000d000 ca:01 793562                     /usr/lib/x86_64-linux-gnu/liblber-2.4.so.2.10.7
7fd832bb9000-7fd832bba000 r--p 0000d000 ca:01 793562                     /usr/lib/x86_64-linux-gnu/liblber-2.4.so.2.10.7
7fd832bba000-7fd832bbb000 rw-p 0000e000 ca:01 793562                     /usr/lib/x86_64-linux-gnu/liblber-2.4.so.2.10.7
7fd832bbb000-7fd832bcf000 r-xp 00000000 ca:01 659166                     /lib/x86_64-linux-gnu/libresolv-2.24.so
7fd832bcf000-7fd832dce000 ---p 00014000 ca:01 659166                     /lib/x86_64-linux-gnu/libresolv-2.24.so
7fd832dce000-7fd832dcf000 r--p 00013000 ca:01 659166                     /lib/x86_64-linux-gnu/libresolv-2.24.so
7fd832dcf000-7fd832dd0000 rw-p 00014000 ca:01 659166                     /lib/x86_64-linux-gnu/libresolv-2.24.so
7fd832dd0000-7fd832dd2000 rw-p 00000000 00:00 0 
7fd832dd2000-7fd832dd5000 r-xp 00000000 ca:01 655986                     /lib/x86_64-linux-gnu/libkeyutils.so.1.5
7fd832dd5000-7fd832fd4000 ---p 00003000 ca:01 655986                     /lib/x86_64-linux-gnu/libkeyutils.so.1.5
7fd832fd4000-7fd832fd5000 r--p 00002000 ca:01 655986                     /lib/x86_64-linux-gnu/libkeyutils.so.1.5
7fd832fd5000-7fd832fd6000 rw-p 00003000 ca:01 655986                     /lib/x86_64-linux-gnu/libkeyutils.so.1.5
7fd832fd6000-7fd832fe1000 r-xp 00000000 ca:01 791681                     /usr/lib/x86_64-linux-gnu/libkrb5support.so.0.1
7fd832fe1000-7fd8331e0000 ---p 0000b000 ca:01 791681                     /usr/lib/x86_64-linux-gnu/libkrb5support.so.0.1
7fd8331e0000-7fd8331e1000 r--p 0000a000 ca:01 791681                     /usr/lib/x86_64-linux-gnu/libkrb5support.so.0.1
7fd8331e1000-7fd8331e2000 rw-p 0000b000 ca:01 791681                     /usr/lib/x86_64-linux-gnu/libkrb5support.so.0.1
7fd8331e2000-7fd8331e5000 r-xp 00000000 ca:01 655819                     /lib/x86_64-linux-gnu/libcom_err.so.2.1
7fd8331e5000-7fd8333e4000 ---p 00003000 ca:01 655819                     /lib/x86_64-linux-gnu/libcom_err.so.2.1
7fd8333e4000-7fd8333e5000 r--p 00002000 ca:01 655819                     /lib/x86_64-linux-gnu/libcom_err.so.2.1
7fd8333e5000-7fd8333e6000 rw-p 00003000 ca:01 655819                     /lib/x86_64-linux-gnu/libcom_err.so.2.1
7fd8333e6000-7fd833415000 r-xp 00000000 ca:01 791683                     /usr/lib/x86_64-linux-gnu/libk5crypto.so.3.1
7fd833415000-7fd833615000 ---p 0002f000 ca:01 791683                     /usr/lib/x86_64-linux-gnu/libk5crypto.so.3.1
7fd833615000-7fd833617000 r--p 0002f000 ca:01 791683                     /usr/lib/x86_64-linux-gnu/libk5crypto.so.3.1
7fd833617000-7fd833618000 rw-p 00031000 ca:01 791683                     /usr/lib/x86_64-linux-gnu/libk5crypto.so.3.1
7fd833618000-7fd833619000 rw-p 00000000 00:00 0 
7fd833619000-7fd8336e2000 r-xp 00000000 ca:01 791687                     /usr/lib/x86_64-linux-gnu/libkrb5.so.3.3
7fd8336e2000-7fd8338e2000 ---p 000c9000 ca:01 791687                     /usr/lib/x86_64-linux-gnu/libkrb5.so.3.3
7fd8338e2000-7fd8338f0000 r--p 000c9000 ca:01 791687                     /usr/lib/x86_64-linux-gnu/libkrb5.so.3.3
7fd8338f0000-7fd8338f3000 rw-p 000d7000 ca:01 791687                     /usr/lib/x86_64-linux-gnu/libkrb5.so.3.3
7fd8338f3000-7fd833940000 r-xp 00000000 ca:01 793634                     /usr/lib/x86_64-linux-gnu/libldap_r-2.4.so.2.10.7
7fd833940000-7fd833b3f000 ---p 0004d000 ca:01 793634                     /usr/lib/x86_64-linux-gnu/libldap_r-2.4.so.2.10.7
7fd833b3f000-7fd833b41000 r--p 0004c000 ca:01 793634                     /usr/lib/x86_64-linux-gnu/libldap_r-2.4.so.2.10.7
7fd833b41000-7fd833b42000 rw-p 0004e000 ca:01 793634                     /usr/lib/x86_64-linux-gnu/libldap_r-2.4.so.2.10.7
7fd833b42000-7fd833b44000 rw-p 00000000 00:00 0 
7fd833b44000-7fd833b8c000 r-xp 00000000 ca:01 791690                     /usr/lib/x86_64-linux-gnu/libgssapi_krb5.so.2.2
7fd833b8c000-7fd833d8b000 ---p 00048000 ca:01 791690                     /usr/lib/x86_64-linux-gnu/libgssapi_krb5.so.2.2
7fd833d8b000-7fd833d8d000 r--p 00047000 ca:01 791690                     /usr/lib/x86_64-linux-gnu/libgssapi_krb5.so.2.2
7fd833d8d000-7fd833d8f000 rw-p 00049000 ca:01 791690                     /usr/lib/x86_64-linux-gnu/libgssapi_krb5.so.2.2
7fd833d8f000-7fd833ff3000 r-xp 00000000 ca:01 801021                     /usr/lib/x86_64-linux-gnu/libcrypto.so.1.1
7fd833ff3000-7fd8341f3000 ---p 00264000 ca:01 801021                     /usr/lib/x86_64-linux-gnu/libcrypto.so.1.1
7fd8341f3000-7fd834211000 r--p 00264000 ca:01 801021                     /usr/lib/x86_64-linux-gnu/libcrypto.so.1.1
7fd834211000-7fd83421f000 rw-p 00282000 ca:01 801021                     /usr/lib/x86_64-linux-gnu/libcrypto.so.1.1
7fd83421f000-7fd834222000 rw-p 00000000 00:00 0 
7fd834222000-7fd834284000 r-xp 00000000 ca:01 801022                     /usr/lib/x86_64-linux-gnu/libssl.so.1.1
7fd834284000-7fd834484000 ---p 00062000 ca:01 801022                     /usr/lib/x86_64-linux-gnu/libssl.so.1.1
7fd834484000-7fd834488000 r--p 00062000 ca:01 801022                     /usr/lib/x86_64-linux-gnu/libssl.so.1.1
7fd834488000-7fd83448e000 rw-p 00066000 ca:01 801022                     /usr/lib/x86_64-linux-gnu/libssl.so.1.1
7fd83448e000-7fd8344bb000 r-xp 00000000 ca:01 798993                     /usr/lib/x86_64-linux-gnu/libpq.so.5.9
7fd8344bb000-7fd8346bb000 ---p 0002d000 ca:01 798993                     /usr/lib/x86_64-linux-gnu/libpq.so.5.9
7fd8346bb000-7fd8346be000 r--p 0002d000 ca:01 798993                     /usr/lib/x86_64-linux-gnu/libpq.so.5.9
7fd8346be000-7fd8346bf000 rw-p 00030000 ca:01 798993                     /usr/lib/x86_64-linux-gnu/libpq.so.5.9
7fd8346bf000-7fd834704000 r-xp 00000000 00:22 87180493                   /tmp/loop_over_bdir-31672-yNA1Xa/DBD-Pg-3.6.0-0/blib/arch/auto/DBD/Pg/Pg.so
7fd834704000-7fd834904000 ---p 00045000 00:22 87180493                   /tmp/loop_over_bdir-31672-yNA1Xa/DBD-Pg-3.6.0-0/blib/arch/auto/DBD/Pg/Pg.so
7fd834904000-7fd834905000 r--p 00045000 00:22 87180493                   /tmp/loop_over_bdir-31672-yNA1Xa/DBD-Pg-3.6.0-0/blib/arch/auto/DBD/Pg/Pg.so
7fd834905000-7fd834908000 rw-p 00046000 00:22 87180493                   /tmp/loop_over_bdir-31672-yNA1Xa/DBD-Pg-3.6.0-0/blib/arch/auto/DBD/Pg/Pg.so
7fd834908000-7fd834946000 r-xp 00000000 00:26 22143944                   /home/sand/src/perl/repoperls/installed-perls/host/k93msid/v5.25.9/276a/lib/site_perl/5.25.9/x86_64-linux-thread-multi/auto/DBI/DBI.so
7fd834946000-7fd834b45000 ---p 0003e000 00:26 22143944                   /home/sand/src/perl/repoperls/installed-perls/host/k93msid/v5.25.9/276a/lib/site_perl/5.25.9/x86_64-linux-thread-multi/auto/DBI/DBI.so
7fd834b45000-7fd834b46000 r--p 0003d000 00:26 22143944                   /home/sand/src/perl/repoperls/installed-perls/host/k93msid/v5.25.9/276a/lib/site_perl/5.25.9/x86_64-linux-thread-multi/auto/DBI/DBI.so
7fd834b46000-7fd834b47000 rw-p 0003e000 00:26 22143944                   /home/sand/src/perl/repoperls/installed-perls/host/k93msid/v5.25.9/276a/lib/site_perl/5.25.9/x86_64-linux-thread-multi/auto/DBI/DBI.so
7fd834b47000-7fd834b4c000 r-xp 00000000 00:26 21341303                   /home/sand/src/perl/repoperls/installed-perls/host/k93msid/v5.25.9/276a/lib/5.25.9/x86_64-linux-thread-multi/auto/mro/mro.so
7fd834b4c000-7fd834d4b000 ---p 00005000 00:26 21341303                   /home/sand/src/perl/repoperls/installed-perls/host/k93msid/v5.25.9/276a/lib/5.25.9/x86_64-linux-thread-multi/auto/mro/mro.so
7fd834d4b000-7fd834d4c000 r--p 00004000 00:26 21341303                   /home/sand/src/perl/repoperls/installed-perls/host/k93msid/v5.25.9/276a/lib/5.25.9/x86_64-linux-thread-multi/auto/mro/mro.so
7fd834d4c000-7fd834d4d000 rw-p 00005000 00:26 21341303                   /home/sand/src/perl/repoperls/installed-perls/host/k93msid/v5.25.9/276a/lib/5.25.9/x86_64-linux-thread-multi/auto/mro/mro.so
7fd834d4d000-7fd834d61000 r-xp 00000000 00:26 21766431                   /home/sand/src/perl/repoperls/installed-perls/host/k93msid/v5.25.9/276a/lib/site_perl/5.25.9/x86_64-linux-thread-multi/auto/List/Util/Util.so
7fd834d61000-7fd834f60000 ---p 00014000 00:26 21766431                   /home/sand/src/perl/repoperls/installed-perls/host/k93msid/v5.25.9/276a/lib/site_perl/5.25.9/x86_64-linux-thread-multi/auto/List/Util/Util.so
7fd834f60000-7fd834f61000 r--p 00013000 00:26 21766431                   /home/sand/src/perl/repoperls/installed-perls/host/k93msid/v5.25.9/276a/lib/site_perl/5.25.9/x86_64-linux-thread-multi/auto/List/Util/Util.so
7fd834f61000-7fd834f62000 rw-p 00014000 00:26 21766431                   /home/sand/src/perl/repoperls/installed-perls/host/k93msid/v5.25.9/276a/lib/site_perl/5.25.9/x86_64-linux-thread-multi/auto/List/Util/Util.so
7fd834f62000-7fd8354da000 r--p 00000000 ca:01 795130                     /usr/lib/locale/locale-archive
7fd8354da000-7fd83566f000 r-xp 00000000 ca:01 659150                     /lib/x86_64-linux-gnu/libc-2.24.so
7fd83566f000-7fd83586e000 ---p 00195000 ca:01 659150                     /lib/x86_64-linux-gnu/libc-2.24.so
7fd83586e000-7fd835872000 r--p 00194000 ca:01 659150                     /lib/x86_64-linux-gnu/libc-2.24.so
7fd835872000-7fd835874000 rw-p 00198000 ca:01 659150                     /lib/x86_64-linux-gnu/libc-2.24.so
7fd835874000-7fd835878000 rw-p 00000000 00:00 0 
7fd835878000-7fd83587a000 r-xp 00000000 ca:01 659169                     /lib/x86_64-linux-gnu/libutil-2.24.so
7fd83587a000-7fd835a79000 ---p 00002000 ca:01 659169                     /lib/x86_64-linux-gnu/libutil-2.24.so
7fd835a79000-7fd835a7a000 r--p 00001000 ca:01 659169                     /lib/x86_64-linux-gnu/libutil-2.24.so
7fd835a7a000-7fd835a7b000 rw-p 00002000 ca:01 659169                     /lib/x86_64-linux-gnu/libutil-2.24.so
7fd835a7b000-7fd835a83000 r-xp 00000000 ca:01 659152                     /lib/x86_64-linux-gnu/libcrypt-2.24.so
7fd835a83000-7fd835c83000 ---p 00008000 ca:01 659152                     /lib/x86_64-linux-gnu/libcrypt-2.24.so
7fd835c83000-7fd835c84000 r--p 00008000 ca:01 659152                     /lib/x86_64-linux-gnu/libcrypt-2.24.so
7fd835c84000-7fd835c85000 rw-p 00009000 ca:01 659152                     /lib/x86_64-linux-gnu/libcrypt-2.24.so
7fd835c85000-7fd835cb3000 rw-p 00000000 00:00 0 
7fd835cb3000-7fd835db6000 r-xp 00000000 ca:01 659154                     /lib/x86_64-linux-gnu/libm-2.24.so
7fd835db6000-7fd835fb5000 ---p 00103000 ca:01 659154                     /lib/x86_64-linux-gnu/libm-2.24.so
7fd835fb5000-7fd835fb6000 r--p 00102000 ca:01 659154                     /lib/x86_64-linux-gnu/libm-2.24.so
7fd835fb6000-7fd835fb7000 rw-p 00103000 ca:01 659154                     /lib/x86_64-linux-gnu/libm-2.24.so
7fd835fb7000-7fd835fba000 r-xp 00000000 ca:01 659153                     /lib/x86_64-linux-gnu/libdl-2.24.so
7fd835fba000-7fd8361b9000 ---p 00003000 ca:01 659153                     /lib/x86_64-linux-gnu/libdl-2.24.so
7fd8361b9000-7fd8361ba000 r--p 00002000 ca:01 659153                     /lib/x86_64-linux-gnu/libdl-2.24.so
7fd8361ba000-7fd8361bb000 rw-p 00003000 ca:01 659153                     /lib/x86_64-linux-gnu/libdl-2.24.so
7fd8361bb000-7fd8361cf000 r-xp 00000000 ca:01 659157                     /lib/x86_64-linux-gnu/libnsl-2.24.so
7fd8361cf000-7fd8363cf000 ---p 00014000 ca:01 659157                     /lib/x86_64-linux-gnu/libnsl-2.24.so
7fd8363cf000-7fd8363d0000 r--p 00014000 ca:01 659157                     /lib/x86_64-linux-gnu/libnsl-2.24.so
7fd8363d0000-7fd8363d1000 rw-p 00015000 ca:01 659157                     /lib/x86_64-linux-gnu/libnsl-2.24.so
7fd8363d1000-7fd8363d3000 rw-p 00000000 00:00 0 
7fd8363d3000-7fd8363eb000 r-xp 00000000 ca:01 659165                     /lib/x86_64-linux-gnu/libpthread-2.24.so
7fd8363eb000-7fd8365ea000 ---p 00018000 ca:01 659165                     /lib/x86_64-linux-gnu/libpthread-2.24.so
7fd8365ea000-7fd8365eb000 r--p 00017000 ca:01 659165                     /lib/x86_64-linux-gnu/libpthread-2.24.so
7fd8365eb000-7fd8365ec000 rw-p 00018000 ca:01 659165                     /lib/x86_64-linux-gnu/libpthread-2.24.so
7fd8365ec000-7fd8365f0000 rw-p 00000000 00:00 0 
7fd8365f0000-7fd836613000 r-xp 00000000 ca:01 659133                     /lib/x86_64-linux-gnu/ld-2.24.so
7fd8367fd000-7fd836801000 rw-p 00000000 00:00 0 
7fd83680f000-7fd836813000 rw-p 00000000 00:00 0 
7fd836813000-7fd836814000 r--p 00023000 ca:01 659133                     /lib/x86_64-linux-gnu/ld-2.24.so
7fd836814000-7fd836815000 rw-p 00024000 ca:01 659133                     /lib/x86_64-linux-gnu/ld-2.24.so
7fd836815000-7fd836816000 rw-p 00000000 00:00 0 
7ffe700da000-7ffe700fb000 rw-p 00000000 00:00 0                          [stack]
7ffe70153000-7ffe70155000 r--p 00000000 00:00 0                          [vvar]
7ffe70155000-7ffe70157000 r-xp 00000000 00:00 0                          [vdso]
ffffffffff600000-ffffffffff601000 r-xp 00000000 00:00 0                  [vsyscall]
t/12placeholders.t .. 
All 257 subtests passed 
t/20savepoints.t .... ok
t/30unicode.t ....... ok
t/99cleanup.t ....... ok

Test Summary Report
-------------------
t/12placeholders.t (Wstat: 134 Tests: 257 Failed: 0)
  Non-zero wait status: 134
Files=16, Tests=2113, 34 wallclock secs ( 0.20 usr  0.15 sys +  5.04 cusr  0.94 csys =  6.33 CPU)
Result: FAIL
Failed 1/16 test programs. 0/2113 subtests failed.
Makefile:977: recipe for target 'test_dynamic' failed
make: *** [test_dynamic] Error 255

------------------------------
PREREQUISITES
------------------------------

Prerequisite modules loaded:

requires:

    Module              Need  Have    
    ------------------- ----- --------
    DBI                 1.614 1.636   
    ExtUtils::MakeMaker 6.11  7.24    
    Test::More          0.88  1.302083
    Time::HiRes         0     1.9741  
    version             0     0.9917  

build_requires:

    Module              Need  Have    
    ------------------- ----- --------
    ExtUtils::MakeMaker 0     7.24    

configure_requires:

    Module              Need  Have    
    ------------------- ----- --------
    DBI                 1.614 1.636   
    version             0     0.9917  


------------------------------
ENVIRONMENT AND OTHER CONTEXT
------------------------------

Environment variables:

    AUTOMATED_TESTING = 1
    LANG = en_US.UTF-8
    PATH = /home/sand/bin:/usr/local/bin:/usr/bin:/bin:/usr/games:/usr/local/perl/bin:/usr/X11/bin:/sbin:/usr/sbin
    PERL5LIB = 
    PERL5OPT = 
    PERL5_CPANPLUS_IS_RUNNING = 31696
    PERL5_CPAN_IS_RUNNING = 31696
    PERL_CANARY_STABILITY_NOPROMPT = 1
    PERL_MM_USE_DEFAULT = 1
    PERL_USE_UNSAFE_INC = 1
    SHELL = /usr/bin/zsh
    TERM = screen

Perl special variables (and OS-specific diagnostics, for MSWin32):

    $^X = /home/sand/src/perl/repoperls/installed-perls/host/k93msid/v5.25.9/276a/bin/perl
    $UID/$EUID = 1005 / 1005
    $GID = 1005 1005
    $EGID = 1005 1005

Perl module toolchain versions installed:

    Module              Have      
    ------------------- ----------
    CPAN                2.18      
    CPAN::Meta          2.150010  
    Cwd                 3.66      
    ExtUtils::CBuilder  0.280225  
    ExtUtils::Command   7.24      
    ExtUtils::Install   2.04      
    ExtUtils::MakeMaker 7.24      
    ExtUtils::Manifest  1.70      
    ExtUtils::ParseXS   3.33      
    File::Spec          3.66      
    JSON                2.90      
    JSON::PP            2.27400_02
    Module::Build       0.4222    
    Module::Signature   0.81      
    Parse::CPAN::Meta   2.150010  
    Test::Harness       3.39      
    Test::More          1.302083  
    YAML                1.23      
    YAML::Syck          1.29      
    version             0.9917    


--

Summary of my perl5 (revision 5 version 25 subversion 9) configuration:
  Commit id: 5d577b6f636aba916a1b0519669de4b2454c68ab
  Platform:
    osname=linux
    osvers=4.9.0-2-amd64
    archname=x86_64-linux-thread-multi
    uname='linux k93msid 4.9.0-2-amd64 #1 smp debian 4.9.18-1 (2017-03-30) x86_64 gnulinux '
    config_args='-Dprefix=/home/sand/src/perl/repoperls/installed-perls/host/k93msid/v5.25.9/276a -Dmyhostname=k93msid -Dinstallusrbinperl=n -Uversiononly -Dusedevel -des -Ui_db -Dlibswanted=cl pthread socket inet nsl gdbm dbm malloc dl ld sun m crypt sec util c cposix posix ucb BSD gdbm_compat -Duseithreads -Uuselongdouble -DDEBUGGING=both'
    hint=recommended
    useposix=true
    d_sigaction=define
    useithreads=define
    usemultiplicity=define
    use64bitint=define
    use64bitall=define
    uselongdouble=undef
    usemymalloc=n
    bincompat5005=undef
  Compiler:
    cc='cc'
    ccflags ='-D_REENTRANT -D_GNU_SOURCE -fwrapv -DDEBUGGING -fno-strict-aliasing -pipe -fstack-protector-strong -I/usr/local/include -D_LARGEFILE_SOURCE -D_FILE_OFFSET_BITS=64'
    optimize='-O2 -g'
    cppflags='-D_REENTRANT -D_GNU_SOURCE -fwrapv -DDEBUGGING -fno-strict-aliasing -pipe -fstack-protector-strong -I/usr/local/include'
    ccversion=''
    gccversion='6.3.0 20170406'
    gccosandvers=''
    intsize=4
    longsize=8
    ptrsize=8
    doublesize=8
    byteorder=12345678
    doublekind=3
    d_longlong=define
    longlongsize=8
    d_longdbl=define
    longdblsize=16
    longdblkind=3
    ivtype='long'
    ivsize=8
    nvtype='double'
    nvsize=8
    Off_t='off_t'
    lseeksize=8
    alignbytes=8
    prototype=define
  Linker and Libraries:
    ld='cc'
    ldflags =' -fstack-protector-strong -L/usr/local/lib'
    libpth=/usr/local/lib /usr/lib/gcc/x86_64-linux-gnu/6/include-fixed /usr/include/x86_64-linux-gnu /usr/lib /lib/x86_64-linux-gnu /lib/../lib /usr/lib/x86_64-linux-gnu /usr/lib/../lib /lib
    libs=-lpthread -lnsl -ldl -lm -lcrypt -lutil -lc
    perllibs=-lpthread -lnsl -ldl -lm -lcrypt -lutil -lc
    libc=libc-2.24.so
    so=so
    useshrplib=false
    libperl=libperl.a
    gnulibc_version='2.24'
  Dynamic Linking:
    dlsrc=dl_dlopen.xs
    dlext=so
    d_dlsymun=undef
    ccdlflags='-Wl,-E'
    cccdlflags='-fPIC'
    lddlflags='-shared -O2 -g -L/usr/local/lib -fstack-protector-strong'


Characteristics of this binary (from libperl): 
  Compile-time options:
    DEBUGGING
    HAS_TIMES
    MULTIPLICITY
    PERLIO_LAYERS
    PERL_COPY_ON_WRITE
    PERL_DONT_CREATE_GVSV
    PERL_IMPLICIT_CONTEXT
    PERL_MALLOC_WRAP
    PERL_OP_PARENT
    PERL_PRESERVE_IVUV
    PERL_TRACK_MEMPOOL
    PERL_USE_DEVEL
    USE_64_BIT_ALL
    USE_64_BIT_INT
    USE_ITHREADS
    USE_LARGE_FILES
    USE_LOCALE
    USE_LOCALE_COLLATE
    USE_LOCALE_CTYPE
    USE_LOCALE_NUMERIC
    USE_LOCALE_TIME
    USE_PERLIO
    USE_PERL_ATOF
    USE_REENTRANT_API
  Built under linux
  Compiled at Apr 16 2017 16:10:22
  %ENV:
    PERL5LIB=""
    PERL5OPT=""
    PERL5_CPANPLUS_IS_RUNNING="31696"
    PERL5_CPAN_IS_RUNNING="31696"
    PERL_CANARY_STABILITY_NOPROMPT="1"
    PERL_MM_USE_DEFAULT="1"
    PERL_USE_UNSAFE_INC="1"
  @INC:
    /home/sand/src/perl/repoperls/installed-perls/host/k93msid/v5.25.9/276a/lib/site_perl/5.25.9/x86_64-linux-thread-multi
    /home/sand/src/perl/repoperls/installed-perls/host/k93msid/v5.25.9/276a/lib/site_perl/5.25.9
    /home/sand/src/perl/repoperls/installed-perls/host/k93msid/v5.25.9/276a/lib/5.25.9/x86_64-linux-thread-multi
    /home/sand/src/perl/repoperls/installed-perls/host/k93msid/v5.25.9/276a/lib/5.25.9
    .