Report for Email-Stuffer-0.001

Back
From: metabase:user:314402c4-2aae-11df-837a-5e0a49663a4f
Subject: FAIL Email-Stuffer-0.001 v5.12.3 FreeBSD
Date: 2013-05-30T17:09:27Z

This distribution has been tested as part of the CPAN Testers
project, supporting the Perl programming language.  See
http://wiki.cpantesters.org/ for more information or email
questions to cpan-testers-discuss@perl.org


--
Dear Ricardo SIGNES,

This is a computer-generated report for Email-Stuffer-0.001
on perl 5.12.3, created by CPAN-Reporter-1.2007.

Thank you for uploading your work to CPAN.  However, there was a problem
testing your distribution.

If you think this report is invalid, please consult the CPAN Testers Wiki
for suggestions on how to avoid getting FAIL reports for missing library
or binary dependencies, unsupported operating systems, and so on:

http://wiki.cpantesters.org/wiki/CPANAuthorNotes

Sections of this report:

    * Tester comments
    * Program output
    * Prerequisites
    * Environment and other context

------------------------------
TESTER COMMENTS
------------------------------

Additional comments from tester:

none provided

------------------------------
PROGRAM OUTPUT
------------------------------

Output from '/usr/bin/make test':

PERL_DL_NONLAZY=1 /usr/perl5.12.3/bin/perl5.12.3 "-MExtUtils::Command::MM" "-e" "test_harness(0, 'blib/lib', 'blib/arch')" t/*.t

#   Failed test 'use Email::Stuffer;'
#   at t/01_compile.t line 24.
#     Tried to use 'Email::Stuffer'.
#     Error:  "_INSTANCEDOES" is not exported by the Params::Util module
# Can't continue after import errors at /var/tmp/CPAN-build/Email-Stuffer-0.001-1GMpL6/blib/lib/Email/Stuffer.pm line 170.
# BEGIN failed--compilation aborted at /var/tmp/CPAN-build/Email-Stuffer-0.001-1GMpL6/blib/lib/Email/Stuffer.pm line 170.
# Compilation failed in require at (eval 4) line 2.
# BEGIN failed--compilation aborted at (eval 4) line 2.
# Looks like you failed 1 test of 2.
t/01_compile.t ...... 
Dubious, test returned 1 (wstat 256, 0x100)
Failed 1/2 subtests 
"_INSTANCEDOES" is not exported by the Params::Util module
Can't continue after import errors at /var/tmp/CPAN-build/Email-Stuffer-0.001-1GMpL6/blib/lib/Email/Stuffer.pm line 170.
BEGIN failed--compilation aborted at /var/tmp/CPAN-build/Email-Stuffer-0.001-1GMpL6/blib/lib/Email/Stuffer.pm line 170.
Compilation failed in require at t/02_main.t line 7.
BEGIN failed--compilation aborted at t/02_main.t line 7.
# Looks like your test exited with 2 before it could output anything.
t/02_main.t ......... 
Dubious, test returned 2 (wstat 512, 0x200)
Failed 35/35 subtests 
"_INSTANCEDOES" is not exported by the Params::Util module
Can't continue after import errors at /var/tmp/CPAN-build/Email-Stuffer-0.001-1GMpL6/blib/lib/Email/Stuffer.pm line 170.
BEGIN failed--compilation aborted at /var/tmp/CPAN-build/Email-Stuffer-0.001-1GMpL6/blib/lib/Email/Stuffer.pm line 170.
Compilation failed in require at t/03_singlepart.t line 6.
BEGIN failed--compilation aborted at t/03_singlepart.t line 6.
# Looks like your test exited with 2 before it could output anything.
t/03_singlepart.t ... 
Dubious, test returned 2 (wstat 512, 0x200)
No subtests run 
"_INSTANCEDOES" is not exported by the Params::Util module
Can't continue after import errors at /var/tmp/CPAN-build/Email-Stuffer-0.001-1GMpL6/blib/lib/Email/Stuffer.pm line 170.
BEGIN failed--compilation aborted at /var/tmp/CPAN-build/Email-Stuffer-0.001-1GMpL6/blib/lib/Email/Stuffer.pm line 170.
Compilation failed in require at t/04_alternative.t line 6.
BEGIN failed--compilation aborted at t/04_alternative.t line 6.
# Looks like your test exited with 2 before it could output anything.
t/04_alternative.t .. 
Dubious, test returned 2 (wstat 512, 0x200)
No subtests run 

Test Summary Report
-------------------
t/01_compile.t    (Wstat: 256 Tests: 2 Failed: 1)
  Failed test:  2
  Non-zero exit status: 1
t/02_main.t       (Wstat: 512 Tests: 0 Failed: 0)
  Non-zero exit status: 2
  Parse errors: Bad plan.  You planned 35 tests but ran 0.
t/03_singlepart.t (Wstat: 512 Tests: 0 Failed: 0)
  Non-zero exit status: 2
  Parse errors: No plan found in TAP output
t/04_alternative.t (Wstat: 512 Tests: 0 Failed: 0)
  Non-zero exit status: 2
  Parse errors: No plan found in TAP output
Files=4, Tests=2,  0 wallclock secs ( 0.02 usr  0.02 sys +  0.12 cusr  0.05 csys =  0.21 CPU)
Result: FAIL
Failed 4/4 test programs. 1/2 subtests failed.
*** Error code 2

Stop in /var/tmp/CPAN-build/Email-Stuffer-0.001-1GMpL6.

------------------------------
PREREQUISITES
------------------------------

Prerequisite modules loaded:

requires:

    Module              Need     Have    
    ------------------- -------- --------
    Carp                0        1.26    
    Email::MIME         1.901    1.911   
    Email::Sender       1.300000 1.300006
    Email::Simple       1.998    2.102   
    File::Basename      0        2.78    
    File::Type          0.22     0.22    
    Params::Util        0.23     1.03    
    prefork             1.01     1.04    

build_requires:

    Module              Need     Have    
    ------------------- -------- --------
    ExtUtils::MakeMaker 0        6.64    
    File::Spec          0.80     3.40    
    Test::More          0.47     0.98    

configure_requires:

    Module              Need     Have    
    ------------------- -------- --------
    ExtUtils::MakeMaker 0        6.64    


------------------------------
ENVIRONMENT AND OTHER CONTEXT
------------------------------

Environment variables:

    DBIC_NO_WARN_BAD_PERL = 1
    PATH = /usr/local/bin:/usr/X11R6/bin:/usr/X11/bin:/usr/perl5.8.0/bin:/usr/bin:/bin:/usr/local/sbin:/usr/sbin:/sbin:/usr/local/pilot/bin:/home/cpansand/bin/freebsd8.0:/home/cpansand/bin/sh:/home/cpansand/bin:/usr/X386/bin:/usr/games:/home/cpansand/devel:/usr/home/e/eserte/work/srezic-misc/scripts
    PERL5LIB = /usr/local/src/CPAN/build/Email-Sender-1.300006-DPLpiD/blib/arch:/usr/local/src/CPAN/build/Email-Sender-1.300006-DPLpiD/blib/lib
    PERL5OPT = 
    PERL5_CPANPLUS_IS_RUNNING = 70122
    PERL5_CPAN_IS_RUNNING = 70122
    PERL5_CPAN_IS_RUNNING_IN_RECURSION = 70098,70122
    PERL_BATCH = yes
    PERL_CPAN_REPORTER_CONFIG = /var/tmp/cpansmoker-1023/iC8aEF_QUM_config.ini
    PERL_EXTUTILS_AUTOINSTALL = --defaultdeps
    PERL_HTML_DISPLAY_CLASS = HTML::Display::Mozilla
    SHELL = /usr/local/bin/zsh
    TERM = screen
    TMPDIR = /var/tmp/cpansmoker-1023

Perl special variables (and OS-specific diagnostics, for MSWin32):

    $^X = /usr/perl5.12.3/bin/perl5.12.3
    $UID/$EUID = 1023 / 1023
    $GID = 1023 1023
    $EGID = 1023 1023

Perl module toolchain versions installed:

    Module              Have    
    ------------------- --------
    CPAN                2.00    
    CPAN::Meta          2.130880
    Cwd                 3.40    
    ExtUtils::CBuilder  0.280205
    ExtUtils::Command   1.17    
    ExtUtils::Install   1.55    
    ExtUtils::MakeMaker 6.64    
    ExtUtils::Manifest  1.60    
    ExtUtils::ParseXS   3.18    
    File::Spec          3.40    
    JSON                2.57    
    JSON::PP            2.27200 
    Module::Build       0.4005  
    Module::Signature   0.68    
    Parse::CPAN::Meta   1.4403  
    Test::Harness       3.23    
    Test::More          0.98    
    YAML                0.84    
    YAML::Syck          1.27    
    version             0.9901  


--

Summary of my perl5 (revision 5 version 12 subversion 3) configuration:
   
  Platform:
    osname=freebsd, osvers=8.0-release, archname=i386-freebsd
    uname='freebsd biokovo.herceg.de 8.0-release freebsd 8.0-release #0: sat nov 21 15:48:17 utc 2009 root@almeida.cse.buffalo.edu:usrobjusrsrcsysgeneric i386 '
    config_args='-Dprefix=/usr/perl5.12.3 -Dusemymalloc=n -D cc=ccache cc -Dgccansipedantic -Duse64bit -de -D hintfile=myfreebsd'
    hint=recommended, useposix=true, d_sigaction=define
    useithreads=undef, usemultiplicity=undef
    useperlio=define, d_sfio=undef, uselargefiles=define, usesocks=undef
    use64bitint=undef, use64bitall=undef, uselongdouble=undef
    usemymalloc=n, bincompat5005=undef
  Compiler:
    cc='ccache cc', ccflags ='-DHAS_FPSETMASK -DHAS_FLOATINGPOINT_H -fno-strict-aliasing -pipe -fstack-protector -I/usr/local/include',
    optimize='-O2 -mtune=athlon64 -pipe',
    cppflags='-DHAS_FPSETMASK -DHAS_FLOATINGPOINT_H -fno-strict-aliasing -pipe -fstack-protector -I/usr/local/include'
    ccversion='', gccversion='4.2.1 20070719  [FreeBSD]', gccosandvers=''
    intsize=4, longsize=4, ptrsize=4, doublesize=8, byteorder=1234
    d_longlong=define, longlongsize=8, d_longdbl=define, longdblsize=12
    ivtype='long', ivsize=4, nvtype='double', nvsize=8, Off_t='off_t', lseeksize=8
    alignbytes=4, prototype=define
  Linker and Libraries:
    ld='ccache cc', ldflags ='-Wl,-E  -fstack-protector -L/usr/local/lib'
    libpth=/usr/lib /usr/local/lib
    libs=-lgdbm -lm -lcrypt -lutil -lc
    perllibs=-lm -lcrypt -lutil -lc
    libc=, so=so, useshrplib=false, libperl=libperl.a
    gnulibc_version=''
  Dynamic Linking:
    dlsrc=dl_dlopen.xs, dlext=so, d_dlsymun=undef, ccdlflags=' '
    cccdlflags='-DPIC -fPIC', lddlflags='-shared  -L/usr/local/lib -fstack-protector'


Characteristics of this binary (from libperl): 
  Compile-time options: PERL_DONT_CREATE_GVSV PERL_MALLOC_WRAP PERL_USE_DEVEL
                        USE_LARGE_FILES USE_PERLIO USE_PERL_ATOF
  Built under freebsd
  Compiled at Jan 25 2011 22:50:03
  %ENV:
    PERL5LIB="/usr/local/src/CPAN/build/Email-Sender-1.300006-DPLpiD/blib/arch:/usr/local/src/CPAN/build/Email-Sender-1.300006-DPLpiD/blib/lib"
    PERL5OPT=""
    PERL5_CPANPLUS_IS_RUNNING="70122"
    PERL5_CPAN_IS_RUNNING="70122"
    PERL5_CPAN_IS_RUNNING_IN_RECURSION="70098,70122"
    PERL_BATCH="yes"
    PERL_CPAN_REPORTER_CONFIG="/var/tmp/cpansmoker-1023/iC8aEF_QUM_config.ini"
    PERL_EXTUTILS_AUTOINSTALL="--defaultdeps"
    PERL_HTML_DISPLAY_CLASS="HTML::Display::Mozilla"
  @INC:
    /usr/local/src/CPAN/build/Email-Sender-1.300006-DPLpiD/blib/arch
    /usr/local/src/CPAN/build/Email-Sender-1.300006-DPLpiD/blib/lib
    /usr/perl5.12.3/lib/site_perl/5.12.3/i386-freebsd
    /usr/perl5.12.3/lib/site_perl/5.12.3
    /usr/perl5.12.3/lib/5.12.3/i386-freebsd
    /usr/perl5.12.3/lib/5.12.3
    .