Report for XML-Parser-2.40

Back
From: metabase:user:30f0bd62-2aae-11df-837a-5e0a49663a4f
Subject: FAIL XML-Parser-2.40 v5.12.1 OpenBSD
Date: 2010-09-16T03:29:57Z

This distribution has been tested as part of the CPAN Testers
project, supporting the Perl programming language.  See
http://wiki.cpantesters.org/ for more information or email
questions to cpan-testers-discuss@perl.org


--
Dear Alexandr Ciornii,

This is a computer-generated report for XML-Parser-2.40
on perl 5.12.1, created by CPAN-Reporter-1.18.

Thank you for uploading your work to CPAN.  However, there was a problem
testing your distribution.

If you think this report is invalid, please consult the CPAN Testers Wiki
for suggestions on how to avoid getting FAIL reports for missing library
or binary dependencies, unsupported operating systems, and so on:

http://wiki.cpantesters.org/wiki/CPANAuthorNotes

Sections of this report:

    * Tester comments
    * Program output
    * Prerequisites
    * Environment and other context

------------------------------
TESTER COMMENTS
------------------------------

Additional comments from tester:

this report is from an automated smoke testing program
and was not reviewed by a human for accuracy

------------------------------
PROGRAM OUTPUT
------------------------------

Output from '/usr/bin/make test':

PERL_DL_NONLAZY=1 /home/sts/cpansmoke/perl-5.12.1/bin/perl "-MExtUtils::Command::MM" "-e" "test_harness(0, 'blib/lib', 'blib/arch')" t/*.t
t/astress.t ....... ok
t/cdata.t ......... ok

syntax error at line 14, column 3, byte 214:
%ext;

<![%bar;[
==^
<!ATTLIST bar xyz (a|b|c) 'b'>
]]>

error in processing external entity reference at line 21, column 3, byte 3161:
   <!ELEMENT bar ANY>
   <!ATTLIST bar big CDATA 'This is a large string value to test whether the declaration parser still works when the entity or attribute default value may be broken into multiple calls to the default handler. 01234567890123456789012345678901234567890123456789012345678901234567890123456789 01234567890123456789012345678901234567890123456789012345678901234567890123456789 01234567890123456789012345678901234567890123456789012345678901234567890123456789 01234567890123456789012345678901234567890123456789012345678901234567890123456789 01234567890123456789012345678901234567890123456789012345678901234567890123456789 01234567890123456789012345678901234567890123456789012345678901234567890123456789 01234567890123456789012345678901234567890123456789012345678901234567890123456789 01234567890123456789012345678901234567890123456789012345678901234567890123456789 01234567890123456789012345678901234567890123456789012345678901234567890123456789 01234567890123456789012345678901234567890123456789012345678901234567890123456789 01234567890123456789012345678901234567890123456789012345678901234567890123456789 01234567890123456789012345678901234567890123456789012345678901234567890123456789 01234567890123456789012345678901234567890123456789012345678901234567890123456789 '>
  ]>
==^
<foo/>
 at /home/sts/cpansmoke/perl-5.12.1/cpan/build/XML-Parser-2.40-Gw06S2/blib/lib/XML/Parser.pm line 187
t/decl.t .......... 
Dubious, test returned 255 (wstat 65280, 0xff00)
Failed 29/30 subtests 
t/defaulted.t ..... ok
t/encoding.t ...... ok
t/external_ent.t .. ok
t/file.t .......... ok
t/finish.t ........ ok
t/namespaces.t .... ok

error in processing external entity reference at line 8, column 0, byte 173:
  <!ENTITY more SYSTEM "t/ext2.ent">
]
>
^
<foo>Happy, happy
<bar>&joy;, &joy;</bar>
 at /home/sts/cpansmoke/perl-5.12.1/cpan/build/XML-Parser-2.40-Gw06S2/blib/lib/XML/Parser.pm line 187
t/parament.t ...... 
Dubious, test returned 255 (wstat 65280, 0xff00)
Failed 11/12 subtests 
t/partial.t ....... ok
t/skip.t .......... ok
t/stream.t ........ ok
t/styles.t ........ ok

Test Summary Report
-------------------
t/decl.t        (Wstat: 65280 Tests: 1 Failed: 0)
  Non-zero exit status: 255
  Parse errors: Bad plan.  You planned 30 tests but ran 1.
t/parament.t    (Wstat: 65280 Tests: 1 Failed: 0)
  Non-zero exit status: 255
  Parse errors: Bad plan.  You planned 12 tests but ran 1.
Files=14, Tests=90,  4 wallclock secs ( 0.02 usr  0.05 sys +  0.71 cusr  0.10 csys =  0.88 CPU)
Result: FAIL
Failed 2/14 test programs. 0/90 subtests failed.
*** Error code 255

Stop in /home/sts/cpansmoke/perl-5.12.1/cpan/build/XML-Parser-2.40-Gw06S2 (line 942 of Makefile).

------------------------------
PREREQUISITES
------------------------------

Prerequisite modules loaded:

requires:

    Module              Need Have 
    ------------------- ---- -----
    LWP                 0    5.836

configure_requires:

    Module              Need Have 
    ------------------- ---- -----
    ExtUtils::MakeMaker 0    6.56 


------------------------------
ENVIRONMENT AND OTHER CONTEXT
------------------------------

Environment variables:

    AUTOMATED_TESTING = 1
    PATH = /home/sts/bin:/bin:/sbin:/usr/bin:/usr/sbin:/usr/X11R6/bin:/usr/local/bin:/usr/local/sbin:/usr/games:.
    PERL5LIB = 
    PERL5OPT = 
    PERL5_CPANPLUS_IS_RUNNING = 3392
    PERL5_CPAN_IS_RUNNING = 3392
    PERL5_CPAN_IS_RUNNING_IN_RECURSION = 4136,3392
    PERL_CR_SMOKER_CURRENT = XML-Parser-2.40
    PERL_EXTUTILS_AUTOINSTALL = --defaultdeps
    PERL_MM_USE_DEFAULT = 1
    SHELL = /usr/local/bin/bash
    TERM = screen

Perl special variables (and OS-specific diagnostics, for MSWin32):

    $^X = /home/sts/cpansmoke/perl-5.12.1/bin/perl
    $UID/$EUID = 1000 / 1000
    $GID = 10 10 0
    $EGID = 10 10 0

Perl module toolchain versions installed:

    Module              Have   
    ------------------- -------
    CPAN                1.94_56
    Cwd                 3.31   
    ExtUtils::CBuilder  0.2703 
    ExtUtils::Command   1.16   
    ExtUtils::Install   1.55   
    ExtUtils::MakeMaker 6.56   
    ExtUtils::Manifest  1.57   
    ExtUtils::ParseXS   2.21   
    File::Spec          3.31   
    Module::Build       0.3607 
    Module::Signature   n/a    
    Test::Harness       3.22   
    Test::More          0.96   
    YAML                0.71   
    YAML::Syck          1.12   
    version             0.82   


--

Summary of my perl5 (revision 5 version 12 subversion 1) configuration:
   
  Platform:
    osname=openbsd, osvers=4.7, archname=OpenBSD.i386-openbsd-thread-multi
    uname='openbsd cpansmoke3 4.7 generic.mp#449 i386 '
    config_args='-des -Dusethreads -Dprefix=/home/sts/cpansmoke/perl-5.12.1'
    hint=recommended, useposix=true, d_sigaction=define
    useithreads=define, usemultiplicity=define
    useperlio=define, d_sfio=undef, uselargefiles=define, usesocks=undef
    use64bitint=undef, use64bitall=undef, uselongdouble=undef
    usemymalloc=n, bincompat5005=undef
  Compiler:
    cc='cc', ccflags ='-pthread -fno-strict-aliasing -pipe -fstack-protector -I/usr/local/include',
    optimize='-O2',
    cppflags='-pthread -fno-strict-aliasing -pipe -fstack-protector -I/usr/local/include'
    ccversion='', gccversion='3.3.5 (propolice)', gccosandvers='openbsd4.7'
    intsize=4, longsize=4, ptrsize=4, doublesize=8, byteorder=1234
    d_longlong=define, longlongsize=8, d_longdbl=define, longdblsize=12
    ivtype='long', ivsize=4, nvtype='double', nvsize=8, Off_t='off_t', lseeksize=8
    alignbytes=4, prototype=define
  Linker and Libraries:
    ld='cc', ldflags ='-pthread -Wl,-E  -fstack-protector -L/usr/local/lib'
    libpth=/usr/local/lib /usr/lib
    libs=-lm -lutil -lc
    perllibs=-lm -lutil -lc
    libc=/usr/lib/libc.so.53.1, so=so, useshrplib=false, libperl=libperl.a
    gnulibc_version=''
  Dynamic Linking:
    dlsrc=dl_dlopen.xs, dlext=so, d_dlsymun=undef, ccdlflags=' '
    cccdlflags='-DPIC -fPIC ', lddlflags='-shared -fPIC  -L/usr/local/lib -fstack-protector'


Characteristics of this binary (from libperl): 
  Compile-time options: MULTIPLICITY PERL_DONT_CREATE_GVSV
                        PERL_IMPLICIT_CONTEXT PERL_MALLOC_WRAP USE_ITHREADS
                        USE_LARGE_FILES USE_PERLIO USE_PERL_ATOF
                        USE_REENTRANT_API
  Built under openbsd
  Compiled at Aug 26 2010 18:28:18
  %ENV:
    PERL5LIB=""
    PERL5OPT=""
    PERL5_CPANPLUS_IS_RUNNING="3392"
    PERL5_CPAN_IS_RUNNING="3392"
    PERL5_CPAN_IS_RUNNING_IN_RECURSION="4136,3392"
    PERL_CR_SMOKER_CURRENT="XML-Parser-2.40"
    PERL_EXTUTILS_AUTOINSTALL="--defaultdeps"
    PERL_MM_USE_DEFAULT="1"
  @INC:
    /home/sts/cpansmoke/perl-5.12.1/lib/site_perl/5.12.1/OpenBSD.i386-openbsd-thread-multi
    /home/sts/cpansmoke/perl-5.12.1/lib/site_perl/5.12.1
    /home/sts/cpansmoke/perl-5.12.1/lib/5.12.1/OpenBSD.i386-openbsd-thread-multi
    /home/sts/cpansmoke/perl-5.12.1/lib/5.12.1
    .