Report for App-iTan-1.05

Back
From: metabase:user:9820532a-708b-1014-9a05-b18a96298da1
Subject: FAIL App-iTan-1.05 v5.23.8 GNU/Linux
Date: 2016-03-16T13:19:14Z

This distribution has been tested as part of the CPAN Testers
project, supporting the Perl programming language.  See
http://wiki.cpantesters.org/ for more information or email
questions to cpan-testers-discuss@perl.org


--
Dear Maros Kollar,

This is a computer-generated report for App-iTan-1.05
on perl 5.23.8, created by CPAN-Reporter-1.2017.

Thank you for uploading your work to CPAN.  However, there was a problem
testing your distribution.

If you think this report is invalid, please consult the CPAN Testers Wiki
for suggestions on how to avoid getting FAIL reports for missing library
or binary dependencies, unsupported operating systems, and so on:

http://wiki.cpantesters.org/wiki/CPANAuthorNotes

Sections of this report:

    * Tester comments
    * Program output
    * Prerequisites
    * Environment and other context

------------------------------
TESTER COMMENTS
------------------------------

Additional comments from tester:

this report is from an automated smoke testing program
and was not reviewed by a human for accuracy

------------------------------
PROGRAM OUTPUT
------------------------------

Output from '/usr/bin/make test':

PERL_DL_NONLAZY=1 "/home/smoker/perl5/perlbrew/perls/perl-5.23.8-thread-multi/bin/perl5.23.8" "-MExtUtils::Command::MM" "-MTest::Harness" "-e" "undef *Test::Harness::Switches; test_harness(0, 'inc', 'blib/lib', 'blib/arch')" t/*.t

#   Failed test 'use App::iTan;'
#   at t/00_load.t line 7.
#     Tried to use 'App::iTan'.
#     Error:  Can't locate IO/Interactive.pm in @INC (you may need to install the IO::Interactive module) (@INC contains: /home/smoker/.cpan/build/App-iTan-1.05-ra5HOi/inc /home/smoker/.cpan/build/App-iTan-1.05-ra5HOi/blib/lib /home/smoker/.cpan/build/App-iTan-1.05-ra5HOi/blib/arch /home/smoker/.cpan/build/MooseX-App-1.34-00vMXf/blib/arch /home/smoker/.cpan/build/MooseX-App-1.34-00vMXf/blib/lib /home/smoker/.cpan/build/Crypt-Twofish-2.17-yTOpCn/blib/arch /home/smoker/.cpan/build/Crypt-Twofish-2.17-yTOpCn/blib/lib /home/smoker/.cpan/build/Expect-1.32-rfzb9d/blib/arch /home/smoker/.cpan/build/Expect-1.32-rfzb9d/blib/lib /home/smoker/.cpan/build/IO-Tty-1.12-lii7zQ/blib/arch /home/smoker/.cpan/build/IO-Tty-1.12-lii7zQ/blib/lib /home/smoker/.cpan/build/Params-Coerce-0.14-tYQ9Df/blib/arch /home/smoker/.cpan/build/Params-Coerce-0.14-tYQ9Df/blib/lib /home/smoker/.cpan/build/MooseX-App-1.34-00vMXf/blib/arch /home/smoker/.cpan/build/MooseX-App-1.34-00vMXf/blib/lib /home/smoker/.cpan/build/Crypt-Twofish-2.17-yTOpCn/blib/arch /home/smoker/.cpan/build/Crypt-Twofish-2.17-yTOpCn/blib/lib /home/smoker/.cpan/build/Expect-1.32-rfzb9d/blib/arch /home/smoker/.cpan/build/Expect-1.32-rfzb9d/blib/lib /home/smoker/.cpan/build/IO-Tty-1.12-lii7zQ/blib/arch /home/smoker/.cpan/build/IO-Tty-1.12-lii7zQ/blib/lib /home/smoker/.cpan/build/Params-Coerce-0.14-tYQ9Df/blib/arch /home/smoker/.cpan/build/Params-Coerce-0.14-tYQ9Df/blib/lib /home/smoker/perl5/perlbrew/perls/perl-5.23.8-thread-multi/lib/site_perl/5.23.8/x86_64-linux-thread-multi /home/smoker/perl5/perlbrew/perls/perl-5.23.8-thread-multi/lib/site_perl/5.23.8 /home/smoker/perl5/perlbrew/perls/perl-5.23.8-thread-multi/lib/5.23.8/x86_64-linux-thread-multi /home/smoker/perl5/perlbrew/perls/perl-5.23.8-thread-multi/lib/5.23.8 .) at /home/smoker/.cpan/build/MooseX-App-1.34-00vMXf/blib/lib/MooseX/App/Message/BlockColor.pm line 14.
# BEGIN failed--compilation aborted at /home/smoker/.cpan/build/MooseX-App-1.34-00vMXf/blib/lib/MooseX/App/Message/BlockColor.pm line 14.
# Compilation failed in require at /home/smoker/.cpan/build/MooseX-App-1.34-00vMXf/blib/lib/MooseX/App/Plugin/Color/Meta/Class.pm line 11.
# BEGIN failed--compilation aborted at /home/smoker/.cpan/build/MooseX-App-1.34-00vMXf/blib/lib/MooseX/App/Plugin/Color/Meta/Class.pm line 11.
# Compilation failed in require at /home/smoker/perl5/perlbrew/perls/perl-5.23.8-thread-multi/lib/site_perl/5.23.8/Module/Runtime.pm line 317.
# BEGIN failed--compilation aborted at /home/smoker/.cpan/build/App-iTan-1.05-ra5HOi/blib/lib/App/iTan.pm line 8.
# Compilation failed in require at t/00_load.t line 7.
# BEGIN failed--compilation aborted at t/00_load.t line 7.

#   Failed test 'use App::iTan::Command::Get;'
#   at t/00_load.t line 9.
#     Tried to use 'App::iTan::Command::Get'.
#     Error:  Can't locate object method "command_classes" via package "Moose::Meta::Class" at /home/smoker/.cpan/build/MooseX-App-1.34-00vMXf/blib/lib/MooseX/App/Exporter.pm line 72.
# Compilation failed in require at t/00_load.t line 9.
# BEGIN failed--compilation aborted at t/00_load.t line 9.

#   Failed test 'use App::iTan::Command::Import;'
#   at t/00_load.t line 10.
#     Tried to use 'App::iTan::Command::Import'.
#     Error:  Can't locate object method "command_classes" via package "Moose::Meta::Class" at /home/smoker/.cpan/build/MooseX-App-1.34-00vMXf/blib/lib/MooseX/App/Exporter.pm line 72.
# Compilation failed in require at t/00_load.t line 10.
# BEGIN failed--compilation aborted at t/00_load.t line 10.

#   Failed test 'use App::iTan::Command::Info;'
#   at t/00_load.t line 11.
#     Tried to use 'App::iTan::Command::Info'.
#     Error:  Can't locate object method "command_classes" via package "Moose::Meta::Class" at /home/smoker/.cpan/build/MooseX-App-1.34-00vMXf/blib/lib/MooseX/App/Exporter.pm line 72.
# Compilation failed in require at t/00_load.t line 11.
# BEGIN failed--compilation aborted at t/00_load.t line 11.

#   Failed test 'use App::iTan::Command::List;'
#   at t/00_load.t line 12.
#     Tried to use 'App::iTan::Command::List'.
#     Error:  Can't locate object method "command_classes" via package "Moose::Meta::Class" at /home/smoker/.cpan/build/MooseX-App-1.34-00vMXf/blib/lib/MooseX/App/Exporter.pm line 72.
# Compilation failed in require at t/00_load.t line 12.
# BEGIN failed--compilation aborted at t/00_load.t line 12.
# Looks like you failed 5 tests of 8.
t/00_load.t ..... 
Dubious, test returned 5 (wstat 1280, 0x500)
Failed 5/8 subtests 
Possible precedence issue with control flow operator at t/testutils.pm line 34.
DBD::SQLite::db prepare failed: no such table: itan at t/01_index.t line 15.
DBD::SQLite::db prepare failed: no such table: itan at t/01_index.t line 15.
# Looks like your test exited with 2 before it could output anything.
t/01_index.t .... 
Dubious, test returned 2 (wstat 512, 0x200)
Failed 41/41 subtests 
Possible precedence issue with control flow operator at t/testutils.pm line 34.

#   Failed test 'Includes heading'
#   at t/02_list.t line 22.
#                   'BEGIN failed--compilation aborted at /home/smoker/.cpan/build/MooseX-App-1.34-00vMXf/blib/lib/MooseX/App/Message/BlockColor.pm line 14.
# '
#     doesn't match '(?^:^Index\s*\|Imported)'

#   Failed test 'Includes rule'
#   at t/02_list.t line 23.
#                   'Compilation failed in require at /home/smoker/.cpan/build/MooseX-App-1.34-00vMXf/blib/lib/MooseX/App/Plugin/Color/Meta/Class.pm line 11.
# '
#     doesn't match '(?^:^-+\+-+)'

#   Failed test 'Includes date'
#   at t/02_list.t line 24.
#                   'BEGIN failed--compilation aborted at /home/smoker/.cpan/build/MooseX-App-1.34-00vMXf/blib/lib/MooseX/App/Plugin/Color/Meta/Class.pm line 11.
# '
#     doesn't match '(?^:1\s+|20\d\d/)'

#   Failed test 'Tan is included'
#   at t/02_list.t line 29.
#                   'Can't locate IO/Interactive.pm in @INC (you may need to install the IO::Interactive module) (@INC contains: lib/ /home/smoker/.cpan/build/App-iTan-1.05-ra5HOi/inc /home/smoker/.cpan/build/App-iTan-1.05-ra5HOi/blib/lib /home/smoker/.cpan/build/App-iTan-1.05-ra5HOi/blib/arch /home/smoker/.cpan/build/MooseX-App-1.34-00vMXf/blib/arch /home/smoker/.cpan/build/MooseX-App-1.34-00vMXf/blib/lib /home/smoker/.cpan/build/Crypt-Twofish-2.17-yTOpCn/blib/arch /home/smoker/.cpan/build/Crypt-Twofish-2.17-yTOpCn/blib/lib /home/smoker/.cpan/build/Expect-1.32-rfzb9d/blib/arch /home/smoker/.cpan/build/Expect-1.32-rfzb9d/blib/lib /home/smoker/.cpan/build/IO-Tty-1.12-lii7zQ/blib/arch /home/smoker/.cpan/build/IO-Tty-1.12-lii7zQ/blib/lib /home/smoker/.cpan/build/Params-Coerce-0.14-tYQ9Df/blib/arch /home/smoker/.cpan/build/Params-Coerce-0.14-tYQ9Df/blib/lib /home/smoker/.cpan/build/MooseX-App-1.34-00vMXf/blib/arch /home/smoker/.cpan/build/MooseX-App-1.34-00vMXf/blib/lib /home/smoker/.cpan/build/Crypt-Twofish-2.17-yTOpCn/blib/arch /home/smoker/.cpan/build/Crypt-Twofish-2.17-yTOpCn/blib/lib /home/smoker/.cpan/build/Expect-1.32-rfzb9d/blib/arch /home/smoker/.cpan/build/Expect-1.32-rfzb9d/blib/lib /home/smoker/.cpan/build/IO-Tty-1.12-lii7zQ/blib/arch /home/smoker/.cpan/build/IO-Tty-1.12-lii7zQ/blib/lib /home/smoker/.cpan/build/Params-Coerce-0.14-tYQ9Df/blib/arch /home/smoker/.cpan/build/Params-Coerce-0.14-tYQ9Df/blib/lib /home/smoker/perl5/perlbrew/perls/perl-5.23.8-thread-multi/lib/site_perl/5.23.8/x86_64-linux-thread-multi /home/smoker/perl5/perlbrew/perls/perl-5.23.8-thread-multi/lib/site_perl/5.23.8 /home/smoker/perl5/perlbrew/perls/perl-5.23.8-thread-multi/lib/5.23.8/x86_64-linux-thread-multi /home/smoker/perl5/perlbrew/perls/perl-5.23.8-thread-multi/lib/5.23.8 .) at /home/smoker/.cpan/build/MooseX-App-1.34-00vMXf/blib/lib/MooseX/App/Message/BlockColor.pm line 14.
# 
# BEGIN failed--compilation aborted at /home/smoker/.cpan/build/MooseX-App-1.34-00vMXf/blib/lib/MooseX/App/Message/BlockColor.pm line 14.
# 
# Compilation failed in require at /home/smoker/.cpan/build/MooseX-App-1.34-00vMXf/blib/lib/MooseX/App/Plugin/Color/Meta/Class.pm line 11.
# 
# BEGIN failed--compilation aborted at /home/smoker/.cpan/build/MooseX-App-1.34-00vMXf/blib/lib/MooseX/App/Plugin/Color/Meta/Class.pm line 11.
# 
# Compilation failed in require at /home/smoker/perl5/perlbrew/perls/perl-5.23.8-thread-multi/lib/site_perl/5.23.8/Module/Runtime.pm line 317.
# 
# BEGIN failed--compilation aborted at lib/App/iTan.pm line 8.
# 
# Compilation failed in require at bin/itan line 2.
# 
# BEGIN failed--compilation aborted at bin/itan line 2.
# '
#     doesn't match '(?^:00000001)'
# Looks like you failed 4 tests of 5.
t/02_list.t ..... 
Dubious, test returned 4 (wstat 1024, 0x400)
Failed 4/5 subtests 
Possible precedence issue with control flow operator at t/testutils.pm line 34.
DBD::SQLite::db prepare failed: no such table: itan at t/03_noindex.t line 22.
DBD::SQLite::db prepare failed: no such table: itan at t/03_noindex.t line 22.
# Looks like your test exited with 2 before it could output anything.
t/03_noindex.t .. 
Dubious, test returned 2 (wstat 512, 0x200)
Failed 5/5 subtests 

Test Summary Report
-------------------
t/00_load.t   (Wstat: 1280 Tests: 8 Failed: 5)
  Failed tests:  1, 3-6
  Non-zero exit status: 5
t/01_index.t  (Wstat: 512 Tests: 0 Failed: 0)
  Non-zero exit status: 2
  Parse errors: Bad plan.  You planned 41 tests but ran 0.
t/02_list.t   (Wstat: 1024 Tests: 5 Failed: 4)
  Failed tests:  1-3, 5
  Non-zero exit status: 4
t/03_noindex.t (Wstat: 512 Tests: 0 Failed: 0)
  Non-zero exit status: 2
  Parse errors: Bad plan.  You planned 5 tests but ran 0.
Files=4, Tests=13,  6 wallclock secs ( 0.01 usr  0.01 sys +  3.22 cusr  0.23 csys =  3.47 CPU)
Result: FAIL
Failed 4/4 test programs. 9/13 subtests failed.
make: *** [test_dynamic] Error 2

------------------------------
PREREQUISITES
------------------------------

Prerequisite modules loaded:

requires:

    Module                     Need  Have    
    -------------------------- ----- --------
    Crypt::Twofish             0     2.17    
    DateTime                   0     1.25    
    DBD::SQLite                0     1.50    
    DBI                        0     1.634   
    File::HomeDir              0     1.00    
    Moose                      0     2.1605  
    MooseX::App                1.04  1.34    
    MooseX::Types::Path::Class 0     0.08    
    Params::Coerce             0     0.14    
    Path::Class                0     0.36    
    perl                       5.010 5.023008
    Term::ReadKey              0     2.33    
    Text::Table                0     1.130   

build_requires:

    Module                     Need  Have    
    -------------------------- ----- --------
    Expect                     0     1.32    
    ExtUtils::MakeMaker        6.59  7.10_01 
    File::Temp                 0     0.2304  

configure_requires:

    Module                     Need  Have    
    -------------------------- ----- --------
    ExtUtils::MakeMaker        6.59  7.10_01 


------------------------------
ENVIRONMENT AND OTHER CONTEXT
------------------------------

Environment variables:

    AUTOMATED_TESTING = 1
    LANG = en_GB.UTF-8
    LANGUAGE = en_GB:en
    PATH = /home/smoker/perl5/perlbrew/bin:/home/smoker/perl5/perlbrew/perls/perl-5.23.8-thread-multi/bin:/home/smoker/bin:/usr/local/sbin:/usr/local/bin:/usr/sbin:/usr/bin:/sbin:/bin:/usr/games:/usr/local/games:/home/smoker/.rvm/bin
    PERL5LIB = /home/smoker/.cpan/build/MooseX-App-1.34-00vMXf/blib/arch:/home/smoker/.cpan/build/MooseX-App-1.34-00vMXf/blib/lib:/home/smoker/.cpan/build/Crypt-Twofish-2.17-yTOpCn/blib/arch:/home/smoker/.cpan/build/Crypt-Twofish-2.17-yTOpCn/blib/lib:/home/smoker/.cpan/build/Expect-1.32-rfzb9d/blib/arch:/home/smoker/.cpan/build/Expect-1.32-rfzb9d/blib/lib:/home/smoker/.cpan/build/IO-Tty-1.12-lii7zQ/blib/arch:/home/smoker/.cpan/build/IO-Tty-1.12-lii7zQ/blib/lib:/home/smoker/.cpan/build/Params-Coerce-0.14-tYQ9Df/blib/arch:/home/smoker/.cpan/build/Params-Coerce-0.14-tYQ9Df/blib/lib
    PERL5OPT = 
    PERL5_CPANPLUS_IS_RUNNING = 31434
    PERL5_CPAN_IS_RUNNING = 31434
    PERL5_CPAN_IS_RUNNING_IN_RECURSION = 32363,31434
    PERLBREW_BASHRC_VERSION = 0.74
    PERLBREW_HOME = /home/smoker/.perlbrew
    PERLBREW_MANPATH = /home/smoker/perl5/perlbrew/perls/perl-5.23.8-thread-multi/man
    PERLBREW_PATH = /home/smoker/perl5/perlbrew/bin:/home/smoker/perl5/perlbrew/perls/perl-5.23.8-thread-multi/bin
    PERLBREW_PERL = perl-5.23.8-thread-multi
    PERLBREW_ROOT = /home/smoker/perl5/perlbrew
    PERLBREW_VERSION = 0.74
    PERL_CPANM_OPT = --mirror http://cpan.cpantesters.org
    PERL_CR_SMOKER_CURRENT = App-iTan-1.05
    PERL_EXTUTILS_AUTOINSTALL = --defaultdeps
    PERL_MM_USE_DEFAULT = 1
    SHELL = /bin/bash
    TERM = xterm

Perl special variables (and OS-specific diagnostics, for MSWin32):

    $^X = /home/smoker/perl5/perlbrew/perls/perl-5.23.8-thread-multi/bin/perl5.23.8
    $UID/$EUID = 1003 / 1003
    $GID = 1003 27 1003
    $EGID = 1003 27 1003

Perl module toolchain versions installed:

    Module              Have    
    ------------------- --------
    CPAN                2.11    
    CPAN::Meta          2.150005
    Cwd                 3.63    
    ExtUtils::CBuilder  0.280225
    ExtUtils::Command   7.10    
    ExtUtils::Install   2.04    
    ExtUtils::MakeMaker 7.10_01 
    ExtUtils::Manifest  1.70    
    ExtUtils::ParseXS   3.31    
    File::Spec          3.63    
    JSON                2.90    
    JSON::PP            2.27300 
    Module::Build       0.4216  
    Module::Signature   n/a     
    Parse::CPAN::Meta   1.4417  
    Test::Harness       3.36    
    Test::More          1.001014
    YAML                1.15    
    YAML::Syck          n/a     
    version             0.9915  


--

Summary of my perl5 (revision 5 version 23 subversion 8) configuration:
   
  Platform:
    osname=linux, osvers=4.2.0-30-generic, archname=x86_64-linux-thread-multi
    uname='linux ubuntu 4.2.0-30-generic #36~14.04.1-ubuntu smp fri feb 26 18:49:23 utc 2016 x86_64 x86_64 x86_64 gnulinux '
    config_args='-de -Dprefix=/home/smoker/perl5/perlbrew/perls/perl-5.23.8-thread-multi -Dman1dir=none -Dman3dir=none -Dusethreads -Dusemultiplicity -Dusedevel -Aeval:scriptdir=/home/smoker/perl5/perlbrew/perls/perl-5.23.8-thread-multi/bin'
    hint=recommended, useposix=true, d_sigaction=define
    useithreads=define, usemultiplicity=define
    use64bitint=define, use64bitall=define, uselongdouble=undef
    usemymalloc=n, bincompat5005=undef
  Compiler:
    cc='cc', ccflags ='-D_REENTRANT -D_GNU_SOURCE -fwrapv -fno-strict-aliasing -pipe -fstack-protector -I/usr/local/include -D_LARGEFILE_SOURCE -D_FILE_OFFSET_BITS=64',
    optimize='-O2',
    cppflags='-D_REENTRANT -D_GNU_SOURCE -fwrapv -fno-strict-aliasing -pipe -fstack-protector -I/usr/local/include'
    ccversion='', gccversion='4.8.4', gccosandvers=''
    intsize=4, longsize=8, ptrsize=8, doublesize=8, byteorder=12345678, doublekind=3
    d_longlong=define, longlongsize=8, d_longdbl=define, longdblsize=16, longdblkind=3
    ivtype='long', ivsize=8, nvtype='double', nvsize=8, Off_t='off_t', lseeksize=8
    alignbytes=8, prototype=define
  Linker and Libraries:
    ld='cc', ldflags =' -fstack-protector -L/usr/local/lib'
    libpth=/usr/local/lib /usr/lib/gcc/x86_64-linux-gnu/4.8/include-fixed /usr/include/x86_64-linux-gnu /usr/lib /lib/x86_64-linux-gnu /lib/../lib /usr/lib/x86_64-linux-gnu /usr/lib/../lib /lib
    libs=-lpthread -lnsl -lgdbm -ldl -lm -lcrypt -lutil -lc -lgdbm_compat
    perllibs=-lpthread -lnsl -ldl -lm -lcrypt -lutil -lc
    libc=libc-2.19.so, so=so, useshrplib=false, libperl=libperl.a
    gnulibc_version='2.19'
  Dynamic Linking:
    dlsrc=dl_dlopen.xs, dlext=so, d_dlsymun=undef, ccdlflags='-Wl,-E'
    cccdlflags='-fPIC', lddlflags='-shared -O2 -L/usr/local/lib -fstack-protector'


Characteristics of this binary (from libperl): 
  Compile-time options: HAS_TIMES MULTIPLICITY PERLIO_LAYERS
                        PERL_COPY_ON_WRITE PERL_DONT_CREATE_GVSV
                        PERL_HASH_FUNC_ONE_AT_A_TIME_HARD
                        PERL_IMPLICIT_CONTEXT PERL_MALLOC_WRAP
                        PERL_PRESERVE_IVUV PERL_USE_DEVEL USE_64_BIT_ALL
                        USE_64_BIT_INT USE_ITHREADS USE_LARGE_FILES
                        USE_LOCALE USE_LOCALE_COLLATE USE_LOCALE_CTYPE
                        USE_LOCALE_NUMERIC USE_LOCALE_TIME USE_PERLIO
                        USE_PERL_ATOF USE_REENTRANT_API
  Locally applied patches:
	Devel::PatchPerl 1.38
  Built under linux
  Compiled at Mar  7 2016 14:11:08
  %ENV:
    PERL5LIB="/home/smoker/.cpan/build/MooseX-App-1.34-00vMXf/blib/arch:/home/smoker/.cpan/build/MooseX-App-1.34-00vMXf/blib/lib:/home/smoker/.cpan/build/Crypt-Twofish-2.17-yTOpCn/blib/arch:/home/smoker/.cpan/build/Crypt-Twofish-2.17-yTOpCn/blib/lib:/home/smoker/.cpan/build/Expect-1.32-rfzb9d/blib/arch:/home/smoker/.cpan/build/Expect-1.32-rfzb9d/blib/lib:/home/smoker/.cpan/build/IO-Tty-1.12-lii7zQ/blib/arch:/home/smoker/.cpan/build/IO-Tty-1.12-lii7zQ/blib/lib:/home/smoker/.cpan/build/Params-Coerce-0.14-tYQ9Df/blib/arch:/home/smoker/.cpan/build/Params-Coerce-0.14-tYQ9Df/blib/lib"
    PERL5OPT=""
    PERL5_CPANPLUS_IS_RUNNING="31434"
    PERL5_CPAN_IS_RUNNING="31434"
    PERL5_CPAN_IS_RUNNING_IN_RECURSION="32363,31434"
    PERLBREW_BASHRC_VERSION="0.74"
    PERLBREW_HOME="/home/smoker/.perlbrew"
    PERLBREW_MANPATH="/home/smoker/perl5/perlbrew/perls/perl-5.23.8-thread-multi/man"
    PERLBREW_PATH="/home/smoker/perl5/perlbrew/bin:/home/smoker/perl5/perlbrew/perls/perl-5.23.8-thread-multi/bin"
    PERLBREW_PERL="perl-5.23.8-thread-multi"
    PERLBREW_ROOT="/home/smoker/perl5/perlbrew"
    PERLBREW_VERSION="0.74"
    PERL_CPANM_OPT="--mirror http://cpan.cpantesters.org"
    PERL_CR_SMOKER_CURRENT="App-iTan-1.05"
    PERL_EXTUTILS_AUTOINSTALL="--defaultdeps"
    PERL_MM_USE_DEFAULT="1"
  @INC:
    /home/smoker/.cpan/build/MooseX-App-1.34-00vMXf/blib/arch
    /home/smoker/.cpan/build/MooseX-App-1.34-00vMXf/blib/lib
    /home/smoker/.cpan/build/Crypt-Twofish-2.17-yTOpCn/blib/arch
    /home/smoker/.cpan/build/Crypt-Twofish-2.17-yTOpCn/blib/lib
    /home/smoker/.cpan/build/Expect-1.32-rfzb9d/blib/arch
    /home/smoker/.cpan/build/Expect-1.32-rfzb9d/blib/lib
    /home/smoker/.cpan/build/IO-Tty-1.12-lii7zQ/blib/arch
    /home/smoker/.cpan/build/IO-Tty-1.12-lii7zQ/blib/lib
    /home/smoker/.cpan/build/Params-Coerce-0.14-tYQ9Df/blib/arch
    /home/smoker/.cpan/build/Params-Coerce-0.14-tYQ9Df/blib/lib
    /home/smoker/perl5/perlbrew/perls/perl-5.23.8-thread-multi/lib/site_perl/5.23.8/x86_64-linux-thread-multi
    /home/smoker/perl5/perlbrew/perls/perl-5.23.8-thread-multi/lib/site_perl/5.23.8
    /home/smoker/perl5/perlbrew/perls/perl-5.23.8-thread-multi/lib/5.23.8/x86_64-linux-thread-multi
    /home/smoker/perl5/perlbrew/perls/perl-5.23.8-thread-multi/lib/5.23.8
    .